-- https://www.phpmyadmin.net/
--

START TRANSACTION;



--
-- Database: `asset-management-system`
--

-- --------------------------------------------------------

--
-- Table structure for table `amc`
--

CREATE TABLE `amc` (
  `id` int(11) NOT NULL,
  `assetid` int(11) NOT NULL,
  `suppliresid` int(11) NOT NULL,
  `amcfromdate` date NOT NULL,
  `amctodate` date NOT NULL,
  `createdby` int(11) NOT NULL,
  `doc` datetime DEFAULT NULL,
  `amc_status` varchar(255) NOT NULL
) ENGINE=InnoDB DEFAULT CHARSET=latin1;

-- --------------------------------------------------------

--
-- Table structure for table `assetlogdetails`
--

CREATE TABLE `assetlogdetails` (
  `id` int(11) NOT NULL,
  `assetlogid` int(11) NOT NULL,
  `assetid` int(11) NOT NULL,
  `roomid` int(11) NOT NULL,
  `remarks` varchar(191) DEFAULT NULL,
  `doc` datetime NOT NULL,
  `createdby` int(11) NOT NULL,
  `roomassetdetail_id` int(255) DEFAULT NULL
) ENGINE=InnoDB DEFAULT CHARSET=latin1;

-- --------------------------------------------------------

--
-- Table structure for table `assetlogs`
--

CREATE TABLE `assetlogs` (
  `id` int(11) NOT NULL,
  `doc` datetime NOT NULL,
  `createdby` int(11) NOT NULL
) ENGINE=InnoDB DEFAULT CHARSET=latin1;

-- --------------------------------------------------------

--
-- Table structure for table `assets`
--

CREATE TABLE `assets` (
  `id` int(11) NOT NULL,
  `productid` int(11) NOT NULL,
  `departid` int(11) NOT NULL,
  `barcode` varchar(255) DEFAULT NULL,
  `model` varchar(45) DEFAULT NULL,
  `isshared` varchar(255) NOT NULL,
  `qty` int(11) NOT NULL,
  `rate` decimal(18,2) NOT NULL,
  `costasset` decimal(18,2) NOT NULL,
  `currentvalue` decimal(18,2) DEFAULT 0.00,
  `serialno` varchar(255) NOT NULL,
  `spec` text NOT NULL,
  `invoiceno` varchar(255) NOT NULL,
  `dpurchase` date DEFAULT NULL,
  `createdby` int(11) DEFAULT NULL,
  `doc` datetime DEFAULT NULL,
  `modifiedby` int(11) DEFAULT NULL,
  `dom` datetime DEFAULT NULL,
  `status` varchar(45) DEFAULT 'active',
  `deleted` varchar(4) NOT NULL,
  `lastdepreciondate` datetime DEFAULT NULL,
  `supplierid` int(11) NOT NULL,
  `salvage_value` int(11) DEFAULT NULL,
  `asset_pv_id` int(255) DEFAULT 1 COMMENT 'foreign key from asset pivot table',
  `asset_assignment_status` int(255) NOT NULL DEFAULT 0
) ENGINE=InnoDB DEFAULT CHARSET=latin1;

--
-- Dumping data for table `assets`
--

INSERT INTO `assets` (`id`, `productid`, `departid`, `barcode`, `model`, `isshared`, `qty`, `rate`, `costasset`, `currentvalue`, `serialno`, `spec`, `invoiceno`, `dpurchase`, `createdby`, `doc`, `modifiedby`, `dom`, `status`, `deleted`, `lastdepreciondate`, `supplierid`, `salvage_value`, `asset_pv_id`, `asset_assignment_status`) VALUES
(1, 2, 1, 'G00001001', '', 'no', 0, '0.00', '0.00', '0.00', '', '', '', '2022-10-05', 1, '2022-10-05 12:05:38', NULL, NULL, 'active', '', NULL, 0, NULL, 1, 0),
(2, 2, 1, 'G00001009 ', '', 'no', 0, '0.00', '0.00', '0.00', '', '', '', '2022-10-05', 1, '2022-10-05 12:05:38', NULL, NULL, 'active', '', NULL, 0, NULL, 1, 0),
(3, 2, 1, 'G00001008 ', '', 'no', 0, '0.00', '0.00', '0.00', '', '', '', '2022-10-05', 1, '2022-10-05 12:05:38', NULL, NULL, 'active', '', NULL, 0, NULL, 1, 0),
(4, 2, 1, 'G00001007 ', '', 'no', 0, '0.00', '0.00', '0.00', '', '', '', '2022-10-05', 1, '2022-10-05 12:05:38', NULL, NULL, 'active', '', NULL, 0, NULL, 1, 0),
(5, 2, 1, 'G00001006 ', '', 'no', 0, '0.00', '0.00', '0.00', '', '', '', '2022-10-05', 1, '2022-10-05 12:05:38', NULL, NULL, 'active', '', NULL, 0, NULL, 1, 0),
(6, 2, 1, 'G00001005 ', '', 'no', 0, '0.00', '0.00', '0.00', '', '', '', '2022-10-05', 1, '2022-10-05 12:05:38', NULL, NULL, 'active', '', NULL, 0, NULL, 1, 0),
(7, 2, 1, 'G00001004 ', '', 'no', 0, '0.00', '0.00', '0.00', '', '', '', '2022-10-05', 1, '2022-10-05 12:05:38', NULL, NULL, 'active', '', NULL, 0, NULL, 1, 0),
(8, 2, 1, 'G00001003 ', '', 'no', 0, '0.00', '0.00', '0.00', '', '', '', '2022-10-05', 1, '2022-10-05 12:05:38', NULL, NULL, 'active', '', NULL, 0, NULL, 1, 0),
(9, 2, 1, 'G00001002 ', '', 'no', 0, '0.00', '0.00', '0.00', '', '', '', '2022-10-05', 1, '2022-10-05 12:05:38', NULL, NULL, 'active', '', NULL, 0, NULL, 1, 0),
(10, 1, 1, 'G00010001', '', 'no', 0, '0.00', '0.00', '0.00', '', '', '', '2022-10-05', 1, '2022-10-05 12:06:40', NULL, NULL, 'active', '', NULL, 0, NULL, 1, 0),
(11, 1, 1, 'G00010003 ', '', 'no', 0, '0.00', '0.00', '0.00', '', '', '', '2022-10-05', 1, '2022-10-05 12:06:40', NULL, NULL, 'active', '', NULL, 0, NULL, 1, 0),
(12, 1, 1, 'G00010002 ', '', 'no', 0, '0.00', '0.00', '0.00', '', '', '', '2022-10-05', 1, '2022-10-05 12:06:40', NULL, NULL, 'active', '', NULL, 0, NULL, 1, 0),
(13, 3, 1, 'G00013001', '', 'no', 0, '0.00', '0.00', '0.00', '', '', '', '2022-10-05', 1, '2022-10-05 12:13:48', NULL, NULL, 'active', '', NULL, 0, NULL, 1, 0),
(14, 3, 1, 'G00013005 ', '', 'no', 0, '0.00', '0.00', '0.00', '', '', '', '2022-10-05', 1, '2022-10-05 12:13:48', NULL, NULL, 'active', '', NULL, 0, NULL, 1, 0),
(15, 3, 1, 'G00013004 ', '', 'no', 0, '0.00', '0.00', '0.00', '', '', '', '2022-10-05', 1, '2022-10-05 12:13:48', NULL, NULL, 'active', '', NULL, 0, NULL, 1, 0),
(16, 3, 1, 'G00013003 ', '', 'no', 0, '0.00', '0.00', '0.00', '', '', '', '2022-10-05', 1, '2022-10-05 12:13:48', NULL, NULL, 'active', '', NULL, 0, NULL, 1, 0),
(17, 3, 1, 'G00013002 ', '', 'no', 0, '0.00', '0.00', '0.00', '', '', '', '2022-10-05', 1, '2022-10-05 12:13:48', NULL, NULL, 'active', '', NULL, 0, NULL, 1, 0),
(18, 4, 1, 'G00018001', '', 'no', 0, '0.00', '0.00', '0.00', '', '', '', '2022-10-05', 1, '2022-10-05 12:16:27', NULL, NULL, 'active', '', NULL, 0, NULL, 1, 0),
(19, 4, 1, 'G00018005 ', '', 'no', 0, '0.00', '0.00', '0.00', '', '', '', '2022-10-05', 1, '2022-10-05 12:16:27', NULL, NULL, 'inactive', '', NULL, 0, NULL, 1, 0),
(20, 4, 1, 'G00018004 ', '', 'no', 0, '0.00', '0.00', '0.00', '', '', '', '2022-10-05', 1, '2022-10-05 12:16:27', NULL, NULL, 'active', '', NULL, 0, NULL, 1, 0),
(21, 4, 1, 'G00018003 ', '', 'no', 0, '0.00', '0.00', '0.00', '', '', '', '2022-10-05', 1, '2022-10-05 12:16:27', NULL, NULL, 'active', '', NULL, 0, NULL, 1, 0),
(22, 4, 1, 'G00018002 ', '', 'no', 0, '0.00', '0.00', '0.00', '', '', '', '2022-10-05', 1, '2022-10-05 12:16:27', NULL, NULL, 'active', '', NULL, 0, NULL, 1, 0),
(23, 5, 1, 'G00023001', '', 'no', 0, '0.00', '0.00', '0.00', '', '', '', '2022-10-05', 1, '2022-10-05 12:21:51', NULL, NULL, 'active', '', NULL, 0, NULL, 1, 0),
(24, 5, 1, 'G000230010 ', '', 'no', 0, '0.00', '0.00', '0.00', '', '', '', '2022-10-05', 1, '2022-10-05 12:21:51', NULL, NULL, 'active', '', NULL, 0, NULL, 1, 0),
(25, 5, 1, 'G00023009 ', '', 'no', 0, '0.00', '0.00', '0.00', '', '', '', '2022-10-05', 1, '2022-10-05 12:21:51', NULL, NULL, 'active', '', NULL, 0, NULL, 1, 0),
(26, 5, 1, 'G00023008 ', '', 'no', 0, '0.00', '0.00', '0.00', '', '', '', '2022-10-05', 1, '2022-10-05 12:21:51', NULL, NULL, 'active', '', NULL, 0, NULL, 1, 0),
(27, 5, 1, 'G00023007 ', '', 'no', 0, '0.00', '0.00', '0.00', '', '', '', '2022-10-05', 1, '2022-10-05 12:21:51', NULL, NULL, 'active', '', NULL, 0, NULL, 1, 0),
(28, 5, 1, 'G00023006 ', '', 'no', 0, '0.00', '0.00', '0.00', '', '', '', '2022-10-05', 1, '2022-10-05 12:21:51', NULL, NULL, 'active', '', NULL, 0, NULL, 1, 0),
(29, 5, 1, 'G00023005 ', '', 'no', 0, '0.00', '0.00', '0.00', '', '', '', '2022-10-05', 1, '2022-10-05 12:21:51', NULL, NULL, 'active', '', NULL, 0, NULL, 1, 0),
(30, 5, 1, 'G00023004 ', '', 'no', 0, '0.00', '0.00', '0.00', '', '', '', '2022-10-05', 1, '2022-10-05 12:21:51', NULL, NULL, 'active', '', NULL, 0, NULL, 1, 0),
(31, 5, 1, 'G00023003 ', '', 'no', 0, '0.00', '0.00', '0.00', '', '', '', '2022-10-05', 1, '2022-10-05 12:21:51', NULL, NULL, 'active', '', NULL, 0, NULL, 1, 0),
(32, 5, 1, 'G00023002 ', '', 'no', 0, '0.00', '0.00', '0.00', '', '', '', '2022-10-05', 1, '2022-10-05 12:21:51', NULL, NULL, 'active', '', NULL, 0, NULL, 1, 0),
(33, 6, 1, 'G00033001', '', 'no', 0, '0.00', '0.00', '0.00', '', '', '', '2022-10-05', 1, '2022-10-05 12:24:56', NULL, NULL, 'active', '', NULL, 0, NULL, 1, 0),
(34, 7, 1, 'G00034001', '', 'no', 0, '0.00', '0.00', '0.00', '', '', '', '2022-10-05', 1, '2022-10-05 12:34:31', NULL, NULL, 'active', '', NULL, 0, NULL, 1, 0),
(35, 8, 1, 'G00035001', '', 'no', 0, '0.00', '0.00', '0.00', '', '', '', '2022-10-05', 1, '2022-10-05 12:40:26', NULL, NULL, 'active', '', NULL, 0, NULL, 1, 0),
(36, 11, 1, 'G00036001', '', 'no', 0, '0.00', '0.00', '0.00', '', '', '', '2022-10-05', 1, '2022-10-05 12:58:36', NULL, NULL, 'active', '', NULL, 0, NULL, 1, 0),
(37, 12, 1, 'G00037001', '', 'no', 0, '0.00', '0.00', '0.00', '', '', '', '2022-10-05', 1, '2022-10-05 12:58:49', NULL, NULL, 'active', '', NULL, 0, NULL, 1, 0),
(38, 12, 1, 'G00038001', '', 'no', 0, '0.00', '0.00', '0.00', '', '', '', '2022-10-05', 1, '2022-10-05 13:01:33', NULL, NULL, 'active', '', NULL, 0, NULL, 1, 0),
(39, 12, 1, 'G00038005 ', '', 'no', 0, '0.00', '0.00', '0.00', '', '', '', '2022-10-05', 1, '2022-10-05 13:01:33', NULL, NULL, 'inactive', '', NULL, 0, NULL, 1, 0),
(40, 12, 1, 'G00038004 ', '', 'no', 0, '0.00', '0.00', '0.00', '', '', '', '2022-10-05', 1, '2022-10-05 13:01:33', NULL, NULL, 'active', '', NULL, 0, NULL, 1, 0),
(41, 12, 1, 'G00038003 ', '', 'no', 0, '0.00', '0.00', '0.00', '', '', '', '2022-10-05', 1, '2022-10-05 13:01:33', NULL, NULL, 'active', '', NULL, 0, NULL, 1, 0),
(42, 12, 1, 'G00038002 ', '', 'no', 0, '0.00', '0.00', '0.00', '', '', '', '2022-10-05', 1, '2022-10-05 13:01:33', NULL, NULL, 'active', '', NULL, 0, NULL, 1, 0),
(43, 19, 1, 'G00043001', '', 'no', 0, '0.00', '0.00', '0.00', '', '', '', '2022-10-05', 1, '2022-10-05 13:28:00', NULL, NULL, 'active', '', NULL, 0, NULL, 1, 0),
(44, 19, 1, 'G00043002 ', '', 'no', 0, '0.00', '0.00', '0.00', '', '', '', '2022-10-05', 1, '2022-10-05 13:28:00', NULL, NULL, 'active', '', NULL, 0, NULL, 1, 0),
(45, 21, 1, 'G00045001', '', 'no', 0, '0.00', '0.00', '0.00', '', '', '', '2022-10-05', 1, '2022-10-05 13:28:25', NULL, NULL, 'active', '', NULL, 0, NULL, 1, 0),
(46, 20, 1, 'G00046001', '', 'no', 0, '0.00', '0.00', '0.00', '', '', '', '2022-10-05', 1, '2022-10-05 13:28:46', NULL, NULL, 'active', '', NULL, 0, NULL, 1, 0),
(47, 13, 1, 'G00047001', '', 'no', 0, '0.00', '0.00', '0.00', '', '', '', '2022-10-05', 1, '2022-10-05 13:30:49', NULL, NULL, 'active', '', NULL, 0, NULL, 1, 0),
(48, 14, 1, 'G00048001', '', 'no', 0, '0.00', '0.00', '0.00', '', '', '', '2022-10-05', 1, '2022-10-05 13:31:05', NULL, NULL, 'active', '', NULL, 0, NULL, 1, 0),
(49, 15, 1, 'G00049001', '', 'no', 0, '0.00', '0.00', '0.00', '', '', '', '2022-10-05', 1, '2022-10-05 13:31:21', NULL, NULL, 'active', '', NULL, 0, NULL, 1, 0),
(50, 16, 1, 'G00050001', '', 'no', 0, '0.00', '0.00', '0.00', '', '', '', '2022-10-05', 1, '2022-10-05 13:31:37', NULL, NULL, 'active', '', NULL, 0, NULL, 1, 0),
(51, 17, 1, 'G00051001', '', 'no', 0, '0.00', '0.00', '0.00', '', '', '', '2022-10-05', 1, '2022-10-05 13:34:53', NULL, NULL, 'active', '', NULL, 0, NULL, 1, 0),
(52, 22, 1, 'G00052001', '', 'no', 0, '0.00', '0.00', '0.00', '', '', '', '2022-10-05', 1, '2022-10-05 13:36:48', NULL, NULL, 'active', '', NULL, 0, NULL, 1, 0),
(53, 23, 1, 'G00053001', '', 'no', 0, '0.00', '0.00', '0.00', '', '', '', '2022-10-05', 1, '2022-10-05 13:38:49', NULL, NULL, 'active', '', NULL, 0, NULL, 1, 0),
(54, 24, 1, 'G00054001', '', 'no', 0, '0.00', '0.00', '0.00', '', '', '', '2022-10-05', 1, '2022-10-05 13:40:12', NULL, NULL, 'active', '', NULL, 0, NULL, 1, 0),
(55, 25, 1, 'G00055001', '', 'no', 0, '0.00', '0.00', '0.00', '', '', '', '2022-10-05', 1, '2022-10-05 13:41:15', NULL, NULL, 'active', '', NULL, 0, NULL, 1, 0),
(56, 28, 1, 'G00056001', '', 'no', 0, '0.00', '0.00', '0.00', '', '', '', '2022-10-05', 1, '2022-10-05 14:10:10', NULL, NULL, 'active', '', NULL, 0, NULL, 1, 0),
(57, 35, 1, 'G00057001', '', 'no', 0, '0.00', '0.00', '0.00', '', '', '', '2022-10-05', 1, '2022-10-05 14:14:22', NULL, NULL, 'active', '', NULL, 0, NULL, 1, 0),
(58, 36, 1, 'G00058001', '', 'no', 0, '0.00', '0.00', '0.00', '', '', '', '2022-10-05', 1, '2022-10-05 14:14:34', NULL, NULL, 'active', '', NULL, 0, NULL, 1, 0),
(59, 37, 1, 'G00059001', '', 'no', 0, '0.00', '0.00', '0.00', '', '', '', '2022-10-05', 1, '2022-10-05 14:21:55', NULL, NULL, 'inactive', '', NULL, 0, NULL, 1, 0),
(60, 38, 1, 'G00060001', '', 'no', 0, '0.00', '0.00', '0.00', '', '', '', '2022-10-05', 1, '2022-10-05 14:22:10', NULL, NULL, 'active', '', NULL, 0, NULL, 1, 0),
(61, 33, 1, 'G00061001', '', 'no', 0, '0.00', '0.00', '0.00', '', '', '', '2022-10-05', 1, '2022-10-05 14:34:38', NULL, NULL, 'active', '', NULL, 0, NULL, 1, 0),
(62, 39, 1, 'G00062001', '', 'no', 0, '0.00', '0.00', '0.00', '', '', '', '2022-10-05', 1, '2022-10-05 14:42:44', NULL, NULL, 'active', '', NULL, 0, NULL, 1, 0),
(63, 26, 1, 'G00063001', '', 'no', 0, '0.00', '0.00', '0.00', '', '', '', '2022-10-05', 1, '2022-10-05 14:54:16', NULL, NULL, 'active', '', NULL, 0, NULL, 1, 0),
(64, 42, 1, 'G00064001', '', 'no', 0, '0.00', '0.00', '0.00', '', '', '', '2022-10-05', 1, '2022-10-05 14:57:23', NULL, NULL, 'active', '', NULL, 0, NULL, 1, 0),
(65, 43, 1, 'G00065001', '', 'no', 0, '0.00', '0.00', '0.00', '', '', '', '2022-10-05', 1, '2022-10-05 15:00:17', NULL, NULL, 'active', '', NULL, 0, NULL, 1, 0),
(66, 44, 1, 'G00066001', '', 'no', 0, '0.00', '0.00', '0.00', '', '', '', '2022-10-05', 1, '2022-10-05 15:00:29', NULL, NULL, 'inactive', '', NULL, 0, NULL, 1, 0),
(67, 35, 1, 'G00067001', '', 'no', 0, '0.00', '0.00', '0.00', '', '', '', '2022-10-05', 1, '2022-10-05 15:07:50', NULL, NULL, 'active', '', NULL, 0, NULL, 1, 0),
(68, 45, 1, 'G00068001', '', 'no', 0, '0.00', '0.00', '0.00', '', '', '', '2022-10-05', 1, '2022-10-05 15:08:02', NULL, NULL, 'active', '', NULL, 0, NULL, 1, 0),
(69, 46, 1, 'G00069001', '', 'no', 0, '0.00', '0.00', '0.00', '', '', '', '2022-10-05', 1, '2022-10-05 15:08:56', NULL, NULL, 'active', '', NULL, 0, NULL, 1, 0),
(70, 30, 1, 'G00070001', '', 'no', 0, '0.00', '0.00', '0.00', '', '', '', '2022-10-05', 1, '2022-10-05 15:22:15', NULL, NULL, 'active', '', NULL, 0, NULL, 1, 0),
(71, 32, 1, 'G00071001', '', 'no', 0, '0.00', '0.00', '0.00', '', '', '', '2022-10-05', 1, '2022-10-05 15:22:30', NULL, NULL, 'active', '', NULL, 0, NULL, 1, 0),
(72, 47, 1, 'G00072001', '', 'no', 0, '0.00', '0.00', '0.00', '', '', '', '2022-10-05', 1, '2022-10-05 15:25:07', NULL, NULL, 'active', '', NULL, 0, NULL, 1, 0),
(73, 35, 1, 'G00073001', '', 'no', 0, '0.00', '0.00', '0.00', '', '', '', '2022-10-05', 1, '2022-10-05 15:27:57', NULL, NULL, 'active', '', NULL, 0, NULL, 1, 0),
(74, 48, 1, 'G00074001', '', 'no', 0, '0.00', '0.00', '0.00', '', '', '', '2022-10-05', 1, '2022-10-05 15:36:01', NULL, NULL, 'active', '', NULL, 0, NULL, 1, 0),
(75, 10, 1, 'G00075001', '', 'no', 0, '0.00', '0.00', '0.00', '', '', '', '2022-10-05', 1, '2022-10-05 15:39:03', NULL, NULL, 'active', '', NULL, 0, NULL, 1, 0),
(76, 34, 1, 'G00076001', '', 'no', 0, '0.00', '0.00', '0.00', '', '', '', '2022-10-05', 1, '2022-10-05 16:01:21', NULL, NULL, 'active', '', NULL, 0, NULL, 1, 0),
(77, 29, 1, 'G00077001', '', 'no', 0, '0.00', '0.00', '0.00', '', '', '', '2022-10-05', 1, '2022-10-05 16:08:53', NULL, NULL, 'inactive', '', NULL, 0, NULL, 1, 0),
(78, 20, 1, 'G00078001', '', 'no', 0, '0.00', '0.00', '0.00', '', '', '', '2022-10-05', 1, '2022-10-05 16:10:20', NULL, NULL, 'active', '', NULL, 0, NULL, 1, 0),
(79, 27, 1, 'G00079001', '', 'no', 0, '0.00', '0.00', '0.00', '', '', '', '2022-10-05', 1, '2022-10-05 16:12:18', NULL, NULL, 'active', '', NULL, 0, NULL, 1, 0),
(80, 31, 1, 'G00080001', '', 'no', 0, '0.00', '0.00', '0.00', '', '', '', '2022-10-05', 1, '2022-10-05 16:13:42', NULL, NULL, 'active', '', NULL, 0, NULL, 1, 0),
(81, 49, 1, 'G00081001', '', 'no', 0, '0.00', '0.00', '0.00', '', '', '', '2022-10-05', 1, '2022-10-05 16:41:55', NULL, NULL, 'active', '', NULL, 0, NULL, 1, 0),
(82, 11, 1, 'G00082001', '', 'no', 0, '0.00', '0.00', '0.00', '', '', '', '2022-10-05', 1, '2022-10-05 16:42:59', NULL, NULL, 'active', '', NULL, 0, NULL, 1, 0),
(83, 27, 1, 'G00083001', '', 'no', 0, '0.00', '0.00', '0.00', '', '', '', '2022-10-05', 1, '2022-10-05 16:59:58', NULL, NULL, 'active', '', NULL, 0, NULL, 1, 0),
(84, 50, 1, 'G00084001', '', 'no', 0, '0.00', '0.00', '0.00', '', '', '', '2022-10-06', 1, '2022-10-06 09:28:08', NULL, NULL, 'active', '', NULL, 0, NULL, 1, 0),
(85, 50, 1, 'G00084003 ', '', 'no', 0, '0.00', '0.00', '0.00', '', '', '', '2022-10-06', 1, '2022-10-06 09:28:08', NULL, NULL, 'inactive', '', NULL, 0, NULL, 1, 0),
(86, 50, 1, 'G00084002 ', '', 'no', 0, '0.00', '0.00', '0.00', '', '', '', '2022-10-06', 1, '2022-10-06 09:28:08', NULL, NULL, 'active', '', NULL, 0, NULL, 1, 0),
(87, 9, 1, 'G00087001', '', 'no', 0, '0.00', '0.00', '0.00', '', '', '', '2022-10-06', 1, '2022-10-06 09:35:06', NULL, NULL, 'active', '', NULL, 0, NULL, 1, 0),
(88, 52, 1, 'G00088001', '', 'no', 0, '0.00', '0.00', '0.00', '', '', '', '2022-10-06', 1, '2022-10-06 09:39:25', NULL, NULL, 'active', '', NULL, 0, NULL, 1, 0),
(89, 51, 1, 'G00089001', '', 'no', 0, '0.00', '0.00', '0.00', '', '', '', '2022-10-06', 1, '2022-10-06 09:39:48', NULL, NULL, 'active', '', NULL, 0, NULL, 1, 0),
(90, 2, 1, 'G00090001', '', 'no', 0, '0.00', '0.00', '0.00', '', '', '', '2022-10-06', 1, '2022-10-06 12:02:36', NULL, NULL, 'active', '', NULL, 0, NULL, 1, 0),
(91, 3, 2, 'G00091001', '', 'no', 0, '0.00', '0.00', '0.00', '', '', '', '2022-10-06', 1, '2022-10-06 15:16:00', NULL, NULL, 'active', '', NULL, 0, NULL, 1, 0),
(92, 53, 2, 'G00092001', '', 'no', 0, '0.00', '0.00', '0.00', '', '', '', '2022-10-06', 1, '2022-10-06 15:20:35', NULL, NULL, 'active', '', NULL, 0, NULL, 1, 0),
(93, 24, 2, 'G00093001', '', 'no', 0, '0.00', '0.00', '0.00', '', '', '', '2022-10-06', 1, '2022-10-06 15:21:06', NULL, NULL, 'active', '', NULL, 0, NULL, 1, 0),
(94, 54, 2, 'G00094001', '', 'no', 0, '0.00', '0.00', '0.00', '', '', '', '2022-10-06', 1, '2022-10-06 15:21:40', NULL, NULL, 'active', '', NULL, 0, NULL, 1, 0),
(95, 33, 2, 'G00095001', '', 'no', 0, '0.00', '0.00', '0.00', '', '', '', '2022-10-06', 1, '2022-10-06 15:23:01', NULL, NULL, 'inactive', '', NULL, 0, NULL, 1, 0),
(96, 50, 2, 'G00096001', '', 'no', 0, '0.00', '0.00', '0.00', '', '', '', '2022-10-06', 1, '2022-10-06 15:23:21', NULL, NULL, 'active', '', NULL, 0, NULL, 1, 0),
(97, 55, 2, 'G00097001', '', 'no', 0, '0.00', '0.00', '0.00', '', '', '', '2022-10-06', 1, '2022-10-06 15:29:00', NULL, NULL, 'active', '', NULL, 0, NULL, 1, 0),
(98, 24, 2, 'G00098001', '', 'no', 0, '0.00', '0.00', '0.00', '', '', '', '2022-10-06', 1, '2022-10-06 15:29:22', NULL, NULL, 'active', '', NULL, 0, NULL, 1, 0),
(99, 54, 2, 'G00099001', '', 'no', 0, '0.00', '0.00', '0.00', '', '', '', '2022-10-06', 1, '2022-10-06 15:29:48', NULL, NULL, 'active', '', NULL, 0, NULL, 1, 0),
(100, 3, 2, 'G00100001', '', 'no', 0, '0.00', '0.00', '0.00', '', '', '', '2022-10-06', 1, '2022-10-06 15:30:17', NULL, NULL, 'active', '', NULL, 0, NULL, 1, 0),
(101, 56, 2, 'G00101001', '', 'no', 0, '0.00', '0.00', '0.00', '', '', '', '2022-10-06', 1, '2022-10-06 15:39:31', NULL, NULL, 'active', '', NULL, 0, NULL, 1, 0),
(102, 3, 2, 'G00102001', '', 'no', 0, '0.00', '0.00', '0.00', '', '', '', '2022-10-06', 1, '2022-10-06 15:39:57', NULL, NULL, 'active', '', NULL, 0, NULL, 1, 0),
(103, 21, 2, 'G00103001', '', 'no', 0, '0.00', '0.00', '0.00', '', '', '', '2022-10-06', 1, '2022-10-06 15:40:15', NULL, NULL, 'active', '', NULL, 0, NULL, 1, 0),
(104, 24, 2, 'G00104001', '', 'no', 0, '0.00', '0.00', '0.00', '', '', '', '2022-10-06', 1, '2022-10-06 15:40:41', NULL, NULL, 'active', '', NULL, 0, NULL, 1, 0),
(105, 54, 2, 'G00105001', '', 'no', 0, '0.00', '0.00', '0.00', '', '', '', '2022-10-06', 1, '2022-10-06 15:41:20', NULL, NULL, 'active', '', NULL, 0, NULL, 1, 0),
(106, 3, 2, 'G00106001', '', 'no', 0, '0.00', '0.00', '0.00', '', '', '', '2022-10-07', 1, '2022-10-07 09:36:55', NULL, NULL, 'active', '', NULL, 0, NULL, 1, 0),
(107, 57, 2, 'G00107001', '', 'no', 0, '0.00', '0.00', '0.00', '', '', '', '2022-10-07', 1, '2022-10-07 09:42:03', NULL, NULL, 'active', '', NULL, 0, NULL, 1, 0),
(108, 3, 2, 'G00108001', '', 'no', 0, '0.00', '0.00', '0.00', '', '', '', '2022-10-07', 1, '2022-10-07 09:42:31', NULL, NULL, 'inactive', '', NULL, 0, NULL, 1, 0),
(109, 19, 2, 'G00109001', '', 'no', 0, '0.00', '0.00', '0.00', '', '', '', '2022-10-07', 1, '2022-10-07 09:42:56', NULL, NULL, 'active', '', NULL, 0, NULL, 1, 0),
(110, 24, 2, 'G00110001', '', 'no', 0, '0.00', '0.00', '0.00', '', '', '', '2022-10-07', 1, '2022-10-07 09:43:12', NULL, NULL, 'active', '', NULL, 0, NULL, 1, 0),
(111, 58, 2, 'G00111001', '', 'no', 0, '0.00', '0.00', '0.00', '', '', '', '2022-10-07', 1, '2022-10-07 10:01:33', NULL, NULL, 'active', '', NULL, 0, NULL, 1, 0),
(112, 2, 2, 'G00112001', '', 'no', 0, '0.00', '0.00', '0.00', '', '', '', '2022-10-07', 1, '2022-10-07 10:02:02', NULL, NULL, 'active', '', NULL, 0, NULL, 1, 0),
(113, 54, 2, 'G00113001', '', 'no', 0, '0.00', '0.00', '0.00', '', '', '', '2022-10-07', 1, '2022-10-07 10:02:47', NULL, NULL, 'active', '', NULL, 0, NULL, 1, 0),
(114, 59, 2, 'G00114001', '', 'no', 0, '0.00', '0.00', '0.00', '', '', '', '2022-10-07', 1, '2022-10-07 10:03:12', NULL, NULL, 'active', '', NULL, 0, NULL, 1, 0),
(115, 35, 2, 'G00115001', '', 'no', 0, '0.00', '0.00', '0.00', '', '', '', '2022-10-07', 1, '2022-10-07 10:29:45', NULL, NULL, 'active', '', NULL, 0, NULL, 1, 0),
(116, 60, 2, 'G00116001', '', 'no', 0, '0.00', '0.00', '0.00', '', '', '', '2022-10-07', 1, '2022-10-07 10:30:27', NULL, NULL, 'active', '', NULL, 0, NULL, 1, 0),
(117, 54, 2, 'G00117001', '', 'no', 0, '0.00', '0.00', '0.00', '', '', '', '2022-10-07', 1, '2022-10-07 10:30:56', NULL, NULL, 'active', '', NULL, 0, NULL, 1, 0),
(118, 3, 2, 'G00118001', '', 'no', 0, '0.00', '0.00', '0.00', '', '', '', '2022-10-07', 1, '2022-10-07 10:31:21', NULL, NULL, 'active', '', NULL, 0, NULL, 1, 0),
(119, 61, 2, 'G00119001', '', 'no', 0, '0.00', '0.00', '0.00', '', '', '', '2022-10-07', 1, '2022-10-07 10:49:46', NULL, NULL, 'active', '', NULL, 0, NULL, 1, 0),
(120, 3, 2, 'G00120001', '', 'no', 0, '0.00', '0.00', '0.00', '', '', '', '2022-10-07', 1, '2022-10-07 10:50:07', NULL, NULL, 'active', '', NULL, 0, NULL, 1, 0),
(121, 54, 2, 'G00121001', '', 'no', 0, '0.00', '0.00', '0.00', '', '', '', '2022-10-07', 1, '2022-10-07 10:50:37', NULL, NULL, 'active', '', NULL, 0, NULL, 1, 0),
(122, 62, 2, 'G00122001', '', 'no', 0, '0.00', '0.00', '0.00', '', '', '', '2022-10-07', 1, '2022-10-07 11:01:46', NULL, NULL, 'active', '', NULL, 0, NULL, 1, 0),
(123, 20, 2, 'G00123001', '', 'no', 0, '0.00', '0.00', '0.00', '', '', '', '2022-10-07', 1, '2022-10-07 11:02:28', NULL, NULL, 'active', '', NULL, 0, NULL, 1, 0),
(124, 3, 2, 'G00124001', '', 'no', 0, '0.00', '0.00', '0.00', '', '', '', '2022-10-07', 1, '2022-10-07 11:05:09', NULL, NULL, 'active', '', NULL, 0, NULL, 1, 0),
(125, 54, 2, 'G00125001', '', 'no', 0, '0.00', '0.00', '0.00', '', '', '', '2022-10-07', 1, '2022-10-07 11:05:56', NULL, NULL, 'active', '', NULL, 0, NULL, 1, 0),
(126, 24, 2, 'G00126001', '', 'no', 0, '0.00', '0.00', '0.00', '', '', '', '2022-10-07', 1, '2022-10-07 11:06:28', NULL, NULL, 'active', '', NULL, 0, NULL, 1, 0),
(127, 63, 2, 'G00127001', '', 'no', 0, '0.00', '0.00', '0.00', '', '', '', '2022-10-07', 1, '2022-10-07 11:07:18', NULL, NULL, 'active', '', NULL, 0, NULL, 1, 0),
(128, 64, 2, 'G00128001', '', 'no', 0, '0.00', '0.00', '0.00', '', '', '', '2022-10-07', 1, '2022-10-07 11:42:11', NULL, NULL, 'active', '', NULL, 0, NULL, 1, 0),
(129, 2, 2, 'G00129001', '', 'no', 0, '0.00', '0.00', '0.00', '', '', '', '2022-10-07', 1, '2022-10-07 11:43:10', NULL, NULL, 'active', '', NULL, 0, NULL, 1, 0),
(130, 2, 2, 'G001290010 ', '', 'no', 0, '0.00', '0.00', '0.00', '', '', '', '2022-10-07', 1, '2022-10-07 11:43:10', NULL, NULL, 'active', '', NULL, 0, NULL, 1, 0),
(131, 2, 2, 'G00129009 ', '', 'no', 0, '0.00', '0.00', '0.00', '', '', '', '2022-10-07', 1, '2022-10-07 11:43:10', NULL, NULL, 'active', '', NULL, 0, NULL, 1, 0),
(132, 2, 2, 'G00129008 ', '', 'no', 0, '0.00', '0.00', '0.00', '', '', '', '2022-10-07', 1, '2022-10-07 11:43:10', NULL, NULL, 'active', '', NULL, 0, NULL, 1, 0),
(133, 2, 2, 'G00129007 ', '', 'no', 0, '0.00', '0.00', '0.00', '', '', '', '2022-10-07', 1, '2022-10-07 11:43:10', NULL, NULL, 'active', '', NULL, 0, NULL, 1, 0),
(134, 2, 2, 'G00129006 ', '', 'no', 0, '0.00', '0.00', '0.00', '', '', '', '2022-10-07', 1, '2022-10-07 11:43:10', NULL, NULL, 'active', '', NULL, 0, NULL, 1, 0),
(135, 2, 2, 'G00129005 ', '', 'no', 0, '0.00', '0.00', '0.00', '', '', '', '2022-10-07', 1, '2022-10-07 11:43:10', NULL, NULL, 'active', '', NULL, 0, NULL, 1, 0),
(136, 2, 2, 'G00129004 ', '', 'no', 0, '0.00', '0.00', '0.00', '', '', '', '2022-10-07', 1, '2022-10-07 11:43:10', NULL, NULL, 'active', '', NULL, 0, NULL, 1, 0),
(137, 2, 2, 'G00129003 ', '', 'no', 0, '0.00', '0.00', '0.00', '', '', '', '2022-10-07', 1, '2022-10-07 11:43:10', NULL, NULL, 'active', '', NULL, 0, NULL, 1, 0),
(138, 2, 2, 'G00129002 ', '', 'no', 0, '0.00', '0.00', '0.00', '', '', '', '2022-10-07', 1, '2022-10-07 11:43:10', NULL, NULL, 'active', '', NULL, 0, NULL, 1, 0),
(139, 40, 2, 'G00139001', '', 'no', 0, '0.00', '0.00', '0.00', '', '', '', '2022-10-07', 1, '2022-10-07 12:02:58', NULL, NULL, 'active', '', NULL, 0, NULL, 1, 0),
(140, 65, 2, 'G00140001', '', 'no', 0, '0.00', '0.00', '0.00', '', '', '', '2022-10-07', 1, '2022-10-07 12:03:35', NULL, NULL, 'active', '', NULL, 0, NULL, 1, 0),
(141, 54, 2, 'G00141001', '', 'no', 0, '0.00', '0.00', '0.00', '', '', '', '2022-10-07', 1, '2022-10-07 12:04:03', NULL, NULL, 'active', '', NULL, 0, NULL, 1, 0),
(142, 54, 2, 'G00141002 ', '', 'no', 0, '0.00', '0.00', '0.00', '', '', '', '2022-10-07', 1, '2022-10-07 12:04:03', NULL, NULL, 'active', '', NULL, 0, NULL, 1, 0),
(143, 24, 2, 'G00143001', '', 'no', 0, '0.00', '0.00', '0.00', '', '', '', '2022-10-07', 1, '2022-10-07 12:04:32', NULL, NULL, 'active', '', NULL, 0, NULL, 1, 0),
(144, 24, 2, 'G00143002 ', '', 'no', 0, '0.00', '0.00', '0.00', '', '', '', '2022-10-07', 1, '2022-10-07 12:04:32', NULL, NULL, 'active', '', NULL, 0, NULL, 1, 0),
(145, 66, 2, 'G00145001', '', 'no', 0, '0.00', '0.00', '0.00', '', '', '', '2022-10-07', 1, '2022-10-07 12:05:05', NULL, NULL, 'active', '', NULL, 0, NULL, 1, 0),
(146, 67, 2, 'G00146001', '', 'no', 0, '0.00', '0.00', '0.00', '', '', '', '2022-10-07', 1, '2022-10-07 12:05:40', NULL, NULL, 'active', '', NULL, 0, NULL, 1, 0),
(147, 68, 2, 'G00147001', '', 'no', 0, '0.00', '0.00', '0.00', '', '', '', '2022-10-07', 1, '2022-10-07 12:05:55', NULL, NULL, 'active', '', NULL, 0, NULL, 1, 0),
(148, 70, 3, 'G00148001', '', 'no', 0, '0.00', '0.00', '0.00', '', '', '', '2022-10-11', 1, '2022-10-11 12:25:04', NULL, NULL, 'inactive', '', NULL, 0, NULL, 1, 0),
(149, 79, 3, 'G00149001', '', 'no', 0, '0.00', '0.00', '0.00', '', '', '', '2022-10-11', 1, '2022-10-11 12:25:39', NULL, NULL, 'active', '', NULL, 0, NULL, 1, 0),
(150, 79, 3, 'G00150001', '', 'no', 0, '0.00', '0.00', '0.00', '', '', '', '2022-10-11', 1, '2022-10-11 12:26:04', NULL, NULL, 'active', '', NULL, 0, NULL, 1, 0),
(151, 79, 3, 'G00151001', '', 'no', 0, '0.00', '0.00', '0.00', '', '', '', '2022-10-11', 1, '2022-10-11 12:26:43', NULL, NULL, 'active', '', NULL, 0, NULL, 1, 0),
(152, 21, 3, 'G00152001', '', 'no', 0, '0.00', '0.00', '0.00', '', '', '', '2022-10-11', 1, '2022-10-11 12:38:13', NULL, NULL, 'active', '', NULL, 0, NULL, 1, 0),
(153, 12, 3, 'G00153001', '', 'no', 0, '0.00', '0.00', '0.00', '', '', '', '2022-10-11', 1, '2022-10-11 12:38:41', NULL, NULL, 'active', '', NULL, 0, NULL, 1, 0),
(154, 72, 3, 'G00154001', '', 'no', 0, '0.00', '0.00', '0.00', '', '', '', '2022-10-11', 1, '2022-10-11 12:39:09', NULL, NULL, 'active', '', NULL, 0, NULL, 1, 0),
(155, 3, 3, 'G00155001', '', 'no', 0, '0.00', '0.00', '0.00', '', '', '', '2022-10-11', 1, '2022-10-11 12:39:30', NULL, NULL, 'active', '', NULL, 0, NULL, 1, 0),
(156, 50, 3, 'G00156001', '', 'no', 0, '0.00', '0.00', '0.00', '', '', '', '2022-10-11', 1, '2022-10-11 12:39:57', NULL, NULL, 'active', '', NULL, 0, NULL, 1, 0),
(157, 60, 3, 'G00157001', '', 'no', 0, '0.00', '0.00', '0.00', '', '', '', '2022-10-11', 1, '2022-10-11 12:40:37', NULL, NULL, 'active', '', NULL, 0, NULL, 1, 0),
(158, 69, 3, 'G00158001', '', 'no', 0, '0.00', '0.00', '0.00', '', '', '', '2022-10-11', 1, '2022-10-11 12:41:25', NULL, NULL, 'active', '', NULL, 0, NULL, 1, 0),
(159, 71, 3, 'G00159001', '105', 'no', 0, '0.00', '0.00', '0.00', '', '', '', '2022-10-11', 1, '2022-10-11 12:41:49', NULL, NULL, 'active', '', NULL, 0, NULL, 1, 0),
(160, 54, 3, 'G00160001', '', 'no', 0, '0.00', '0.00', '0.00', '', '', '', '2022-10-11', 1, '2022-10-11 12:42:14', NULL, NULL, 'active', '', NULL, 0, NULL, 1, 0),
(161, 73, 3, 'G00161001', '', 'no', 0, '0.00', '0.00', '0.00', '', '', '', '2022-10-11', 1, '2022-10-11 15:26:29', NULL, NULL, 'active', '', NULL, 0, NULL, 1, 0),
(162, 74, 3, 'G00162001', 'A3', 'no', 0, '0.00', '0.00', '0.00', '', '', '', '2022-10-11', 1, '2022-10-11 15:27:30', NULL, NULL, 'active', '', NULL, 0, NULL, 1, 0),
(163, 75, 3, 'G00163001', '', 'no', 0, '0.00', '0.00', '0.00', '', '', '', '2022-10-11', 1, '2022-10-11 15:29:24', NULL, NULL, 'active', '', NULL, 0, NULL, 1, 0),
(164, 76, 3, 'G00164001', '', 'no', 0, '0.00', '0.00', '0.00', '', '', '', '2022-10-11', 1, '2022-10-11 15:30:08', NULL, NULL, 'active', '', NULL, 0, NULL, 1, 0),
(165, 77, 3, 'G00165001', '', 'no', 0, '0.00', '0.00', '0.00', '', '', '', '2022-10-11', 1, '2022-10-11 15:36:47', NULL, NULL, 'active', '', NULL, 0, NULL, 1, 0),
(166, 2, 3, 'G00166001', '', 'no', 0, '0.00', '0.00', '0.00', '', '', '', '2022-10-11', 1, '2022-10-11 15:37:31', NULL, NULL, 'active', '', NULL, 0, NULL, 1, 0),
(167, 2, 3, 'G00166003 ', '', 'no', 0, '0.00', '0.00', '0.00', '', '', '', '2022-10-11', 1, '2022-10-11 15:37:31', NULL, NULL, 'active', '', NULL, 0, NULL, 1, 0),
(168, 2, 3, 'G00166002 ', '', 'no', 0, '0.00', '0.00', '0.00', '', '', '', '2022-10-11', 1, '2022-10-11 15:37:31', NULL, NULL, 'active', '', NULL, 0, NULL, 1, 0),
(169, 70, 3, 'G00169001', '', 'no', 0, '0.00', '0.00', '0.00', '', '', '', '2022-10-11', 1, '2022-10-11 15:39:47', NULL, NULL, 'active', '', NULL, 0, NULL, 1, 0),
(170, 78, 3, 'G00170001', '', 'no', 0, '0.00', '0.00', '0.00', '', '', '', '2022-10-11', 1, '2022-10-11 15:59:46', NULL, NULL, 'active', '', NULL, 0, NULL, 1, 0),
(171, 54, 3, 'G00171001', '', 'no', 0, '0.00', '0.00', '0.00', '', '', '', '2022-10-11', 1, '2022-10-11 16:01:03', NULL, NULL, 'active', '', NULL, 0, NULL, 1, 0),
(172, 131, 4, 'G00172001', '', 'no', 0, '0.00', '0.00', '0.00', '', '', '', '0000-00-00', 1, '2022-10-11 16:05:33', 1, '2023-05-02 12:14:12', 'active', '', NULL, 0, NULL, 1, 0),
(173, 33, 4, 'G00173001', '', 'no', 0, '0.00', '0.00', '0.00', '', '', '', '2022-10-11', 1, '2022-10-11 16:05:54', NULL, NULL, 'inactive', '', NULL, 0, NULL, 1, 0),
(174, 3, 4, 'G00174001', '', 'no', 0, '0.00', '0.00', '0.00', '', '', '', '2022-10-11', 1, '2022-10-11 16:06:16', NULL, NULL, 'active', '', NULL, 0, NULL, 1, 0),
(175, 3, 4, 'G00175001', '', 'no', 0, '0.00', '0.00', '0.00', '', '', '', '2022-10-13', 1, '2022-10-13 11:02:35', NULL, NULL, 'active', '', NULL, 0, NULL, 1, 0),
(176, 54, 4, 'G00176001', '', 'no', 0, '0.00', '0.00', '0.00', '', '', '', '2022-10-13', 1, '2022-10-13 11:03:06', NULL, NULL, 'active', '', NULL, 0, NULL, 1, 0),
(177, 82, 4, 'G00177001', '', 'no', 0, '0.00', '0.00', '0.00', '', '', '', '2022-10-13', 1, '2022-10-13 11:03:28', NULL, NULL, 'active', '', NULL, 0, NULL, 1, 0),
(178, 83, 4, 'G00178001', '', 'no', 0, '0.00', '0.00', '0.00', '', '', '', '2022-10-13', 1, '2022-10-13 11:04:28', NULL, NULL, 'active', '', NULL, 0, NULL, 1, 0),
(179, 84, 4, 'G00179001', '', 'no', 0, '0.00', '0.00', '0.00', '', '', '', '2022-10-13', 1, '2022-10-13 11:04:56', NULL, NULL, 'active', '', NULL, 0, NULL, 1, 0),
(180, 35, 4, 'G00180001', '', 'no', 0, '0.00', '0.00', '0.00', '', '', '', '2022-10-13', 1, '2022-10-13 11:28:01', NULL, NULL, 'active', '', NULL, 0, NULL, 1, 0),
(181, 24, 4, 'G00181001', '', 'no', 0, '0.00', '0.00', '0.00', '', '', '', '2022-10-13', 1, '2022-10-13 11:28:44', NULL, NULL, 'active', '', NULL, 0, NULL, 1, 0),
(182, 87, 4, 'G00182001', '', 'no', 0, '0.00', '0.00', '0.00', '', '', '', '2022-10-13', 1, '2022-10-13 11:29:10', NULL, NULL, 'inactive', '', NULL, 0, NULL, 1, 0),
(183, 13, 4, 'G00183001', '', 'no', 0, '0.00', '0.00', '0.00', '', '', '', '2022-10-13', 1, '2022-10-13 11:29:39', NULL, NULL, 'active', '', NULL, 0, NULL, 1, 0),
(184, 88, 4, 'G00184001', '', 'no', 0, '0.00', '0.00', '0.00', '', '', '', '2022-10-13', 1, '2022-10-13 11:41:13', NULL, NULL, 'inactive', '', NULL, 0, NULL, 1, 0),
(185, 33, 4, 'G00185001', '', 'no', 0, '0.00', '0.00', '0.00', '', '', '', '2022-10-13', 1, '2022-10-13 11:41:39', NULL, NULL, 'active', '', NULL, 0, NULL, 1, 0),
(186, 3, 4, 'G00186001', '', 'no', 0, '0.00', '0.00', '0.00', '', '', '', '2022-10-13', 1, '2022-10-13 11:42:15', NULL, NULL, 'active', '', NULL, 0, NULL, 1, 0),
(187, 89, 4, 'G00187001', '', 'no', 0, '0.00', '0.00', '0.00', '', '', '', '2022-10-13', 1, '2022-10-13 11:42:37', NULL, NULL, 'active', '', NULL, 0, NULL, 1, 0),
(188, 90, 4, 'G00188001', '', 'no', 0, '0.00', '0.00', '0.00', '', '', '', '2022-10-13', 1, '2022-10-13 11:42:53', NULL, NULL, 'active', '', NULL, 0, NULL, 1, 0),
(189, 21, 4, 'G00189001', '', 'no', 0, '0.00', '0.00', '0.00', '', '', '', '2022-10-13', 1, '2022-10-13 11:48:29', NULL, NULL, 'active', '', NULL, 0, NULL, 1, 0),
(190, 35, 4, 'G00190001', '', 'no', 0, '0.00', '0.00', '0.00', '', '', '', '2022-10-13', 1, '2022-10-13 11:48:58', NULL, NULL, 'active', '', NULL, 0, NULL, 1, 0),
(191, 3, 4, 'G00191001', '', 'no', 0, '0.00', '0.00', '0.00', '', '', '', '2022-10-13', 1, '2022-10-13 11:49:19', NULL, NULL, 'active', '', NULL, 0, NULL, 1, 0),
(192, 86, 4, 'G00192001', '', 'no', 0, '0.00', '0.00', '0.00', '', '', '', '2022-10-13', 1, '2022-10-13 11:49:46', NULL, NULL, 'active', '', NULL, 0, NULL, 1, 0),
(193, 12, 4, 'G00193001', '', 'no', 0, '0.00', '0.00', '0.00', '', '', '', '2022-10-13', 1, '2022-10-13 11:50:05', NULL, NULL, 'active', '', NULL, 0, NULL, 1, 0),
(194, 87, 4, 'G00194001', '', 'no', 0, '0.00', '0.00', '0.00', '', '', '', '2022-10-13', 1, '2022-10-13 11:50:32', NULL, NULL, 'inactive', '', NULL, 0, NULL, 1, 0),
(195, 85, 4, 'G00195001', '', 'no', 0, '0.00', '0.00', '0.00', '', '', '', '2022-10-13', 1, '2022-10-13 12:07:44', NULL, NULL, 'active', '', NULL, 0, NULL, 1, 0),
(196, 54, 4, 'G00196001', '', 'no', 0, '0.00', '0.00', '0.00', '', '', '', '2022-10-13', 1, '2022-10-13 12:08:19', NULL, NULL, 'active', '', NULL, 0, NULL, 1, 0),
(197, 79, 4, 'G00197001', '', 'no', 0, '0.00', '0.00', '0.00', '', '', '', '2022-10-13', 1, '2022-10-13 12:08:37', NULL, NULL, 'active', '', NULL, 0, NULL, 1, 0),
(198, 83, 4, 'G00198001', '', 'no', 0, '0.00', '0.00', '0.00', '', '', '', '2022-10-13', 1, '2022-10-13 12:37:02', NULL, NULL, 'active', '', NULL, 0, NULL, 1, 0),
(199, 54, 4, 'G00199001', '', 'no', 0, '0.00', '0.00', '0.00', '', '', '', '2022-10-13', 1, '2022-10-13 12:40:17', NULL, NULL, 'active', '', NULL, 0, NULL, 1, 0),
(200, 3, 4, 'G00200001', '', 'no', 0, '0.00', '0.00', '0.00', '', '', '', '2022-10-13', 1, '2022-10-13 12:40:36', NULL, NULL, 'active', '', NULL, 0, NULL, 1, 0),
(201, 50, 4, 'G00201001', '', 'no', 0, '0.00', '0.00', '0.00', '', '', '', '2022-10-13', 1, '2022-10-13 12:41:11', NULL, NULL, 'active', '', NULL, 0, NULL, 1, 0),
(202, 91, 4, 'G00202001', '', 'no', 0, '0.00', '0.00', '0.00', '', '', '', '2022-10-13', 1, '2022-10-13 12:42:50', NULL, NULL, 'active', '', NULL, 0, NULL, 1, 0),
(203, 24, 4, 'G00203001', '', 'no', 0, '0.00', '0.00', '0.00', '', '', '', '2022-10-13', 1, '2022-10-13 12:51:31', NULL, NULL, 'active', '', NULL, 0, NULL, 1, 0),
(204, 60, 4, 'G00204001', '', 'no', 0, '0.00', '0.00', '0.00', '', '', '', '2022-10-13', 1, '2022-10-13 12:51:57', NULL, NULL, 'active', '', NULL, 0, NULL, 1, 0),
(205, 82, 4, 'G00205001', '', 'no', 0, '0.00', '0.00', '0.00', '', '', '', '2022-10-13', 1, '2022-10-13 12:52:24', NULL, NULL, 'active', '', NULL, 0, NULL, 1, 0),
(206, 3, 4, 'G00206001', '', 'no', 0, '0.00', '0.00', '0.00', '', '', '', '2022-10-13', 1, '2022-10-13 12:52:41', NULL, NULL, 'active', '', NULL, 0, NULL, 1, 0),
(207, 54, 4, 'G00207001', '', 'no', 0, '0.00', '0.00', '0.00', '', '', '', '2022-10-13', 1, '2022-10-13 12:53:02', NULL, NULL, 'active', '', NULL, 0, NULL, 1, 0),
(208, 35, 4, 'G00208001', '', 'no', 0, '0.00', '0.00', '0.00', '', '', '', '2022-10-13', 1, '2022-10-13 12:54:00', NULL, NULL, 'active', '', NULL, 0, NULL, 1, 0),
(209, 92, 4, 'G00209001', '', 'no', 0, '0.00', '0.00', '0.00', '', '', '', '2022-10-13', 1, '2022-10-13 13:15:58', NULL, NULL, 'active', '', NULL, 0, NULL, 1, 0),
(210, 3, 4, 'G00210001', '', 'no', 0, '0.00', '0.00', '0.00', '', '', '', '2022-10-13', 1, '2022-10-13 13:16:17', NULL, NULL, 'active', '', NULL, 0, NULL, 1, 0),
(211, 54, 4, 'G00211001', '', 'no', 0, '0.00', '0.00', '0.00', '', '', '', '2022-10-13', 1, '2022-10-13 13:16:46', NULL, NULL, 'active', '', NULL, 0, NULL, 1, 0),
(212, 30, 4, 'G00212001', '', 'no', 0, '0.00', '0.00', '0.00', '', '', '', '2022-10-13', 1, '2022-10-13 13:17:16', NULL, NULL, 'active', '', NULL, 0, NULL, 1, 0),
(213, 54, 4, 'G00213001', '', 'no', 0, '0.00', '0.00', '0.00', '', '', '', '2022-10-13', 1, '2022-10-13 13:36:10', NULL, NULL, 'active', '', NULL, 0, NULL, 1, 0),
(214, 3, 4, 'G00214001', '', 'no', 0, '0.00', '0.00', '0.00', '', '', '', '2022-10-13', 1, '2022-10-13 13:36:29', NULL, NULL, 'active', '', NULL, 0, NULL, 1, 0),
(215, 24, 4, 'G00215001', '', 'no', 0, '0.00', '0.00', '0.00', '', '', '', '2022-10-13', 1, '2022-10-13 13:37:21', NULL, NULL, 'active', '', NULL, 0, NULL, 1, 0),
(216, 93, 4, 'G00216001', '', 'no', 0, '0.00', '0.00', '0.00', '', '', '', '2022-10-13', 1, '2022-10-13 13:39:12', NULL, NULL, 'active', '', NULL, 0, NULL, 1, 0),
(217, 94, 4, 'G00217001', '', 'no', 0, '0.00', '0.00', '0.00', '', '', '', '2022-10-13', 1, '2022-10-13 13:40:51', NULL, NULL, 'active', '', NULL, 0, NULL, 1, 0),
(218, 12, 4, 'G00218001', '', 'no', 0, '0.00', '0.00', '0.00', '', '', '', '2022-10-13', 1, '2022-10-13 15:17:02', NULL, NULL, 'active', '', NULL, 0, NULL, 1, 0),
(219, 95, 4, 'G00219001', '', 'no', 0, '0.00', '0.00', '0.00', '', '', '', '2022-10-13', 1, '2022-10-13 15:19:06', NULL, NULL, 'active', '', NULL, 0, NULL, 1, 0),
(220, 3, 4, 'G00220001', '', 'no', 0, '0.00', '0.00', '0.00', '', '', '', '2022-10-13', 1, '2022-10-13 15:20:18', NULL, NULL, 'active', '', NULL, 0, NULL, 1, 0),
(221, 87, 4, 'G00221001', '', 'no', 0, '0.00', '0.00', '0.00', '', '', '', '2022-10-13', 1, '2022-10-13 15:20:41', NULL, NULL, 'active', '', NULL, 0, NULL, 1, 0),
(222, 60, 4, 'G00222001', '', 'no', 0, '0.00', '0.00', '0.00', '', '', '', '2022-10-13', 1, '2022-10-13 15:21:15', NULL, NULL, 'active', '', NULL, 0, NULL, 1, 0),
(223, 82, 4, 'G00223001', '', 'no', 0, '0.00', '0.00', '0.00', '', '', '', '2022-10-13', 1, '2022-10-13 15:21:56', NULL, NULL, 'active', '', NULL, 0, NULL, 1, 0),
(224, 96, 4, 'G00224001', '', 'no', 0, '0.00', '0.00', '0.00', '', '', '', '2022-10-13', 1, '2022-10-13 15:44:52', NULL, NULL, 'inactive', '', NULL, 0, NULL, 1, 0),
(225, 97, 4, 'G00225001', '', 'no', 0, '0.00', '0.00', '0.00', '', '', '', '2022-10-13', 1, '2022-10-13 15:45:14', NULL, NULL, 'active', '', NULL, 0, NULL, 1, 0),
(226, 3, 4, 'G00226001', '', 'no', 0, '0.00', '0.00', '0.00', '', '', '', '2022-10-13', 1, '2022-10-13 15:45:41', NULL, NULL, 'active', '', NULL, 0, NULL, 1, 0),
(227, 87, 4, 'G00227001', '', 'no', 0, '0.00', '0.00', '0.00', '', '', '', '2022-10-13', 1, '2022-10-13 15:46:22', NULL, NULL, 'active', '', NULL, 0, NULL, 1, 0),
(228, 98, 4, 'G00228001', '', 'no', 0, '0.00', '0.00', '0.00', '', '', '', '2022-10-13', 1, '2022-10-13 16:05:06', NULL, NULL, 'active', '', NULL, 0, NULL, 1, 0),
(229, 3, 4, 'G00229001', '', 'no', 0, '0.00', '0.00', '0.00', '', '', '', '2022-10-13', 1, '2022-10-13 16:05:30', NULL, NULL, 'active', '', NULL, 0, NULL, 1, 0),
(230, 54, 4, 'G00230001', '', 'no', 0, '0.00', '0.00', '0.00', '', '', '', '2022-10-13', 1, '2022-10-13 16:05:57', NULL, NULL, 'active', '', NULL, 0, NULL, 1, 0),
(231, 87, 4, 'G00231001', '', 'no', 0, '0.00', '0.00', '0.00', '', '', '', '0000-00-00', 1, '2022-10-14 10:00:55', 1, '2023-05-02 11:22:49', 'active', '', NULL, 0, NULL, 1, 0),
(232, 130, 4, 'G00232001', '', 'no', 0, '0.00', '0.00', '0.00', '', '', '', '0000-00-00', 1, '2022-10-14 10:02:09', 1, '2023-05-02 11:34:52', 'active', '', NULL, 0, NULL, 1, 0),
(233, 46, 4, 'G00233001', '', 'no', 0, '0.00', '0.00', '0.00', '', '', '', '2022-10-14', 1, '2022-10-14 10:02:44', NULL, NULL, 'active', '', NULL, 0, NULL, 1, 0),
(234, 50, 4, 'G00234001', '', 'no', 0, '0.00', '0.00', '0.00', '', '', '', '2022-10-14', 1, '2022-10-14 10:03:12', NULL, NULL, 'active', '', NULL, 0, NULL, 1, 0),
(235, 3, 4, 'G00235001', '', 'no', 0, '0.00', '0.00', '0.00', '', '', '', '0000-00-00', 1, '2022-10-14 10:03:31', 1, '2023-05-02 11:22:12', 'active', '', NULL, 0, NULL, 1, 0),
(236, 81, 4, 'G00236001', '', 'no', 0, '0.00', '0.00', '0.00', '', '', '', '2022-10-14', 1, '2022-10-14 10:49:00', NULL, NULL, 'active', '', NULL, 0, NULL, 1, 0),
(237, 12, 4, 'G00237001', '', 'no', 0, '0.00', '0.00', '0.00', '', '', '', '2022-10-14', 1, '2022-10-14 10:50:07', NULL, NULL, 'active', '', NULL, 0, NULL, 1, 0),
(238, 4, 4, 'G00238001', '', 'no', 0, '0.00', '0.00', '0.00', '', '', '', '2022-10-14', 1, '2022-10-14 10:50:38', NULL, NULL, 'active', '', NULL, 0, NULL, 1, 0),
(239, 54, 4, 'G00239001', '', 'no', 0, '0.00', '0.00', '0.00', '', '', '', '2022-10-14', 1, '2022-10-14 10:52:18', NULL, NULL, 'active', '', NULL, 0, NULL, 1, 0),
(240, 101, 4, 'G00240001', '', 'no', 0, '0.00', '0.00', '0.00', '', '', '', '2022-10-14', 1, '2022-10-14 11:04:45', NULL, NULL, 'active', '', NULL, 0, NULL, 1, 0),
(241, 3, 4, 'G00241001', '', 'no', 0, '0.00', '0.00', '0.00', '', '', '', '0000-00-00', 1, '2022-10-14 11:05:05', 1, '2023-05-02 13:01:11', 'active', '', NULL, 0, NULL, 1, 0),
(242, 102, 4, 'G00242001', '', 'no', 0, '0.00', '0.00', '0.00', '', '', '', '2022-10-14', 1, '2022-10-14 11:13:53', NULL, NULL, 'active', '', NULL, 0, NULL, 1, 0),
(243, 3, 4, 'G00243001', '', 'no', 0, '0.00', '0.00', '0.00', '', '', '', '2022-10-14', 1, '2022-10-14 11:14:13', NULL, NULL, 'active', '', NULL, 0, NULL, 1, 0),
(244, 2, 4, 'G00244001', '', 'no', 0, '0.00', '0.00', '0.00', '', '', '', '2022-10-14', 1, '2022-10-14 11:24:53', NULL, NULL, 'inactive', '', NULL, 0, NULL, 1, 0),
(245, 2, 4, 'G00244003 ', '', 'no', 0, '0.00', '0.00', '0.00', '', '', '', '2022-10-14', 1, '2022-10-14 11:24:53', NULL, NULL, 'active', '', NULL, 0, NULL, 1, 0),
(246, 2, 4, 'G00244002 ', '', 'no', 0, '0.00', '0.00', '0.00', '', '', '', '2022-10-14', 1, '2022-10-14 11:24:53', NULL, NULL, 'active', '', NULL, 0, NULL, 1, 0),
(247, 79, 4, 'G00247001', '', 'no', 0, '0.00', '0.00', '0.00', '', '', '', '2022-10-14', 1, '2022-10-14 11:25:46', NULL, NULL, 'active', '', NULL, 0, NULL, 1, 0),
(248, 104, 4, 'G00248001', '', 'no', 0, '0.00', '0.00', '0.00', '', '', '', '2022-10-14', 1, '2022-10-14 11:26:01', NULL, NULL, 'active', '', NULL, 0, NULL, 1, 0),
(249, 103, 4, 'G00249001', '', 'no', 0, '0.00', '0.00', '0.00', '', '', '', '2022-10-14', 1, '2022-10-14 11:26:20', NULL, NULL, 'active', '', NULL, 0, NULL, 1, 0),
(250, 103, 4, 'G00249002 ', '', 'no', 0, '0.00', '0.00', '0.00', '', '', '', '2022-10-14', 1, '2022-10-14 11:26:20', NULL, NULL, 'active', '', NULL, 0, NULL, 1, 0),
(251, 105, 4, 'G00251001', '', 'no', 0, '0.00', '0.00', '0.00', '', '', '', '2022-10-14', 1, '2022-10-14 11:41:25', NULL, NULL, 'active', '', NULL, 0, NULL, 1, 0),
(252, 106, 4, 'G00252001', '', 'no', 0, '0.00', '0.00', '0.00', '', '', '', '2022-10-14', 1, '2022-10-14 11:51:31', NULL, NULL, 'active', '', NULL, 0, NULL, 1, 0),
(253, 35, 4, 'G00253001', '', 'no', 0, '0.00', '0.00', '0.00', '', '', '', '2022-10-14', 1, '2022-10-14 11:51:57', NULL, NULL, 'active', '', NULL, 0, NULL, 1, 0),
(254, 91, 4, 'G00254001', '', 'no', 0, '0.00', '0.00', '0.00', '', '', '', '2022-10-14', 1, '2022-10-14 11:52:22', NULL, NULL, 'active', '', NULL, 0, NULL, 1, 0),
(255, 3, 4, 'G00255001', '', 'no', 0, '0.00', '0.00', '0.00', '', '', '', '2022-10-14', 1, '2022-10-14 11:52:57', NULL, NULL, 'active', '', NULL, 0, NULL, 1, 0),
(256, 87, 4, 'G00256001', '', 'no', 0, '0.00', '0.00', '0.00', '', '', '', '0000-00-00', 1, '2022-10-14 11:53:22', 1, '2023-05-02 11:18:21', 'active', '', NULL, 0, NULL, 1, 0),
(257, 53, 5, 'G00257001', '', 'no', 0, '0.00', '0.00', '0.00', '', '', '', '2022-10-16', 1, '2022-10-16 10:10:03', NULL, NULL, 'active', '', NULL, 0, NULL, 1, 0),
(258, 107, 5, 'G00258001', '', 'no', 0, '0.00', '0.00', '0.00', '', '', '', '2022-10-16', 1, '2022-10-16 10:19:52', NULL, NULL, 'active', '', NULL, 0, NULL, 1, 0),
(259, 91, 1, 'G00259001', '', 'no', 0, '0.00', '0.00', '0.00', '', '', '', '2022-10-16', 1, '2022-10-16 10:34:08', NULL, NULL, 'active', '', NULL, 0, NULL, 1, 0),
(260, 91, 5, 'G00260001', '', 'no', 0, '0.00', '0.00', '0.00', '', '', '', '2022-10-16', 1, '2022-10-16 10:37:15', NULL, NULL, 'active', '', NULL, 0, NULL, 1, 0),
(261, 2, 5, 'G00261001', '', 'no', 0, '0.00', '0.00', '0.00', '', '', '', '2022-10-16', 1, '2022-10-16 10:39:38', NULL, NULL, 'active', '', NULL, 0, NULL, 1, 0),
(262, 2, 5, 'G00261003 ', '', 'no', 0, '0.00', '0.00', '0.00', '', '', '', '2022-10-16', 1, '2022-10-16 10:39:38', NULL, NULL, 'active', '', NULL, 0, NULL, 1, 0),
(263, 2, 5, 'G00261002 ', '', 'no', 0, '0.00', '0.00', '0.00', '', '', '', '2022-10-16', 1, '2022-10-16 10:39:38', NULL, NULL, 'active', '', NULL, 0, NULL, 1, 0),
(264, 3, 5, 'G00264001', '', 'no', 0, '0.00', '0.00', '0.00', '', '', '', '2022-10-16', 1, '2022-10-16 10:40:14', NULL, NULL, 'active', '', NULL, 0, NULL, 1, 0),
(265, 108, 5, 'G00265001', '', 'no', 0, '0.00', '0.00', '0.00', '', '', '', '2022-10-16', 1, '2022-10-16 10:54:20', NULL, NULL, 'active', '', NULL, 0, NULL, 1, 0),
(266, 109, 5, 'G00266001', '', 'no', 0, '0.00', '0.00', '0.00', '', '', '', '2022-10-16', 1, '2022-10-16 10:55:08', NULL, NULL, 'active', '', NULL, 0, NULL, 1, 0),
(267, 109, 5, 'G00266002 ', '', 'no', 0, '0.00', '0.00', '0.00', '', '', '', '2022-10-16', 1, '2022-10-16 10:55:08', NULL, NULL, 'active', '', NULL, 0, NULL, 1, 0),
(268, 111, 6, 'G00268001', '', 'no', 0, '0.00', '0.00', '0.00', '', '', '', '2022-10-16', 1, '2022-10-16 11:02:03', NULL, NULL, 'active', '', NULL, 0, NULL, 1, 0),
(269, 110, 6, 'G00269001', '', 'no', 0, '0.00', '0.00', '0.00', '', '', '', '2022-10-16', 1, '2022-10-16 11:02:24', NULL, NULL, 'active', '', NULL, 0, NULL, 1, 0),
(270, 91, 6, 'G00270001', '', 'no', 0, '0.00', '0.00', '0.00', '', '', '', '2022-10-16', 1, '2022-10-16 11:03:08', NULL, NULL, 'active', '', NULL, 0, NULL, 1, 0),
(271, 91, 6, 'G00271001', '', 'no', 0, '0.00', '0.00', '0.00', '', '', '', '2022-10-16', 1, '2022-10-16 11:13:55', NULL, NULL, 'active', '', NULL, 0, NULL, 1, 0),
(272, 92, 6, 'G00272001', '', 'no', 0, '0.00', '0.00', '0.00', '', '', '', '2022-10-16', 1, '2022-10-16 11:14:23', NULL, NULL, 'active', '', NULL, 0, NULL, 1, 0),
(273, 82, 6, 'G00273001', '', 'no', 0, '0.00', '0.00', '0.00', '', '', '', '2022-10-16', 1, '2022-10-16 11:14:46', NULL, NULL, 'active', '', NULL, 0, NULL, 1, 0),
(274, 112, 6, 'G00274001', '', 'no', 0, '0.00', '0.00', '0.00', '', '', '', '2022-10-16', 1, '2022-10-16 11:18:21', NULL, NULL, 'inactive', '', NULL, 0, NULL, 1, 0),
(275, 112, 6, 'G00275001', '', 'no', 0, '0.00', '0.00', '0.00', '', '', '', '2022-10-16', 1, '2022-10-16 11:20:03', NULL, NULL, 'active', '', NULL, 0, NULL, 1, 0),
(276, 112, 6, 'G00276001', '', 'no', 0, '0.00', '0.00', '0.00', '', '', '', '2022-10-16', 1, '2022-10-16 11:20:39', NULL, NULL, 'active', '', NULL, 0, NULL, 1, 0),
(277, 85, 6, 'G00277001', '', 'no', 0, '0.00', '0.00', '0.00', '', '', '', '2022-10-16', 1, '2022-10-16 11:37:38', NULL, NULL, 'inactive', '', NULL, 0, NULL, 1, 0),
(278, 113, 6, 'G00278001', '', 'no', 0, '0.00', '0.00', '0.00', '', '', '', '2022-10-16', 1, '2022-10-16 11:39:53', NULL, NULL, 'active', '', NULL, 0, NULL, 1, 0),
(279, 46, 6, 'G00279001', '', 'no', 0, '0.00', '0.00', '0.00', '', '', '', '2022-10-16', 1, '2022-10-16 11:53:59', NULL, NULL, 'inactive', '', NULL, 0, NULL, 1, 0),
(280, 72, 6, 'G00280001', '', 'no', 0, '0.00', '0.00', '0.00', '', '', '', '2022-10-16', 1, '2022-10-16 11:54:41', NULL, NULL, 'inactive', '', NULL, 0, NULL, 1, 0),
(281, 114, 6, 'G00281001', '', 'no', 0, '0.00', '0.00', '0.00', '', '', '', '2022-10-16', 1, '2022-10-16 12:18:31', NULL, NULL, 'active', '', NULL, 0, NULL, 1, 0),
(282, 115, 6, 'G00282001', '', 'no', 0, '0.00', '0.00', '0.00', '', '', '', '2022-10-16', 1, '2022-10-16 12:18:59', NULL, NULL, 'active', '', NULL, 0, NULL, 1, 0),
(283, 114, 6, 'G00283001', '', 'no', 0, '0.00', '0.00', '0.00', '', '', '', '2022-10-16', 1, '2022-10-16 12:19:29', NULL, NULL, 'active', '', NULL, 0, NULL, 1, 0),
(284, 2, 6, 'G00284001', '', 'no', 0, '0.00', '0.00', '0.00', '', '', '', '2022-10-16', 1, '2022-10-16 12:31:02', NULL, NULL, 'active', '', NULL, 0, NULL, 1, 0),
(285, 2, 6, 'G00284002 ', '', 'no', 0, '0.00', '0.00', '0.00', '', '', '', '2022-10-16', 1, '2022-10-16 12:31:02', NULL, NULL, 'active', '', NULL, 0, NULL, 1, 0),
(286, 67, 6, 'G00286001', '', 'no', 0, '0.00', '0.00', '0.00', '', '', '', '2022-10-16', 1, '2022-10-16 12:31:41', NULL, NULL, 'active', '', NULL, 0, NULL, 1, 0),
(287, 66, 6, 'G00287001', '', 'no', 0, '0.00', '0.00', '0.00', '', '', '', '2022-10-16', 1, '2022-10-16 12:32:18', NULL, NULL, 'active', '', NULL, 0, NULL, 1, 0),
(288, 66, 6, 'G00287002 ', '', 'no', 0, '0.00', '0.00', '0.00', '', '', '', '2022-10-16', 1, '2022-10-16 12:32:18', NULL, NULL, 'active', '', NULL, 0, NULL, 1, 0),
(289, 105, 6, 'G00289001', '', 'no', 0, '0.00', '0.00', '0.00', '', '', '', '2022-10-16', 1, '2022-10-16 12:40:48', NULL, NULL, 'active', '', NULL, 0, NULL, 1, 0),
(290, 75, 6, 'G00290001', '', 'no', 0, '0.00', '0.00', '0.00', '', '', '', '2022-10-16', 1, '2022-10-16 12:41:12', NULL, NULL, 'active', '', NULL, 0, NULL, 1, 0),
(291, 105, 6, 'G00291001', '', 'no', 0, '0.00', '0.00', '0.00', '', '', '', '2022-10-16', 1, '2022-10-16 12:41:39', NULL, NULL, 'active', '', NULL, 0, NULL, 1, 0),
(292, 54, 6, 'G00292001', '', 'no', 0, '0.00', '0.00', '0.00', '', '', '', '2022-10-16', 1, '2022-10-16 12:42:08', NULL, NULL, 'active', '', NULL, 0, NULL, 1, 0),
(293, 54, 6, 'G00292004 ', '', 'no', 0, '0.00', '0.00', '0.00', '', '', '', '2022-10-16', 1, '2022-10-16 12:42:08', NULL, NULL, 'active', '', NULL, 0, NULL, 1, 0),
(294, 54, 6, 'G00292003 ', '', 'no', 0, '0.00', '0.00', '0.00', '', '', '', '2022-10-16', 1, '2022-10-16 12:42:08', NULL, NULL, 'active', '', NULL, 0, NULL, 1, 0),
(295, 54, 6, 'G00292002 ', '', 'no', 0, '0.00', '0.00', '0.00', '', '', '', '2022-10-16', 1, '2022-10-16 12:42:08', NULL, NULL, 'active', '', NULL, 0, NULL, 1, 0),
(296, 79, 6, 'G00296001', '', 'no', 0, '0.00', '0.00', '0.00', '', '', '', '2022-10-16', 1, '2022-10-16 13:00:37', NULL, NULL, 'active', '', NULL, 0, NULL, 1, 0),
(297, 79, 6, 'G00296004 ', '', 'no', 0, '0.00', '0.00', '0.00', '', '', '', '2022-10-16', 1, '2022-10-16 13:00:37', NULL, NULL, 'active', '', NULL, 0, NULL, 1, 0),
(298, 79, 6, 'G00296003 ', '', 'no', 0, '0.00', '0.00', '0.00', '', '', '', '2022-10-16', 1, '2022-10-16 13:00:37', NULL, NULL, 'active', '', NULL, 0, NULL, 1, 0),
(299, 79, 6, 'G00296002 ', '', 'no', 0, '0.00', '0.00', '0.00', '', '', '', '2022-10-16', 1, '2022-10-16 13:00:37', NULL, NULL, 'active', '', NULL, 0, NULL, 1, 0),
(300, 3, 6, 'G00300001', '', 'no', 0, '0.00', '0.00', '0.00', '', '', '', '2022-10-16', 1, '2022-10-16 13:01:23', NULL, NULL, 'active', '', NULL, 0, NULL, 1, 0),
(301, 3, 6, 'G00300003 ', '', 'no', 0, '0.00', '0.00', '0.00', '', '', '', '2022-10-16', 1, '2022-10-16 13:01:23', NULL, NULL, 'active', '', NULL, 0, NULL, 1, 0),
(302, 3, 6, 'G00300002 ', '', 'no', 0, '0.00', '0.00', '0.00', '', '', '', '2022-10-16', 1, '2022-10-16 13:01:23', NULL, NULL, 'active', '', NULL, 0, NULL, 1, 0),
(303, 116, 6, 'G00303001', '', 'no', 0, '0.00', '0.00', '0.00', '', '', '', '2022-10-16', 1, '2022-10-16 13:02:37', NULL, NULL, 'active', '', NULL, 0, NULL, 1, 0),
(304, 117, 6, 'G00304001', '', 'no', 0, '0.00', '0.00', '0.00', '', '', '', '2022-10-18', 1, '2022-10-18 10:00:25', NULL, NULL, 'active', '', NULL, 0, NULL, 1, 0),
(305, 117, 6, 'G00304003 ', '', 'no', 0, '0.00', '0.00', '0.00', '', '', '', '2022-10-18', 1, '2022-10-18 10:00:25', NULL, NULL, 'active', '', NULL, 0, NULL, 1, 0),
(306, 117, 6, 'G00304002 ', '', 'no', 0, '0.00', '0.00', '0.00', '', '', '', '2022-10-18', 1, '2022-10-18 10:00:25', NULL, NULL, 'active', '', NULL, 0, NULL, 1, 0),
(307, 35, 6, 'G00307001', '', 'no', 0, '0.00', '0.00', '0.00', '', '', '', '2022-10-18', 1, '2022-10-18 10:07:17', NULL, NULL, 'inactive', '', NULL, 0, NULL, 1, 0),
(308, 35, 6, 'G00308001', '', 'no', 0, '0.00', '0.00', '0.00', '', '', '', '2022-10-18', 1, '2022-10-18 10:15:43', NULL, NULL, 'active', '', NULL, 0, NULL, 1, 0);
INSERT INTO `assets` (`id`, `productid`, `departid`, `barcode`, `model`, `isshared`, `qty`, `rate`, `costasset`, `currentvalue`, `serialno`, `spec`, `invoiceno`, `dpurchase`, `createdby`, `doc`, `modifiedby`, `dom`, `status`, `deleted`, `lastdepreciondate`, `supplierid`, `salvage_value`, `asset_pv_id`, `asset_assignment_status`) VALUES
(309, 91, 5, 'G00309001', '', 'no', 0, '0.00', '0.00', '0.00', '', '', '', '2022-10-18', 1, '2022-10-18 10:19:32', NULL, NULL, 'active', '', NULL, 0, NULL, 1, 0),
(310, 79, 6, 'G00310001', '', 'no', 0, '0.00', '0.00', '0.00', '', '', '', '2022-10-18', 1, '2022-10-18 10:22:00', NULL, NULL, 'inactive', '', NULL, 0, NULL, 1, 0),
(311, 34, 6, 'G00311001', '', 'no', 0, '0.00', '0.00', '0.00', '', '', '', '2022-10-18', 1, '2022-10-18 10:23:23', NULL, NULL, 'active', '', NULL, 0, NULL, 1, 0),
(312, 50, 6, 'G00312001', '', 'no', 0, '0.00', '0.00', '0.00', '', '', '', '2022-10-18', 1, '2022-10-18 10:24:27', NULL, NULL, 'active', '', NULL, 0, NULL, 1, 0),
(313, 12, 6, 'G00313001', '', 'no', 0, '0.00', '0.00', '0.00', '', '', '', '2022-10-18', 1, '2022-10-18 10:26:41', NULL, NULL, 'active', '', NULL, 0, NULL, 1, 0),
(314, 21, 6, 'G00314001', '', 'no', 0, '0.00', '0.00', '0.00', '', '', '', '2022-10-18', 1, '2022-10-18 10:27:39', NULL, NULL, 'active', '', NULL, 0, NULL, 1, 0),
(315, 72, 6, 'G00315001', '', 'no', 0, '0.00', '0.00', '0.00', '', '', '', '2022-10-18', 1, '2022-10-18 10:29:29', NULL, NULL, 'active', '', NULL, 0, NULL, 1, 0),
(316, 38, 6, 'G00316001', '', 'no', 0, '0.00', '0.00', '0.00', '', '', '', '2022-10-18', 1, '2022-10-18 10:30:30', NULL, NULL, 'inactive', '', NULL, 0, NULL, 1, 0),
(317, 112, 6, 'G00317001', '', 'no', 0, '0.00', '0.00', '0.00', '', '', '', '2022-10-18', 1, '2022-10-18 10:31:56', NULL, NULL, 'active', '', NULL, 0, NULL, 1, 0),
(318, 58, 6, 'G00318001', '', 'no', 0, '0.00', '0.00', '0.00', '', '', '', '2022-10-18', 1, '2022-10-18 16:24:30', NULL, NULL, 'inactive', '', NULL, 0, NULL, 1, 0),
(319, 58, 7, 'G00319001', '', 'no', 0, '0.00', '0.00', '0.00', '', '', '', '2022-10-18', 1, '2022-10-18 16:28:31', NULL, NULL, 'active', '', NULL, 0, NULL, 1, 0),
(320, 118, 7, 'G00320001', '', 'no', 0, '0.00', '0.00', '0.00', '', '', '', '2022-10-18', 1, '2022-10-18 16:43:25', NULL, NULL, 'active', '', NULL, 0, NULL, 1, 0),
(321, 122, 7, 'G00321001', '', 'no', 0, '0.00', '0.00', '0.00', '', '', '', '2022-10-18', 1, '2022-10-18 16:56:46', NULL, NULL, 'active', '', NULL, 0, NULL, 1, 0),
(322, 54, 7, 'G00322001', '', 'no', 0, '0.00', '0.00', '0.00', '', '', '', '2022-10-18', 1, '2022-10-18 16:57:47', NULL, NULL, 'active', '', NULL, 0, NULL, 1, 0),
(323, 3, 7, 'G00323001', '', 'no', 0, '0.00', '0.00', '0.00', '', '', '', '2022-10-18', 1, '2022-10-18 16:58:19', NULL, NULL, 'active', '', NULL, 0, NULL, 1, 0),
(324, 91, 7, 'G00324001', '', 'no', 0, '0.00', '0.00', '0.00', '', '', '', '2022-10-19', 1, '2022-10-19 09:46:10', NULL, NULL, 'active', '', NULL, 0, NULL, 1, 0),
(325, 12, 7, 'G00325001', '', 'no', 0, '0.00', '0.00', '0.00', '', '', '', '2022-10-19', 1, '2022-10-19 10:05:02', NULL, NULL, 'active', '', NULL, 0, NULL, 1, 0),
(326, 54, 7, 'G00326001', '', 'no', 0, '0.00', '0.00', '0.00', '', '', '', '2022-10-19', 1, '2022-10-19 10:06:16', NULL, NULL, 'active', '', NULL, 0, NULL, 1, 0),
(327, 3, 7, 'G00327001', '', 'no', 0, '0.00', '0.00', '0.00', '', '', '', '2022-10-18', 1, '2022-10-18 10:10:57', NULL, NULL, 'active', '', NULL, 0, NULL, 1, 0),
(328, 11, 7, 'G00328001', '', 'no', 0, '0.00', '0.00', '0.00', '', '', '', '2022-10-18', 1, '2022-10-18 10:13:13', NULL, NULL, 'active', '', NULL, 0, NULL, 1, 0),
(329, 87, 7, 'G00329001', '', 'no', 0, '0.00', '0.00', '0.00', '', '', '', '2022-10-18', 1, '2022-10-18 10:26:11', NULL, NULL, 'active', '', NULL, 0, NULL, 1, 0),
(330, 121, 7, 'G00330001', '', 'no', 0, '0.00', '0.00', '0.00', '', '', '', '2022-10-18', 1, '2022-10-18 10:31:54', NULL, NULL, 'active', '', NULL, 0, NULL, 1, 0),
(331, 53, 7, 'G00331001', '', 'no', 0, '0.00', '0.00', '0.00', '', '', '', '2022-10-18', 1, '2022-10-18 10:32:34', NULL, NULL, 'active', '', NULL, 0, NULL, 1, 0),
(332, 53, 7, 'G00331003 ', '', 'no', 0, '0.00', '0.00', '0.00', '', '', '', '2022-10-18', 1, '2022-10-18 10:32:34', NULL, NULL, 'active', '', NULL, 0, NULL, 1, 0),
(333, 53, 7, 'G00331002 ', '', 'no', 0, '0.00', '0.00', '0.00', '', '', '', '2022-10-18', 1, '2022-10-18 10:32:34', NULL, NULL, 'active', '', NULL, 0, NULL, 1, 0),
(334, 120, 7, 'G00334001', '', 'no', 0, '0.00', '0.00', '0.00', '', '', '', '2022-10-18', 1, '2022-10-18 10:32:57', NULL, NULL, 'active', '', NULL, 0, NULL, 1, 0),
(335, 105, 7, 'G00335001', '', 'no', 0, '0.00', '0.00', '0.00', '', '', '', '2022-10-18', 1, '2022-10-18 10:49:43', NULL, NULL, 'active', '', NULL, 0, NULL, 1, 0),
(336, 105, 7, 'G00335003 ', '', 'no', 0, '0.00', '0.00', '0.00', '', '', '', '2022-10-18', 1, '2022-10-18 10:49:43', NULL, NULL, 'active', '', NULL, 0, NULL, 1, 0),
(337, 105, 7, 'G00335002 ', '', 'no', 0, '0.00', '0.00', '0.00', '', '', '', '2022-10-18', 1, '2022-10-18 10:49:43', NULL, NULL, 'active', '', NULL, 0, NULL, 1, 0),
(338, 123, 7, 'G00338001', '', 'no', 0, '0.00', '0.00', '0.00', '', '', '', '2022-10-18', 1, '2022-10-18 10:52:51', NULL, NULL, 'active', '', NULL, 0, NULL, 1, 0),
(339, 1, 7, 'G00339001', '', 'no', 0, '0.00', '0.00', '0.00', '', '', '', '2022-10-18', 1, '2022-10-18 10:53:12', NULL, NULL, 'active', '', NULL, 0, NULL, 1, 0),
(340, 117, 7, 'G00340001', '', 'no', 0, '0.00', '0.00', '0.00', '', '', '', '2022-10-18', 1, '2022-10-18 10:57:51', NULL, NULL, 'active', '', NULL, 0, NULL, 1, 0),
(341, 117, 7, 'G00340002 ', '', 'no', 0, '0.00', '0.00', '0.00', '', '', '', '2022-10-18', 1, '2022-10-18 10:57:51', NULL, NULL, 'active', '', NULL, 0, NULL, 1, 0),
(342, 4, 7, 'G00342001', '', 'no', 0, '0.00', '0.00', '0.00', '', '', '', '2022-10-18', 1, '2022-10-18 10:59:27', NULL, NULL, 'active', '', NULL, 0, NULL, 1, 0),
(343, 4, 7, 'G00342002 ', '', 'no', 0, '0.00', '0.00', '0.00', '', '', '', '2022-10-18', 1, '2022-10-18 10:59:27', NULL, NULL, 'active', '', NULL, 0, NULL, 1, 0),
(344, 79, 7, 'G00344001', '', 'no', 0, '0.00', '0.00', '0.00', '', '', '', '2022-10-18', 1, '2022-10-18 11:01:33', NULL, NULL, 'active', '', NULL, 0, NULL, 1, 0),
(345, 1, 7, 'G00345001', '', 'no', 0, '0.00', '0.00', '0.00', '', '', '', '2022-10-18', 1, '2022-10-18 11:46:51', NULL, NULL, 'inactive', '', NULL, 0, NULL, 1, 0),
(346, 1, 8, 'G00346001', '', 'no', 0, '0.00', '0.00', '0.00', '', '', '', '2022-10-18', 1, '2022-10-18 14:49:44', NULL, NULL, 'active', '', NULL, 0, NULL, 1, 0),
(347, 1, 8, 'G00347001', '', 'no', 0, '0.00', '0.00', '0.00', '', '', '', '2022-10-18', 1, '2022-10-18 14:54:37', NULL, NULL, 'inactive', '', NULL, 0, NULL, 1, 0),
(348, 66, 8, 'G00348001', '', 'no', 0, '0.00', '0.00', '0.00', '', '', '', '2022-10-18', 1, '2022-10-18 14:56:03', NULL, NULL, 'active', '', NULL, 0, NULL, 1, 0),
(349, 4, 8, 'G00349001', '', 'no', 0, '0.00', '0.00', '0.00', '', '', '', '2022-10-18', 1, '2022-10-18 14:59:22', NULL, NULL, 'active', '', NULL, 0, NULL, 1, 0),
(350, 87, 8, 'G00350001', '', 'no', 0, '0.00', '0.00', '0.00', '', '', '', '2022-10-18', 1, '2022-10-18 14:59:58', NULL, NULL, 'active', '', NULL, 0, NULL, 1, 0),
(351, 54, 8, 'G00351001', '', 'no', 0, '0.00', '0.00', '0.00', '', '', '', '2022-10-18', 1, '2022-10-18 15:00:34', NULL, NULL, 'active', '', NULL, 0, NULL, 1, 0),
(352, 12, 8, 'G00352001', '', 'no', 0, '0.00', '0.00', '0.00', '', '', '', '2022-10-18', 1, '2022-10-18 15:01:30', NULL, NULL, 'active', '', NULL, 0, NULL, 1, 0),
(353, 124, 8, 'G00353001', '', 'no', 0, '0.00', '0.00', '0.00', '', '', '', '2022-10-18', 1, '2022-10-18 15:16:51', NULL, NULL, 'active', '', NULL, 0, NULL, 1, 0),
(354, 2, 8, 'G00354001', '', 'no', 0, '0.00', '0.00', '0.00', '', '', '', '2022-10-18', 1, '2022-10-18 15:20:26', NULL, NULL, 'active', '', NULL, 0, NULL, 1, 0),
(355, 2, 8, 'G00354003 ', '', 'no', 0, '0.00', '0.00', '0.00', '', '', '', '2022-10-18', 1, '2022-10-18 15:20:26', NULL, NULL, 'active', '', NULL, 0, NULL, 1, 0),
(356, 2, 8, 'G00354002 ', '', 'no', 0, '0.00', '0.00', '0.00', '', '', '', '2022-10-18', 1, '2022-10-18 15:20:26', NULL, NULL, 'active', '', NULL, 0, NULL, 1, 0),
(357, 125, 8, 'G00357001', '', 'no', 0, '0.00', '0.00', '0.00', '', '', '', '2022-10-18', 1, '2022-10-18 15:28:54', NULL, NULL, 'active', '', NULL, 0, NULL, 1, 0),
(358, 126, 8, 'G00358001', '', 'no', 0, '0.00', '0.00', '0.00', '', '', '', '2022-10-19', 1, '2022-10-19 10:17:24', NULL, NULL, 'active', '', NULL, 0, NULL, 1, 0),
(359, 33, 2, 'G00359001', '', 'no', 0, '0.00', '0.00', '0.00', '', '', '', '2022-10-19', 1, '2022-10-19 12:46:30', NULL, NULL, 'active', '', NULL, 0, NULL, 1, 0),
(360, 27, 1, 'G00360001', '', 'no', 0, '0.00', '0.00', '0.00', '', '', '', '2022-11-30', 1, '2022-11-30 10:28:38', NULL, NULL, 'active', '', NULL, 0, NULL, 1, 0),
(361, 45, 1, 'G00361001', '', 'no', 0, '0.00', '0.00', '0.00', '', '', '', '2022-11-30', 1, '2022-11-30 10:30:53', NULL, NULL, 'active', '', NULL, 0, NULL, 1, 0),
(362, 3, 1, 'G00362001', '', 'no', 0, '0.00', '0.00', '0.00', '', '', '', '2022-11-30', 1, '2022-11-30 10:37:24', NULL, NULL, 'active', '', NULL, 0, NULL, 1, 0),
(363, 27, 1, 'G00363001', '', 'no', 0, '0.00', '0.00', '0.00', '', '', '', '2022-11-30', 1, '2022-11-30 11:00:32', NULL, NULL, 'active', '', NULL, 0, NULL, 1, 0),
(364, 54, 4, 'G00364001', '', 'no', 0, '0.00', '0.00', '0.00', '', '', '', '2022-11-30', 1, '2022-11-30 15:42:28', NULL, NULL, 'active', '', NULL, 0, NULL, 1, 0),
(365, 54, 4, 'G00365001', '', 'no', 0, '0.00', '0.00', '0.00', '', '', '', '2022-11-30', 1, '2022-11-30 15:43:27', NULL, NULL, 'inactive', '', NULL, 0, NULL, 1, 0),
(366, 87, 4, 'G00366001', '', 'no', 0, '0.00', '0.00', '0.00', '', '', '', '2022-12-01', 1, '2022-12-01 10:14:02', NULL, NULL, 'active', '', NULL, 0, NULL, 1, 0),
(367, 38, 6, 'G00367001', '', 'no', 0, '0.00', '0.00', '0.00', '', '', '', '2022-12-01', 1, '2022-12-01 10:55:05', NULL, NULL, 'active', '', NULL, 0, NULL, 1, 0),
(368, 127, 6, 'G00368001', '', 'no', 0, '0.00', '0.00', '0.00', '', '', '', '2022-12-01', 1, '2022-12-01 13:10:42', NULL, NULL, 'active', '', NULL, 0, NULL, 1, 0),
(369, 2, 7, 'G00369001', '', 'no', 0, '0.00', '0.00', '0.00', '', '', '', '2022-12-01', 1, '2022-12-01 13:16:23', NULL, NULL, 'active', '', NULL, 0, NULL, 1, 0),
(370, 105, 7, 'G00370001', '', 'no', 0, '0.00', '0.00', '0.00', '', '', '', '2022-12-01', 1, '2022-12-01 13:17:44', NULL, NULL, 'active', '', NULL, 0, NULL, 1, 0),
(371, 105, 7, 'G00370002 ', '', 'no', 0, '0.00', '0.00', '0.00', '', '', '', '2022-12-01', 1, '2022-12-01 13:17:44', NULL, NULL, 'active', '', NULL, 0, NULL, 1, 0),
(372, 128, 4, 'G00372001', '', 'no', 0, '0.00', '0.00', '0.00', '', '', '', '2022-12-01', 1, '2022-12-01 15:24:01', NULL, NULL, 'active', '', NULL, 0, NULL, 1, 0),
(373, 129, 4, 'G00373001', '', 'no', 0, '0.00', '0.00', '0.00', '', '', '', '2022-12-01', 1, '2022-12-01 15:24:24', NULL, NULL, 'inactive', '', NULL, 0, NULL, 1, 0),
(374, 125, 4, 'G00374001', '', 'no', 0, '0.00', '0.00', '0.00', '', '', '', '2022-12-01', 1, '2022-12-01 15:30:07', NULL, NULL, 'active', '', NULL, 0, NULL, 1, 0),
(375, 59, 2, 'G00375001', '', 'no', 0, '0.00', '0.00', '0.00', '', '', '', '2022-12-01', 1, '2022-12-01 16:41:12', NULL, NULL, 'active', '', NULL, 0, NULL, 1, 0),
(376, 54, 2, 'G00376001', '', 'no', 0, '0.00', '0.00', '0.00', '', '', '', '2022-12-03', 1, '2022-12-03 11:38:00', NULL, NULL, 'active', '', NULL, 0, NULL, 1, 0),
(377, 74, 4, 'G00377001', 'A3', 'no', 0, '0.00', '0.00', '0.00', '', '', '', '2022-12-03', 1, '2022-12-03 11:56:03', NULL, NULL, 'active', '', NULL, 0, NULL, 1, 0),
(378, 2, 1, 'G00378001', '', 'no', 0, '0.00', '0.00', '0.00', '', '', '', '2023-12-12', 1, '2023-12-12 15:56:55', NULL, NULL, 'inactive', '', NULL, 0, NULL, 1, 0);

-- --------------------------------------------------------

--
-- Table structure for table `asset_expense`
--

CREATE TABLE `asset_expense` (
  `id` int(255) NOT NULL,
  `expense_type_work_id` int(255) NOT NULL,
  `created_at` datetime NOT NULL DEFAULT current_timestamp(),
  `created_by` int(255) NOT NULL,
  `updated_at` timestamp NULL DEFAULT NULL,
  `deleted_at` timestamp NULL DEFAULT NULL,
  `status` varchar(255) NOT NULL,
  `modified_by` int(255) DEFAULT NULL,
  `asset_id` int(255) NOT NULL,
  `expense_amount` double NOT NULL,
  `supplier_id` int(255) NOT NULL,
  `amc_id` int(255) DEFAULT NULL,
  `amc_remark` varchar(255) DEFAULT NULL,
  `invoice` varchar(255) NOT NULL,
  `approve_status` varchar(255) NOT NULL DEFAULT 'pending',
  `approved_by` int(255) NOT NULL,
  `tally_transfer` varchar(255) NOT NULL DEFAULT 'false'
) ENGINE=InnoDB DEFAULT CHARSET=utf8mb4;

-- --------------------------------------------------------

--
-- Table structure for table `asset_pivot_table`
--

CREATE TABLE `asset_pivot_table` (
  `id` int(255) NOT NULL,
  `grn_id` int(255) NOT NULL,
  `created_by` int(255) NOT NULL,
  `created_at` timestamp NOT NULL DEFAULT current_timestamp(),
  `updated_at` timestamp NULL DEFAULT NULL,
  `deleted_at` timestamp NULL DEFAULT NULL
) ENGINE=InnoDB DEFAULT CHARSET=utf8mb4;

--
-- Dumping data for table `asset_pivot_table`
--

INSERT INTO `asset_pivot_table` (`id`, `grn_id`, `created_by`, `created_at`, `updated_at`, `deleted_at`) VALUES
(1, 1, 1, '2022-10-05 09:05:40', NULL, NULL),
(2, 2, 1, '2022-10-05 09:06:41', NULL, NULL),
(3, 3, 1, '2022-10-05 09:13:49', NULL, NULL),
(4, 4, 1, '2022-10-05 09:16:28', NULL, NULL),
(5, 5, 1, '2022-10-05 09:21:52', NULL, NULL),
(6, 6, 1, '2022-10-05 09:24:57', NULL, NULL),
(7, 7, 1, '2022-10-05 09:34:31', NULL, NULL),
(8, 8, 1, '2022-10-05 09:40:26', NULL, NULL),
(9, 9, 1, '2022-10-05 09:58:36', NULL, NULL),
(10, 10, 1, '2022-10-05 09:58:49', NULL, NULL),
(11, 11, 1, '2022-10-05 10:01:33', NULL, NULL),
(12, 12, 1, '2022-10-05 10:28:00', NULL, NULL),
(13, 13, 1, '2022-10-05 10:28:25', NULL, NULL),
(14, 14, 1, '2022-10-05 10:28:46', NULL, NULL),
(15, 15, 1, '2022-10-05 10:30:50', NULL, NULL),
(16, 16, 1, '2022-10-05 10:31:06', NULL, NULL),
(17, 17, 1, '2022-10-05 10:31:21', NULL, NULL),
(18, 18, 1, '2022-10-05 10:31:37', NULL, NULL),
(19, 19, 1, '2022-10-05 10:34:53', NULL, NULL),
(20, 20, 1, '2022-10-05 10:36:48', NULL, NULL),
(21, 21, 1, '2022-10-05 10:38:49', NULL, NULL),
(22, 22, 1, '2022-10-05 10:40:12', NULL, NULL),
(23, 23, 1, '2022-10-05 10:41:16', NULL, NULL),
(24, 24, 1, '2022-10-05 11:10:10', NULL, NULL),
(25, 25, 1, '2022-10-05 11:14:22', NULL, NULL),
(26, 26, 1, '2022-10-05 11:14:34', NULL, NULL),
(27, 27, 1, '2022-10-05 11:21:55', NULL, NULL),
(28, 28, 1, '2022-10-05 11:22:10', NULL, NULL),
(29, 29, 1, '2022-10-05 11:34:38', NULL, NULL),
(30, 30, 1, '2022-10-05 11:42:44', NULL, NULL),
(31, 31, 1, '2022-10-05 11:54:17', NULL, NULL),
(32, 32, 1, '2022-10-05 11:57:23', NULL, NULL),
(33, 33, 1, '2022-10-05 12:00:17', NULL, NULL),
(34, 34, 1, '2022-10-05 12:00:29', NULL, NULL),
(35, 35, 1, '2022-10-05 12:07:50', NULL, NULL),
(36, 36, 1, '2022-10-05 12:08:02', NULL, NULL),
(37, 37, 1, '2022-10-05 12:08:56', NULL, NULL),
(38, 38, 1, '2022-10-05 12:22:15', NULL, NULL),
(39, 39, 1, '2022-10-05 12:22:30', NULL, NULL),
(40, 40, 1, '2022-10-05 12:25:07', NULL, NULL),
(41, 41, 1, '2022-10-05 12:27:57', NULL, NULL),
(42, 42, 1, '2022-10-05 12:36:01', NULL, NULL),
(43, 43, 1, '2022-10-05 12:39:04', NULL, NULL),
(44, 44, 1, '2022-10-05 13:01:21', NULL, NULL),
(45, 45, 1, '2022-10-05 13:08:53', NULL, NULL),
(46, 46, 1, '2022-10-05 13:10:20', NULL, NULL),
(47, 47, 1, '2022-10-05 13:12:19', NULL, NULL),
(48, 48, 1, '2022-10-05 13:13:42', NULL, NULL),
(49, 49, 1, '2022-10-05 13:41:56', NULL, NULL),
(50, 50, 1, '2022-10-05 13:42:59', NULL, NULL),
(51, 51, 1, '2022-10-05 13:59:58', NULL, NULL),
(52, 52, 1, '2022-10-06 06:28:09', NULL, NULL),
(53, 53, 1, '2022-10-06 06:35:06', NULL, NULL),
(54, 54, 1, '2022-10-06 06:39:26', NULL, NULL),
(55, 55, 1, '2022-10-06 06:39:48', NULL, NULL),
(56, 56, 1, '2022-10-06 09:02:36', NULL, NULL),
(57, 57, 1, '2022-10-06 12:16:00', NULL, NULL),
(58, 58, 1, '2022-10-06 12:20:35', NULL, NULL),
(59, 59, 1, '2022-10-06 12:21:06', NULL, NULL),
(60, 60, 1, '2022-10-06 12:21:40', NULL, NULL),
(61, 61, 1, '2022-10-06 12:23:01', NULL, NULL),
(62, 62, 1, '2022-10-06 12:23:22', NULL, NULL),
(63, 63, 1, '2022-10-06 12:29:00', NULL, NULL),
(64, 64, 1, '2022-10-06 12:29:22', NULL, NULL),
(65, 65, 1, '2022-10-06 12:29:49', NULL, NULL),
(66, 66, 1, '2022-10-06 12:30:18', NULL, NULL),
(67, 67, 1, '2022-10-06 12:39:32', NULL, NULL),
(68, 68, 1, '2022-10-06 12:39:57', NULL, NULL),
(69, 69, 1, '2022-10-06 12:40:15', NULL, NULL),
(70, 70, 1, '2022-10-06 12:40:42', NULL, NULL),
(71, 71, 1, '2022-10-06 12:41:20', NULL, NULL),
(72, 72, 1, '2022-10-07 06:36:56', NULL, NULL),
(73, 73, 1, '2022-10-07 06:42:04', NULL, NULL),
(74, 74, 1, '2022-10-07 06:42:32', NULL, NULL),
(75, 75, 1, '2022-10-07 06:42:57', NULL, NULL),
(76, 76, 1, '2022-10-07 06:43:13', NULL, NULL),
(77, 77, 1, '2022-10-07 07:01:33', NULL, NULL),
(78, 78, 1, '2022-10-07 07:02:02', NULL, NULL),
(79, 79, 1, '2022-10-07 07:02:48', NULL, NULL),
(80, 80, 1, '2022-10-07 07:03:12', NULL, NULL),
(81, 81, 1, '2022-10-07 07:29:45', NULL, NULL),
(82, 82, 1, '2022-10-07 07:30:27', NULL, NULL),
(83, 83, 1, '2022-10-07 07:30:56', NULL, NULL),
(84, 84, 1, '2022-10-07 07:31:22', NULL, NULL),
(85, 85, 1, '2022-10-07 07:49:46', NULL, NULL),
(86, 86, 1, '2022-10-07 07:50:08', NULL, NULL),
(87, 87, 1, '2022-10-07 07:50:37', NULL, NULL),
(88, 88, 1, '2022-10-07 08:01:46', NULL, NULL),
(89, 89, 1, '2022-10-07 08:02:29', NULL, NULL),
(90, 90, 1, '2022-10-07 08:05:10', NULL, NULL),
(91, 91, 1, '2022-10-07 08:05:56', NULL, NULL),
(92, 92, 1, '2022-10-07 08:06:28', NULL, NULL),
(93, 93, 1, '2022-10-07 08:07:19', NULL, NULL),
(94, 94, 1, '2022-10-07 08:42:11', NULL, NULL),
(95, 95, 1, '2022-10-07 08:43:12', NULL, NULL),
(96, 96, 1, '2022-10-07 09:02:58', NULL, NULL),
(97, 97, 1, '2022-10-07 09:03:35', NULL, NULL),
(98, 98, 1, '2022-10-07 09:04:04', NULL, NULL),
(99, 99, 1, '2022-10-07 09:04:32', NULL, NULL),
(100, 100, 1, '2022-10-07 09:05:05', NULL, NULL),
(101, 101, 1, '2022-10-07 09:05:40', NULL, NULL),
(102, 102, 1, '2022-10-07 09:05:55', NULL, NULL),
(103, 103, 1, '2022-10-11 09:25:05', NULL, NULL),
(104, 104, 1, '2022-10-11 09:25:39', NULL, NULL),
(105, 105, 1, '2022-10-11 09:26:04', NULL, NULL),
(106, 106, 1, '2022-10-11 09:26:44', NULL, NULL),
(107, 107, 1, '2022-10-11 09:38:13', NULL, NULL),
(108, 108, 1, '2022-10-11 09:38:42', NULL, NULL),
(109, 109, 1, '2022-10-11 09:39:10', NULL, NULL),
(110, 110, 1, '2022-10-11 09:39:30', NULL, NULL),
(111, 111, 1, '2022-10-11 09:39:58', NULL, NULL),
(112, 112, 1, '2022-10-11 09:40:38', NULL, NULL),
(113, 113, 1, '2022-10-11 09:41:26', NULL, NULL),
(114, 114, 1, '2022-10-11 09:41:49', NULL, NULL),
(115, 115, 1, '2022-10-11 09:42:15', NULL, NULL),
(116, 116, 1, '2022-10-11 12:26:30', NULL, NULL),
(117, 117, 1, '2022-10-11 12:27:31', NULL, NULL),
(118, 118, 1, '2022-10-11 12:29:24', NULL, NULL),
(119, 119, 1, '2022-10-11 12:30:08', NULL, NULL),
(120, 120, 1, '2022-10-11 12:36:47', NULL, NULL),
(121, 121, 1, '2022-10-11 12:37:32', NULL, NULL),
(122, 122, 1, '2022-10-11 12:39:47', NULL, NULL),
(123, 123, 1, '2022-10-11 12:59:46', NULL, NULL),
(124, 124, 1, '2022-10-11 13:01:03', NULL, NULL),
(125, 125, 1, '2022-10-11 13:05:33', NULL, NULL),
(126, 126, 1, '2022-10-11 13:05:55', NULL, NULL),
(127, 127, 1, '2022-10-11 13:06:16', NULL, NULL),
(128, 128, 1, '2022-10-13 08:02:36', NULL, NULL),
(129, 129, 1, '2022-10-13 08:03:06', NULL, NULL),
(130, 130, 1, '2022-10-13 08:03:28', NULL, NULL),
(131, 131, 1, '2022-10-13 08:04:28', NULL, NULL),
(132, 132, 1, '2022-10-13 08:04:57', NULL, NULL),
(133, 133, 1, '2022-10-13 08:28:02', NULL, NULL),
(134, 134, 1, '2022-10-13 08:28:44', NULL, NULL),
(135, 135, 1, '2022-10-13 08:29:10', NULL, NULL),
(136, 136, 1, '2022-10-13 08:29:40', NULL, NULL),
(137, 137, 1, '2022-10-13 08:41:13', NULL, NULL),
(138, 138, 1, '2022-10-13 08:41:40', NULL, NULL),
(139, 139, 1, '2022-10-13 08:42:15', NULL, NULL),
(140, 140, 1, '2022-10-13 08:42:37', NULL, NULL),
(141, 141, 1, '2022-10-13 08:42:54', NULL, NULL),
(142, 142, 1, '2022-10-13 08:48:29', NULL, NULL),
(143, 143, 1, '2022-10-13 08:48:58', NULL, NULL),
(144, 144, 1, '2022-10-13 08:49:19', NULL, NULL),
(145, 145, 1, '2022-10-13 08:49:46', NULL, NULL),
(146, 146, 1, '2022-10-13 08:50:06', NULL, NULL),
(147, 147, 1, '2022-10-13 08:50:32', NULL, NULL),
(148, 148, 1, '2022-10-13 09:07:45', NULL, NULL),
(149, 149, 1, '2022-10-13 09:08:19', NULL, NULL),
(150, 150, 1, '2022-10-13 09:08:37', NULL, NULL),
(151, 151, 1, '2022-10-13 09:37:02', NULL, NULL),
(152, 152, 1, '2022-10-13 09:40:17', NULL, NULL),
(153, 153, 1, '2022-10-13 09:40:37', NULL, NULL),
(154, 154, 1, '2022-10-13 09:41:11', NULL, NULL),
(155, 155, 1, '2022-10-13 09:42:51', NULL, NULL),
(156, 156, 1, '2022-10-13 09:51:31', NULL, NULL),
(157, 157, 1, '2022-10-13 09:51:58', NULL, NULL),
(158, 158, 1, '2022-10-13 09:52:24', NULL, NULL),
(159, 159, 1, '2022-10-13 09:52:42', NULL, NULL),
(160, 160, 1, '2022-10-13 09:53:02', NULL, NULL),
(161, 161, 1, '2022-10-13 09:54:00', NULL, NULL),
(162, 162, 1, '2022-10-13 10:15:59', NULL, NULL),
(163, 163, 1, '2022-10-13 10:16:17', NULL, NULL),
(164, 164, 1, '2022-10-13 10:16:46', NULL, NULL),
(165, 165, 1, '2022-10-13 10:17:17', NULL, NULL),
(166, 166, 1, '2022-10-13 10:36:10', NULL, NULL),
(167, 167, 1, '2022-10-13 10:36:30', NULL, NULL),
(168, 168, 1, '2022-10-13 10:37:21', NULL, NULL),
(169, 169, 1, '2022-10-13 10:39:12', NULL, NULL),
(170, 170, 1, '2022-10-13 10:40:51', NULL, NULL),
(171, 171, 1, '2022-10-13 12:17:02', NULL, NULL),
(172, 172, 1, '2022-10-13 12:19:07', NULL, NULL),
(173, 173, 1, '2022-10-13 12:20:18', NULL, NULL),
(174, 174, 1, '2022-10-13 12:20:42', NULL, NULL),
(175, 175, 1, '2022-10-13 12:21:16', NULL, NULL),
(176, 176, 1, '2022-10-13 12:21:57', NULL, NULL),
(177, 177, 1, '2022-10-13 12:44:53', NULL, NULL),
(178, 178, 1, '2022-10-13 12:45:14', NULL, NULL),
(179, 179, 1, '2022-10-13 12:45:41', NULL, NULL),
(180, 180, 1, '2022-10-13 12:46:22', NULL, NULL),
(181, 181, 1, '2022-10-13 13:05:06', NULL, NULL),
(182, 182, 1, '2022-10-13 13:05:31', NULL, NULL),
(183, 183, 1, '2022-10-13 13:05:57', NULL, NULL),
(184, 184, 1, '2022-10-14 07:00:56', NULL, NULL),
(185, 185, 1, '2022-10-14 07:02:09', NULL, NULL),
(186, 186, 1, '2022-10-14 07:02:45', NULL, NULL),
(187, 187, 1, '2022-10-14 07:03:12', NULL, NULL),
(188, 188, 1, '2022-10-14 07:03:31', NULL, NULL),
(189, 189, 1, '2022-10-14 07:49:01', NULL, NULL),
(190, 190, 1, '2022-10-14 07:50:08', NULL, NULL),
(191, 191, 1, '2022-10-14 07:50:38', NULL, NULL),
(192, 192, 1, '2022-10-14 07:52:18', NULL, NULL),
(193, 193, 1, '2022-10-14 08:04:45', NULL, NULL),
(194, 194, 1, '2022-10-14 08:05:05', NULL, NULL),
(195, 195, 1, '2022-10-14 08:13:53', NULL, NULL),
(196, 196, 1, '2022-10-14 08:14:13', NULL, NULL),
(197, 197, 1, '2022-10-14 08:24:54', NULL, NULL),
(198, 198, 1, '2022-10-14 08:25:46', NULL, NULL),
(199, 199, 1, '2022-10-14 08:26:02', NULL, NULL),
(200, 200, 1, '2022-10-14 08:26:20', NULL, NULL),
(201, 201, 1, '2022-10-14 08:41:25', NULL, NULL),
(202, 202, 1, '2022-10-14 08:51:31', NULL, NULL),
(203, 203, 1, '2022-10-14 08:51:57', NULL, NULL),
(204, 204, 1, '2022-10-14 08:52:22', NULL, NULL),
(205, 205, 1, '2022-10-14 08:52:57', NULL, NULL),
(206, 206, 1, '2022-10-14 08:53:22', NULL, NULL),
(207, 207, 1, '2022-10-16 07:10:04', NULL, NULL),
(208, 208, 1, '2022-10-16 07:19:53', NULL, NULL),
(209, 209, 1, '2022-10-16 07:34:09', NULL, NULL),
(210, 210, 1, '2022-10-16 07:37:15', NULL, NULL),
(211, 211, 1, '2022-10-16 07:39:38', NULL, NULL),
(212, 212, 1, '2022-10-16 07:40:15', NULL, NULL),
(213, 213, 1, '2022-10-16 07:54:20', NULL, NULL),
(214, 214, 1, '2022-10-16 07:55:08', NULL, NULL),
(215, 215, 1, '2022-10-16 08:02:03', NULL, NULL),
(216, 216, 1, '2022-10-16 08:02:25', NULL, NULL),
(217, 217, 1, '2022-10-16 08:03:08', NULL, NULL),
(218, 218, 1, '2022-10-16 08:13:56', NULL, NULL),
(219, 219, 1, '2022-10-16 08:14:24', NULL, NULL),
(220, 220, 1, '2022-10-16 08:14:47', NULL, NULL),
(221, 221, 1, '2022-10-16 08:18:21', NULL, NULL),
(222, 222, 1, '2022-10-16 08:20:04', NULL, NULL),
(223, 223, 1, '2022-10-16 08:20:39', NULL, NULL),
(224, 224, 1, '2022-10-16 08:37:39', NULL, NULL),
(225, 225, 1, '2022-10-16 08:39:53', NULL, NULL),
(226, 226, 1, '2022-10-16 08:53:59', NULL, NULL),
(227, 227, 1, '2022-10-16 08:54:41', NULL, NULL),
(228, 228, 1, '2022-10-16 09:18:32', NULL, NULL),
(229, 229, 1, '2022-10-16 09:18:59', NULL, NULL),
(230, 230, 1, '2022-10-16 09:19:29', NULL, NULL),
(231, 231, 1, '2022-10-16 09:31:02', NULL, NULL),
(232, 232, 1, '2022-10-16 09:31:41', NULL, NULL),
(233, 233, 1, '2022-10-16 09:32:19', NULL, NULL),
(234, 234, 1, '2022-10-16 09:40:48', NULL, NULL),
(235, 235, 1, '2022-10-16 09:41:12', NULL, NULL),
(236, 236, 1, '2022-10-16 09:41:39', NULL, NULL),
(237, 237, 1, '2022-10-16 09:42:09', NULL, NULL),
(238, 238, 1, '2022-10-16 10:00:38', NULL, NULL),
(239, 239, 1, '2022-10-16 10:01:23', NULL, NULL),
(240, 240, 1, '2022-10-16 10:02:37', NULL, NULL),
(241, 241, 1, '2022-10-18 07:00:26', NULL, NULL),
(242, 242, 1, '2022-10-18 07:07:18', NULL, NULL),
(243, 243, 1, '2022-10-18 07:15:43', NULL, NULL),
(244, 244, 1, '2022-10-18 07:19:32', NULL, NULL),
(245, 245, 1, '2022-10-18 07:22:00', NULL, NULL),
(246, 246, 1, '2022-10-18 07:23:23', NULL, NULL),
(247, 247, 1, '2022-10-18 07:24:27', NULL, NULL),
(248, 248, 1, '2022-10-18 07:26:41', NULL, NULL),
(249, 249, 1, '2022-10-18 07:27:39', NULL, NULL),
(250, 250, 1, '2022-10-18 07:29:29', NULL, NULL),
(251, 251, 1, '2022-10-18 07:30:30', NULL, NULL),
(252, 252, 1, '2022-10-18 07:31:57', NULL, NULL),
(253, 253, 1, '2022-10-18 13:24:30', NULL, NULL),
(254, 254, 1, '2022-10-18 13:28:31', NULL, NULL),
(255, 255, 1, '2022-10-18 13:43:26', NULL, NULL),
(256, 256, 1, '2022-10-18 13:56:47', NULL, NULL),
(257, 257, 1, '2022-10-18 13:57:47', NULL, NULL),
(258, 258, 1, '2022-10-18 13:58:19', NULL, NULL),
(259, 259, 1, '2022-10-19 06:46:10', NULL, NULL),
(260, 260, 1, '2022-10-19 07:05:03', NULL, NULL),
(261, 261, 1, '2022-10-19 07:06:17', NULL, NULL),
(262, 262, 1, '2022-10-18 07:10:57', NULL, NULL),
(263, 263, 1, '2022-10-18 07:13:13', NULL, NULL),
(264, 264, 1, '2022-10-18 07:26:11', NULL, NULL),
(265, 265, 1, '2022-10-18 07:31:55', NULL, NULL),
(266, 266, 1, '2022-10-18 07:32:34', NULL, NULL),
(267, 267, 1, '2022-10-18 07:32:57', NULL, NULL),
(268, 268, 1, '2022-10-18 07:49:43', NULL, NULL),
(269, 269, 1, '2022-10-18 07:52:51', NULL, NULL),
(270, 270, 1, '2022-10-18 07:53:12', NULL, NULL),
(271, 271, 1, '2022-10-18 07:57:51', NULL, NULL),
(272, 272, 1, '2022-10-18 07:59:27', NULL, NULL),
(273, 273, 1, '2022-10-18 08:01:34', NULL, NULL),
(274, 274, 1, '2022-10-18 08:46:51', NULL, NULL),
(275, 275, 1, '2022-10-18 11:49:44', NULL, NULL),
(276, 276, 1, '2022-10-18 11:54:38', NULL, NULL),
(277, 277, 1, '2022-10-18 11:56:03', NULL, NULL),
(278, 278, 1, '2022-10-18 11:59:22', NULL, NULL),
(279, 279, 1, '2022-10-18 11:59:59', NULL, NULL),
(280, 280, 1, '2022-10-18 12:00:35', NULL, NULL),
(281, 281, 1, '2022-10-18 12:01:30', NULL, NULL),
(282, 282, 1, '2022-10-18 12:16:51', NULL, NULL),
(283, 283, 1, '2022-10-18 12:20:26', NULL, NULL),
(284, 284, 1, '2022-10-18 12:28:55', NULL, NULL),
(285, 285, 1, '2022-10-19 07:17:24', NULL, NULL),
(286, 286, 1, '2022-10-19 09:46:30', NULL, NULL),
(287, 287, 1, '2022-11-30 07:28:38', NULL, NULL),
(288, 288, 1, '2022-11-30 07:30:53', NULL, NULL),
(289, 289, 1, '2022-11-30 07:37:25', NULL, NULL),
(290, 290, 1, '2022-11-30 08:00:32', NULL, NULL),
(291, 291, 1, '2022-11-30 12:42:28', NULL, NULL),
(292, 292, 1, '2022-11-30 12:43:27', NULL, NULL),
(293, 293, 1, '2022-12-01 07:14:02', NULL, NULL),
(294, 294, 1, '2022-12-01 07:55:06', NULL, NULL),
(295, 295, 1, '2022-12-01 10:10:42', NULL, NULL),
(296, 296, 1, '2022-12-01 10:16:23', NULL, NULL),
(297, 297, 1, '2022-12-01 10:17:44', NULL, NULL),
(298, 298, 1, '2022-12-01 12:24:01', NULL, NULL),
(299, 299, 1, '2022-12-01 12:24:24', NULL, NULL),
(300, 300, 1, '2022-12-01 12:30:08', NULL, NULL),
(301, 301, 1, '2022-12-01 13:41:13', NULL, NULL),
(302, 302, 1, '2022-12-03 08:38:01', NULL, NULL),
(303, 303, 1, '2022-12-03 08:56:04', NULL, NULL),
(304, 304, 1, '2023-12-12 12:56:56', NULL, NULL);

-- --------------------------------------------------------

--
-- Table structure for table `branches`
--

CREATE TABLE `branches` (
  `id` int(11) NOT NULL,
  `name` varchar(45) DEFAULT NULL,
  `status` varchar(45) DEFAULT 'active',
  `createdby` int(11) DEFAULT NULL,
  `doc` datetime DEFAULT NULL,
  `modifiedby` int(11) DEFAULT NULL,
  `dom` datetime DEFAULT NULL,
  `cityid` int(11) NOT NULL
) ENGINE=InnoDB DEFAULT CHARSET=latin1;

--
-- Dumping data for table `branches`
--

INSERT INTO `branches` (`id`, `name`, `status`, `createdby`, `doc`, `modifiedby`, `dom`, `cityid`) VALUES
(1, 'PCTL-HQ', 'active', 1, '2022-10-05 09:27:57', NULL, NULL, 1),
(2, 'Arusha pctl ', 'active', 1, '2023-11-09 10:52:13', NULL, NULL, 4),
(3, 'Dodoma pctl', 'active', 1, '2023-11-09 10:54:55', NULL, NULL, 3),
(4, 'Zanzibar pctl', 'active', 1, '2023-11-09 10:55:33', NULL, NULL, 6),
(5, 'Mwanza pctl', 'active', 1, '2023-11-09 10:56:02', NULL, NULL, 2),
(6, 'Moshi pctl', 'active', 1, '2023-11-09 10:56:33', NULL, NULL, 7);

-- --------------------------------------------------------

--
-- Table structure for table `buildings`
--

CREATE TABLE `buildings` (
  `id` int(11) NOT NULL,
  `name` varchar(45) DEFAULT NULL,
  `status` varchar(45) DEFAULT 'active',
  `doc` datetime DEFAULT NULL,
  `createdby` int(11) DEFAULT 1,
  `dom` datetime DEFAULT NULL,
  `modifiedby` int(11) DEFAULT NULL,
  `branchid` int(11) NOT NULL
) ENGINE=InnoDB DEFAULT CHARSET=latin1;

--
-- Dumping data for table `buildings`
--

INSERT INTO `buildings` (`id`, `name`, `status`, `doc`, `createdby`, `dom`, `modifiedby`, `branchid`) VALUES
(1, 'SABODO CAR PARKING BULDING', 'active', '2022-10-05 09:29:21', 1, NULL, NULL, 1),
(2, '', 'active', NULL, 1, NULL, NULL, 6);

-- --------------------------------------------------------

--
-- Table structure for table `categories`
--

CREATE TABLE `categories` (
  `id` int(11) NOT NULL,
  `name` varchar(45) DEFAULT NULL,
  `depreciation_method` enum('linear','reducing') NOT NULL,
  `percent` decimal(10,0) DEFAULT NULL COMMENT 'Depreciation percentage',
  `lifetime` int(255) NOT NULL COMMENT 'Remove this later',
  `length` int(11) NOT NULL COMMENT 'in months',
  `salvage_value` int(11) DEFAULT 0,
  `last_dp` datetime DEFAULT NULL,
  `status` varchar(45) NOT NULL DEFAULT '''active''',
  `createdby` int(11) DEFAULT NULL,
  `doc` datetime DEFAULT NULL,
  `modifiedby` int(11) DEFAULT NULL,
  `dom` datetime DEFAULT NULL,
  `depreciation_season_id` int(255) NOT NULL
) ENGINE=InnoDB DEFAULT CHARSET=latin1;

--
-- Dumping data for table `categories`
--

INSERT INTO `categories` (`id`, `name`, `depreciation_method`, `percent`, `lifetime`, `length`, `salvage_value`, `last_dp`, `status`, `createdby`, `doc`, `modifiedby`, `dom`, `depreciation_season_id`) VALUES
(1, 'Furniture and fixtures', '', '0', 0, 0, 0, NULL, 'active', 1, '2022-10-05 09:51:14', NULL, NULL, 0),
(2, 'Computer equipments', '', '0', 0, 0, 0, '2023-12-12 11:19:53', 'active', 1, '2022-10-05 09:55:52', 1, '2023-12-12 11:19:53', 0),
(3, 'Vehicles', '', '0', 0, 0, 0, NULL, 'active', 1, '2022-10-05 11:34:45', NULL, NULL, 0),
(4, 'Telephone', '', '0', 0, 0, 0, NULL, 'active', 1, '2022-10-05 12:50:54', NULL, NULL, 0);

-- --------------------------------------------------------

--
-- Table structure for table `cities`
--

CREATE TABLE `cities` (
  `id` int(11) NOT NULL,
  `name` varchar(45) DEFAULT NULL,
  `status` varchar(45) DEFAULT NULL,
  `doc` datetime DEFAULT NULL,
  `createdby` int(11) DEFAULT NULL,
  `dom` datetime DEFAULT NULL,
  `modifiedby` int(11) DEFAULT NULL
) ENGINE=InnoDB DEFAULT CHARSET=latin1;

--
-- Dumping data for table `cities`
--

INSERT INTO `cities` (`id`, `name`, `status`, `doc`, `createdby`, `dom`, `modifiedby`) VALUES
(1, 'Dar es Salaam', 'active', '2022-10-05 09:27:17', 1, NULL, NULL),
(2, 'Mwanza', 'active', '2022-10-06 09:44:41', 1, NULL, NULL),
(3, 'Dodoma', 'active', '2022-10-06 09:44:52', 1, NULL, NULL),
(4, 'Arusha', 'active', '2022-10-06 09:45:00', 1, NULL, NULL),
(5, 'Manyara', 'active', '2022-10-06 09:45:16', 1, NULL, NULL),
(6, 'Zanzibar', 'active', '2022-10-06 09:45:27', 1, NULL, NULL),
(7, 'Moshi', 'active', '2022-10-06 09:45:36', 1, NULL, NULL);

-- --------------------------------------------------------

--
-- Table structure for table `departments`
--

CREATE TABLE `departments` (
  `id` int(11) NOT NULL,
  `name` varchar(255) NOT NULL,
  `status` varchar(255) NOT NULL DEFAULT 'active',
  `doc` datetime NOT NULL,
  `createdby` int(11) NOT NULL,
  `dom` date NOT NULL,
  `modifiedby` int(11) NOT NULL
) ENGINE=InnoDB DEFAULT CHARSET=latin1;

--
-- Dumping data for table `departments`
--

INSERT INTO `departments` (`id`, `name`, `status`, `doc`, `createdby`, `dom`, `modifiedby`) VALUES
(1, 'GROUND FLOOR', 'active', '2022-10-05 11:24:24', 1, '0000-00-00', 0),
(2, 'SHOW ROOM 10TH FLOOR', 'active', '2022-10-06 15:13:18', 1, '2022-10-06', 1),
(3, 'POWER TALLY', 'active', '2022-10-11 11:49:46', 1, '0000-00-00', 0),
(4, 'WEB SOFT', 'active', '2022-10-11 16:02:59', 1, '2022-10-13', 1),
(5, 'RECEPTION', 'active', '2022-10-16 10:06:59', 1, '0000-00-00', 0),
(6, 'EFD', 'active', '2022-10-16 10:59:13', 1, '0000-00-00', 0),
(7, 'POWER SECURE', 'active', '2022-10-18 16:25:25', 1, '2022-10-18', 1),
(8, 'POWERTRACK', 'active', '2022-10-18 11:47:59', 1, '0000-00-00', 0);

-- --------------------------------------------------------

--
-- Table structure for table `depreciations`
--

CREATE TABLE `depreciations` (
  `id` int(11) NOT NULL,
  `category_id` int(11) NOT NULL,
  `createdby` int(11) NOT NULL,
  `doc` datetime NOT NULL
) ENGINE=InnoDB DEFAULT CHARSET=utf8mb4 COLLATE=utf8mb4_unicode_ci;

-- --------------------------------------------------------

--
-- Table structure for table `depreciations_logs`
--

CREATE TABLE `depreciations_logs` (
  `id` int(11) NOT NULL,
  `depreciation_id` int(11) NOT NULL,
  `asset_id` int(11) NOT NULL,
  `before_asset_value` decimal(10,2) NOT NULL,
  `after_asset_value` decimal(10,2) NOT NULL,
  `depreciation_length` int(11) NOT NULL,
  `depreciation_percent` int(11) NOT NULL,
  `createdby` int(11) NOT NULL,
  `doc` datetime NOT NULL,
  `depreciation_season_id` int(255) DEFAULT NULL
) ENGINE=InnoDB DEFAULT CHARSET=utf8mb4 COLLATE=utf8mb4_unicode_ci;

-- --------------------------------------------------------

--
-- Table structure for table `depreciation_season`
--

CREATE TABLE `depreciation_season` (
  `id` int(255) NOT NULL,
  `season_name` varchar(255) NOT NULL,
  `created_at` timestamp NOT NULL DEFAULT current_timestamp(),
  `updated_at` timestamp NULL DEFAULT NULL,
  `deleted_at` timestamp NULL DEFAULT NULL,
  `created_by` int(255) NOT NULL,
  `status` int(255) NOT NULL
) ENGINE=InnoDB DEFAULT CHARSET=utf8mb4;

-- --------------------------------------------------------

--
-- Table structure for table `depreciation_season_detail`
--

CREATE TABLE `depreciation_season_detail` (
  `id` int(255) NOT NULL,
  `season_name` varchar(255) NOT NULL,
  `depreciate_from` timestamp NULL DEFAULT NULL,
  `depreciate_to` timestamp NULL DEFAULT NULL,
  `created_at` timestamp NOT NULL DEFAULT current_timestamp(),
  `updated_at` timestamp NULL DEFAULT NULL,
  `deleted_at` timestamp NULL DEFAULT NULL,
  `created_by` int(255) NOT NULL,
  `depreciation_season_id` int(255) NOT NULL,
  `status` int(255) NOT NULL DEFAULT 0
) ENGINE=InnoDB DEFAULT CHARSET=utf8mb4;

-- --------------------------------------------------------

--
-- Table structure for table `dpreciationlog`
--

CREATE TABLE `dpreciationlog` (
  `id` int(11) NOT NULL,
  `assetsid` int(11) NOT NULL,
  `dpdate` datetime DEFAULT NULL,
  `dpamount` decimal(18,2) DEFAULT NULL,
  `vaftrdepreciation` decimal(18,2) DEFAULT NULL COMMENT 'this will store values or ammount of asset after depreciationsd',
  `createdby` varchar(45) DEFAULT NULL,
  `doc` varchar(45) DEFAULT NULL
) ENGINE=InnoDB DEFAULT CHARSET=latin1;

-- --------------------------------------------------------

--
-- Table structure for table `expense_type_of_work`
--

CREATE TABLE `expense_type_of_work` (
  `id` int(255) NOT NULL,
  `type_of_work` varchar(255) NOT NULL,
  `created_at` timestamp NOT NULL DEFAULT current_timestamp(),
  `updated_at` timestamp NULL DEFAULT NULL,
  `deleted_at` timestamp NULL DEFAULT NULL,
  `created_by` int(255) NOT NULL,
  `status` varchar(255) NOT NULL,
  `modified_by` varchar(255) DEFAULT NULL,
  `modified_at` timestamp NULL DEFAULT NULL,
  `has_amc_status` int(11) NOT NULL
) ENGINE=InnoDB DEFAULT CHARSET=utf8mb4;

--
-- Dumping data for table `expense_type_of_work`
--

INSERT INTO `expense_type_of_work` (`id`, `type_of_work`, `created_at`, `updated_at`, `deleted_at`, `created_by`, `status`, `modified_by`, `modified_at`, `has_amc_status`) VALUES
(1, 'AMC', '2021-05-28 08:37:02', NULL, NULL, 1, 'active', '1', '2021-05-28 08:38:14', 1),
(2, 'Purchases', '2021-05-28 08:38:36', NULL, NULL, 1, 'active', NULL, NULL, 0),
(3, 'Repair', '2021-05-28 08:38:56', NULL, NULL, 1, 'active', '1', '2021-05-28 09:00:46', 0),
(4, 'Consumable', '2021-05-28 09:25:37', NULL, NULL, 1, 'active', '1', '2021-06-03 09:09:00', 0),
(5, 'Spare part purchase', '2021-05-28 09:26:00', NULL, NULL, 1, 'active', NULL, NULL, 0);

-- --------------------------------------------------------

--
-- Table structure for table `floors`
--

CREATE TABLE `floors` (
  `id` int(11) NOT NULL,
  `name` varchar(45) DEFAULT NULL,
  `doc` datetime DEFAULT NULL,
  `createdby` int(11) DEFAULT NULL,
  `dom` datetime DEFAULT NULL,
  `modifiedby` int(11) DEFAULT NULL,
  `status` varchar(45) DEFAULT 'active',
  `buildingid` int(11) NOT NULL
) ENGINE=InnoDB DEFAULT CHARSET=latin1;

--
-- Dumping data for table `floors`
--

INSERT INTO `floors` (`id`, `name`, `doc`, `createdby`, `dom`, `modifiedby`, `status`, `buildingid`) VALUES
(1, 'GROUND FLOOR', '2022-10-05 09:30:10', 1, '2022-10-05 11:21:25', 1, 'active', 1),
(2, '1OTH FLOOR', '2022-10-05 11:32:44', 1, NULL, NULL, 'active', 1);

-- --------------------------------------------------------

--
-- Table structure for table `formulas`
--

CREATE TABLE `formulas` (
  `id` int(11) NOT NULL,
  `name` varchar(45) DEFAULT NULL,
  `createdby` int(11) DEFAULT NULL,
  `doc` datetime DEFAULT NULL,
  `modifiedby` int(11) DEFAULT NULL,
  `dom` datetime DEFAULT NULL,
  `status` varchar(45) DEFAULT 'active'
) ENGINE=InnoDB DEFAULT CHARSET=latin1;

-- --------------------------------------------------------

--
-- Table structure for table `frequencydepreciations`
--

CREATE TABLE `frequencydepreciations` (
  `id` int(11) NOT NULL,
  `period` varchar(255) NOT NULL,
  `fractionnumber` int(11) NOT NULL,
  `doc` datetime NOT NULL,
  `dom` datetime NOT NULL,
  `modifiedby` int(11) NOT NULL,
  `createdby` int(11) NOT NULL,
  `status` varchar(255) NOT NULL DEFAULT 'active'
) ENGINE=InnoDB DEFAULT CHARSET=latin1;

-- --------------------------------------------------------

--
-- Table structure for table `grn`
--

CREATE TABLE `grn` (
  `id` int(11) NOT NULL,
  `lpoid` int(11) DEFAULT NULL,
  `supplierid` int(11) NOT NULL,
  `invoiceno` varchar(255) DEFAULT NULL,
  `total_amount` decimal(18,2) NOT NULL,
  `room_id` int(11) NOT NULL,
  `department_id` int(11) NOT NULL,
  `createdby` int(11) NOT NULL,
  `doc` datetime NOT NULL,
  `payment_type` varchar(255) DEFAULT NULL,
  `credit_days` varchar(255) DEFAULT NULL,
  `tally_transfer` varchar(255) DEFAULT 'false',
  `updated_at` timestamp NULL DEFAULT NULL,
  `updated_by` int(255) DEFAULT NULL,
  `deleted_by` int(255) DEFAULT NULL,
  `deleted_at` timestamp NULL DEFAULT NULL,
  `status` varchar(255) NOT NULL DEFAULT 'active'
) ENGINE=InnoDB DEFAULT CHARSET=latin1;

--
-- Dumping data for table `grn`
--

INSERT INTO `grn` (`id`, `lpoid`, `supplierid`, `invoiceno`, `total_amount`, `room_id`, `department_id`, `createdby`, `doc`, `payment_type`, `credit_days`, `tally_transfer`, `updated_at`, `updated_by`, `deleted_by`, `deleted_at`, `status`) VALUES
(1, NULL, 0, '', '0.00', 1, 1, 1, '2022-10-05 12:05:40', NULL, NULL, 'false', NULL, NULL, NULL, NULL, 'active'),
(2, NULL, 0, '', '0.00', 1, 1, 1, '2022-10-05 12:06:41', NULL, NULL, 'false', NULL, NULL, NULL, NULL, 'active'),
(3, NULL, 0, '', '0.00', 1, 1, 1, '2022-10-05 12:13:49', NULL, NULL, 'false', NULL, NULL, NULL, NULL, 'active'),
(4, NULL, 0, '', '0.00', 1, 1, 1, '2022-10-05 12:16:28', NULL, NULL, 'false', NULL, NULL, NULL, NULL, 'active'),
(5, NULL, 0, '', '0.00', 1, 1, 1, '2022-10-05 12:21:52', NULL, NULL, 'false', NULL, NULL, NULL, NULL, 'active'),
(6, NULL, 0, '', '0.00', 1, 1, 1, '2022-10-05 12:24:57', NULL, NULL, 'false', NULL, NULL, NULL, NULL, 'active'),
(7, NULL, 0, '', '0.00', 1, 1, 1, '2022-10-05 12:34:31', NULL, NULL, 'false', NULL, NULL, NULL, NULL, 'active'),
(8, NULL, 0, '', '0.00', 1, 1, 1, '2022-10-05 12:40:26', NULL, NULL, 'false', NULL, NULL, NULL, NULL, 'active'),
(9, NULL, 0, '', '0.00', 1, 1, 1, '2022-10-05 12:58:36', NULL, NULL, 'false', NULL, NULL, NULL, NULL, 'active'),
(10, NULL, 0, '', '0.00', 1, 1, 1, '2022-10-05 12:58:49', NULL, NULL, 'false', NULL, NULL, NULL, NULL, 'active'),
(11, NULL, 0, '', '0.00', 1, 1, 1, '2022-10-05 13:01:33', NULL, NULL, 'false', NULL, NULL, NULL, NULL, 'active'),
(12, NULL, 0, '', '0.00', 1, 1, 1, '2022-10-05 13:28:00', NULL, NULL, 'false', NULL, NULL, NULL, NULL, 'active'),
(13, NULL, 0, '', '0.00', 1, 1, 1, '2022-10-05 13:28:25', NULL, NULL, 'false', NULL, NULL, NULL, NULL, 'active'),
(14, NULL, 0, '', '0.00', 1, 1, 1, '2022-10-05 13:28:46', NULL, NULL, 'false', NULL, NULL, NULL, NULL, 'active'),
(15, NULL, 0, '', '0.00', 1, 1, 1, '2022-10-05 13:30:50', NULL, NULL, 'false', NULL, NULL, NULL, NULL, 'active'),
(16, NULL, 0, '', '0.00', 1, 1, 1, '2022-10-05 13:31:06', NULL, NULL, 'false', NULL, NULL, NULL, NULL, 'active'),
(17, NULL, 0, '', '0.00', 1, 1, 1, '2022-10-05 13:31:21', NULL, NULL, 'false', NULL, NULL, NULL, NULL, 'active'),
(18, NULL, 0, '', '0.00', 1, 1, 1, '2022-10-05 13:31:37', NULL, NULL, 'false', NULL, NULL, NULL, NULL, 'active'),
(19, NULL, 0, '', '0.00', 1, 1, 1, '2022-10-05 13:34:53', NULL, NULL, 'false', NULL, NULL, NULL, NULL, 'active'),
(20, NULL, 0, '', '0.00', 1, 1, 1, '2022-10-05 13:36:48', NULL, NULL, 'false', NULL, NULL, NULL, NULL, 'active'),
(21, NULL, 0, '', '0.00', 1, 1, 1, '2022-10-05 13:38:49', NULL, NULL, 'false', NULL, NULL, NULL, NULL, 'active'),
(22, NULL, 0, '', '0.00', 1, 1, 1, '2022-10-05 13:40:12', NULL, NULL, 'false', NULL, NULL, NULL, NULL, 'active'),
(23, NULL, 0, '', '0.00', 1, 1, 1, '2022-10-05 13:41:16', NULL, NULL, 'false', NULL, NULL, NULL, NULL, 'active'),
(24, NULL, 0, '', '0.00', 1, 1, 1, '2022-10-05 14:10:10', NULL, NULL, 'false', NULL, NULL, NULL, NULL, 'active'),
(25, NULL, 0, '', '0.00', 1, 1, 1, '2022-10-05 14:14:22', NULL, NULL, 'false', NULL, NULL, NULL, NULL, 'active'),
(26, NULL, 0, '', '0.00', 1, 1, 1, '2022-10-05 14:14:34', NULL, NULL, 'false', NULL, NULL, NULL, NULL, 'active'),
(27, NULL, 0, '', '0.00', 1, 1, 1, '2022-10-05 14:21:55', NULL, NULL, 'false', NULL, NULL, NULL, NULL, 'active'),
(28, NULL, 0, '', '0.00', 1, 1, 1, '2022-10-05 14:22:10', NULL, NULL, 'false', NULL, NULL, NULL, NULL, 'active'),
(29, NULL, 0, '', '0.00', 1, 1, 1, '2022-10-05 14:34:38', NULL, NULL, 'false', NULL, NULL, NULL, NULL, 'active'),
(30, NULL, 0, '', '0.00', 1, 1, 1, '2022-10-05 14:42:44', NULL, NULL, 'false', NULL, NULL, NULL, NULL, 'active'),
(31, NULL, 0, '', '0.00', 1, 1, 1, '2022-10-05 14:54:16', NULL, NULL, 'false', NULL, NULL, NULL, NULL, 'active'),
(32, NULL, 0, '', '0.00', 1, 1, 1, '2022-10-05 14:57:23', NULL, NULL, 'false', NULL, NULL, NULL, NULL, 'active'),
(33, NULL, 0, '', '0.00', 1, 1, 1, '2022-10-05 15:00:17', NULL, NULL, 'false', NULL, NULL, NULL, NULL, 'active'),
(34, NULL, 0, '', '0.00', 1, 1, 1, '2022-10-05 15:00:29', NULL, NULL, 'false', NULL, NULL, NULL, NULL, 'active'),
(35, NULL, 0, '', '0.00', 1, 1, 1, '2022-10-05 15:07:50', NULL, NULL, 'false', NULL, NULL, NULL, NULL, 'active'),
(36, NULL, 0, '', '0.00', 1, 1, 1, '2022-10-05 15:08:02', NULL, NULL, 'false', NULL, NULL, NULL, NULL, 'active'),
(37, NULL, 0, '', '0.00', 1, 1, 1, '2022-10-05 15:08:56', NULL, NULL, 'false', NULL, NULL, NULL, NULL, 'active'),
(38, NULL, 0, '', '0.00', 1, 1, 1, '2022-10-05 15:22:15', NULL, NULL, 'false', NULL, NULL, NULL, NULL, 'active'),
(39, NULL, 0, '', '0.00', 1, 1, 1, '2022-10-05 15:22:30', NULL, NULL, 'false', NULL, NULL, NULL, NULL, 'active'),
(40, NULL, 0, '', '0.00', 1, 1, 1, '2022-10-05 15:25:07', NULL, NULL, 'false', NULL, NULL, NULL, NULL, 'active'),
(41, NULL, 0, '', '0.00', 1, 1, 1, '2022-10-05 15:27:57', NULL, NULL, 'false', NULL, NULL, NULL, NULL, 'active'),
(42, NULL, 0, '', '0.00', 1, 1, 1, '2022-10-05 15:36:01', NULL, NULL, 'false', NULL, NULL, NULL, NULL, 'active'),
(43, NULL, 0, '', '0.00', 1, 1, 1, '2022-10-05 15:39:04', NULL, NULL, 'false', NULL, NULL, NULL, NULL, 'active'),
(44, NULL, 0, '', '0.00', 1, 1, 1, '2022-10-05 16:01:21', NULL, NULL, 'false', NULL, NULL, NULL, NULL, 'active'),
(45, NULL, 0, '', '0.00', 1, 1, 1, '2022-10-05 16:08:53', NULL, NULL, 'false', NULL, NULL, NULL, NULL, 'active'),
(46, NULL, 0, '', '0.00', 1, 1, 1, '2022-10-05 16:10:20', NULL, NULL, 'false', NULL, NULL, NULL, NULL, 'active'),
(47, NULL, 0, '', '0.00', 1, 1, 1, '2022-10-05 16:12:19', NULL, NULL, 'false', NULL, NULL, NULL, NULL, 'active'),
(48, NULL, 0, '', '0.00', 1, 1, 1, '2022-10-05 16:13:42', NULL, NULL, 'false', NULL, NULL, NULL, NULL, 'active'),
(49, NULL, 0, '', '0.00', 1, 1, 1, '2022-10-05 16:41:55', NULL, NULL, 'false', NULL, NULL, NULL, NULL, 'active'),
(50, NULL, 0, '', '0.00', 1, 1, 1, '2022-10-05 16:42:59', NULL, NULL, 'false', NULL, NULL, NULL, NULL, 'active'),
(51, NULL, 0, '', '0.00', 1, 1, 1, '2022-10-05 16:59:58', NULL, NULL, 'false', NULL, NULL, NULL, NULL, 'active'),
(52, NULL, 0, '', '0.00', 1, 1, 1, '2022-10-06 09:28:08', NULL, NULL, 'false', NULL, NULL, NULL, NULL, 'active'),
(53, NULL, 0, '', '0.00', 1, 1, 1, '2022-10-06 09:35:06', NULL, NULL, 'false', NULL, NULL, NULL, NULL, 'active'),
(54, NULL, 0, '', '0.00', 1, 1, 1, '2022-10-06 09:39:26', NULL, NULL, 'false', NULL, NULL, NULL, NULL, 'active'),
(55, NULL, 0, '', '0.00', 1, 1, 1, '2022-10-06 09:39:48', NULL, NULL, 'false', NULL, NULL, NULL, NULL, 'active'),
(56, NULL, 0, '', '0.00', 1, 1, 1, '2022-10-06 12:02:36', NULL, NULL, 'false', NULL, NULL, NULL, NULL, 'active'),
(57, NULL, 0, '', '0.00', 3, 2, 1, '2022-10-06 15:16:00', NULL, NULL, 'false', NULL, NULL, NULL, NULL, 'active'),
(58, NULL, 0, '', '0.00', 3, 2, 1, '2022-10-06 15:20:35', NULL, NULL, 'false', NULL, NULL, NULL, NULL, 'active'),
(59, NULL, 0, '', '0.00', 3, 2, 1, '2022-10-06 15:21:06', NULL, NULL, 'false', NULL, NULL, NULL, NULL, 'active'),
(60, NULL, 0, '', '0.00', 3, 2, 1, '2022-10-06 15:21:40', NULL, NULL, 'false', NULL, NULL, NULL, NULL, 'active'),
(61, NULL, 0, '', '0.00', 1, 2, 1, '2022-10-06 15:23:01', NULL, NULL, 'false', NULL, NULL, NULL, NULL, 'active'),
(62, NULL, 0, '', '0.00', 3, 2, 1, '2022-10-06 15:23:22', NULL, NULL, 'false', NULL, NULL, NULL, NULL, 'active'),
(63, NULL, 0, '', '0.00', 3, 2, 1, '2022-10-06 15:29:00', NULL, NULL, 'false', NULL, NULL, NULL, NULL, 'active'),
(64, NULL, 0, '', '0.00', 3, 2, 1, '2022-10-06 15:29:22', NULL, NULL, 'false', NULL, NULL, NULL, NULL, 'active'),
(65, NULL, 0, '', '0.00', 3, 2, 1, '2022-10-06 15:29:48', NULL, NULL, 'false', NULL, NULL, NULL, NULL, 'active'),
(66, NULL, 0, '', '0.00', 3, 2, 1, '2022-10-06 15:30:18', NULL, NULL, 'false', NULL, NULL, NULL, NULL, 'active'),
(67, NULL, 0, '', '0.00', 3, 2, 1, '2022-10-06 15:39:32', NULL, NULL, 'false', NULL, NULL, NULL, NULL, 'active'),
(68, NULL, 0, '', '0.00', 3, 2, 1, '2022-10-06 15:39:57', NULL, NULL, 'false', NULL, NULL, NULL, NULL, 'active'),
(69, NULL, 0, '', '0.00', 3, 2, 1, '2022-10-06 15:40:15', NULL, NULL, 'false', NULL, NULL, NULL, NULL, 'active'),
(70, NULL, 0, '', '0.00', 3, 2, 1, '2022-10-06 15:40:42', NULL, NULL, 'false', NULL, NULL, NULL, NULL, 'active'),
(71, NULL, 0, '', '0.00', 3, 2, 1, '2022-10-06 15:41:20', NULL, NULL, 'false', NULL, NULL, NULL, NULL, 'active'),
(72, NULL, 0, '', '0.00', 3, 2, 1, '2022-10-07 09:36:56', NULL, NULL, 'false', NULL, NULL, NULL, NULL, 'active'),
(73, NULL, 0, '', '0.00', 3, 2, 1, '2022-10-07 09:42:04', NULL, NULL, 'false', NULL, NULL, NULL, NULL, 'active'),
(74, NULL, 0, '', '0.00', 3, 2, 1, '2022-10-07 09:42:32', NULL, NULL, 'false', NULL, NULL, NULL, NULL, 'active'),
(75, NULL, 0, '', '0.00', 3, 2, 1, '2022-10-07 09:42:56', NULL, NULL, 'false', NULL, NULL, NULL, NULL, 'active'),
(76, NULL, 0, '', '0.00', 3, 2, 1, '2022-10-07 09:43:12', NULL, NULL, 'false', NULL, NULL, NULL, NULL, 'active'),
(77, NULL, 0, '', '0.00', 3, 2, 1, '2022-10-07 10:01:33', NULL, NULL, 'false', NULL, NULL, NULL, NULL, 'active'),
(78, NULL, 0, '', '0.00', 3, 2, 1, '2022-10-07 10:02:02', NULL, NULL, 'false', NULL, NULL, NULL, NULL, 'active'),
(79, NULL, 0, '', '0.00', 3, 2, 1, '2022-10-07 10:02:47', NULL, NULL, 'false', NULL, NULL, NULL, NULL, 'active'),
(80, NULL, 0, '', '0.00', 3, 2, 1, '2022-10-07 10:03:12', NULL, NULL, 'false', NULL, NULL, NULL, NULL, 'active'),
(81, NULL, 0, '', '0.00', 3, 2, 1, '2022-10-07 10:29:45', NULL, NULL, 'false', NULL, NULL, NULL, NULL, 'active'),
(82, NULL, 0, '', '0.00', 3, 2, 1, '2022-10-07 10:30:27', NULL, NULL, 'false', NULL, NULL, NULL, NULL, 'active'),
(83, NULL, 0, '', '0.00', 3, 2, 1, '2022-10-07 10:30:56', NULL, NULL, 'false', NULL, NULL, NULL, NULL, 'active'),
(84, NULL, 0, '', '0.00', 3, 2, 1, '2022-10-07 10:31:22', NULL, NULL, 'false', NULL, NULL, NULL, NULL, 'active'),
(85, NULL, 0, '', '0.00', 3, 2, 1, '2022-10-07 10:49:46', NULL, NULL, 'false', NULL, NULL, NULL, NULL, 'active'),
(86, NULL, 0, '', '0.00', 3, 2, 1, '2022-10-07 10:50:07', NULL, NULL, 'false', NULL, NULL, NULL, NULL, 'active'),
(87, NULL, 0, '', '0.00', 3, 2, 1, '2022-10-07 10:50:37', NULL, NULL, 'false', NULL, NULL, NULL, NULL, 'active'),
(88, NULL, 0, '', '0.00', 3, 2, 1, '2022-10-07 11:01:46', NULL, NULL, 'false', NULL, NULL, NULL, NULL, 'active'),
(89, NULL, 0, '', '0.00', 3, 2, 1, '2022-10-07 11:02:29', NULL, NULL, 'false', NULL, NULL, NULL, NULL, 'active'),
(90, NULL, 0, '', '0.00', 3, 2, 1, '2022-10-07 11:05:10', NULL, NULL, 'false', NULL, NULL, NULL, NULL, 'active'),
(91, NULL, 0, '', '0.00', 3, 2, 1, '2022-10-07 11:05:56', NULL, NULL, 'false', NULL, NULL, NULL, NULL, 'active'),
(92, NULL, 0, '', '0.00', 3, 2, 1, '2022-10-07 11:06:28', NULL, NULL, 'false', NULL, NULL, NULL, NULL, 'active'),
(93, NULL, 0, '', '0.00', 3, 2, 1, '2022-10-07 11:07:18', NULL, NULL, 'false', NULL, NULL, NULL, NULL, 'active'),
(94, NULL, 0, '', '0.00', 3, 2, 1, '2022-10-07 11:42:11', NULL, NULL, 'false', NULL, NULL, NULL, NULL, 'active'),
(95, NULL, 0, '', '0.00', 3, 2, 1, '2022-10-07 11:43:11', NULL, NULL, 'false', NULL, NULL, NULL, NULL, 'active'),
(96, NULL, 0, '', '0.00', 3, 2, 1, '2022-10-07 12:02:58', NULL, NULL, 'false', NULL, NULL, NULL, NULL, 'active'),
(97, NULL, 0, '', '0.00', 3, 2, 1, '2022-10-07 12:03:35', NULL, NULL, 'false', NULL, NULL, NULL, NULL, 'active'),
(98, NULL, 0, '', '0.00', 3, 2, 1, '2022-10-07 12:04:04', NULL, NULL, 'false', NULL, NULL, NULL, NULL, 'active'),
(99, NULL, 0, '', '0.00', 3, 2, 1, '2022-10-07 12:04:32', NULL, NULL, 'false', NULL, NULL, NULL, NULL, 'active'),
(100, NULL, 0, '', '0.00', 3, 2, 1, '2022-10-07 12:05:05', NULL, NULL, 'false', NULL, NULL, NULL, NULL, 'active'),
(101, NULL, 0, '', '0.00', 3, 2, 1, '2022-10-07 12:05:40', NULL, NULL, 'false', NULL, NULL, NULL, NULL, 'active'),
(102, NULL, 0, '', '0.00', 3, 2, 1, '2022-10-07 12:05:55', NULL, NULL, 'false', NULL, NULL, NULL, NULL, 'active'),
(103, NULL, 0, '', '0.00', 2, 3, 1, '2022-10-11 12:25:05', NULL, NULL, 'false', NULL, NULL, NULL, NULL, 'active'),
(104, NULL, 0, '', '0.00', 2, 3, 1, '2022-10-11 12:25:39', NULL, NULL, 'false', NULL, NULL, NULL, NULL, 'active'),
(105, NULL, 0, '', '0.00', 2, 3, 1, '2022-10-11 12:26:04', NULL, NULL, 'false', NULL, NULL, NULL, NULL, 'active'),
(106, NULL, 0, '', '0.00', 2, 3, 1, '2022-10-11 12:26:44', NULL, NULL, 'false', NULL, NULL, NULL, NULL, 'active'),
(107, NULL, 0, '', '0.00', 2, 3, 1, '2022-10-11 12:38:13', NULL, NULL, 'false', NULL, NULL, NULL, NULL, 'active'),
(108, NULL, 0, '', '0.00', 2, 3, 1, '2022-10-11 12:38:41', NULL, NULL, 'false', NULL, NULL, NULL, NULL, 'active'),
(109, NULL, 0, '', '0.00', 2, 3, 1, '2022-10-11 12:39:09', NULL, NULL, 'false', NULL, NULL, NULL, NULL, 'active'),
(110, NULL, 0, '', '0.00', 2, 3, 1, '2022-10-11 12:39:30', NULL, NULL, 'false', NULL, NULL, NULL, NULL, 'active'),
(111, NULL, 0, '', '0.00', 2, 3, 1, '2022-10-11 12:39:58', NULL, NULL, 'false', NULL, NULL, NULL, NULL, 'active'),
(112, NULL, 0, '', '0.00', 2, 3, 1, '2022-10-11 12:40:37', NULL, NULL, 'false', NULL, NULL, NULL, NULL, 'active'),
(113, NULL, 0, '', '0.00', 2, 3, 1, '2022-10-11 12:41:25', NULL, NULL, 'false', NULL, NULL, NULL, NULL, 'active'),
(114, NULL, 0, '', '0.00', 2, 3, 1, '2022-10-11 12:41:49', NULL, NULL, 'false', NULL, NULL, NULL, NULL, 'active'),
(115, NULL, 0, '', '0.00', 2, 3, 1, '2022-10-11 12:42:14', NULL, NULL, 'false', NULL, NULL, NULL, NULL, 'active'),
(116, NULL, 0, '', '0.00', 2, 3, 1, '2022-10-11 15:26:29', NULL, NULL, 'false', NULL, NULL, NULL, NULL, 'active'),
(117, NULL, 0, '', '0.00', 2, 3, 1, '2022-10-11 15:27:31', NULL, NULL, 'false', NULL, NULL, NULL, NULL, 'active'),
(118, NULL, 0, '', '0.00', 2, 3, 1, '2022-10-11 15:29:24', NULL, NULL, 'false', NULL, NULL, NULL, NULL, 'active'),
(119, NULL, 0, '', '0.00', 2, 3, 1, '2022-10-11 15:30:08', NULL, NULL, 'false', NULL, NULL, NULL, NULL, 'active'),
(120, NULL, 0, '', '0.00', 2, 3, 1, '2022-10-11 15:36:47', NULL, NULL, 'false', NULL, NULL, NULL, NULL, 'active'),
(121, NULL, 0, '', '0.00', 2, 3, 1, '2022-10-11 15:37:32', NULL, NULL, 'false', NULL, NULL, NULL, NULL, 'active'),
(122, NULL, 0, '', '0.00', 2, 3, 1, '2022-10-11 15:39:47', NULL, NULL, 'false', NULL, NULL, NULL, NULL, 'active'),
(123, NULL, 0, '', '0.00', 2, 3, 1, '2022-10-11 15:59:46', NULL, NULL, 'false', NULL, NULL, NULL, NULL, 'active'),
(124, NULL, 0, '', '0.00', 2, 3, 1, '2022-10-11 16:01:03', NULL, NULL, 'false', NULL, NULL, NULL, NULL, 'active'),
(125, NULL, 0, '', '0.00', 4, 4, 1, '2022-10-11 16:05:33', NULL, NULL, 'false', NULL, NULL, NULL, NULL, 'active'),
(126, NULL, 0, '', '0.00', 4, 4, 1, '2022-10-11 16:05:55', NULL, NULL, 'false', NULL, NULL, NULL, NULL, 'active'),
(127, NULL, 0, '', '0.00', 4, 4, 1, '2022-10-11 16:06:16', NULL, NULL, 'false', NULL, NULL, NULL, NULL, 'active'),
(128, NULL, 0, '', '0.00', 4, 4, 1, '2022-10-13 11:02:35', NULL, NULL, 'false', NULL, NULL, NULL, NULL, 'active'),
(129, NULL, 0, '', '0.00', 4, 4, 1, '2022-10-13 11:03:06', NULL, NULL, 'false', NULL, NULL, NULL, NULL, 'active'),
(130, NULL, 0, '', '0.00', 4, 4, 1, '2022-10-13 11:03:28', NULL, NULL, 'false', NULL, NULL, NULL, NULL, 'active'),
(131, NULL, 0, '', '0.00', 4, 4, 1, '2022-10-13 11:04:28', NULL, NULL, 'false', NULL, NULL, NULL, NULL, 'active'),
(132, NULL, 0, '', '0.00', 4, 4, 1, '2022-10-13 11:04:57', NULL, NULL, 'false', NULL, NULL, NULL, NULL, 'active'),
(133, NULL, 0, '', '0.00', 4, 4, 1, '2022-10-13 11:28:02', NULL, NULL, 'false', NULL, NULL, NULL, NULL, 'active'),
(134, NULL, 0, '', '0.00', 4, 4, 1, '2022-10-13 11:28:44', NULL, NULL, 'false', NULL, NULL, NULL, NULL, 'active'),
(135, NULL, 0, '', '0.00', 4, 4, 1, '2022-10-13 11:29:10', NULL, NULL, 'false', NULL, NULL, NULL, NULL, 'active'),
(136, NULL, 0, '', '0.00', 4, 4, 1, '2022-10-13 11:29:39', NULL, NULL, 'false', NULL, NULL, NULL, NULL, 'active'),
(137, NULL, 0, '', '0.00', 4, 4, 1, '2022-10-13 11:41:13', NULL, NULL, 'false', NULL, NULL, NULL, NULL, 'active'),
(138, NULL, 0, '', '0.00', 4, 4, 1, '2022-10-13 11:41:40', NULL, NULL, 'false', NULL, NULL, NULL, NULL, 'active'),
(139, NULL, 0, '', '0.00', 4, 4, 1, '2022-10-13 11:42:15', NULL, NULL, 'false', NULL, NULL, NULL, NULL, 'active'),
(140, NULL, 0, '', '0.00', 4, 4, 1, '2022-10-13 11:42:37', NULL, NULL, 'false', NULL, NULL, NULL, NULL, 'active'),
(141, NULL, 0, '', '0.00', 4, 4, 1, '2022-10-13 11:42:54', NULL, NULL, 'false', NULL, NULL, NULL, NULL, 'active'),
(142, NULL, 0, '', '0.00', 4, 4, 1, '2022-10-13 11:48:29', NULL, NULL, 'false', NULL, NULL, NULL, NULL, 'active'),
(143, NULL, 0, '', '0.00', 4, 4, 1, '2022-10-13 11:48:58', NULL, NULL, 'false', NULL, NULL, NULL, NULL, 'active'),
(144, NULL, 0, '', '0.00', 4, 4, 1, '2022-10-13 11:49:19', NULL, NULL, 'false', NULL, NULL, NULL, NULL, 'active'),
(145, NULL, 0, '', '0.00', 4, 4, 1, '2022-10-13 11:49:46', NULL, NULL, 'false', NULL, NULL, NULL, NULL, 'active'),
(146, NULL, 0, '', '0.00', 4, 4, 1, '2022-10-13 11:50:05', NULL, NULL, 'false', NULL, NULL, NULL, NULL, 'active'),
(147, NULL, 0, '', '0.00', 4, 4, 1, '2022-10-13 11:50:32', NULL, NULL, 'false', NULL, NULL, NULL, NULL, 'active'),
(148, NULL, 0, '', '0.00', 4, 4, 1, '2022-10-13 12:07:44', NULL, NULL, 'false', NULL, NULL, NULL, NULL, 'active'),
(149, NULL, 0, '', '0.00', 4, 4, 1, '2022-10-13 12:08:19', NULL, NULL, 'false', NULL, NULL, NULL, NULL, 'active'),
(150, NULL, 0, '', '0.00', 4, 4, 1, '2022-10-13 12:08:37', NULL, NULL, 'false', NULL, NULL, NULL, NULL, 'active'),
(151, NULL, 0, '', '0.00', 4, 4, 1, '2022-10-13 12:37:02', NULL, NULL, 'false', NULL, NULL, NULL, NULL, 'active'),
(152, NULL, 0, '', '0.00', 4, 4, 1, '2022-10-13 12:40:17', NULL, NULL, 'false', NULL, NULL, NULL, NULL, 'active'),
(153, NULL, 0, '', '0.00', 4, 4, 1, '2022-10-13 12:40:37', NULL, NULL, 'false', NULL, NULL, NULL, NULL, 'active'),
(154, NULL, 0, '', '0.00', 4, 4, 1, '2022-10-13 12:41:11', NULL, NULL, 'false', NULL, NULL, NULL, NULL, 'active'),
(155, NULL, 0, '', '0.00', 4, 4, 1, '2022-10-13 12:42:51', NULL, NULL, 'false', NULL, NULL, NULL, NULL, 'active'),
(156, NULL, 0, '', '0.00', 4, 4, 1, '2022-10-13 12:51:31', NULL, NULL, 'false', NULL, NULL, NULL, NULL, 'active'),
(157, NULL, 0, '', '0.00', 4, 4, 1, '2022-10-13 12:51:58', NULL, NULL, 'false', NULL, NULL, NULL, NULL, 'active'),
(158, NULL, 0, '', '0.00', 4, 4, 1, '2022-10-13 12:52:24', NULL, NULL, 'false', NULL, NULL, NULL, NULL, 'active'),
(159, NULL, 0, '', '0.00', 4, 4, 1, '2022-10-13 12:52:42', NULL, NULL, 'false', NULL, NULL, NULL, NULL, 'active'),
(160, NULL, 0, '', '0.00', 4, 4, 1, '2022-10-13 12:53:02', NULL, NULL, 'false', NULL, NULL, NULL, NULL, 'active'),
(161, NULL, 0, '', '0.00', 4, 4, 1, '2022-10-13 12:54:00', NULL, NULL, 'false', NULL, NULL, NULL, NULL, 'active'),
(162, NULL, 0, '', '0.00', 4, 4, 1, '2022-10-13 13:15:59', NULL, NULL, 'false', NULL, NULL, NULL, NULL, 'active'),
(163, NULL, 0, '', '0.00', 4, 4, 1, '2022-10-13 13:16:17', NULL, NULL, 'false', NULL, NULL, NULL, NULL, 'active'),
(164, NULL, 0, '', '0.00', 4, 4, 1, '2022-10-13 13:16:46', NULL, NULL, 'false', NULL, NULL, NULL, NULL, 'active'),
(165, NULL, 0, '', '0.00', 4, 4, 1, '2022-10-13 13:17:17', NULL, NULL, 'false', NULL, NULL, NULL, NULL, 'active'),
(166, NULL, 0, '', '0.00', 4, 4, 1, '2022-10-13 13:36:10', NULL, NULL, 'false', NULL, NULL, NULL, NULL, 'active'),
(167, NULL, 0, '', '0.00', 4, 4, 1, '2022-10-13 13:36:29', NULL, NULL, 'false', NULL, NULL, NULL, NULL, 'active'),
(168, NULL, 0, '', '0.00', 4, 4, 1, '2022-10-13 13:37:21', NULL, NULL, 'false', NULL, NULL, NULL, NULL, 'active'),
(169, NULL, 0, '', '0.00', 4, 4, 1, '2022-10-13 13:39:12', NULL, NULL, 'false', NULL, NULL, NULL, NULL, 'active'),
(170, NULL, 0, '', '0.00', 4, 4, 1, '2022-10-13 13:40:51', NULL, NULL, 'false', NULL, NULL, NULL, NULL, 'active'),
(171, NULL, 0, '', '0.00', 4, 4, 1, '2022-10-13 15:17:02', NULL, NULL, 'false', NULL, NULL, NULL, NULL, 'active'),
(172, NULL, 0, '', '0.00', 4, 4, 1, '2022-10-13 15:19:06', NULL, NULL, 'false', NULL, NULL, NULL, NULL, 'active'),
(173, NULL, 0, '', '0.00', 4, 4, 1, '2022-10-13 15:20:18', NULL, NULL, 'false', NULL, NULL, NULL, NULL, 'active'),
(174, NULL, 0, '', '0.00', 4, 4, 1, '2022-10-13 15:20:42', NULL, NULL, 'false', NULL, NULL, NULL, NULL, 'active'),
(175, NULL, 0, '', '0.00', 4, 4, 1, '2022-10-13 15:21:15', NULL, NULL, 'false', NULL, NULL, NULL, NULL, 'active'),
(176, NULL, 0, '', '0.00', 4, 4, 1, '2022-10-13 15:21:56', NULL, NULL, 'false', NULL, NULL, NULL, NULL, 'active'),
(177, NULL, 0, '', '0.00', 4, 4, 1, '2022-10-13 15:44:52', NULL, NULL, 'false', NULL, NULL, NULL, NULL, 'active'),
(178, NULL, 0, '', '0.00', 4, 4, 1, '2022-10-13 15:45:14', NULL, NULL, 'false', NULL, NULL, NULL, NULL, 'active'),
(179, NULL, 0, '', '0.00', 4, 4, 1, '2022-10-13 15:45:41', NULL, NULL, 'false', NULL, NULL, NULL, NULL, 'active'),
(180, NULL, 0, '', '0.00', 4, 4, 1, '2022-10-13 15:46:22', NULL, NULL, 'false', NULL, NULL, NULL, NULL, 'active'),
(181, NULL, 0, '', '0.00', 4, 4, 1, '2022-10-13 16:05:06', NULL, NULL, 'false', NULL, NULL, NULL, NULL, 'active'),
(182, NULL, 0, '', '0.00', 4, 4, 1, '2022-10-13 16:05:31', NULL, NULL, 'false', NULL, NULL, NULL, NULL, 'active'),
(183, NULL, 0, '', '0.00', 4, 4, 1, '2022-10-13 16:05:57', NULL, NULL, 'false', NULL, NULL, NULL, NULL, 'active'),
(184, NULL, 0, '', '0.00', 4, 4, 1, '2022-10-14 10:00:56', NULL, NULL, 'false', NULL, NULL, NULL, NULL, 'active'),
(185, NULL, 0, '', '0.00', 4, 4, 1, '2022-10-14 10:02:09', NULL, NULL, 'false', NULL, NULL, NULL, NULL, 'active'),
(186, NULL, 0, '', '0.00', 4, 4, 1, '2022-10-14 10:02:45', NULL, NULL, 'false', NULL, NULL, NULL, NULL, 'active'),
(187, NULL, 0, '', '0.00', 4, 4, 1, '2022-10-14 10:03:12', NULL, NULL, 'false', NULL, NULL, NULL, NULL, 'active'),
(188, NULL, 0, '', '0.00', 4, 4, 1, '2022-10-14 10:03:31', NULL, NULL, 'false', NULL, NULL, NULL, NULL, 'active'),
(189, NULL, 0, '', '0.00', 4, 4, 1, '2022-10-14 10:49:01', NULL, NULL, 'false', NULL, NULL, NULL, NULL, 'active'),
(190, NULL, 0, '', '0.00', 4, 4, 1, '2022-10-14 10:50:07', NULL, NULL, 'false', NULL, NULL, NULL, NULL, 'active'),
(191, NULL, 0, '', '0.00', 4, 4, 1, '2022-10-14 10:50:38', NULL, NULL, 'false', NULL, NULL, NULL, NULL, 'active'),
(192, NULL, 0, '', '0.00', 4, 4, 1, '2022-10-14 10:52:18', NULL, NULL, 'false', NULL, NULL, NULL, NULL, 'active'),
(193, NULL, 0, '', '0.00', 4, 4, 1, '2022-10-14 11:04:45', NULL, NULL, 'false', NULL, NULL, NULL, NULL, 'active'),
(194, NULL, 0, '', '0.00', 4, 4, 1, '2022-10-14 11:05:05', NULL, NULL, 'false', NULL, NULL, NULL, NULL, 'active'),
(195, NULL, 0, '', '0.00', 4, 4, 1, '2022-10-14 11:13:53', NULL, NULL, 'false', NULL, NULL, NULL, NULL, 'active'),
(196, NULL, 0, '', '0.00', 4, 4, 1, '2022-10-14 11:14:13', NULL, NULL, 'false', NULL, NULL, NULL, NULL, 'active'),
(197, NULL, 0, '', '0.00', 4, 4, 1, '2022-10-14 11:24:53', NULL, NULL, 'false', NULL, NULL, NULL, NULL, 'active'),
(198, NULL, 0, '', '0.00', 4, 4, 1, '2022-10-14 11:25:46', NULL, NULL, 'false', NULL, NULL, NULL, NULL, 'active'),
(199, NULL, 0, '', '0.00', 4, 4, 1, '2022-10-14 11:26:02', NULL, NULL, 'false', NULL, NULL, NULL, NULL, 'active'),
(200, NULL, 0, '', '0.00', 4, 4, 1, '2022-10-14 11:26:20', NULL, NULL, 'false', NULL, NULL, NULL, NULL, 'active'),
(201, NULL, 0, '', '0.00', 4, 4, 1, '2022-10-14 11:41:25', NULL, NULL, 'false', NULL, NULL, NULL, NULL, 'active'),
(202, NULL, 0, '', '0.00', 4, 4, 1, '2022-10-14 11:51:31', NULL, NULL, 'false', NULL, NULL, NULL, NULL, 'active'),
(203, NULL, 0, '', '0.00', 4, 4, 1, '2022-10-14 11:51:57', NULL, NULL, 'false', NULL, NULL, NULL, NULL, 'active'),
(204, NULL, 0, '', '0.00', 4, 4, 1, '2022-10-14 11:52:22', NULL, NULL, 'false', NULL, NULL, NULL, NULL, 'active'),
(205, NULL, 0, '', '0.00', 4, 4, 1, '2022-10-14 11:52:57', NULL, NULL, 'false', NULL, NULL, NULL, NULL, 'active'),
(206, NULL, 0, '', '0.00', 4, 4, 1, '2022-10-14 11:53:22', NULL, NULL, 'false', NULL, NULL, NULL, NULL, 'active'),
(207, NULL, 0, '', '0.00', 5, 5, 1, '2022-10-16 10:10:04', NULL, NULL, 'false', NULL, NULL, NULL, NULL, 'active'),
(208, NULL, 0, '', '0.00', 5, 5, 1, '2022-10-16 10:19:53', NULL, NULL, 'false', NULL, NULL, NULL, NULL, 'active'),
(209, NULL, 0, '', '0.00', 1, 1, 1, '2022-10-16 10:34:09', NULL, NULL, 'false', NULL, NULL, NULL, NULL, 'active'),
(210, NULL, 0, '', '0.00', 5, 5, 1, '2022-10-16 10:37:15', NULL, NULL, 'false', NULL, NULL, NULL, NULL, 'active'),
(211, NULL, 0, '', '0.00', 5, 5, 1, '2022-10-16 10:39:38', NULL, NULL, 'false', NULL, NULL, NULL, NULL, 'active'),
(212, NULL, 0, '', '0.00', 5, 5, 1, '2022-10-16 10:40:15', NULL, NULL, 'false', NULL, NULL, NULL, NULL, 'active'),
(213, NULL, 0, '', '0.00', 5, 5, 1, '2022-10-16 10:54:20', NULL, NULL, 'false', NULL, NULL, NULL, NULL, 'active'),
(214, NULL, 0, '', '0.00', 5, 5, 1, '2022-10-16 10:55:08', NULL, NULL, 'false', NULL, NULL, NULL, NULL, 'active'),
(215, NULL, 0, '', '0.00', 6, 6, 1, '2022-10-16 11:02:03', NULL, NULL, 'false', NULL, NULL, NULL, NULL, 'active'),
(216, NULL, 0, '', '0.00', 6, 6, 1, '2022-10-16 11:02:25', NULL, NULL, 'false', NULL, NULL, NULL, NULL, 'active'),
(217, NULL, 0, '', '0.00', 6, 6, 1, '2022-10-16 11:03:08', NULL, NULL, 'false', NULL, NULL, NULL, NULL, 'active'),
(218, NULL, 0, '', '0.00', 6, 6, 1, '2022-10-16 11:13:56', NULL, NULL, 'false', NULL, NULL, NULL, NULL, 'active'),
(219, NULL, 0, '', '0.00', 6, 6, 1, '2022-10-16 11:14:23', NULL, NULL, 'false', NULL, NULL, NULL, NULL, 'active'),
(220, NULL, 0, '', '0.00', 6, 6, 1, '2022-10-16 11:14:46', NULL, NULL, 'false', NULL, NULL, NULL, NULL, 'active'),
(221, NULL, 0, '', '0.00', 6, 6, 1, '2022-10-16 11:18:21', NULL, NULL, 'false', NULL, NULL, NULL, NULL, 'active'),
(222, NULL, 0, '', '0.00', 6, 6, 1, '2022-10-16 11:20:04', NULL, NULL, 'false', NULL, NULL, NULL, NULL, 'active'),
(223, NULL, 0, '', '0.00', 6, 6, 1, '2022-10-16 11:20:39', NULL, NULL, 'false', NULL, NULL, NULL, NULL, 'active'),
(224, NULL, 0, '', '0.00', 6, 6, 1, '2022-10-16 11:37:38', NULL, NULL, 'false', NULL, NULL, NULL, NULL, 'active'),
(225, NULL, 0, '', '0.00', 6, 6, 1, '2022-10-16 11:39:53', NULL, NULL, 'false', NULL, NULL, NULL, NULL, 'active'),
(226, NULL, 0, '', '0.00', 6, 6, 1, '2022-10-16 11:53:59', NULL, NULL, 'false', NULL, NULL, NULL, NULL, 'active'),
(227, NULL, 0, '', '0.00', 6, 6, 1, '2022-10-16 11:54:41', NULL, NULL, 'false', NULL, NULL, NULL, NULL, 'active'),
(228, NULL, 0, '', '0.00', 6, 6, 1, '2022-10-16 12:18:32', NULL, NULL, 'false', NULL, NULL, NULL, NULL, 'active'),
(229, NULL, 0, '', '0.00', 6, 6, 1, '2022-10-16 12:18:59', NULL, NULL, 'false', NULL, NULL, NULL, NULL, 'active'),
(230, NULL, 0, '', '0.00', 6, 6, 1, '2022-10-16 12:19:29', NULL, NULL, 'false', NULL, NULL, NULL, NULL, 'active'),
(231, NULL, 0, '', '0.00', 6, 6, 1, '2022-10-16 12:31:02', NULL, NULL, 'false', NULL, NULL, NULL, NULL, 'active'),
(232, NULL, 0, '', '0.00', 6, 6, 1, '2022-10-16 12:31:41', NULL, NULL, 'false', NULL, NULL, NULL, NULL, 'active'),
(233, NULL, 0, '', '0.00', 6, 6, 1, '2022-10-16 12:32:19', NULL, NULL, 'false', NULL, NULL, NULL, NULL, 'active'),
(234, NULL, 0, '', '0.00', 6, 6, 1, '2022-10-16 12:40:48', NULL, NULL, 'false', NULL, NULL, NULL, NULL, 'active'),
(235, NULL, 0, '', '0.00', 6, 6, 1, '2022-10-16 12:41:12', NULL, NULL, 'false', NULL, NULL, NULL, NULL, 'active'),
(236, NULL, 0, '', '0.00', 6, 6, 1, '2022-10-16 12:41:39', NULL, NULL, 'false', NULL, NULL, NULL, NULL, 'active'),
(237, NULL, 0, '', '0.00', 6, 6, 1, '2022-10-16 12:42:09', NULL, NULL, 'false', NULL, NULL, NULL, NULL, 'active'),
(238, NULL, 0, '', '0.00', 6, 6, 1, '2022-10-16 13:00:38', NULL, NULL, 'false', NULL, NULL, NULL, NULL, 'active'),
(239, NULL, 0, '', '0.00', 6, 6, 1, '2022-10-16 13:01:23', NULL, NULL, 'false', NULL, NULL, NULL, NULL, 'active'),
(240, NULL, 0, '', '0.00', 6, 6, 1, '2022-10-16 13:02:37', NULL, NULL, 'false', NULL, NULL, NULL, NULL, 'active'),
(241, NULL, 0, '', '0.00', 6, 6, 1, '2022-10-18 10:00:26', NULL, NULL, 'false', NULL, NULL, NULL, NULL, 'active'),
(242, NULL, 0, '', '0.00', 6, 6, 1, '2022-10-18 10:07:18', NULL, NULL, 'false', NULL, NULL, NULL, NULL, 'active'),
(243, NULL, 0, '', '0.00', 6, 6, 1, '2022-10-18 10:15:43', NULL, NULL, 'false', NULL, NULL, NULL, NULL, 'active'),
(244, NULL, 0, '', '0.00', 6, 5, 1, '2022-10-18 10:19:32', NULL, NULL, 'false', NULL, NULL, NULL, NULL, 'active'),
(245, NULL, 0, '', '0.00', 6, 6, 1, '2022-10-18 10:22:00', NULL, NULL, 'false', NULL, NULL, NULL, NULL, 'active'),
(246, NULL, 0, '', '0.00', 6, 6, 1, '2022-10-18 10:23:23', NULL, NULL, 'false', NULL, NULL, NULL, NULL, 'active'),
(247, NULL, 0, '', '0.00', 6, 6, 1, '2022-10-18 10:24:27', NULL, NULL, 'false', NULL, NULL, NULL, NULL, 'active'),
(248, NULL, 0, '', '0.00', 6, 6, 1, '2022-10-18 10:26:41', NULL, NULL, 'false', NULL, NULL, NULL, NULL, 'active'),
(249, NULL, 0, '', '0.00', 6, 6, 1, '2022-10-18 10:27:39', NULL, NULL, 'false', NULL, NULL, NULL, NULL, 'active'),
(250, NULL, 0, '', '0.00', 6, 6, 1, '2022-10-18 10:29:29', NULL, NULL, 'false', NULL, NULL, NULL, NULL, 'active'),
(251, NULL, 0, '', '0.00', 6, 6, 1, '2022-10-18 10:30:30', NULL, NULL, 'false', NULL, NULL, NULL, NULL, 'active'),
(252, NULL, 0, '', '0.00', 6, 6, 1, '2022-10-18 10:31:57', NULL, NULL, 'false', NULL, NULL, NULL, NULL, 'active'),
(253, NULL, 0, '', '0.00', 6, 6, 1, '2022-10-18 16:24:30', NULL, NULL, 'false', NULL, NULL, NULL, NULL, 'active'),
(254, NULL, 0, '', '0.00', 7, 7, 1, '2022-10-18 16:28:31', NULL, NULL, 'false', NULL, NULL, NULL, NULL, 'active'),
(255, NULL, 0, '', '0.00', 7, 7, 1, '2022-10-18 16:43:26', NULL, NULL, 'false', NULL, NULL, NULL, NULL, 'active'),
(256, NULL, 0, '', '0.00', 7, 7, 1, '2022-10-18 16:56:47', NULL, NULL, 'false', NULL, NULL, NULL, NULL, 'active'),
(257, NULL, 0, '', '0.00', 7, 7, 1, '2022-10-18 16:57:47', NULL, NULL, 'false', NULL, NULL, NULL, NULL, 'active'),
(258, NULL, 0, '', '0.00', 7, 7, 1, '2022-10-18 16:58:19', NULL, NULL, 'false', NULL, NULL, NULL, NULL, 'active'),
(259, NULL, 0, '', '0.00', 7, 7, 1, '2022-10-19 09:46:10', NULL, NULL, 'false', NULL, NULL, NULL, NULL, 'active'),
(260, NULL, 0, '', '0.00', 7, 7, 1, '2022-10-19 10:05:03', NULL, NULL, 'false', NULL, NULL, NULL, NULL, 'active'),
(261, NULL, 0, '', '0.00', 7, 7, 1, '2022-10-19 10:06:17', NULL, NULL, 'false', NULL, NULL, NULL, NULL, 'active'),
(262, NULL, 0, '', '0.00', 7, 7, 1, '2022-10-18 10:10:57', NULL, NULL, 'false', NULL, NULL, NULL, NULL, 'active'),
(263, NULL, 0, '', '0.00', 7, 7, 1, '2022-10-18 10:13:13', NULL, NULL, 'false', NULL, NULL, NULL, NULL, 'active'),
(264, NULL, 0, '', '0.00', 7, 7, 1, '2022-10-18 10:26:11', NULL, NULL, 'false', NULL, NULL, NULL, NULL, 'active'),
(265, NULL, 0, '', '0.00', 7, 7, 1, '2022-10-18 10:31:55', NULL, NULL, 'false', NULL, NULL, NULL, NULL, 'active'),
(266, NULL, 0, '', '0.00', 7, 7, 1, '2022-10-18 10:32:34', NULL, NULL, 'false', NULL, NULL, NULL, NULL, 'active'),
(267, NULL, 0, '', '0.00', 7, 7, 1, '2022-10-18 10:32:57', NULL, NULL, 'false', NULL, NULL, NULL, NULL, 'active'),
(268, NULL, 0, '', '0.00', 7, 7, 1, '2022-10-18 10:49:43', NULL, NULL, 'false', NULL, NULL, NULL, NULL, 'active'),
(269, NULL, 0, '', '0.00', 7, 7, 1, '2022-10-18 10:52:51', NULL, NULL, 'false', NULL, NULL, NULL, NULL, 'active'),
(270, NULL, 0, '', '0.00', 7, 7, 1, '2022-10-18 10:53:12', NULL, NULL, 'false', NULL, NULL, NULL, NULL, 'active'),
(271, NULL, 0, '', '0.00', 7, 7, 1, '2022-10-18 10:57:51', NULL, NULL, 'false', NULL, NULL, NULL, NULL, 'active'),
(272, NULL, 0, '', '0.00', 7, 7, 1, '2022-10-18 10:59:27', NULL, NULL, 'false', NULL, NULL, NULL, NULL, 'active'),
(273, NULL, 0, '', '0.00', 7, 7, 1, '2022-10-18 11:01:33', NULL, NULL, 'false', NULL, NULL, NULL, NULL, 'active'),
(274, NULL, 0, '', '0.00', 7, 7, 1, '2022-10-18 11:46:51', NULL, NULL, 'false', NULL, NULL, NULL, NULL, 'active'),
(275, NULL, 0, '', '0.00', 8, 8, 1, '2022-10-18 14:49:44', NULL, NULL, 'false', NULL, NULL, NULL, NULL, 'active'),
(276, NULL, 0, '', '0.00', 8, 8, 1, '2022-10-18 14:54:38', NULL, NULL, 'false', NULL, NULL, NULL, NULL, 'active'),
(277, NULL, 0, '', '0.00', 8, 8, 1, '2022-10-18 14:56:03', NULL, NULL, 'false', NULL, NULL, NULL, NULL, 'active'),
(278, NULL, 0, '', '0.00', 8, 8, 1, '2022-10-18 14:59:22', NULL, NULL, 'false', NULL, NULL, NULL, NULL, 'active'),
(279, NULL, 0, '', '0.00', 8, 8, 1, '2022-10-18 14:59:59', NULL, NULL, 'false', NULL, NULL, NULL, NULL, 'active'),
(280, NULL, 0, '', '0.00', 8, 8, 1, '2022-10-18 15:00:35', NULL, NULL, 'false', NULL, NULL, NULL, NULL, 'active'),
(281, NULL, 0, '', '0.00', 8, 8, 1, '2022-10-18 15:01:30', NULL, NULL, 'false', NULL, NULL, NULL, NULL, 'active'),
(282, NULL, 0, '', '0.00', 8, 8, 1, '2022-10-18 15:16:51', NULL, NULL, 'false', NULL, NULL, NULL, NULL, 'active'),
(283, NULL, 0, '', '0.00', 8, 8, 1, '2022-10-18 15:20:26', NULL, NULL, 'false', NULL, NULL, NULL, NULL, 'active'),
(284, NULL, 0, '', '0.00', 8, 8, 1, '2022-10-18 15:28:54', NULL, NULL, 'false', NULL, NULL, NULL, NULL, 'active'),
(285, NULL, 0, '', '0.00', 8, 8, 1, '2022-10-19 10:17:24', NULL, NULL, 'false', NULL, NULL, NULL, NULL, 'active'),
(286, NULL, 0, '', '0.00', 3, 2, 1, '2022-10-19 12:46:30', NULL, NULL, 'false', NULL, NULL, NULL, NULL, 'active'),
(287, NULL, 0, '', '0.00', 1, 1, 1, '2022-11-30 10:28:38', NULL, NULL, 'false', NULL, NULL, NULL, NULL, 'active'),
(288, NULL, 0, '', '0.00', 1, 1, 1, '2022-11-30 10:30:53', NULL, NULL, 'false', NULL, NULL, NULL, NULL, 'active'),
(289, NULL, 0, '', '0.00', 1, 1, 1, '2022-11-30 10:37:25', NULL, NULL, 'false', NULL, NULL, NULL, NULL, 'active'),
(290, NULL, 0, '', '0.00', 1, 1, 1, '2022-11-30 11:00:32', NULL, NULL, 'false', NULL, NULL, NULL, NULL, 'active'),
(291, NULL, 0, '', '0.00', 4, 4, 1, '2022-11-30 15:42:28', NULL, NULL, 'false', NULL, NULL, NULL, NULL, 'active'),
(292, NULL, 0, '', '0.00', 4, 4, 1, '2022-11-30 15:43:27', NULL, NULL, 'false', NULL, NULL, NULL, NULL, 'active'),
(293, NULL, 0, '', '0.00', 4, 4, 1, '2022-12-01 10:14:02', NULL, NULL, 'false', NULL, NULL, NULL, NULL, 'active'),
(294, NULL, 0, '', '0.00', 6, 6, 1, '2022-12-01 10:55:06', NULL, NULL, 'false', NULL, NULL, NULL, NULL, 'active'),
(295, NULL, 0, '', '0.00', 6, 6, 1, '2022-12-01 13:10:42', NULL, NULL, 'false', NULL, NULL, NULL, NULL, 'active'),
(296, NULL, 0, '', '0.00', 7, 7, 1, '2022-12-01 13:16:23', NULL, NULL, 'false', NULL, NULL, NULL, NULL, 'active'),
(297, NULL, 0, '', '0.00', 7, 7, 1, '2022-12-01 13:17:44', NULL, NULL, 'false', NULL, NULL, NULL, NULL, 'active'),
(298, NULL, 0, '', '0.00', 4, 4, 1, '2022-12-01 15:24:01', NULL, NULL, 'false', NULL, NULL, NULL, NULL, 'active'),
(299, NULL, 0, '', '0.00', 4, 4, 1, '2022-12-01 15:24:24', NULL, NULL, 'false', NULL, NULL, NULL, NULL, 'active'),
(300, NULL, 0, '', '0.00', 4, 4, 1, '2022-12-01 15:30:08', NULL, NULL, 'false', NULL, NULL, NULL, NULL, 'active'),
(301, NULL, 0, '', '0.00', 3, 2, 1, '2022-12-01 16:41:12', NULL, NULL, 'false', NULL, NULL, NULL, NULL, 'active'),
(302, NULL, 0, '', '0.00', 3, 2, 1, '2022-12-03 11:38:01', NULL, NULL, 'false', NULL, NULL, NULL, NULL, 'active'),
(303, NULL, 0, '', '0.00', 4, 4, 1, '2022-12-03 11:56:03', NULL, NULL, 'false', NULL, NULL, NULL, NULL, 'active'),
(304, NULL, 0, '', '0.00', 7, 1, 1, '2023-12-12 15:56:55', NULL, NULL, 'false', NULL, NULL, NULL, NULL, 'active');

-- --------------------------------------------------------

--
-- Table structure for table `grndetails`
--

CREATE TABLE `grndetails` (
  `id` int(11) NOT NULL,
  `grnid` int(11) NOT NULL,
  `lpoidetailid` int(11) NOT NULL,
  `assetid` int(11) NOT NULL,
  `createdby` int(11) NOT NULL,
  `doc` timestamp NOT NULL DEFAULT current_timestamp() ON UPDATE current_timestamp(),
  `dom` timestamp NULL DEFAULT NULL,
  `modifiedby` int(11) NOT NULL,
  `status` varchar(255) NOT NULL DEFAULT 'active'
) ENGINE=InnoDB DEFAULT CHARSET=latin1;

--
-- Dumping data for table `grndetails`
--

INSERT INTO `grndetails` (`id`, `grnid`, `lpoidetailid`, `assetid`, `createdby`, `doc`, `dom`, `modifiedby`, `status`) VALUES
(1, 1, 0, 9, 1, '2022-10-05 09:05:40', NULL, 0, 'active'),
(2, 2, 0, 12, 1, '2022-10-05 09:06:41', NULL, 0, 'active'),
(3, 3, 0, 17, 1, '2022-10-05 09:13:49', NULL, 0, 'active'),
(4, 4, 0, 22, 1, '2022-10-05 09:16:28', NULL, 0, 'active'),
(5, 5, 0, 32, 1, '2022-10-05 09:21:52', NULL, 0, 'active'),
(6, 6, 0, 33, 1, '2022-10-05 09:24:57', NULL, 0, 'active'),
(7, 7, 0, 34, 1, '2022-10-05 09:34:31', NULL, 0, 'active'),
(8, 8, 0, 35, 1, '2022-10-05 09:40:26', NULL, 0, 'active'),
(9, 9, 0, 36, 1, '2022-10-05 09:58:36', NULL, 0, 'active'),
(10, 10, 0, 37, 1, '2022-10-05 09:58:49', NULL, 0, 'active'),
(11, 11, 0, 42, 1, '2022-10-05 10:01:33', NULL, 0, 'active'),
(12, 12, 0, 44, 1, '2022-10-05 10:28:00', NULL, 0, 'active'),
(13, 13, 0, 45, 1, '2022-10-05 10:28:25', NULL, 0, 'active'),
(14, 14, 0, 46, 1, '2022-10-05 10:28:46', NULL, 0, 'active'),
(15, 15, 0, 47, 1, '2022-10-05 10:30:50', NULL, 0, 'active'),
(16, 16, 0, 48, 1, '2022-10-05 10:31:06', NULL, 0, 'active'),
(17, 17, 0, 49, 1, '2022-10-05 10:31:21', NULL, 0, 'active'),
(18, 18, 0, 50, 1, '2022-10-05 10:31:37', NULL, 0, 'active'),
(19, 19, 0, 51, 1, '2022-10-05 10:34:53', NULL, 0, 'active'),
(20, 20, 0, 52, 1, '2022-10-05 10:36:48', NULL, 0, 'active'),
(21, 21, 0, 53, 1, '2022-10-05 10:38:49', NULL, 0, 'active'),
(22, 22, 0, 54, 1, '2022-10-05 10:40:12', NULL, 0, 'active'),
(23, 23, 0, 55, 1, '2022-10-05 10:41:16', NULL, 0, 'active'),
(24, 24, 0, 56, 1, '2022-10-05 11:10:10', NULL, 0, 'active'),
(25, 25, 0, 57, 1, '2022-10-05 11:14:22', NULL, 0, 'active'),
(26, 26, 0, 58, 1, '2022-10-05 11:14:34', NULL, 0, 'active'),
(27, 27, 0, 59, 1, '2022-10-05 11:21:55', NULL, 0, 'active'),
(28, 28, 0, 60, 1, '2022-10-05 11:22:10', NULL, 0, 'active'),
(29, 29, 0, 61, 1, '2022-10-05 11:34:38', NULL, 0, 'active'),
(30, 30, 0, 62, 1, '2022-10-05 11:42:44', NULL, 0, 'active'),
(31, 31, 0, 63, 1, '2022-10-05 11:54:16', NULL, 0, 'active'),
(32, 32, 0, 64, 1, '2022-10-05 11:57:23', NULL, 0, 'active'),
(33, 33, 0, 65, 1, '2022-10-05 12:00:17', NULL, 0, 'active'),
(34, 34, 0, 66, 1, '2022-10-05 12:00:29', NULL, 0, 'active'),
(35, 35, 0, 67, 1, '2022-10-05 12:07:50', NULL, 0, 'active'),
(36, 36, 0, 68, 1, '2022-10-05 12:08:02', NULL, 0, 'active'),
(37, 37, 0, 69, 1, '2022-10-05 12:08:56', NULL, 0, 'active'),
(38, 38, 0, 70, 1, '2022-10-05 12:22:15', NULL, 0, 'active'),
(39, 39, 0, 71, 1, '2022-10-05 12:22:30', NULL, 0, 'active'),
(40, 40, 0, 72, 1, '2022-10-05 12:25:07', NULL, 0, 'active'),
(41, 41, 0, 73, 1, '2022-10-05 12:27:57', NULL, 0, 'active'),
(42, 42, 0, 74, 1, '2022-10-05 12:36:01', NULL, 0, 'active'),
(43, 43, 0, 75, 1, '2022-10-05 12:39:04', NULL, 0, 'active'),
(44, 44, 0, 76, 1, '2022-10-05 13:01:21', NULL, 0, 'active'),
(45, 45, 0, 77, 1, '2022-10-05 13:08:53', NULL, 0, 'active'),
(46, 46, 0, 78, 1, '2022-10-05 13:10:20', NULL, 0, 'active'),
(47, 47, 0, 79, 1, '2022-10-05 13:12:19', NULL, 0, 'active'),
(48, 48, 0, 80, 1, '2022-10-05 13:13:42', NULL, 0, 'active'),
(49, 49, 0, 81, 1, '2022-10-05 13:41:56', NULL, 0, 'active'),
(50, 50, 0, 82, 1, '2022-10-05 13:42:59', NULL, 0, 'active'),
(51, 51, 0, 83, 1, '2022-10-05 13:59:58', NULL, 0, 'active'),
(52, 52, 0, 86, 1, '2022-10-06 06:28:08', NULL, 0, 'active'),
(53, 53, 0, 87, 1, '2022-10-06 06:35:06', NULL, 0, 'active'),
(54, 54, 0, 88, 1, '2022-10-06 06:39:26', NULL, 0, 'active'),
(55, 55, 0, 89, 1, '2022-10-06 06:39:48', NULL, 0, 'active'),
(56, 56, 0, 90, 1, '2022-10-06 09:02:36', NULL, 0, 'active'),
(57, 57, 0, 91, 1, '2022-10-06 12:16:00', NULL, 0, 'active'),
(58, 58, 0, 92, 1, '2022-10-06 12:20:35', NULL, 0, 'active'),
(59, 59, 0, 93, 1, '2022-10-06 12:21:06', NULL, 0, 'active'),
(60, 60, 0, 94, 1, '2022-10-06 12:21:40', NULL, 0, 'active'),
(61, 61, 0, 95, 1, '2022-10-06 12:23:01', NULL, 0, 'active'),
(62, 62, 0, 96, 1, '2022-10-06 12:23:22', NULL, 0, 'active'),
(63, 63, 0, 97, 1, '2022-10-06 12:29:00', NULL, 0, 'active'),
(64, 64, 0, 98, 1, '2022-10-06 12:29:22', NULL, 0, 'active'),
(65, 65, 0, 99, 1, '2022-10-06 12:29:49', NULL, 0, 'active'),
(66, 66, 0, 100, 1, '2022-10-06 12:30:18', NULL, 0, 'active'),
(67, 67, 0, 101, 1, '2022-10-06 12:39:32', NULL, 0, 'active'),
(68, 68, 0, 102, 1, '2022-10-06 12:39:57', NULL, 0, 'active'),
(69, 69, 0, 103, 1, '2022-10-06 12:40:15', NULL, 0, 'active'),
(70, 70, 0, 104, 1, '2022-10-06 12:40:42', NULL, 0, 'active'),
(71, 71, 0, 105, 1, '2022-10-06 12:41:20', NULL, 0, 'active'),
(72, 72, 0, 106, 1, '2022-10-07 06:36:56', NULL, 0, 'active'),
(73, 73, 0, 107, 1, '2022-10-07 06:42:04', NULL, 0, 'active'),
(74, 74, 0, 108, 1, '2022-10-07 06:42:32', NULL, 0, 'active'),
(75, 75, 0, 109, 1, '2022-10-07 06:42:56', NULL, 0, 'active'),
(76, 76, 0, 110, 1, '2022-10-07 06:43:12', NULL, 0, 'active'),
(77, 77, 0, 111, 1, '2022-10-07 07:01:33', NULL, 0, 'active'),
(78, 78, 0, 112, 1, '2022-10-07 07:02:02', NULL, 0, 'active'),
(79, 79, 0, 113, 1, '2022-10-07 07:02:48', NULL, 0, 'active'),
(80, 80, 0, 114, 1, '2022-10-07 07:03:12', NULL, 0, 'active'),
(81, 81, 0, 115, 1, '2022-10-07 07:29:45', NULL, 0, 'active'),
(82, 82, 0, 116, 1, '2022-10-07 07:30:27', NULL, 0, 'active'),
(83, 83, 0, 117, 1, '2022-10-07 07:30:56', NULL, 0, 'active'),
(84, 84, 0, 118, 1, '2022-10-07 07:31:22', NULL, 0, 'active'),
(85, 85, 0, 119, 1, '2022-10-07 07:49:46', NULL, 0, 'active'),
(86, 86, 0, 120, 1, '2022-10-07 07:50:08', NULL, 0, 'active'),
(87, 87, 0, 121, 1, '2022-10-07 07:50:37', NULL, 0, 'active'),
(88, 88, 0, 122, 1, '2022-10-07 08:01:46', NULL, 0, 'active'),
(89, 89, 0, 123, 1, '2022-10-07 08:02:29', NULL, 0, 'active'),
(90, 90, 0, 124, 1, '2022-10-07 08:05:10', NULL, 0, 'active'),
(91, 91, 0, 125, 1, '2022-10-07 08:05:56', NULL, 0, 'active'),
(92, 92, 0, 126, 1, '2022-10-07 08:06:28', NULL, 0, 'active'),
(93, 93, 0, 127, 1, '2022-10-07 08:07:19', NULL, 0, 'active'),
(94, 94, 0, 128, 1, '2022-10-07 08:42:11', NULL, 0, 'active'),
(95, 95, 0, 138, 1, '2022-10-07 08:43:11', NULL, 0, 'active'),
(96, 96, 0, 139, 1, '2022-10-07 09:02:58', NULL, 0, 'active'),
(97, 97, 0, 140, 1, '2022-10-07 09:03:35', NULL, 0, 'active'),
(98, 98, 0, 142, 1, '2022-10-07 09:04:04', NULL, 0, 'active'),
(99, 99, 0, 144, 1, '2022-10-07 09:04:32', NULL, 0, 'active'),
(100, 100, 0, 145, 1, '2022-10-07 09:05:05', NULL, 0, 'active'),
(101, 101, 0, 146, 1, '2022-10-07 09:05:40', NULL, 0, 'active'),
(102, 102, 0, 147, 1, '2022-10-07 09:05:55', NULL, 0, 'active'),
(103, 103, 0, 148, 1, '2022-10-11 09:25:05', NULL, 0, 'active'),
(104, 104, 0, 149, 1, '2022-10-11 09:25:39', NULL, 0, 'active'),
(105, 105, 0, 150, 1, '2022-10-11 09:26:04', NULL, 0, 'active'),
(106, 106, 0, 151, 1, '2022-10-11 09:26:44', NULL, 0, 'active'),
(107, 107, 0, 152, 1, '2022-10-11 09:38:13', NULL, 0, 'active'),
(108, 108, 0, 153, 1, '2022-10-11 09:38:41', NULL, 0, 'active'),
(109, 109, 0, 154, 1, '2022-10-11 09:39:09', NULL, 0, 'active'),
(110, 110, 0, 155, 1, '2022-10-11 09:39:30', NULL, 0, 'active'),
(111, 111, 0, 156, 1, '2022-10-11 09:39:58', NULL, 0, 'active'),
(112, 112, 0, 157, 1, '2022-10-11 09:40:37', NULL, 0, 'active'),
(113, 113, 0, 158, 1, '2022-10-11 09:41:25', NULL, 0, 'active'),
(114, 114, 0, 159, 1, '2022-10-11 09:41:49', NULL, 0, 'active'),
(115, 115, 0, 160, 1, '2022-10-11 09:42:15', NULL, 0, 'active'),
(116, 116, 0, 161, 1, '2022-10-11 12:26:29', NULL, 0, 'active'),
(117, 117, 0, 162, 1, '2022-10-11 12:27:31', NULL, 0, 'active'),
(118, 118, 0, 163, 1, '2022-10-11 12:29:24', NULL, 0, 'active'),
(119, 119, 0, 164, 1, '2022-10-11 12:30:08', NULL, 0, 'active'),
(120, 120, 0, 165, 1, '2022-10-11 12:36:47', NULL, 0, 'active'),
(121, 121, 0, 168, 1, '2022-10-11 12:37:32', NULL, 0, 'active'),
(122, 122, 0, 169, 1, '2022-10-11 12:39:47', NULL, 0, 'active'),
(123, 123, 0, 170, 1, '2022-10-11 12:59:46', NULL, 0, 'active'),
(124, 124, 0, 171, 1, '2022-10-11 13:01:03', NULL, 0, 'active'),
(125, 125, 0, 172, 1, '2022-10-11 13:05:33', NULL, 0, 'active'),
(126, 126, 0, 173, 1, '2022-10-11 13:05:55', NULL, 0, 'active'),
(127, 127, 0, 174, 1, '2022-10-11 13:06:16', NULL, 0, 'active'),
(128, 128, 0, 175, 1, '2022-10-13 08:02:35', NULL, 0, 'active'),
(129, 129, 0, 176, 1, '2022-10-13 08:03:06', NULL, 0, 'active'),
(130, 130, 0, 177, 1, '2022-10-13 08:03:28', NULL, 0, 'active'),
(131, 131, 0, 178, 1, '2022-10-13 08:04:28', NULL, 0, 'active'),
(132, 132, 0, 179, 1, '2022-10-13 08:04:57', NULL, 0, 'active'),
(133, 133, 0, 180, 1, '2022-10-13 08:28:02', NULL, 0, 'active'),
(134, 134, 0, 181, 1, '2022-10-13 08:28:44', NULL, 0, 'active'),
(135, 135, 0, 182, 1, '2022-10-13 08:29:10', NULL, 0, 'active'),
(136, 136, 0, 183, 1, '2022-10-13 08:29:40', NULL, 0, 'active'),
(137, 137, 0, 184, 1, '2022-10-13 08:41:13', NULL, 0, 'active'),
(138, 138, 0, 185, 1, '2022-10-13 08:41:40', NULL, 0, 'active'),
(139, 139, 0, 186, 1, '2022-10-13 08:42:15', NULL, 0, 'active'),
(140, 140, 0, 187, 1, '2022-10-13 08:42:37', NULL, 0, 'active'),
(141, 141, 0, 188, 1, '2022-10-13 08:42:54', NULL, 0, 'active'),
(142, 142, 0, 189, 1, '2022-10-13 08:48:29', NULL, 0, 'active'),
(143, 143, 0, 190, 1, '2022-10-13 08:48:58', NULL, 0, 'active'),
(144, 144, 0, 191, 1, '2022-10-13 08:49:19', NULL, 0, 'active'),
(145, 145, 0, 192, 1, '2022-10-13 08:49:46', NULL, 0, 'active'),
(146, 146, 0, 193, 1, '2022-10-13 08:50:06', NULL, 0, 'active'),
(147, 147, 0, 194, 1, '2022-10-13 08:50:32', NULL, 0, 'active'),
(148, 148, 0, 195, 1, '2022-10-13 09:07:44', NULL, 0, 'active'),
(149, 149, 0, 196, 1, '2022-10-13 09:08:19', NULL, 0, 'active'),
(150, 150, 0, 197, 1, '2022-10-13 09:08:37', NULL, 0, 'active'),
(151, 151, 0, 198, 1, '2022-10-13 09:37:02', NULL, 0, 'active'),
(152, 152, 0, 199, 1, '2022-10-13 09:40:17', NULL, 0, 'active'),
(153, 153, 0, 200, 1, '2022-10-13 09:40:37', NULL, 0, 'active'),
(154, 154, 0, 201, 1, '2022-10-13 09:41:11', NULL, 0, 'active'),
(155, 155, 0, 202, 1, '2022-10-13 09:42:51', NULL, 0, 'active'),
(156, 156, 0, 203, 1, '2022-10-13 09:51:31', NULL, 0, 'active'),
(157, 157, 0, 204, 1, '2022-10-13 09:51:58', NULL, 0, 'active'),
(158, 158, 0, 205, 1, '2022-10-13 09:52:24', NULL, 0, 'active'),
(159, 159, 0, 206, 1, '2022-10-13 09:52:42', NULL, 0, 'active'),
(160, 160, 0, 207, 1, '2022-10-13 09:53:02', NULL, 0, 'active'),
(161, 161, 0, 208, 1, '2022-10-13 09:54:00', NULL, 0, 'active'),
(162, 162, 0, 209, 1, '2022-10-13 10:15:59', NULL, 0, 'active'),
(163, 163, 0, 210, 1, '2022-10-13 10:16:17', NULL, 0, 'active'),
(164, 164, 0, 211, 1, '2022-10-13 10:16:46', NULL, 0, 'active'),
(165, 165, 0, 212, 1, '2022-10-13 10:17:17', NULL, 0, 'active'),
(166, 166, 0, 213, 1, '2022-10-13 10:36:10', NULL, 0, 'active'),
(167, 167, 0, 214, 1, '2022-10-13 10:36:29', NULL, 0, 'active'),
(168, 168, 0, 215, 1, '2022-10-13 10:37:21', NULL, 0, 'active'),
(169, 169, 0, 216, 1, '2022-10-13 10:39:12', NULL, 0, 'active'),
(170, 170, 0, 217, 1, '2022-10-13 10:40:51', NULL, 0, 'active'),
(171, 171, 0, 218, 1, '2022-10-13 12:17:02', NULL, 0, 'active'),
(172, 172, 0, 219, 1, '2022-10-13 12:19:07', NULL, 0, 'active'),
(173, 173, 0, 220, 1, '2022-10-13 12:20:18', NULL, 0, 'active'),
(174, 174, 0, 221, 1, '2022-10-13 12:20:42', NULL, 0, 'active'),
(175, 175, 0, 222, 1, '2022-10-13 12:21:16', NULL, 0, 'active'),
(176, 176, 0, 223, 1, '2022-10-13 12:21:57', NULL, 0, 'active'),
(177, 177, 0, 224, 1, '2022-10-13 12:44:53', NULL, 0, 'active'),
(178, 178, 0, 225, 1, '2022-10-13 12:45:14', NULL, 0, 'active'),
(179, 179, 0, 226, 1, '2022-10-13 12:45:41', NULL, 0, 'active'),
(180, 180, 0, 227, 1, '2022-10-13 12:46:22', NULL, 0, 'active'),
(181, 181, 0, 228, 1, '2022-10-13 13:05:06', NULL, 0, 'active'),
(182, 182, 0, 229, 1, '2022-10-13 13:05:31', NULL, 0, 'active'),
(183, 183, 0, 230, 1, '2022-10-13 13:05:57', NULL, 0, 'active'),
(184, 184, 0, 231, 1, '2022-10-14 07:00:56', NULL, 0, 'active'),
(185, 185, 0, 232, 1, '2022-10-14 07:02:09', NULL, 0, 'active'),
(186, 186, 0, 233, 1, '2022-10-14 07:02:45', NULL, 0, 'active'),
(187, 187, 0, 234, 1, '2022-10-14 07:03:12', NULL, 0, 'active'),
(188, 188, 0, 235, 1, '2022-10-14 07:03:31', NULL, 0, 'active'),
(189, 189, 0, 236, 1, '2022-10-14 07:49:01', NULL, 0, 'active'),
(190, 190, 0, 237, 1, '2022-10-14 07:50:08', NULL, 0, 'active'),
(191, 191, 0, 238, 1, '2022-10-14 07:50:38', NULL, 0, 'active'),
(192, 192, 0, 239, 1, '2022-10-14 07:52:18', NULL, 0, 'active'),
(193, 193, 0, 240, 1, '2022-10-14 08:04:45', NULL, 0, 'active'),
(194, 194, 0, 241, 1, '2022-10-14 08:05:05', NULL, 0, 'active'),
(195, 195, 0, 242, 1, '2022-10-14 08:13:53', NULL, 0, 'active'),
(196, 196, 0, 243, 1, '2022-10-14 08:14:13', NULL, 0, 'active'),
(197, 197, 0, 246, 1, '2022-10-14 08:24:53', NULL, 0, 'active'),
(198, 198, 0, 247, 1, '2022-10-14 08:25:46', NULL, 0, 'active'),
(199, 199, 0, 248, 1, '2022-10-14 08:26:02', NULL, 0, 'active'),
(200, 200, 0, 250, 1, '2022-10-14 08:26:20', NULL, 0, 'active'),
(201, 201, 0, 251, 1, '2022-10-14 08:41:25', NULL, 0, 'active'),
(202, 202, 0, 252, 1, '2022-10-14 08:51:31', NULL, 0, 'active'),
(203, 203, 0, 253, 1, '2022-10-14 08:51:57', NULL, 0, 'active'),
(204, 204, 0, 254, 1, '2022-10-14 08:52:22', NULL, 0, 'active'),
(205, 205, 0, 255, 1, '2022-10-14 08:52:57', NULL, 0, 'active'),
(206, 206, 0, 256, 1, '2022-10-14 08:53:22', NULL, 0, 'active'),
(207, 207, 0, 257, 1, '2022-10-16 07:10:04', NULL, 0, 'active'),
(208, 208, 0, 258, 1, '2022-10-16 07:19:53', NULL, 0, 'active'),
(209, 209, 0, 259, 1, '2022-10-16 07:34:09', NULL, 0, 'active'),
(210, 210, 0, 260, 1, '2022-10-16 07:37:15', NULL, 0, 'active'),
(211, 211, 0, 263, 1, '2022-10-16 07:39:38', NULL, 0, 'active'),
(212, 212, 0, 264, 1, '2022-10-16 07:40:15', NULL, 0, 'active'),
(213, 213, 0, 265, 1, '2022-10-16 07:54:20', NULL, 0, 'active'),
(214, 214, 0, 267, 1, '2022-10-16 07:55:08', NULL, 0, 'active'),
(215, 215, 0, 268, 1, '2022-10-16 08:02:03', NULL, 0, 'active'),
(216, 216, 0, 269, 1, '2022-10-16 08:02:25', NULL, 0, 'active'),
(217, 217, 0, 270, 1, '2022-10-16 08:03:08', NULL, 0, 'active'),
(218, 218, 0, 271, 1, '2022-10-16 08:13:56', NULL, 0, 'active'),
(219, 219, 0, 272, 1, '2022-10-16 08:14:24', NULL, 0, 'active'),
(220, 220, 0, 273, 1, '2022-10-16 08:14:46', NULL, 0, 'active'),
(221, 221, 0, 274, 1, '2022-10-16 08:18:21', NULL, 0, 'active'),
(222, 222, 0, 275, 1, '2022-10-16 08:20:04', NULL, 0, 'active'),
(223, 223, 0, 276, 1, '2022-10-16 08:20:39', NULL, 0, 'active'),
(224, 224, 0, 277, 1, '2022-10-16 08:37:38', NULL, 0, 'active'),
(225, 225, 0, 278, 1, '2022-10-16 08:39:53', NULL, 0, 'active'),
(226, 226, 0, 279, 1, '2022-10-16 08:53:59', NULL, 0, 'active'),
(227, 227, 0, 280, 1, '2022-10-16 08:54:41', NULL, 0, 'active'),
(228, 228, 0, 281, 1, '2022-10-16 09:18:32', NULL, 0, 'active'),
(229, 229, 0, 282, 1, '2022-10-16 09:18:59', NULL, 0, 'active'),
(230, 230, 0, 283, 1, '2022-10-16 09:19:29', NULL, 0, 'active'),
(231, 231, 0, 285, 1, '2022-10-16 09:31:02', NULL, 0, 'active'),
(232, 232, 0, 286, 1, '2022-10-16 09:31:41', NULL, 0, 'active'),
(233, 233, 0, 288, 1, '2022-10-16 09:32:19', NULL, 0, 'active'),
(234, 234, 0, 289, 1, '2022-10-16 09:40:48', NULL, 0, 'active'),
(235, 235, 0, 290, 1, '2022-10-16 09:41:12', NULL, 0, 'active'),
(236, 236, 0, 291, 1, '2022-10-16 09:41:39', NULL, 0, 'active'),
(237, 237, 0, 295, 1, '2022-10-16 09:42:09', NULL, 0, 'active'),
(238, 238, 0, 299, 1, '2022-10-16 10:00:38', NULL, 0, 'active'),
(239, 239, 0, 302, 1, '2022-10-16 10:01:23', NULL, 0, 'active'),
(240, 240, 0, 303, 1, '2022-10-16 10:02:37', NULL, 0, 'active'),
(241, 241, 0, 306, 1, '2022-10-18 07:00:26', NULL, 0, 'active'),
(242, 242, 0, 307, 1, '2022-10-18 07:07:18', NULL, 0, 'active'),
(243, 243, 0, 308, 1, '2022-10-18 07:15:43', NULL, 0, 'active'),
(244, 244, 0, 309, 1, '2022-10-18 07:19:32', NULL, 0, 'active'),
(245, 245, 0, 310, 1, '2022-10-18 07:22:00', NULL, 0, 'active'),
(246, 246, 0, 311, 1, '2022-10-18 07:23:23', NULL, 0, 'active'),
(247, 247, 0, 312, 1, '2022-10-18 07:24:27', NULL, 0, 'active'),
(248, 248, 0, 313, 1, '2022-10-18 07:26:41', NULL, 0, 'active'),
(249, 249, 0, 314, 1, '2022-10-18 07:27:39', NULL, 0, 'active'),
(250, 250, 0, 315, 1, '2022-10-18 07:29:29', NULL, 0, 'active'),
(251, 251, 0, 316, 1, '2022-10-18 07:30:30', NULL, 0, 'active'),
(252, 252, 0, 317, 1, '2022-10-18 07:31:57', NULL, 0, 'active'),
(253, 253, 0, 318, 1, '2022-10-18 13:24:30', NULL, 0, 'active'),
(254, 254, 0, 319, 1, '2022-10-18 13:28:31', NULL, 0, 'active'),
(255, 255, 0, 320, 1, '2022-10-18 13:43:26', NULL, 0, 'active'),
(256, 256, 0, 321, 1, '2022-10-18 13:56:47', NULL, 0, 'active'),
(257, 257, 0, 322, 1, '2022-10-18 13:57:47', NULL, 0, 'active'),
(258, 258, 0, 323, 1, '2022-10-18 13:58:19', NULL, 0, 'active'),
(259, 259, 0, 324, 1, '2022-10-19 06:46:10', NULL, 0, 'active'),
(260, 260, 0, 325, 1, '2022-10-19 07:05:03', NULL, 0, 'active'),
(261, 261, 0, 326, 1, '2022-10-19 07:06:17', NULL, 0, 'active'),
(262, 262, 0, 327, 1, '2022-10-18 07:10:57', NULL, 0, 'active'),
(263, 263, 0, 328, 1, '2022-10-18 07:13:13', NULL, 0, 'active'),
(264, 264, 0, 329, 1, '2022-10-18 07:26:11', NULL, 0, 'active'),
(265, 265, 0, 330, 1, '2022-10-18 07:31:55', NULL, 0, 'active'),
(266, 266, 0, 333, 1, '2022-10-18 07:32:34', NULL, 0, 'active'),
(267, 267, 0, 334, 1, '2022-10-18 07:32:57', NULL, 0, 'active'),
(268, 268, 0, 337, 1, '2022-10-18 07:49:43', NULL, 0, 'active'),
(269, 269, 0, 338, 1, '2022-10-18 07:52:51', NULL, 0, 'active'),
(270, 270, 0, 339, 1, '2022-10-18 07:53:12', NULL, 0, 'active'),
(271, 271, 0, 341, 1, '2022-10-18 07:57:51', NULL, 0, 'active'),
(272, 272, 0, 343, 1, '2022-10-18 07:59:27', NULL, 0, 'active'),
(273, 273, 0, 344, 1, '2022-10-18 08:01:33', NULL, 0, 'active'),
(274, 274, 0, 345, 1, '2022-10-18 08:46:51', NULL, 0, 'active'),
(275, 275, 0, 346, 1, '2022-10-18 11:49:44', NULL, 0, 'active'),
(276, 276, 0, 347, 1, '2022-10-18 11:54:38', NULL, 0, 'active'),
(277, 277, 0, 348, 1, '2022-10-18 11:56:03', NULL, 0, 'active'),
(278, 278, 0, 349, 1, '2022-10-18 11:59:22', NULL, 0, 'active'),
(279, 279, 0, 350, 1, '2022-10-18 11:59:59', NULL, 0, 'active'),
(280, 280, 0, 351, 1, '2022-10-18 12:00:35', NULL, 0, 'active'),
(281, 281, 0, 352, 1, '2022-10-18 12:01:30', NULL, 0, 'active'),
(282, 282, 0, 353, 1, '2022-10-18 12:16:51', NULL, 0, 'active'),
(283, 283, 0, 356, 1, '2022-10-18 12:20:26', NULL, 0, 'active'),
(284, 284, 0, 357, 1, '2022-10-18 12:28:55', NULL, 0, 'active'),
(285, 285, 0, 358, 1, '2022-10-19 07:17:24', NULL, 0, 'active'),
(286, 286, 0, 359, 1, '2022-10-19 09:46:30', NULL, 0, 'active'),
(287, 287, 0, 360, 1, '2022-11-30 07:28:38', NULL, 0, 'active'),
(288, 288, 0, 361, 1, '2022-11-30 07:30:53', NULL, 0, 'active'),
(289, 289, 0, 362, 1, '2022-11-30 07:37:25', NULL, 0, 'active'),
(290, 290, 0, 363, 1, '2022-11-30 08:00:32', NULL, 0, 'active'),
(291, 291, 0, 364, 1, '2022-11-30 12:42:28', NULL, 0, 'active'),
(292, 292, 0, 365, 1, '2022-11-30 12:43:27', NULL, 0, 'active'),
(293, 293, 0, 366, 1, '2022-12-01 07:14:02', NULL, 0, 'active'),
(294, 294, 0, 367, 1, '2022-12-01 07:55:06', NULL, 0, 'active'),
(295, 295, 0, 368, 1, '2022-12-01 10:10:42', NULL, 0, 'active'),
(296, 296, 0, 369, 1, '2022-12-01 10:16:23', NULL, 0, 'active'),
(297, 297, 0, 371, 1, '2022-12-01 10:17:44', NULL, 0, 'active'),
(298, 298, 0, 372, 1, '2022-12-01 12:24:01', NULL, 0, 'active'),
(299, 299, 0, 373, 1, '2022-12-01 12:24:24', NULL, 0, 'active'),
(300, 300, 0, 374, 1, '2022-12-01 12:30:08', NULL, 0, 'active'),
(301, 301, 0, 375, 1, '2022-12-01 13:41:13', NULL, 0, 'active'),
(302, 302, 0, 376, 1, '2022-12-03 08:38:01', NULL, 0, 'active'),
(303, 303, 0, 377, 1, '2022-12-03 08:56:03', NULL, 0, 'active'),
(304, 304, 0, 378, 1, '2023-12-12 12:56:56', NULL, 0, 'active');

-- --------------------------------------------------------

--
-- Table structure for table `groups`
--

CREATE TABLE `groups` (
  `id` int(11) NOT NULL,
  `name` varchar(45) DEFAULT NULL,
  `createdby` int(11) DEFAULT NULL,
  `doc` datetime DEFAULT NULL,
  `modifiedby` int(11) DEFAULT NULL,
  `dom` datetime DEFAULT NULL,
  `status` varchar(45) DEFAULT 'active'
) ENGINE=InnoDB DEFAULT CHARSET=latin1;

--
-- Dumping data for table `groups`
--

INSERT INTO `groups` (`id`, `name`, `createdby`, `doc`, `modifiedby`, `dom`, `status`) VALUES
(1, 'First Year', 1, '2022-10-05 09:47:32', NULL, NULL, 'active'),
(2, 'Over 1 year', 1, '2022-10-05 09:47:46', NULL, NULL, 'active'),
(3, 'Over 2 years', 1, '2022-10-05 09:47:56', 1, '2022-10-05 09:48:16', 'active'),
(4, 'Over 3 years', 1, '2022-10-05 09:48:09', NULL, NULL, 'active'),
(5, '4 years and above', 1, '2022-10-05 09:48:24', 1, '2022-10-05 11:10:16', 'active');

-- --------------------------------------------------------

--
-- Table structure for table `lpo`
--

CREATE TABLE `lpo` (
  `id` int(11) NOT NULL,
  `total_amount` decimal(18,2) NOT NULL,
  `supplierid` int(11) NOT NULL,
  `doc` datetime NOT NULL,
  `createdby` int(11) NOT NULL,
  `dom` datetime NOT NULL,
  `modifiedby` int(11) NOT NULL
) ENGINE=InnoDB DEFAULT CHARSET=latin1;

-- --------------------------------------------------------

--
-- Table structure for table `lpodetails`
--

CREATE TABLE `lpodetails` (
  `id` int(11) NOT NULL,
  `lpoid` int(11) NOT NULL,
  `productid` int(11) NOT NULL,
  `model` varchar(255) NOT NULL,
  `qty` int(11) NOT NULL,
  `rate` decimal(18,2) NOT NULL,
  `costasset` decimal(18,2) NOT NULL,
  `createdby` int(11) NOT NULL,
  `doc` datetime NOT NULL,
  `dom` datetime NOT NULL,
  `modifiedby` int(11) NOT NULL,
  `status` varchar(255) NOT NULL DEFAULT 'active'
) ENGINE=InnoDB DEFAULT CHARSET=latin1;

-- --------------------------------------------------------

--
-- Table structure for table `menus`
--

CREATE TABLE `menus` (
  `id` int(11) NOT NULL,
  `label` varchar(255) NOT NULL,
  `module` varchar(255) NOT NULL,
  `action` varchar(255) NOT NULL,
  `icon` varchar(255) NOT NULL,
  `sortno` int(11) NOT NULL,
  `status` int(11) NOT NULL
) ENGINE=InnoDB DEFAULT CHARSET=latin1;

--
-- Dumping data for table `menus`
--

INSERT INTO `menus` (`id`, `label`, `module`, `action`, `icon`, `sortno`, `status`) VALUES
(1, 'Masters', '', '', 'fa fa-cog', 1, 1),
(4, 'Transaction', '', '', 'fa fa-compass', 3, 1),
(5, 'Report', '', '', 'fa fa-line-chart', 7, 1),
(6, 'Asset Depreciation', 'depreciations', 'depreciation_categories', 'fa fa-calculator', 5, 1),
(7, 'Asset Verification', 'reports', 'index&for=asset_verification', 'fa fa-barcode', 6, 1),
(8, 'Procurement', 'procurements', '', 'fa fa-archive', 2, 1),
(9, 'Assets', '', '', 'fa fa-retweet', 4, 1),
(10, 'API Control', '', '', 'fa fa-link', 8, 1),
(11, 'Utility', '', '', 'fa fa-file', 1, 1),
(12, 'Tally', '', '', 'fa fa-link', 1, 1);

-- --------------------------------------------------------

--
-- Table structure for table `products`
--

CREATE TABLE `products` (
  `id` int(11) NOT NULL,
  `name` varchar(255) NOT NULL,
  `groupid` int(11) NOT NULL,
  `categorid` int(11) NOT NULL,
  `original_value` int(11) NOT NULL,
  `depreciate` enum('yes','no') NOT NULL DEFAULT 'yes',
  `depreciate_time` int(11) DEFAULT NULL COMMENT 'in months',
  `depreciate_start` date DEFAULT NULL,
  `status` varchar(255) NOT NULL,
  `doc` datetime NOT NULL,
  `createdby` int(11) NOT NULL,
  `dom` datetime NOT NULL,
  `modifiedby` int(11) NOT NULL,
  `image` varchar(255) NOT NULL,
  `product_model` varchar(255) DEFAULT NULL,
  `vat_percentage` int(255) NOT NULL,
  `tally_transfer_status` varchar(255) DEFAULT NULL
) ENGINE=InnoDB DEFAULT CHARSET=latin1;

--
-- Dumping data for table `products`
--

INSERT INTO `products` (`id`, `name`, `groupid`, `categorid`, `original_value`, `depreciate`, `depreciate_time`, `depreciate_start`, `status`, `doc`, `createdby`, `dom`, `modifiedby`, `image`, `product_model`, `vat_percentage`, `tally_transfer_status`) VALUES
(1, 'Air Lux Air Conditioner ', 1, 1, 0, 'yes', 0, '0000-00-00', 'active', '2022-10-05 11:45:11', 1, '0000-00-00 00:00:00', 0, '1664959511-download.png', '', 0, NULL),
(2, 'Visitor Chair', 1, 1, 0, 'yes', 0, '0000-00-00', 'active', '2022-10-05 11:47:47', 1, '0000-00-00 00:00:00', 0, '1664959667-sit.jpg', '', 0, NULL),
(3, 'Office low back chair', 1, 1, 0, 'yes', 0, '0000-00-00', 'active', '2022-10-05 12:00:39', 1, '0000-00-00 00:00:00', 0, '1664960439-RECEPTION-CHAIRS-OP.jpg', '', 0, NULL),
(4, 'High back Manager Office chair', 1, 1, 0, 'yes', 0, '0000-00-00', 'active', '2022-10-05 12:04:05', 1, '2022-10-19 11:16:16', 1, '1665494129-High-Back.jpg', '', 0, 'transfered'),
(5, 'Office Table (Length 1.2M Width 59.7Cm)', 2, 1, 0, 'yes', 0, '0000-00-00', 'active', '2022-10-05 12:19:58', 1, '0000-00-00 00:00:00', 0, 'product-image.png', '', 0, NULL),
(6, 'Money Counter Machine', 2, 2, 0, 'yes', 0, '0000-00-00', 'active', '2022-10-05 12:24:26', 1, '0000-00-00 00:00:00', 0, '1664961866-money.jpg', '', 0, NULL),
(7, 'Water dispenser (westpoint)', 1, 1, 0, 'yes', 0, '0000-00-00', 'active', '2022-10-05 12:27:38', 1, '2022-10-05 12:34:11', 1, '1664962451-disp.jpg', '', 0, 'transfered'),
(8, 'Printer (Canon Image runner 2204)', 2, 2, 0, 'yes', 0, '0000-00-00', 'active', '2022-10-05 12:39:58', 1, '0000-00-00 00:00:00', 0, '1664962798-runner.png', '', 0, NULL),
(9, 'Dell Latitude E 6430 (intel)', 4, 2, 0, 'yes', 0, '0000-00-00', 'active', '2022-10-05 12:44:02', 1, '0000-00-00 00:00:00', 0, '1664963042-pro.jpg', '', 0, NULL),
(10, 'Samsung Galaxy A30', 3, 4, 0, 'yes', 0, '0000-00-00', 'active', '2022-10-05 12:51:17', 1, '2022-10-05 12:55:44', 1, '1664963744-A30.jpg', '', 0, 'transfered'),
(11, 'Yealink Landline', 2, 4, 0, 'yes', 0, '0000-00-00', 'active', '2022-10-05 12:52:20', 1, '2022-10-05 12:54:58', 1, '1664963698-yealink.jpeg', '', 0, 'transfered'),
(12, 'Grandstream Landline', 3, 4, 0, 'yes', 0, '0000-00-00', 'active', '2022-10-05 12:52:45', 1, '2022-10-05 12:54:44', 1, '1664963684-71TQQKRp0xL._SL1016_.jpg', '', 0, 'transfered'),
(13, 'UPS APC 650', 1, 2, 0, 'yes', 0, '0000-00-00', 'active', '2022-10-05 13:02:44', 1, '0000-00-00 00:00:00', 0, 'product-image.png', '', 0, NULL),
(14, 'UPS (Touch mate)', 2, 2, 0, 'yes', 0, '0000-00-00', 'active', '2022-10-05 13:03:27', 1, '2022-10-05 13:07:20', 1, '1664964440-ngupsvawne_4905792.jpg', '', 0, 'transfered'),
(15, 'UPS (Office point 650AV)', 2, 2, 0, 'yes', 0, '0000-00-00', 'active', '2022-10-05 13:04:08', 1, '0000-00-00 00:00:00', 0, 'product-image.png', '', 0, NULL),
(16, 'UPS (BACK-UPS) CS', 2, 2, 0, 'yes', 0, '0000-00-00', 'active', '2022-10-05 13:08:53', 1, '0000-00-00 00:00:00', 0, 'product-image.png', '', 0, NULL),
(17, 'UPS (Back ups 700)', 0, 2, 0, 'yes', 0, '0000-00-00', 'active', '2022-10-05 13:15:37', 1, '0000-00-00 00:00:00', 0, 'product-image.png', '', 0, NULL),
(18, 'UPS (Back ups 700)', 2, 2, 0, 'yes', 0, '0000-00-00', 'active', '2022-10-05 13:16:26', 1, '0000-00-00 00:00:00', 0, 'product-image.png', '', 0, NULL),
(19, 'Infinix smart 4', 3, 4, 0, 'yes', 0, '0000-00-00', 'active', '2022-10-05 13:22:55', 1, '0000-00-00 00:00:00', 0, 'product-image.png', '', 0, NULL),
(20, 'Infinix hot 10i', 3, 4, 0, 'yes', 0, '0000-00-00', 'active', '2022-10-05 13:25:11', 1, '0000-00-00 00:00:00', 0, 'product-image.png', '', 0, NULL),
(21, 'HP Laserjet pro M102A printer', 2, 2, 0, 'yes', 0, '0000-00-00', 'active', '2022-10-05 13:26:57', 1, '2022-10-11 16:09:59', 1, 'product-image.png', '', 0, 'transfered'),
(22, 'Infinix smart 5', 3, 4, 0, 'yes', 0, '0000-00-00', 'active', '2022-10-05 13:36:30', 1, '0000-00-00 00:00:00', 0, 'product-image.png', '', 0, NULL),
(23, 'Samsung SM-A260F', 2, 4, 0, 'yes', 0, '0000-00-00', 'active', '2022-10-05 13:38:05', 1, '0000-00-00 00:00:00', 0, 'product-image.png', '', 0, NULL),
(24, 'LV switch landline', 2, 4, 0, 'yes', 0, '0000-00-00', 'active', '2022-10-05 13:39:49', 1, '2023-05-02 11:26:42', 1, '1683016002-grand.jpg', '', 0, 'transfered'),
(25, 'Nokia Smartphone', 2, 4, 0, 'yes', 0, '0000-00-00', 'active', '2022-10-05 13:40:58', 1, '2022-10-05 14:52:08', 1, 'product-image.png', '', 0, 'transfered'),
(26, 'Lenovo System Unit', 2, 2, 0, 'yes', 0, '0000-00-00', 'active', '2022-10-05 13:42:59', 1, '0000-00-00 00:00:00', 0, 'product-image.png', '', 0, NULL),
(27, 'HP Desktop Monitor ', 2, 2, 0, 'yes', 0, '0000-00-00', 'active', '2022-10-05 13:44:18', 1, '0000-00-00 00:00:00', 0, 'product-image.png', '', 0, NULL),
(28, 'Led Desktop Monitor', 2, 2, 0, 'yes', 0, '0000-00-00', 'active', '2022-10-05 13:45:21', 1, '0000-00-00 00:00:00', 0, 'product-image.png', '', 0, NULL),
(29, 'Dell Vostro (System Unit)', 2, 2, 0, 'yes', 0, '0000-00-00', 'active', '2022-10-05 13:46:54', 1, '0000-00-00 00:00:00', 0, 'product-image.png', '', 0, NULL),
(30, 'FUJITSU system Unit', 4, 2, 0, 'yes', 0, '0000-00-00', 'active', '2022-10-05 13:47:52', 1, '0000-00-00 00:00:00', 0, 'product-image.png', '', 0, NULL),
(31, 'Nodric System Unit', 3, 2, 0, 'yes', 0, '0000-00-00', 'active', '2022-10-05 13:48:54', 1, '0000-00-00 00:00:00', 0, 'product-image.png', '', 0, NULL),
(32, 'FUJITSU Desktop Monitor', 4, 2, 0, 'yes', 0, '0000-00-00', 'active', '2022-10-05 13:49:54', 1, '0000-00-00 00:00:00', 0, 'product-image.png', '', 0, NULL),
(33, 'HP System Unit', 2, 2, 0, 'yes', 0, '0000-00-00', 'active', '2022-10-05 13:50:40', 1, '0000-00-00 00:00:00', 0, 'product-image.png', '', 0, NULL),
(34, 'OCOM Printer', 2, 2, 0, 'yes', 0, '0000-00-00', 'active', '2022-10-05 13:51:23', 1, '0000-00-00 00:00:00', 0, 'product-image.png', '', 0, NULL),
(35, 'Dell Desktop Monitor', 1, 2, 0, 'yes', 0, '0000-00-00', 'active', '2022-10-05 14:11:36', 1, '0000-00-00 00:00:00', 0, 'product-image.png', '', 0, NULL),
(36, 'Epson Printer 3110', 2, 2, 0, 'yes', 0, '0000-00-00', 'active', '2022-10-05 14:13:09', 1, '0000-00-00 00:00:00', 0, 'product-image.png', '', 0, NULL),
(37, 'HP Monitor screen', 2, 2, 0, 'yes', 0, '0000-00-00', 'active', '2022-10-05 14:18:45', 1, '2022-11-30 10:23:58', 1, 'product-image.png', '', 0, 'transfered'),
(38, 'Mini System Unit', 2, 2, 0, 'yes', 0, '0000-00-00', 'active', '2022-10-05 14:20:44', 1, '2022-10-06 12:00:30', 1, 'product-image.png', '', 0, 'transfered'),
(39, 'Selcom Machine', 2, 2, 0, 'yes', 0, '0000-00-00', 'active', '2022-10-05 14:42:23', 1, '0000-00-00 00:00:00', 0, 'product-image.png', '', 0, NULL),
(40, 'Led Desktop Monitor', 2, 2, 0, 'yes', 0, '0000-00-00', 'active', '2022-10-05 14:55:00', 1, '0000-00-00 00:00:00', 0, 'product-image.png', '', 0, NULL),
(41, 'Led Desktop Monitor', 2, 2, 0, 'yes', 0, '0000-00-00', 'active', '2022-10-05 14:55:59', 1, '0000-00-00 00:00:00', 0, 'product-image.png', '', 0, NULL),
(42, 'Lenovo Monitor screen', 2, 2, 0, 'yes', 0, '0000-00-00', 'active', '2022-10-05 14:57:00', 1, '0000-00-00 00:00:00', 0, 'product-image.png', '', 0, NULL),
(43, 'Monitor screen (HIK VISION)', 2, 2, 0, 'yes', 0, '0000-00-00', 'active', '2022-10-05 14:59:26', 1, '0000-00-00 00:00:00', 0, 'product-image.png', '', 0, NULL),
(44, 'Payment machine (SP 600 PESAPAL)', 2, 2, 0, 'yes', 0, '0000-00-00', 'active', '2022-10-05 14:59:53', 1, '0000-00-00 00:00:00', 0, 'product-image.png', '', 0, NULL),
(45, 'Dell System Unit ', 1, 2, 0, 'yes', 0, '0000-00-00', 'active', '2022-10-05 15:07:00', 1, '0000-00-00 00:00:00', 0, 'product-image.png', '', 0, NULL),
(46, 'System unit (HP R5800)', 2, 2, 0, 'yes', 0, '0000-00-00', 'active', '2022-10-05 15:08:21', 1, '0000-00-00 00:00:00', 0, 'product-image.png', '', 0, NULL),
(47, 'System unit (Dell optiplex 780)', 2, 2, 0, 'yes', 0, '0000-00-00', 'active', '2022-10-05 15:24:34', 1, '0000-00-00 00:00:00', 0, 'product-image.png', '', 0, NULL),
(48, 'HP Barcode scanner', 2, 2, 0, 'yes', 0, '0000-00-00', 'active', '2022-10-05 15:35:42', 1, '0000-00-00 00:00:00', 0, 'product-image.png', '', 0, NULL),
(49, 'UPS (Intex)', 2, 2, 0, 'yes', 0, '0000-00-00', 'active', '2022-10-05 16:41:36', 1, '0000-00-00 00:00:00', 0, 'product-image.png', '', 0, NULL),
(50, 'UPS (APC)', 2, 2, 0, 'yes', 0, '0000-00-00', 'active', '2022-10-06 09:27:32', 1, '2022-10-13 10:58:25', 1, 'product-image.png', '', 0, 'transfered'),
(51, 'Modem (TP link M 7200 4Lite)', 2, 2, 0, 'yes', 0, '0000-00-00', 'active', '2022-10-06 09:38:35', 1, '0000-00-00 00:00:00', 0, 'product-image.png', '', 0, NULL),
(52, 'DVD Lite (Trancend)', 2, 2, 0, 'yes', 0, '0000-00-00', 'active', '2022-10-06 09:39:04', 1, '0000-00-00 00:00:00', 0, 'product-image.png', '', 0, NULL),
(53, ' Monitor Desktop (Good vision)', 2, 2, 0, 'yes', 0, '0000-00-00', 'active', '2022-10-06 15:18:03', 1, '0000-00-00 00:00:00', 0, 'product-image.png', '', 0, NULL),
(54, 'One seater Office Table', 4, 1, 0, 'yes', 0, '0000-00-00', 'active', '2022-10-06 15:18:46', 1, '2022-10-19 11:19:06', 1, 'product-image.png', '', 0, 'transfered'),
(55, 'HP PC (pro book 6460b)', 2, 2, 0, 'yes', 0, '0000-00-00', 'active', '2022-10-06 15:27:31', 1, '0000-00-00 00:00:00', 0, 'product-image.png', '', 0, NULL),
(56, 'Hp PC (840 Corei5)', 2, 2, 0, 'yes', 0, '0000-00-00', 'active', '2022-10-06 15:38:45', 1, '0000-00-00 00:00:00', 0, 'product-image.png', '', 0, NULL),
(57, 'HP PC (pro book 4330s)', 5, 2, 0, 'yes', 0, '0000-00-00', 'active', '2022-10-07 09:41:36', 1, '0000-00-00 00:00:00', 0, 'product-image.png', '', 0, NULL),
(58, 'Lenovo Think Pad PC', 3, 2, 0, 'yes', 0, '0000-00-00', 'active', '2022-10-07 09:48:35', 1, '0000-00-00 00:00:00', 0, 'product-image.png', '', 0, NULL),
(59, 'Infinix hot 9', 2, 4, 0, 'yes', 0, '0000-00-00', 'active', '2022-10-07 09:57:28', 1, '0000-00-00 00:00:00', 0, 'product-image.png', '', 0, NULL),
(60, 'HP System Unit (290GIMT)', 2, 2, 0, 'yes', 0, '0000-00-00', 'active', '2022-10-07 10:28:56', 1, '0000-00-00 00:00:00', 0, 'product-image.png', '', 0, NULL),
(61, 'Lenovo PC X250', 2, 2, 0, 'yes', 0, '0000-00-00', 'active', '2022-10-07 10:49:07', 1, '0000-00-00 00:00:00', 0, 'product-image.png', '', 0, NULL),
(62, 'HP Laptop (corei7 840)', 2, 2, 0, 'yes', 0, '0000-00-00', 'active', '2022-10-07 10:56:45', 1, '2022-10-07 11:01:14', 1, 'product-image.png', '', 0, 'transfered'),
(63, 'One Shelve Table', 2, 1, 0, 'yes', 0, '0000-00-00', 'active', '2022-10-07 10:58:12', 1, '0000-00-00 00:00:00', 0, 'product-image.png', '', 0, NULL),
(64, 'Epson Printer (PrecisionCore)', 2, 2, 0, 'yes', 0, '0000-00-00', 'active', '2022-10-07 11:29:28', 1, '0000-00-00 00:00:00', 0, 'product-image.png', '', 0, NULL),
(65, 'System Unit (FUJITSU Esprimo)', 2, 2, 0, 'yes', 0, '0000-00-00', 'active', '2022-10-07 11:30:33', 1, '0000-00-00 00:00:00', 0, 'product-image.png', '', 0, NULL),
(66, 'Metal Cabinet (Double door)', 3, 1, 0, 'yes', 0, '0000-00-00', 'active', '2022-10-07 11:32:18', 1, '0000-00-00 00:00:00', 0, 'product-image.png', '', 0, NULL),
(67, 'Ignis Air Conditioner', 4, 1, 0, 'yes', 0, '0000-00-00', 'active', '2022-10-07 11:33:19', 1, '0000-00-00 00:00:00', 0, 'product-image.png', '', 0, NULL),
(68, 'Mirror Cabinet', 1, 1, 0, 'yes', 0, '0000-00-00', 'active', '2022-10-07 11:33:57', 1, '2022-10-07 11:34:17', 1, 'product-image.png', '', 0, 'transfered'),
(69, 'Techno F1', 3, 4, 0, 'yes', 0, '0000-00-00', 'active', '2022-10-11 11:51:05', 1, '2022-10-11 11:51:17', 1, 'product-image.png', '', 0, 'transfered'),
(70, 'Techno RC6', 2, 4, 0, 'yes', 0, '0000-00-00', 'active', '2022-10-11 11:51:49', 1, '0000-00-00 00:00:00', 0, 'product-image.png', '', 0, NULL),
(71, 'Nokia (105)', 2, 4, 0, 'yes', 0, '0000-00-00', 'active', '2022-10-11 11:52:32', 1, '0000-00-00 00:00:00', 0, 'product-image.png', '105', 0, NULL),
(72, 'Samsung Desktop Monitor', 2, 2, 0, 'yes', 0, '0000-00-00', 'active', '2022-10-11 11:53:30', 1, '0000-00-00 00:00:00', 0, 'product-image.png', '', 0, NULL),
(73, 'HP Laptop (Probook corei7 440G5)', 2, 2, 0, 'yes', 0, '0000-00-00', 'active', '2022-10-11 12:01:52', 1, '0000-00-00 00:00:00', 0, 'product-image.png', '', 0, NULL),
(74, 'Samsung coreA3', 2, 4, 0, 'yes', 0, '0000-00-00', 'active', '2022-10-11 12:02:49', 1, '0000-00-00 00:00:00', 0, 'product-image.png', 'A3', 0, NULL),
(75, 'Two seater Table', 3, 1, 0, 'yes', 0, '0000-00-00', 'active', '2022-10-11 12:03:43', 1, '0000-00-00 00:00:00', 0, 'product-image.png', '', 0, NULL),
(76, 'Samsung Air Conditioner', 4, 1, 0, 'yes', 0, '0000-00-00', 'active', '2022-10-11 12:04:11', 1, '0000-00-00 00:00:00', 0, 'product-image.png', '', 0, NULL),
(77, 'Small Cupbaord', 3, 1, 0, 'yes', 0, '0000-00-00', 'active', '2022-10-11 12:04:57', 1, '0000-00-00 00:00:00', 0, 'product-image.png', '', 0, NULL),
(78, 'Lenovo ideapad 31411L05', 3, 2, 0, 'yes', 0, '0000-00-00', 'active', '2022-10-11 12:09:31', 1, '0000-00-00 00:00:00', 0, 'product-image.png', '', 0, NULL),
(79, 'Executive Visitor Chair ', 2, 1, 0, 'yes', 0, '0000-00-00', 'active', '2022-10-11 12:13:38', 1, '0000-00-00 00:00:00', 0, 'product-image.png', '', 0, NULL),
(80, 'HP Desktop (V197)', 2, 2, 0, 'yes', 0, '0000-00-00', 'active', '2022-10-11 16:03:56', 1, '0000-00-00 00:00:00', 0, 'product-image.png', '', 0, NULL),
(81, 'HP Laserjet 3050 PRINTER', 4, 2, 0, 'yes', 0, '0000-00-00', 'active', '2022-10-11 16:09:34', 1, '0000-00-00 00:00:00', 0, 'product-image.png', '', 0, NULL),
(82, 'UPS (ETN)', 3, 2, 0, 'yes', 0, '0000-00-00', 'active', '2022-10-13 10:58:05', 1, '0000-00-00 00:00:00', 0, 'product-image.png', '', 0, NULL),
(83, 'Monitor screen (inch 24)', 1, 2, 0, 'yes', 0, '0000-00-00', 'active', '2022-10-13 10:59:06', 1, '0000-00-00 00:00:00', 0, 'product-image.png', '', 0, NULL),
(84, 'Dell System Unit (Optiplex 3060)', 2, 2, 0, 'yes', 0, '0000-00-00', 'active', '2022-10-13 11:00:34', 1, '0000-00-00 00:00:00', 0, 'product-image.png', '', 0, NULL),
(85, 'Dell Latitude E 5440 (corei5)', 3, 2, 0, 'yes', 0, '0000-00-00', 'active', '2022-10-13 11:18:40', 1, '0000-00-00 00:00:00', 0, 'product-image.png', '', 0, NULL),
(86, 'Dell System Unit (Optiplex 3080)', 1, 2, 0, 'yes', 0, '0000-00-00', 'active', '2022-10-13 11:26:25', 1, '0000-00-00 00:00:00', 0, 'product-image.png', '', 0, NULL),
(87, 'One seater office  Table 2 drawers', 3, 1, 0, 'yes', 0, '0000-00-00', 'active', '2022-10-13 11:27:23', 1, '2023-05-02 11:12:45', 1, '1683015165-WhatsApp Image 2023-05-02 at 11.10.28.jpeg', '', 0, 'transfered'),
(88, 'System Unit (Touch Mate)', 5, 2, 0, 'yes', 0, '0000-00-00', 'active', '2022-10-13 11:30:41', 1, '0000-00-00 00:00:00', 0, 'product-image.png', '', 0, NULL),
(89, 'Transcend HDD (1TB)', 1, 2, 0, 'yes', 0, '0000-00-00', 'active', '2022-10-13 11:33:59', 1, '0000-00-00 00:00:00', 0, 'product-image.png', '', 0, NULL),
(90, 'Toshiba HDD (1TB)', 2, 2, 0, 'yes', 0, '0000-00-00', 'active', '2022-10-13 11:34:37', 1, '0000-00-00 00:00:00', 0, 'product-image.png', '', 0, NULL),
(91, 'Dell System Unit (Vostro)', 2, 2, 0, 'yes', 0, '0000-00-00', 'active', '2022-10-13 12:42:28', 1, '2022-10-16 10:34:58', 1, 'product-image.png', '', 0, 'transfered'),
(92, 'Samsung Monitor (syncmaster 933)', 4, 2, 0, 'yes', 0, '0000-00-00', 'active', '2022-10-13 13:13:48', 1, '0000-00-00 00:00:00', 0, 'product-image.png', '', 0, NULL),
(93, 'Samsung A03 Core', 1, 4, 0, 'yes', 0, '0000-00-00', 'active', '2022-10-13 13:38:47', 1, '0000-00-00 00:00:00', 0, 'product-image.png', '', 0, NULL),
(94, 'HP Laptop (348G3 Corei5)', 2, 2, 0, 'yes', 0, '0000-00-00', 'active', '2022-10-13 13:40:33', 1, '0000-00-00 00:00:00', 0, 'product-image.png', '', 0, NULL),
(95, 'HP Desktop (LV 2011)', 2, 2, 0, 'yes', 0, '0000-00-00', 'active', '2022-10-13 15:18:05', 1, '0000-00-00 00:00:00', 0, 'product-image.png', '', 0, NULL),
(96, 'Dell Laptop (Inspiran 15)', 2, 2, 0, 'yes', 0, '0000-00-00', 'active', '2022-10-13 15:32:43', 1, '0000-00-00 00:00:00', 0, 'product-image.png', '', 0, NULL),
(97, 'Mobile Ite(A24)', 3, 4, 0, 'yes', 0, '0000-00-00', 'active', '2022-10-13 15:44:15', 1, '0000-00-00 00:00:00', 0, 'product-image.png', '', 0, NULL),
(98, 'HP Laptop (corei5 440)', 2, 2, 0, 'yes', 0, '0000-00-00', 'active', '2022-10-13 16:04:27', 1, '0000-00-00 00:00:00', 0, 'product-image.png', '', 0, NULL),
(99, 'Mini One seater table 3 drawers', 4, 1, 0, 'yes', 0, '0000-00-00', 'active', '2022-10-14 09:55:51', 1, '0000-00-00 00:00:00', 0, 'product-image.png', '', 0, NULL),
(100, 'HP monitor screen (V194)', 3, 2, 0, 'yes', 0, '0000-00-00', 'active', '2022-10-14 09:59:55', 1, '0000-00-00 00:00:00', 0, 'product-image.png', '', 0, NULL),
(101, 'HP Laptop (6200U-Corei5) ', 2, 2, 0, 'yes', 0, '0000-00-00', 'active', '2022-10-14 11:04:27', 1, '0000-00-00 00:00:00', 0, 'product-image.png', '', 0, NULL),
(102, 'Lenovo Laptop (core i3)', 3, 2, 0, 'yes', 0, '0000-00-00', 'active', '2022-10-14 11:13:27', 1, '0000-00-00 00:00:00', 0, 'product-image.png', '', 0, NULL),
(103, 'LG Air Conditioner', 5, 1, 0, 'yes', 0, '0000-00-00', 'active', '2022-10-14 11:17:09', 1, '2022-10-14 11:23:41', 1, 'product-image.png', '', 0, 'transfered'),
(104, 'Hisense Air Conditioner', 1, 2, 0, 'yes', 0, '0000-00-00', 'active', '2022-10-14 11:24:20', 1, '0000-00-00 00:00:00', 0, 'product-image.png', '', 0, NULL),
(105, 'Six seater office Table', 4, 1, 0, 'yes', 0, '0000-00-00', 'active', '2022-10-14 11:40:39', 1, '2023-05-02 12:59:37', 1, 'product-image.png', '', 0, 'transfered'),
(106, 'Printer (EVOLIS)', 1, 2, 0, 'yes', 0, '0000-00-00', 'active', '2022-10-14 11:50:33', 1, '0000-00-00 00:00:00', 0, 'product-image.png', '', 0, NULL),
(107, 'HP Deskjet printer 2130', 4, 2, 0, 'yes', 0, '0000-00-00', 'active', '2022-10-16 10:11:25', 1, '0000-00-00 00:00:00', 0, 'product-image.png', '', 0, NULL),
(108, 'Reception Desk', 5, 1, 0, 'yes', 0, '0000-00-00', 'active', '2022-10-16 10:18:29', 1, '0000-00-00 00:00:00', 0, 'product-image.png', '', 0, NULL),
(109, 'Medium Table-reception', 5, 1, 0, 'yes', 0, '0000-00-00', 'active', '2022-10-16 10:19:31', 1, '0000-00-00 00:00:00', 0, 'product-image.png', '', 0, NULL),
(110, 'Itel Monitor screen', 1, 2, 0, 'yes', 0, '0000-00-00', 'active', '2022-10-16 10:59:53', 1, '0000-00-00 00:00:00', 0, 'product-image.png', '', 0, NULL),
(111, 'Scanner (Sanjet pro 3500F1)', 1, 2, 0, 'yes', 0, '0000-00-00', 'active', '2022-10-16 11:00:47', 1, '0000-00-00 00:00:00', 0, 'product-image.png', '', 0, NULL),
(112, ' HP Laptop (probook 6470b)', 3, 2, 0, 'yes', 0, '0000-00-00', 'active', '2022-10-16 11:17:38', 1, '0000-00-00 00:00:00', 0, 'product-image.png', '', 0, NULL),
(113, 'Laptop Elitebook (corei5)', 3, 2, 0, 'yes', 0, '0000-00-00', 'active', '2022-10-16 11:38:59', 1, '0000-00-00 00:00:00', 0, 'product-image.png', '', 0, NULL),
(114, 'HP Elitebook 8460p', 3, 2, 0, 'yes', 0, '0000-00-00', 'active', '2022-10-16 11:56:04', 1, '0000-00-00 00:00:00', 0, 'product-image.png', '', 0, NULL),
(115, 'Laptop (Lenovo ideapad)', 5, 2, 0, 'yes', 0, '0000-00-00', 'active', '2022-10-16 11:57:53', 1, '0000-00-00 00:00:00', 0, 'product-image.png', '', 0, NULL),
(116, '9 sheleves cupboard', 5, 1, 0, 'yes', 0, '0000-00-00', 'active', '2022-10-16 13:02:02', 1, '0000-00-00 00:00:00', 0, 'product-image.png', '', 0, NULL),
(117, 'Iron Laser Chair', 5, 1, 0, 'yes', 0, '0000-00-00', 'active', '2022-10-18 10:00:00', 1, '0000-00-00 00:00:00', 0, 'product-image.png', '', 0, NULL),
(118, 'Monitor screen (ASUS)', 5, 2, 0, 'yes', 0, '0000-00-00', 'active', '2022-10-18 12:31:52', 1, '0000-00-00 00:00:00', 0, 'product-image.png', '', 0, NULL),
(119, 'Laserjet pro MFP 102A', 4, 2, 0, 'yes', 0, '0000-00-00', 'active', '2022-10-18 12:35:08', 1, '0000-00-00 00:00:00', 0, 'product-image.png', '', 0, NULL),
(120, 'Network Cabinet', 4, 2, 0, 'yes', 0, '0000-00-00', 'active', '2022-10-18 12:36:37', 1, '0000-00-00 00:00:00', 0, 'product-image.png', '', 0, NULL),
(121, 'Metal five shelves cabinet', 5, 1, 0, 'yes', 0, '0000-00-00', 'active', '2022-10-18 13:08:21', 1, '0000-00-00 00:00:00', 0, 'product-image.png', '', 0, NULL),
(122, 'HP Laserjet pro MFP M130A printer', 3, 2, 0, 'yes', 0, '0000-00-00', 'active', '2022-10-18 16:50:14', 1, '0000-00-00 00:00:00', 0, 'product-image.png', '', 0, NULL),
(123, 'Small cupboard double door', 3, 1, 0, 'yes', 0, '0000-00-00', 'active', '2022-10-18 10:52:15', 1, '0000-00-00 00:00:00', 0, 'product-image.png', '', 0, NULL),
(124, 'HP LaserJet P1006 printer', 4, 2, 0, 'yes', 0, '0000-00-00', 'active', '2022-10-18 15:08:53', 1, '0000-00-00 00:00:00', 0, 'product-image.png', '', 0, NULL),
(125, 'HP Laptop (corei7 probook430)', 2, 2, 0, 'yes', 0, '0000-00-00', 'active', '2022-10-18 15:24:56', 1, '0000-00-00 00:00:00', 0, 'product-image.png', '', 0, NULL),
(126, 'Stan Fan (REXTON)', 3, 1, 0, 'yes', 0, '0000-00-00', 'active', '2022-10-19 10:16:37', 1, '2022-12-03 11:13:04', 1, 'product-image.png', '', 0, 'transfered'),
(127, 'Dell Latitude E 5440 (corei7)', 4, 2, 0, 'yes', 0, '0000-00-00', 'active', '2022-12-01 13:09:51', 1, '0000-00-00 00:00:00', 0, 'product-image.png', '', 0, NULL),
(128, 'Itel A24 smart phone', 2, 4, 0, 'yes', 0, '0000-00-00', 'active', '2022-12-01 15:21:52', 1, '0000-00-00 00:00:00', 0, 'product-image.png', '', 0, NULL),
(129, 'Samsung galaxy A03 Core', 1, 4, 0, 'yes', 0, '0000-00-00', 'active', '2022-12-01 15:23:28', 1, '0000-00-00 00:00:00', 0, 'product-image.png', '', 0, NULL),
(130, 'Dell Laptop gray (Intel i5)', 1, 2, 0, 'yes', 0, '0000-00-00', 'active', '2023-05-02 11:33:22', 1, '2023-05-02 11:40:49', 1, '1683016402-laptop.jpg', '', 0, 'transfered'),
(131, 'Dell Laptop Latitude E5570(i5)', 1, 2, 0, 'yes', 0, '0000-00-00', 'active', '2023-05-02 12:00:21', 1, '2023-05-02 12:04:48', 1, '1683018021-latitede.jpg', '', 0, 'transfered'),
(132, 'white and red table (2023)', 1, 1, 0, 'yes', 0, '0000-00-00', 'active', '2023-11-09 10:51:12', 1, '0000-00-00 00:00:00', 0, 'product-image.png', '', 0, NULL);

-- --------------------------------------------------------

--
-- Table structure for table `reference_userassets`
--

CREATE TABLE `reference_userassets` (
  `id` int(11) NOT NULL,
  `checkin` datetime DEFAULT NULL,
  `checkout` varchar(45) DEFAULT NULL,
  `type` varchar(45) DEFAULT NULL COMMENT 'on this column is specify the type of transaction example allocation,transfer and return',
  `doc` datetime DEFAULT NULL,
  `createdby` int(11) DEFAULT NULL,
  `dom` datetime DEFAULT NULL,
  `modifiedby` varchar(45) DEFAULT NULL,
  `userid` int(11) NOT NULL,
  `assetid` int(11) NOT NULL
) ENGINE=InnoDB DEFAULT CHARSET=latin1;

--
-- Dumping data for table `reference_userassets`
--

INSERT INTO `reference_userassets` (`id`, `checkin`, `checkout`, `type`, `doc`, `createdby`, `dom`, `modifiedby`, `userid`, `assetid`) VALUES
(1, '2022-10-05 00:00:00', NULL, 'allocation', NULL, 1, '2022-10-05 15:33:16', NULL, 8, 73),
(2, '2022-10-05 00:00:00', NULL, 'allocation', NULL, 1, '2022-10-05 15:33:36', NULL, 9, 67),
(3, '2022-10-05 00:00:00', NULL, 'allocation', NULL, 1, '2022-10-05 15:33:54', NULL, 3, 57),
(4, '2022-10-05 00:00:00', NULL, 'allocation', NULL, 1, '2022-10-05 15:35:04', NULL, 3, 58),
(5, '2022-10-05 00:00:00', NULL, 'allocation', NULL, 1, '2022-10-05 15:36:13', NULL, 3, 74),
(6, '2022-10-05 00:00:00', NULL, 'allocation', NULL, 1, '2022-10-05 15:38:05', NULL, 3, 47),
(7, '2022-10-05 00:00:00', NULL, 'allocation', NULL, 1, '2022-10-05 15:39:11', NULL, 3, 75),
(8, '2022-10-05 00:00:00', NULL, 'allocation', NULL, 1, '2022-10-05 15:51:06', NULL, 3, 13),
(9, '2022-10-05 00:00:00', NULL, 'allocation', NULL, 1, '2022-10-05 15:51:18', NULL, 3, 23),
(10, '2022-10-05 00:00:00', NULL, 'allocation', NULL, 1, '2022-10-05 15:51:48', NULL, 3, 54),
(11, '2022-10-05 00:00:00', NULL, 'allocation', NULL, 1, '2022-10-05 15:52:53', NULL, 5, 59),
(12, '2022-10-05 00:00:00', NULL, 'allocation', NULL, 1, '2022-10-05 15:53:16', NULL, 5, 46),
(13, '2022-10-05 00:00:00', NULL, 'allocation', NULL, 1, '2022-10-05 15:54:07', NULL, 5, 48),
(14, '2022-10-05 00:00:00', NULL, 'allocation', NULL, 1, '2022-10-05 15:54:42', NULL, 5, 60),
(15, '2022-10-05 00:00:00', NULL, 'allocation', NULL, 1, '2022-10-05 15:55:02', NULL, 5, 14),
(16, '2022-10-05 00:00:00', NULL, 'allocation', NULL, 1, '2022-10-05 15:55:22', NULL, 5, 24),
(17, '2022-10-05 00:00:00', NULL, 'allocation', NULL, 1, '2022-10-05 15:55:59', NULL, 5, 39),
(18, '2022-10-05 00:00:00', NULL, 'allocation', NULL, 1, '2022-10-05 15:56:54', NULL, 7, 61),
(19, '2022-10-05 00:00:00', NULL, 'allocation', NULL, 1, '2022-10-05 15:57:24', NULL, 7, 55),
(20, '2022-10-05 00:00:00', NULL, 'allocation', NULL, 1, '2022-10-05 15:57:50', NULL, 7, 15),
(21, '2022-10-05 00:00:00', NULL, 'allocation', NULL, 1, '2022-10-05 15:58:14', NULL, 7, 25),
(22, '2022-10-05 00:00:00', NULL, 'allocation', NULL, 1, '2022-10-05 16:01:38', NULL, 7, 76),
(23, '2022-10-05 00:00:00', NULL, 'allocation', NULL, 1, '2022-10-05 16:01:53', NULL, 7, 33),
(24, '2022-10-05 00:00:00', NULL, 'allocation', NULL, 1, '2022-10-05 16:02:23', NULL, 7, 64),
(25, '2022-10-05 00:00:00', NULL, 'allocation', NULL, 1, '2022-10-05 16:02:53', NULL, 7, 62),
(26, '2022-10-05 00:00:00', NULL, 'allocation', NULL, 1, '2022-10-05 16:03:35', NULL, 6, 65),
(27, '2022-10-05 00:00:00', NULL, 'allocation', NULL, 1, '2022-10-05 16:03:54', NULL, 6, 49),
(28, '2022-10-05 00:00:00', NULL, 'allocation', NULL, 1, '2022-10-05 16:04:15', NULL, 6, 66),
(29, '2022-10-05 00:00:00', NULL, 'allocation', NULL, 1, '2022-10-05 16:04:52', NULL, 6, 18),
(30, '2022-10-05 00:00:00', NULL, 'allocation', NULL, 1, '2022-10-05 16:05:15', NULL, 6, 26),
(31, '2022-10-05 00:00:00', NULL, 'allocation', NULL, 1, '2022-10-05 16:09:03', NULL, 6, 77),
(32, '2022-10-05 00:00:00', NULL, 'allocation', NULL, 1, '2022-10-05 16:10:39', NULL, 6, 78),
(33, '2022-10-05 00:00:00', NULL, 'allocation', NULL, 1, '2022-10-05 16:11:21', NULL, 6, 36),
(34, '2022-10-05 00:00:00', NULL, 'allocation', NULL, 1, '2022-10-05 16:14:17', NULL, 4, 80),
(35, '2022-10-05 00:00:00', NULL, 'allocation', NULL, 1, '2022-10-05 16:14:36', NULL, 4, 79),
(36, '2022-10-05 00:00:00', NULL, 'allocation', NULL, 1, '2022-10-05 16:15:12', NULL, 4, 19),
(37, '2022-10-05 00:00:00', NULL, 'allocation', NULL, 1, '2022-10-05 16:15:59', NULL, 4, 27),
(38, '2022-10-05 00:00:00', NULL, 'allocation', NULL, 1, '2022-10-05 16:17:24', NULL, 4, 50),
(39, '2022-10-05 00:00:00', NULL, 'allocation', NULL, 1, '2022-10-05 16:17:47', NULL, 4, 45),
(41, '2022-10-05 00:00:00', NULL, 'allocation', NULL, 1, '2022-10-05 16:19:48', NULL, 4, 43),
(42, '2022-10-05 00:00:00', NULL, 'allocation', NULL, 1, '2022-10-05 16:22:30', NULL, 8, 20),
(43, '2022-10-05 00:00:00', NULL, 'allocation', NULL, 1, '2022-10-05 16:25:15', NULL, 8, 40),
(44, '2022-10-05 00:00:00', NULL, 'allocation', NULL, 1, '2022-10-05 16:27:20', NULL, 8, 28),
(45, '2022-10-05 00:00:00', NULL, 'allocation', NULL, 1, '2022-10-05 16:27:35', NULL, 8, 68),
(46, '2022-10-05 00:00:00', NULL, 'allocation', NULL, 1, '2022-10-05 16:37:58', NULL, 9, 69),
(47, '2022-10-05 00:00:00', NULL, 'allocation', NULL, 1, '2022-10-05 16:38:52', NULL, 9, 16),
(48, '2022-10-05 00:00:00', NULL, 'allocation', NULL, 1, '2022-10-05 16:39:30', NULL, 9, 29),
(49, '2022-10-05 00:00:00', NULL, 'allocation', NULL, 1, '2022-10-05 16:43:21', NULL, 9, 81),
(50, '2022-10-05 00:00:00', NULL, 'allocation', NULL, 1, '2022-10-05 16:43:44', NULL, 9, 82),
(51, '2022-10-05 00:00:00', NULL, 'allocation', NULL, 1, '2022-10-05 16:45:23', NULL, 12, 63),
(52, '2022-10-05 00:00:00', NULL, 'allocation', NULL, 1, '2022-10-05 16:46:51', NULL, 12, 17),
(53, '2022-10-05 00:00:00', NULL, 'allocation', NULL, 1, '2022-10-05 16:48:17', NULL, 12, 30),
(54, '2022-10-05 00:00:00', NULL, 'allocation', NULL, 1, '2022-10-05 16:49:04', NULL, 12, 44),
(55, '2022-10-05 00:00:00', NULL, 'allocation', NULL, 1, '2022-10-05 16:49:40', NULL, 12, 51),
(56, '2022-10-05 00:00:00', NULL, 'allocation', NULL, 1, '2022-10-05 16:53:19', NULL, 11, 21),
(58, '2022-10-05 00:00:00', NULL, 'allocation', NULL, 1, '2022-10-05 16:55:21', NULL, 11, 52),
(59, '2022-10-05 00:00:00', NULL, 'allocation', NULL, 1, '2022-10-05 16:56:32', NULL, 11, 41),
(60, '2022-10-05 00:00:00', NULL, 'allocation', NULL, 1, '2022-10-05 16:57:17', NULL, 11, 70),
(61, '2022-10-05 00:00:00', NULL, 'allocation', NULL, 1, '2022-10-05 17:14:22', NULL, 11, 83),
(62, '2022-10-06 00:00:00', NULL, 'allocation', NULL, 1, '2022-10-06 09:28:33', NULL, 10, 84),
(63, '2022-10-06 00:00:00', NULL, 'allocation', NULL, 1, '2022-10-06 09:28:56', NULL, 11, 85),
(64, '2022-10-06 00:00:00', NULL, 'allocation', NULL, 1, '2022-10-06 09:29:28', NULL, 8, 86),
(65, '2022-10-06 00:00:00', NULL, 'allocation', NULL, 1, '2022-10-06 09:31:25', NULL, 10, 22),
(66, '2022-10-06 00:00:00', NULL, 'allocation', NULL, 1, '2022-10-06 09:32:02', NULL, 10, 31),
(67, '2022-10-06 00:00:00', NULL, 'allocation', NULL, 1, '2022-10-06 09:32:24', NULL, 10, 71),
(68, '2022-10-06 00:00:00', NULL, 'allocation', NULL, 1, '2022-10-06 09:33:05', NULL, 10, 53),
(69, '2022-10-06 00:00:00', NULL, 'allocation', NULL, 1, '2022-10-06 09:33:25', NULL, 10, 72),
(70, '2022-10-06 00:00:00', NULL, 'allocation', NULL, 1, '2022-10-06 09:35:55', NULL, 13, 87),
(71, '2022-10-06 00:00:00', NULL, 'allocation', NULL, 1, '2022-10-06 09:36:20', NULL, 13, 32),
(72, '2022-10-06 00:00:00', NULL, 'allocation', NULL, 1, '2022-10-06 09:37:00', NULL, 13, 1),
(73, '2022-10-06 00:00:00', NULL, 'allocation', NULL, 1, '2022-10-06 09:37:25', NULL, 13, 56),
(74, '2022-10-06 00:00:00', NULL, 'allocation', '2022-10-06 09:39:25', 1, NULL, NULL, 13, 88),
(75, '2022-10-06 00:00:00', NULL, 'allocation', '2022-10-06 09:39:48', 1, NULL, NULL, 13, 89),
(76, '2022-10-06 00:00:00', NULL, 'allocation', NULL, 1, '2022-10-06 11:50:53', NULL, 5, 38),
(77, '2022-10-06 00:00:00', NULL, 'allocation', NULL, 1, '2022-10-06 11:51:38', NULL, 4, 37),
(78, '2022-10-06 00:00:00', NULL, 'allocation', NULL, 1, '2022-10-06 11:58:01', NULL, 12, 42),
(79, '2022-10-06 00:00:00', NULL, 'allocation', '2022-10-06 15:16:00', 1, NULL, NULL, 14, 91),
(80, '2022-10-06 00:00:00', NULL, 'allocation', '2022-10-06 15:20:35', 1, NULL, NULL, 14, 92),
(81, '2022-10-06 00:00:00', NULL, 'allocation', '2022-10-06 15:21:06', 1, NULL, NULL, 14, 93),
(82, '2022-10-06 00:00:00', NULL, 'allocation', '2022-10-06 15:21:40', 1, NULL, NULL, 14, 94),
(83, '2022-10-06 00:00:00', NULL, 'allocation', '2022-10-06 15:23:01', 1, NULL, NULL, 14, 95),
(84, '2022-10-06 00:00:00', NULL, 'allocation', '2022-10-06 15:23:21', 1, NULL, NULL, 14, 96),
(85, '2022-10-06 00:00:00', NULL, 'allocation', '2022-10-06 15:29:00', 1, NULL, NULL, 15, 97),
(86, '2022-10-06 00:00:00', NULL, 'allocation', '2022-10-06 15:29:22', 1, NULL, NULL, 15, 98),
(87, '2022-10-06 00:00:00', NULL, 'allocation', '2022-10-06 15:29:48', 1, NULL, NULL, 15, 99),
(88, '2022-10-06 00:00:00', NULL, 'allocation', '2022-10-06 15:30:17', 1, NULL, NULL, 15, 100),
(89, '2022-10-06 00:00:00', NULL, 'allocation', '2022-10-06 15:39:32', 1, NULL, NULL, 16, 101),
(90, '2022-10-06 00:00:00', NULL, 'allocation', '2022-10-06 15:39:57', 1, NULL, NULL, 16, 102),
(91, '2022-10-06 00:00:00', NULL, 'allocation', '2022-10-06 15:40:15', 1, NULL, NULL, 16, 103),
(92, '2022-10-06 00:00:00', NULL, 'allocation', '2022-10-06 15:40:42', 1, NULL, NULL, 16, 104),
(93, '2022-10-06 00:00:00', NULL, 'allocation', '2022-10-06 15:41:20', 1, NULL, NULL, 16, 105),
(94, '2022-10-07 00:00:00', NULL, 'allocation', '2022-10-07 09:36:55', 1, NULL, NULL, 17, 106),
(95, '2022-10-07 00:00:00', NULL, 'allocation', '2022-10-07 09:42:04', 1, NULL, NULL, 17, 107),
(96, '2022-10-07 00:00:00', NULL, 'allocation', '2022-10-07 09:42:31', 1, NULL, NULL, 17, 108),
(97, '2022-10-07 00:00:00', NULL, 'allocation', '2022-10-07 09:42:56', 1, NULL, NULL, 17, 109),
(98, '2022-10-07 00:00:00', NULL, 'allocation', '2022-10-07 09:43:12', 1, NULL, NULL, 17, 110),
(99, '2022-10-07 00:00:00', NULL, 'allocation', '2022-10-07 10:01:33', 1, NULL, NULL, 18, 111),
(100, '2022-10-07 00:00:00', NULL, 'allocation', '2022-10-07 10:02:02', 1, NULL, NULL, 18, 112),
(101, '2022-10-07 00:00:00', NULL, 'allocation', '2022-10-07 10:02:47', 1, NULL, NULL, 18, 113),
(102, '2022-10-07 00:00:00', NULL, 'allocation', '2022-10-07 10:03:12', 1, NULL, NULL, 18, 114),
(103, '2022-10-07 00:00:00', NULL, 'allocation', '2022-10-07 10:29:45', 1, NULL, NULL, 19, 115),
(104, '2022-10-07 00:00:00', NULL, 'allocation', '2022-10-07 10:30:27', 1, NULL, NULL, 19, 116),
(105, '2022-10-07 00:00:00', NULL, 'allocation', '2022-10-07 10:30:56', 1, NULL, NULL, 19, 117),
(106, '2022-10-07 00:00:00', NULL, 'allocation', '2022-10-07 10:31:22', 1, NULL, NULL, 19, 118),
(107, '2022-10-07 00:00:00', NULL, 'allocation', '2022-10-07 10:49:46', 1, NULL, NULL, 20, 119),
(108, '2022-10-07 00:00:00', NULL, 'allocation', '2022-10-07 10:50:07', 1, NULL, NULL, 20, 120),
(109, '2022-10-07 00:00:00', NULL, 'allocation', '2022-10-07 10:50:37', 1, NULL, NULL, 20, 121),
(110, '2022-10-07 00:00:00', NULL, 'allocation', '2022-10-07 11:01:46', 1, NULL, NULL, 21, 122),
(111, '2022-10-07 00:00:00', NULL, 'allocation', '2022-10-07 11:02:29', 1, NULL, NULL, 21, 123),
(112, '2022-10-07 00:00:00', NULL, 'allocation', '2022-10-07 11:05:09', 1, NULL, NULL, 21, 124),
(113, '2022-10-07 00:00:00', NULL, 'allocation', '2022-10-07 11:05:56', 1, NULL, NULL, 21, 125),
(114, '2022-10-07 00:00:00', NULL, 'allocation', '2022-10-07 11:06:28', 1, NULL, NULL, 21, 126),
(115, '2022-10-07 00:00:00', NULL, 'allocation', '2022-10-07 11:07:18', 1, NULL, NULL, 21, 127),
(116, '2022-10-11 00:00:00', NULL, 'allocation', '2022-10-11 12:25:05', 1, NULL, NULL, 25, 148),
(117, '2022-10-11 00:00:00', NULL, 'allocation', '2022-10-11 12:25:39', 1, NULL, NULL, 25, 149),
(118, '2022-10-11 00:00:00', NULL, 'allocation', '2022-10-11 12:26:04', 1, NULL, NULL, 24, 150),
(119, '2022-10-11 00:00:00', NULL, 'allocation', '2022-10-11 12:26:44', 1, NULL, NULL, 23, 151),
(120, '2022-10-11 00:00:00', NULL, 'allocation', '2022-10-11 12:38:13', 1, NULL, NULL, 22, 152),
(121, '2022-10-11 00:00:00', NULL, 'allocation', '2022-10-11 12:38:41', 1, NULL, NULL, 22, 153),
(122, '2022-10-11 00:00:00', NULL, 'allocation', '2022-10-11 12:39:09', 1, NULL, NULL, 22, 154),
(123, '2022-10-11 00:00:00', NULL, 'allocation', '2022-10-11 12:39:30', 1, NULL, NULL, 22, 155),
(124, '2022-10-11 00:00:00', NULL, 'allocation', '2022-10-11 12:39:58', 1, NULL, NULL, 22, 156),
(125, '2022-10-11 00:00:00', NULL, 'allocation', '2022-10-11 12:40:37', 1, NULL, NULL, 22, 157),
(126, '2022-10-11 00:00:00', NULL, 'allocation', '2022-10-11 12:41:25', 1, NULL, NULL, 22, 158),
(127, '2022-10-11 00:00:00', NULL, 'allocation', '2022-10-11 12:41:49', 1, NULL, NULL, 22, 159),
(128, '2022-10-11 00:00:00', NULL, 'allocation', '2022-10-11 12:42:14', 1, NULL, NULL, 22, 160),
(129, '2022-10-11 00:00:00', NULL, 'allocation', '2022-10-11 15:26:29', 1, NULL, NULL, 24, 161),
(130, '2022-10-11 00:00:00', NULL, 'allocation', '2022-10-11 15:27:31', 1, NULL, NULL, 24, 162),
(131, '2022-10-11 00:00:00', NULL, 'allocation', NULL, 1, '2022-10-11 15:40:26', NULL, 25, 169),
(132, '2022-10-11 00:00:00', NULL, 'allocation', '2022-10-11 15:59:46', 1, NULL, NULL, 23, 170),
(133, '2022-10-11 00:00:00', NULL, 'allocation', '2022-10-11 16:01:03', 1, NULL, NULL, 23, 171),
(134, '2022-10-11 00:00:00', NULL, 'allocation', '2022-10-11 16:05:33', 1, NULL, NULL, 26, 172),
(135, '2022-10-11 00:00:00', NULL, 'allocation', '2022-10-11 16:05:55', 1, NULL, NULL, 26, 173),
(136, '2022-10-11 00:00:00', NULL, 'allocation', '2022-10-11 16:06:16', 1, NULL, NULL, 26, 174),
(137, '2022-10-13 00:00:00', NULL, 'allocation', '2022-10-13 11:02:35', 1, NULL, NULL, 41, 175),
(138, '2022-10-13 00:00:00', NULL, 'allocation', '2022-10-13 11:03:06', 1, NULL, NULL, 41, 176),
(139, '2022-10-13 00:00:00', NULL, 'allocation', NULL, 1, '2022-10-13 11:03:52', NULL, 41, 177),
(140, '2022-10-13 00:00:00', NULL, 'allocation', '2022-10-13 11:04:28', 1, NULL, NULL, 41, 178),
(141, '2022-10-13 00:00:00', NULL, 'allocation', '2022-10-13 11:04:57', 1, NULL, NULL, 41, 179),
(142, '2022-10-13 00:00:00', NULL, 'allocation', '2022-10-13 11:28:02', 1, NULL, NULL, 39, 180),
(143, '2022-10-13 00:00:00', NULL, 'allocation', '2022-10-13 11:28:44', 1, NULL, NULL, 39, 181),
(144, '2022-10-13 00:00:00', NULL, 'allocation', '2022-10-13 11:29:10', 1, NULL, NULL, 39, 182),
(145, '2022-10-13 00:00:00', NULL, 'allocation', '2022-10-13 11:29:39', 1, NULL, NULL, 39, 183),
(146, '2022-10-13 00:00:00', NULL, 'allocation', '2022-10-13 11:41:13', 1, NULL, NULL, 39, 184),
(147, '2022-10-13 00:00:00', NULL, 'allocation', '2022-10-13 11:41:39', 1, NULL, NULL, 39, 185),
(148, '2022-10-13 00:00:00', NULL, 'allocation', '2022-10-13 11:42:15', 1, NULL, NULL, 39, 186),
(149, '2022-10-13 00:00:00', NULL, 'allocation', '2022-10-13 11:42:37', 1, NULL, NULL, 39, 187),
(150, '2022-10-13 00:00:00', NULL, 'allocation', '2022-10-13 11:42:53', 1, NULL, NULL, 39, 188),
(151, '2022-10-13 00:00:00', NULL, 'allocation', '2022-10-13 11:48:29', 1, NULL, NULL, 38, 189),
(152, '2022-10-13 00:00:00', NULL, 'allocation', '2022-10-13 11:48:58', 1, NULL, NULL, 38, 190),
(153, '2022-10-13 00:00:00', NULL, 'allocation', '2022-10-13 11:49:19', 1, NULL, NULL, 38, 191),
(154, '2022-10-13 00:00:00', NULL, 'allocation', '2022-10-13 11:49:46', 1, NULL, NULL, 38, 192),
(155, '2022-10-13 00:00:00', NULL, 'allocation', '2022-10-13 11:50:05', 1, NULL, NULL, 38, 193),
(156, '2022-10-13 00:00:00', NULL, 'allocation', '2022-10-13 11:50:32', 1, NULL, NULL, 38, 194),
(157, '2022-10-13 00:00:00', NULL, 'allocation', '2022-10-13 12:07:44', 1, NULL, NULL, 35, 195),
(158, '2022-10-13 00:00:00', NULL, 'allocation', '2022-10-13 12:08:19', 1, NULL, NULL, 35, 196),
(159, '2022-10-13 00:00:00', NULL, 'allocation', '2022-10-13 12:08:37', 1, NULL, NULL, 35, 197),
(160, '2022-10-13 00:00:00', NULL, 'allocation', '2022-10-13 12:37:02', 1, NULL, NULL, 33, 198),
(161, '2022-10-13 00:00:00', NULL, 'allocation', '2022-10-13 12:40:17', 1, NULL, NULL, 33, 199),
(162, '2022-10-13 00:00:00', NULL, 'allocation', '2022-10-13 12:40:36', 1, NULL, NULL, 33, 200),
(163, '2022-10-13 00:00:00', NULL, 'allocation', NULL, 1, '2022-10-13 12:41:20', NULL, 33, 201),
(164, '2022-10-13 00:00:00', NULL, 'allocation', '2022-10-13 12:42:50', 1, NULL, NULL, 33, 202),
(165, '2022-10-13 00:00:00', NULL, 'allocation', '2022-10-13 12:51:31', 1, NULL, NULL, 34, 203),
(166, '2022-10-13 00:00:00', NULL, 'allocation', '2022-10-13 12:51:58', 1, NULL, NULL, 34, 204),
(167, '2022-10-13 00:00:00', NULL, 'allocation', '2022-10-13 12:52:24', 1, NULL, NULL, 34, 205),
(168, '2022-10-13 00:00:00', NULL, 'allocation', '2022-10-13 12:52:41', 1, NULL, NULL, 34, 206),
(169, '2022-10-13 00:00:00', NULL, 'allocation', '2022-10-13 12:53:02', 1, NULL, NULL, 34, 207),
(170, '2022-10-13 00:00:00', NULL, 'allocation', '2022-10-13 12:54:00', 1, NULL, NULL, 34, 208),
(171, '2022-10-13 00:00:00', NULL, 'allocation', '2022-10-13 13:15:59', 1, NULL, NULL, 37, 209),
(172, '2022-10-13 00:00:00', NULL, 'allocation', '2022-10-13 13:16:17', 1, NULL, NULL, 37, 210),
(173, '2022-10-13 00:00:00', NULL, 'allocation', '2022-10-13 13:16:46', 1, NULL, NULL, 37, 211),
(174, '2022-10-13 00:00:00', NULL, 'allocation', '2022-10-13 13:17:17', 1, NULL, NULL, 37, 212),
(175, '2022-10-13 00:00:00', NULL, 'allocation', '2022-10-13 13:36:10', 1, NULL, NULL, 30, 213),
(176, '2022-10-13 00:00:00', NULL, 'allocation', '2022-10-13 13:36:29', 1, NULL, NULL, 30, 214),
(177, '2022-10-13 00:00:00', NULL, 'allocation', '2022-10-13 13:37:21', 1, NULL, NULL, 30, 215),
(178, '2022-10-13 00:00:00', NULL, 'allocation', '2022-10-13 13:39:12', 1, NULL, NULL, 30, 216),
(179, '2022-10-13 00:00:00', NULL, 'allocation', '2022-10-13 13:40:51', 1, NULL, NULL, 30, 217),
(180, '2022-10-13 00:00:00', NULL, 'allocation', '2022-10-13 15:17:02', 1, NULL, NULL, 36, 218),
(181, '2022-10-13 00:00:00', NULL, 'allocation', '2022-10-13 15:19:06', 1, NULL, NULL, 36, 219),
(182, '2022-10-13 00:00:00', NULL, 'allocation', '2022-10-13 15:20:18', 1, NULL, NULL, 36, 220),
(183, '2022-10-13 00:00:00', NULL, 'allocation', '2022-10-13 15:20:41', 1, NULL, NULL, 36, 221),
(184, '2022-10-13 00:00:00', NULL, 'allocation', '2022-10-13 15:21:15', 1, NULL, NULL, 36, 222),
(185, '2022-10-13 00:00:00', NULL, 'allocation', '2022-10-13 15:21:56', 1, NULL, NULL, 36, 223),
(186, '2022-10-13 00:00:00', NULL, 'allocation', '2022-10-13 15:44:52', 1, NULL, NULL, 31, 224),
(187, '2022-10-13 00:00:00', NULL, 'allocation', '2022-10-13 15:45:14', 1, NULL, NULL, 31, 225),
(188, '2022-10-13 00:00:00', NULL, 'allocation', '2022-10-13 15:45:41', 1, NULL, NULL, 31, 226),
(189, '2022-10-13 00:00:00', NULL, 'allocation', '2022-10-13 15:46:22', 1, NULL, NULL, 31, 227),
(190, '2022-10-13 00:00:00', NULL, 'allocation', '2022-10-13 16:05:06', 1, NULL, NULL, 32, 228),
(191, '2022-10-13 00:00:00', NULL, 'allocation', '2022-10-13 16:05:31', 1, NULL, NULL, 32, 229),
(192, '2022-10-13 00:00:00', NULL, 'allocation', '2022-10-13 16:05:57', 1, NULL, NULL, 32, 230),
(193, '2022-10-14 00:00:00', NULL, 'allocation', '2022-10-14 10:00:55', 1, NULL, NULL, 40, 231),
(194, '2022-10-14 00:00:00', NULL, 'allocation', '2022-10-14 10:02:09', 1, NULL, NULL, 40, 232),
(195, '2022-10-14 00:00:00', NULL, 'allocation', '2022-10-14 10:02:44', 1, NULL, NULL, 40, 233),
(196, '2022-10-14 00:00:00', NULL, 'allocation', '2022-10-14 10:03:12', 1, NULL, NULL, 40, 234),
(197, '2022-10-14 00:00:00', NULL, 'allocation', '2022-10-14 10:03:31', 1, NULL, NULL, 40, 235),
(198, '2022-10-14 00:00:00', NULL, 'allocation', '2022-10-14 10:49:00', 1, NULL, NULL, 27, 236),
(199, '2022-10-14 00:00:00', NULL, 'allocation', '2022-10-14 10:50:07', 1, NULL, NULL, 27, 237),
(200, '2022-10-14 00:00:00', NULL, 'allocation', '2022-10-14 10:50:38', 1, NULL, NULL, 27, 238),
(201, '2022-10-14 00:00:00', NULL, 'allocation', '2022-10-14 11:04:45', 1, NULL, NULL, 29, 240),
(202, '2022-10-14 00:00:00', NULL, 'allocation', '2022-10-14 11:05:05', 1, NULL, NULL, 29, 241),
(203, '2022-10-14 00:00:00', NULL, 'allocation', '2022-10-14 11:13:53', 1, NULL, NULL, 28, 242),
(204, '2022-10-14 00:00:00', NULL, 'allocation', '2022-10-14 11:14:13', 1, NULL, NULL, 28, 243),
(205, '2022-10-14 00:00:00', NULL, 'allocation', NULL, 1, '2022-10-14 11:36:08', NULL, 27, 239),
(206, '2022-10-14 00:00:00', NULL, 'allocation', '2022-10-14 11:51:31', 1, NULL, NULL, 42, 252),
(207, '2022-10-14 00:00:00', NULL, 'allocation', '2022-10-14 11:51:57', 1, NULL, NULL, 42, 253),
(208, '2022-10-14 00:00:00', NULL, 'allocation', '2022-10-14 11:52:22', 1, NULL, NULL, 42, 254),
(209, '2022-10-14 00:00:00', NULL, 'allocation', '2022-10-14 11:52:57', 1, NULL, NULL, 42, 255),
(210, '2022-10-14 00:00:00', NULL, 'allocation', '2022-10-14 11:53:22', 1, NULL, NULL, 42, 256),
(211, '2022-10-16 00:00:00', NULL, 'allocation', '2022-10-16 10:10:04', 1, NULL, NULL, 43, 257),
(212, '2022-10-16 00:00:00', NULL, 'allocation', '2022-10-16 10:19:53', 1, NULL, NULL, 43, 258),
(213, '2022-10-16 00:00:00', NULL, 'allocation', '2022-10-16 10:34:09', 1, NULL, NULL, 6, 259),
(214, '2022-10-16 00:00:00', NULL, 'allocation', '2022-10-16 10:37:15', 1, NULL, NULL, 43, 260),
(215, '2022-10-16 00:00:00', NULL, 'allocation', '2022-10-16 10:40:14', 1, NULL, NULL, 43, 264),
(216, '2022-10-16 00:00:00', NULL, 'allocation', '2022-10-16 11:02:03', 1, NULL, NULL, 44, 268),
(217, '2022-10-16 00:00:00', NULL, 'allocation', '2022-10-16 11:02:25', 1, NULL, NULL, 44, 269),
(218, '2022-10-16 00:00:00', NULL, 'allocation', '2022-10-16 11:03:08', 1, NULL, NULL, 44, 270),
(219, '2022-10-16 00:00:00', NULL, 'allocation', '2022-10-16 11:13:56', 1, NULL, NULL, 45, 271),
(220, '2022-10-16 00:00:00', NULL, 'allocation', '2022-10-16 11:14:23', 1, NULL, NULL, 45, 272),
(221, '2022-10-16 00:00:00', NULL, 'allocation', '2022-10-16 11:14:46', 1, NULL, NULL, 45, 273),
(222, '2022-10-16 00:00:00', NULL, 'allocation', '2022-10-16 11:18:21', 1, NULL, NULL, 48, 274),
(223, '2022-10-16 00:00:00', NULL, 'allocation', '2022-10-16 11:20:03', 1, NULL, NULL, 47, 275),
(224, '2022-10-16 00:00:00', NULL, 'allocation', '2022-10-16 11:20:39', 1, NULL, NULL, 46, 276),
(225, '2022-10-16 00:00:00', NULL, 'allocation', '2022-10-16 11:37:38', 1, NULL, NULL, 49, 277),
(226, '2022-10-16 00:00:00', NULL, 'allocation', '2022-10-16 11:39:53', 1, NULL, NULL, 48, 278),
(227, '2022-10-16 00:00:00', NULL, 'allocation', '2022-10-16 11:53:59', 1, NULL, NULL, 51, 279),
(228, '2022-10-16 00:00:00', NULL, 'allocation', '2022-10-16 11:54:41', 1, NULL, NULL, 51, 280),
(229, '2022-10-16 00:00:00', NULL, 'allocation', '2022-10-16 12:18:32', 1, NULL, NULL, 52, 281),
(230, '2022-10-16 00:00:00', NULL, 'allocation', '2022-10-16 12:18:59', 1, NULL, NULL, 54, 282),
(231, '2022-10-16 00:00:00', NULL, 'allocation', '2022-10-16 12:19:29', 1, NULL, NULL, 53, 283),
(232, '2022-10-18 00:00:00', NULL, 'allocation', '2022-10-18 10:07:17', 1, NULL, NULL, 55, 307),
(233, '2022-10-18 00:00:00', NULL, 'allocation', NULL, 1, '2022-10-18 10:16:15', NULL, 50, 308),
(235, '2022-10-18 00:00:00', NULL, 'allocation', NULL, 1, '2022-10-18 10:19:47', NULL, 50, 309),
(237, '2022-10-18 00:00:00', NULL, 'allocation', '2022-10-18 10:23:23', 1, NULL, NULL, 50, 311),
(239, '2022-10-18 00:00:00', NULL, 'allocation', '2022-10-18 10:24:27', 1, NULL, NULL, 50, 312),
(241, '2022-10-18 00:00:00', NULL, 'allocation', NULL, 1, '2022-10-18 10:26:56', NULL, 51, 313),
(243, '2022-10-18 00:00:00', NULL, 'allocation', '2022-10-18 10:27:39', 1, NULL, NULL, 50, 314),
(247, '2022-10-18 00:00:00', NULL, 'allocation', NULL, 1, '2022-10-18 10:30:40', NULL, 50, 316),
(249, '2022-10-18 00:00:00', NULL, 'allocation', '2022-10-18 10:31:56', 1, NULL, NULL, 50, 317),
(250, '2022-10-18 00:00:00', NULL, 'allocation', '2022-10-18 16:24:30', 1, NULL, NULL, 56, 318),
(251, '2022-10-18 00:00:00', NULL, 'allocation', '2022-10-18 16:28:31', 1, NULL, NULL, 56, 319),
(252, '2022-10-18 00:00:00', NULL, 'allocation', '2022-10-18 16:43:26', 1, NULL, NULL, 57, 320),
(253, '2022-10-18 00:00:00', NULL, 'allocation', '2022-10-18 16:56:47', 1, NULL, NULL, 57, 321),
(254, '2022-10-18 00:00:00', NULL, 'allocation', '2022-10-18 16:57:47', 1, NULL, NULL, 57, 322),
(255, '2022-10-18 00:00:00', NULL, 'allocation', '2022-10-18 16:58:19', 1, NULL, NULL, 57, 323),
(256, '2022-10-19 00:00:00', NULL, 'allocation', '2022-10-19 09:46:10', 1, NULL, NULL, 57, 324),
(257, '2022-10-19 00:00:00', NULL, 'allocation', '2022-10-19 10:05:02', 1, NULL, NULL, 57, 325),
(258, '2022-10-18 00:00:00', NULL, 'allocation', '2022-10-18 10:10:57', 1, NULL, NULL, 58, 327),
(259, '2022-10-18 00:00:00', NULL, 'allocation', '2022-10-18 10:13:13', 1, NULL, NULL, 58, 328),
(260, '2022-10-18 00:00:00', NULL, 'allocation', '2022-10-18 10:26:11', 1, NULL, NULL, 58, 329),
(261, '2022-10-18 00:00:00', NULL, 'allocation', '2022-10-18 11:46:51', 1, NULL, NULL, 59, 345),
(262, '2022-10-18 00:00:00', NULL, 'allocation', '2022-10-18 14:59:22', 1, NULL, NULL, 59, 349),
(263, '2022-10-18 00:00:00', NULL, 'allocation', '2022-10-18 14:59:59', 1, NULL, NULL, 59, 350),
(264, '2022-10-18 00:00:00', NULL, 'allocation', '2022-10-18 15:00:35', 1, NULL, NULL, 59, 351),
(265, '2022-10-18 00:00:00', NULL, 'allocation', '2022-10-18 15:01:30', 1, NULL, NULL, 59, 352),
(266, '2022-10-18 00:00:00', NULL, 'allocation', NULL, 1, '2022-10-18 15:17:10', NULL, 59, 353),
(267, '2022-10-18 00:00:00', NULL, 'allocation', '2022-10-18 15:28:54', 1, NULL, NULL, 59, 357),
(268, '2022-10-19 00:00:00', NULL, 'allocation', '2022-10-19 12:46:30', 1, NULL, NULL, 14, 359),
(269, '2022-11-30 00:00:00', NULL, 'allocation', '2022-11-30 10:28:38', 1, NULL, NULL, 12, 360),
(270, '2022-11-30 00:00:00', NULL, 'allocation', '2022-11-30 10:30:53', 1, NULL, NULL, 3, 361),
(271, '2022-11-30 00:00:00', NULL, 'allocation', '2022-11-30 10:37:24', 1, NULL, NULL, 4, 362),
(272, '2022-11-30 00:00:00', NULL, 'allocation', '2022-11-30 11:00:32', 1, NULL, NULL, 5, 363),
(273, '2022-11-30 00:00:00', NULL, 'allocation', '2022-11-30 15:42:28', 1, NULL, NULL, 38, 364),
(274, '2022-11-30 00:00:00', NULL, 'allocation', '2022-11-30 15:43:27', 1, NULL, NULL, 39, 365),
(275, '2022-12-01 00:00:00', NULL, 'allocation', '2022-12-01 10:14:02', 1, NULL, NULL, 39, 366),
(276, '2022-12-01 00:00:00', NULL, 'allocation', '2022-12-01 10:55:06', 1, NULL, NULL, 50, 367),
(277, '2022-12-01 00:00:00', NULL, 'allocation', '2022-12-01 13:10:42', 1, NULL, NULL, 49, 368),
(278, '2022-12-01 00:00:00', NULL, 'allocation', '2022-12-01 15:30:08', 1, NULL, NULL, 27, 374),
(279, '2022-12-01 00:00:00', NULL, 'allocation', '2022-12-01 16:41:12', 1, NULL, NULL, 14, 375),
(280, '2022-12-03 00:00:00', NULL, 'allocation', '2022-12-03 11:38:01', 1, NULL, NULL, 17, 376),
(281, '2023-12-12 00:00:00', NULL, 'allocation', '2023-12-12 15:56:55', 1, NULL, NULL, 14, 378);

-- --------------------------------------------------------

--
-- Table structure for table `roles`
--

CREATE TABLE `roles` (
  `id` int(11) NOT NULL,
  `name` varchar(255) NOT NULL
) ENGINE=InnoDB DEFAULT CHARSET=latin1;

--
-- Dumping data for table `roles`
--

INSERT INTO `roles` (`id`, `name`) VALUES
(1, 'Admin'),
(2, 'User'),
(3, 'Auditor');

-- --------------------------------------------------------

--
-- Table structure for table `roomassets`
--

CREATE TABLE `roomassets` (
  `id` int(255) NOT NULL,
  `doc` datetime DEFAULT NULL,
  `createdby` int(11) DEFAULT NULL,
  `dom` datetime DEFAULT NULL,
  `modifiedby` int(11) DEFAULT NULL,
  `roomid` int(11) NOT NULL,
  `assetid` int(11) NOT NULL,
  `updated_at` timestamp NULL DEFAULT NULL,
  `updated_by` int(255) DEFAULT NULL,
  `deleted_by` int(255) DEFAULT NULL,
  `deleted_at` timestamp NULL DEFAULT NULL
) ENGINE=InnoDB DEFAULT CHARSET=utf8mb4;

--
-- Dumping data for table `roomassets`
--

INSERT INTO `roomassets` (`id`, `doc`, `createdby`, `dom`, `modifiedby`, `roomid`, `assetid`, `updated_at`, `updated_by`, `deleted_by`, `deleted_at`) VALUES
(1, '2022-10-05 12:05:38', 1, NULL, NULL, 1, 1, NULL, NULL, NULL, NULL),
(2, '2022-10-05 12:05:38', 1, NULL, NULL, 1, 2, NULL, NULL, NULL, NULL),
(3, '2022-10-05 12:05:38', 1, NULL, NULL, 1, 3, NULL, NULL, NULL, NULL),
(4, '2022-10-05 12:05:38', 1, NULL, NULL, 1, 4, NULL, NULL, NULL, NULL),
(5, '2022-10-05 12:05:38', 1, NULL, NULL, 1, 5, NULL, NULL, NULL, NULL),
(6, '2022-10-05 12:05:38', 1, NULL, NULL, 1, 6, NULL, NULL, NULL, NULL),
(7, '2022-10-05 12:05:38', 1, NULL, NULL, 1, 7, NULL, NULL, NULL, NULL),
(8, '2022-10-05 12:05:38', 1, NULL, NULL, 1, 8, NULL, NULL, NULL, NULL),
(9, '2022-10-05 12:05:38', 1, NULL, NULL, 1, 9, NULL, NULL, NULL, NULL),
(10, '2022-10-05 12:06:40', 1, NULL, NULL, 1, 10, NULL, NULL, NULL, NULL),
(11, '2022-10-05 12:06:40', 1, NULL, NULL, 1, 11, NULL, NULL, NULL, NULL),
(12, '2022-10-05 12:06:40', 1, NULL, NULL, 1, 12, NULL, NULL, NULL, NULL),
(13, '2022-10-05 12:13:48', 1, NULL, NULL, 1, 13, NULL, NULL, NULL, NULL),
(14, '2022-10-05 12:13:48', 1, NULL, NULL, 1, 14, NULL, NULL, NULL, NULL),
(15, '2022-10-05 12:13:48', 1, NULL, NULL, 1, 15, NULL, NULL, NULL, NULL),
(16, '2022-10-05 12:13:48', 1, NULL, NULL, 1, 16, NULL, NULL, NULL, NULL),
(17, '2022-10-05 12:13:48', 1, NULL, NULL, 1, 17, NULL, NULL, NULL, NULL),
(18, '2022-10-05 12:16:27', 1, NULL, NULL, 1, 18, NULL, NULL, NULL, NULL),
(19, '2022-10-05 12:16:27', 1, NULL, NULL, 1, 19, NULL, NULL, NULL, NULL),
(20, '2022-10-05 12:16:27', 1, NULL, NULL, 1, 20, NULL, NULL, NULL, NULL),
(21, '2022-10-05 12:16:27', 1, NULL, NULL, 1, 21, NULL, NULL, NULL, NULL),
(22, '2022-10-05 12:16:27', 1, NULL, NULL, 1, 22, NULL, NULL, NULL, NULL),
(23, '2022-10-05 12:21:51', 1, NULL, NULL, 1, 23, NULL, NULL, NULL, NULL),
(24, '2022-10-05 12:21:51', 1, NULL, NULL, 1, 24, NULL, NULL, NULL, NULL),
(25, '2022-10-05 12:21:51', 1, NULL, NULL, 1, 25, NULL, NULL, NULL, NULL),
(26, '2022-10-05 12:21:51', 1, NULL, NULL, 1, 26, NULL, NULL, NULL, NULL),
(27, '2022-10-05 12:21:51', 1, NULL, NULL, 1, 27, NULL, NULL, NULL, NULL),
(28, '2022-10-05 12:21:51', 1, NULL, NULL, 1, 28, NULL, NULL, NULL, NULL),
(29, '2022-10-05 12:21:51', 1, NULL, NULL, 1, 29, NULL, NULL, NULL, NULL),
(30, '2022-10-05 12:21:51', 1, NULL, NULL, 1, 30, NULL, NULL, NULL, NULL),
(31, '2022-10-05 12:21:51', 1, NULL, NULL, 1, 31, NULL, NULL, NULL, NULL),
(32, '2022-10-05 12:21:51', 1, NULL, NULL, 1, 32, NULL, NULL, NULL, NULL),
(33, '2022-10-05 12:24:57', 1, NULL, NULL, 1, 33, NULL, NULL, NULL, NULL),
(34, '2022-10-05 12:34:31', 1, NULL, NULL, 1, 34, NULL, NULL, NULL, NULL),
(35, '2022-10-05 12:40:26', 1, NULL, NULL, 1, 35, NULL, NULL, NULL, NULL),
(36, '2022-10-05 12:58:36', 1, NULL, NULL, 1, 36, NULL, NULL, NULL, NULL),
(37, '2022-10-05 12:58:49', 1, NULL, NULL, 1, 37, NULL, NULL, NULL, NULL),
(38, '2022-10-05 13:01:33', 1, NULL, NULL, 1, 38, NULL, NULL, NULL, NULL),
(39, '2022-10-05 13:01:33', 1, NULL, NULL, 1, 39, NULL, NULL, NULL, NULL),
(40, '2022-10-05 13:01:33', 1, NULL, NULL, 1, 40, NULL, NULL, NULL, NULL),
(41, '2022-10-05 13:01:33', 1, NULL, NULL, 1, 41, NULL, NULL, NULL, NULL),
(42, '2022-10-05 13:01:33', 1, NULL, NULL, 1, 42, NULL, NULL, NULL, NULL),
(43, '2022-10-05 13:28:00', 1, NULL, NULL, 1, 43, NULL, NULL, NULL, NULL),
(44, '2022-10-05 13:28:00', 1, NULL, NULL, 1, 44, NULL, NULL, NULL, NULL),
(45, '2022-10-05 13:28:25', 1, NULL, NULL, 1, 45, NULL, NULL, NULL, NULL),
(46, '2022-10-05 13:28:46', 1, NULL, NULL, 1, 46, NULL, NULL, NULL, NULL),
(47, '2022-10-05 13:30:50', 1, NULL, NULL, 1, 47, NULL, NULL, NULL, NULL),
(48, '2022-10-05 13:31:05', 1, NULL, NULL, 1, 48, NULL, NULL, NULL, NULL),
(49, '2022-10-05 13:31:21', 1, NULL, NULL, 1, 49, NULL, NULL, NULL, NULL),
(50, '2022-10-05 13:31:37', 1, NULL, NULL, 1, 50, NULL, NULL, NULL, NULL),
(51, '2022-10-05 13:34:53', 1, NULL, NULL, 1, 51, NULL, NULL, NULL, NULL),
(52, '2022-10-05 13:36:48', 1, NULL, NULL, 1, 52, NULL, NULL, NULL, NULL),
(53, '2022-10-05 13:38:49', 1, NULL, NULL, 1, 53, NULL, NULL, NULL, NULL),
(54, '2022-10-05 13:40:12', 1, NULL, NULL, 1, 54, NULL, NULL, NULL, NULL),
(55, '2022-10-05 13:41:16', 1, NULL, NULL, 1, 55, NULL, NULL, NULL, NULL),
(56, '2022-10-05 14:10:10', 1, NULL, NULL, 1, 56, NULL, NULL, NULL, NULL),
(57, '2022-10-05 14:14:22', 1, NULL, NULL, 1, 57, NULL, NULL, NULL, NULL),
(58, '2022-10-05 14:14:34', 1, NULL, NULL, 1, 58, NULL, NULL, NULL, NULL),
(59, '2022-10-05 14:21:55', 1, NULL, NULL, 1, 59, NULL, NULL, NULL, NULL),
(60, '2022-10-05 14:22:10', 1, NULL, NULL, 1, 60, NULL, NULL, NULL, NULL),
(61, '2022-10-05 14:34:38', 1, NULL, NULL, 1, 61, NULL, NULL, NULL, NULL),
(62, '2022-10-05 14:42:44', 1, NULL, NULL, 1, 62, NULL, NULL, NULL, NULL),
(63, '2022-10-05 14:54:16', 1, NULL, NULL, 1, 63, NULL, NULL, NULL, NULL),
(64, '2022-10-05 14:57:23', 1, NULL, NULL, 1, 64, NULL, NULL, NULL, NULL),
(65, '2022-10-05 15:00:17', 1, NULL, NULL, 1, 65, NULL, NULL, NULL, NULL),
(66, '2022-10-05 15:00:29', 1, NULL, NULL, 1, 66, NULL, NULL, NULL, NULL),
(67, '2022-10-05 15:07:50', 1, NULL, NULL, 1, 67, NULL, NULL, NULL, NULL),
(68, '2022-10-05 15:08:02', 1, NULL, NULL, 1, 68, NULL, NULL, NULL, NULL),
(69, '2022-10-05 15:08:56', 1, NULL, NULL, 1, 69, NULL, NULL, NULL, NULL),
(70, '2022-10-05 15:22:15', 1, NULL, NULL, 1, 70, NULL, NULL, NULL, NULL),
(71, '2022-10-05 15:22:30', 1, NULL, NULL, 1, 71, NULL, NULL, NULL, NULL),
(72, '2022-10-05 15:25:07', 1, NULL, NULL, 1, 72, NULL, NULL, NULL, NULL),
(73, '2022-10-05 15:27:57', 1, NULL, NULL, 1, 73, NULL, NULL, NULL, NULL),
(74, '2022-10-05 15:36:01', 1, NULL, NULL, 1, 74, NULL, NULL, NULL, NULL),
(75, '2022-10-05 15:39:03', 1, NULL, NULL, 1, 75, NULL, NULL, NULL, NULL),
(76, '2022-10-05 16:01:21', 1, NULL, NULL, 1, 76, NULL, NULL, NULL, NULL),
(77, '2022-10-05 16:08:53', 1, NULL, NULL, 1, 77, NULL, NULL, NULL, NULL),
(78, '2022-10-05 16:10:20', 1, NULL, NULL, 1, 78, NULL, NULL, NULL, NULL),
(79, '2022-10-05 16:12:18', 1, NULL, NULL, 1, 79, NULL, NULL, NULL, NULL),
(80, '2022-10-05 16:13:42', 1, NULL, NULL, 1, 80, NULL, NULL, NULL, NULL),
(81, '2022-10-05 16:41:55', 1, NULL, NULL, 1, 81, NULL, NULL, NULL, NULL),
(82, '2022-10-05 16:42:59', 1, NULL, NULL, 1, 82, NULL, NULL, NULL, NULL),
(83, '2022-10-05 16:59:58', 1, NULL, NULL, 1, 83, NULL, NULL, NULL, NULL),
(84, '2022-10-06 09:28:08', 1, NULL, NULL, 1, 84, NULL, NULL, NULL, NULL),
(85, '2022-10-06 09:28:08', 1, NULL, NULL, 1, 85, NULL, NULL, NULL, NULL),
(86, '2022-10-06 09:28:08', 1, NULL, NULL, 1, 86, NULL, NULL, NULL, NULL),
(87, '2022-10-06 09:35:06', 1, NULL, NULL, 1, 87, NULL, NULL, NULL, NULL),
(88, '2022-10-06 09:39:25', 1, NULL, NULL, 1, 88, NULL, NULL, NULL, NULL),
(89, '2022-10-06 09:39:48', 1, NULL, NULL, 1, 89, NULL, NULL, NULL, NULL),
(90, '2022-10-06 12:02:36', 1, NULL, NULL, 1, 90, NULL, NULL, NULL, NULL),
(91, '2022-10-06 15:16:00', 1, NULL, NULL, 3, 91, NULL, NULL, NULL, NULL),
(92, '2022-10-06 15:20:35', 1, NULL, NULL, 3, 92, NULL, NULL, NULL, NULL),
(93, '2022-10-06 15:21:06', 1, NULL, NULL, 3, 93, NULL, NULL, NULL, NULL),
(94, '2022-10-06 15:21:40', 1, NULL, NULL, 3, 94, NULL, NULL, NULL, NULL),
(95, '2022-10-06 15:23:01', 1, NULL, NULL, 1, 95, NULL, NULL, NULL, NULL),
(96, '2022-10-06 15:23:21', 1, NULL, NULL, 3, 96, NULL, NULL, NULL, NULL),
(97, '2022-10-06 15:29:00', 1, NULL, NULL, 3, 97, NULL, NULL, NULL, NULL),
(98, '2022-10-06 15:29:22', 1, NULL, NULL, 3, 98, NULL, NULL, NULL, NULL),
(99, '2022-10-06 15:29:48', 1, NULL, NULL, 3, 99, NULL, NULL, NULL, NULL),
(100, '2022-10-06 15:30:17', 1, NULL, NULL, 3, 100, NULL, NULL, NULL, NULL),
(101, '2022-10-06 15:39:32', 1, NULL, NULL, 3, 101, NULL, NULL, NULL, NULL),
(102, '2022-10-06 15:39:57', 1, NULL, NULL, 3, 102, NULL, NULL, NULL, NULL),
(103, '2022-10-06 15:40:15', 1, NULL, NULL, 3, 103, NULL, NULL, NULL, NULL),
(104, '2022-10-06 15:40:42', 1, NULL, NULL, 3, 104, NULL, NULL, NULL, NULL),
(105, '2022-10-06 15:41:20', 1, NULL, NULL, 3, 105, NULL, NULL, NULL, NULL),
(106, '2022-10-07 09:36:55', 1, NULL, NULL, 3, 106, NULL, NULL, NULL, NULL),
(107, '2022-10-07 09:42:03', 1, NULL, NULL, 3, 107, NULL, NULL, NULL, NULL),
(108, '2022-10-07 09:42:31', 1, NULL, NULL, 3, 108, NULL, NULL, NULL, NULL),
(109, '2022-10-07 09:42:56', 1, NULL, NULL, 3, 109, NULL, NULL, NULL, NULL),
(110, '2022-10-07 09:43:12', 1, NULL, NULL, 3, 110, NULL, NULL, NULL, NULL),
(111, '2022-10-07 10:01:33', 1, NULL, NULL, 3, 111, NULL, NULL, NULL, NULL),
(112, '2022-10-07 10:02:02', 1, NULL, NULL, 3, 112, NULL, NULL, NULL, NULL),
(113, '2022-10-07 10:02:47', 1, NULL, NULL, 3, 113, NULL, NULL, NULL, NULL),
(114, '2022-10-07 10:03:12', 1, NULL, NULL, 3, 114, NULL, NULL, NULL, NULL),
(115, '2022-10-07 10:29:45', 1, NULL, NULL, 3, 115, NULL, NULL, NULL, NULL),
(116, '2022-10-07 10:30:27', 1, NULL, NULL, 3, 116, NULL, NULL, NULL, NULL),
(117, '2022-10-07 10:30:56', 1, NULL, NULL, 3, 117, NULL, NULL, NULL, NULL),
(118, '2022-10-07 10:31:21', 1, NULL, NULL, 3, 118, NULL, NULL, NULL, NULL),
(119, '2022-10-07 10:49:46', 1, NULL, NULL, 3, 119, NULL, NULL, NULL, NULL),
(120, '2022-10-07 10:50:07', 1, NULL, NULL, 3, 120, NULL, NULL, NULL, NULL),
(121, '2022-10-07 10:50:37', 1, NULL, NULL, 3, 121, NULL, NULL, NULL, NULL),
(122, '2022-10-07 11:01:46', 1, NULL, NULL, 3, 122, NULL, NULL, NULL, NULL),
(123, '2022-10-07 11:02:28', 1, NULL, NULL, 3, 123, NULL, NULL, NULL, NULL),
(124, '2022-10-07 11:05:09', 1, NULL, NULL, 3, 124, NULL, NULL, NULL, NULL),
(125, '2022-10-07 11:05:56', 1, NULL, NULL, 3, 125, NULL, NULL, NULL, NULL),
(126, '2022-10-07 11:06:28', 1, NULL, NULL, 3, 126, NULL, NULL, NULL, NULL),
(127, '2022-10-07 11:07:18', 1, NULL, NULL, 3, 127, NULL, NULL, NULL, NULL),
(128, '2022-10-07 11:42:11', 1, NULL, NULL, 3, 128, NULL, NULL, NULL, NULL),
(129, '2022-10-07 11:43:10', 1, NULL, NULL, 3, 129, NULL, NULL, NULL, NULL),
(130, '2022-10-07 11:43:10', 1, NULL, NULL, 3, 130, NULL, NULL, NULL, NULL),
(131, '2022-10-07 11:43:10', 1, NULL, NULL, 3, 131, NULL, NULL, NULL, NULL),
(132, '2022-10-07 11:43:10', 1, NULL, NULL, 3, 132, NULL, NULL, NULL, NULL),
(133, '2022-10-07 11:43:10', 1, NULL, NULL, 3, 133, NULL, NULL, NULL, NULL),
(134, '2022-10-07 11:43:10', 1, NULL, NULL, 3, 134, NULL, NULL, NULL, NULL),
(135, '2022-10-07 11:43:10', 1, NULL, NULL, 3, 135, NULL, NULL, NULL, NULL),
(136, '2022-10-07 11:43:10', 1, NULL, NULL, 3, 136, NULL, NULL, NULL, NULL),
(137, '2022-10-07 11:43:10', 1, NULL, NULL, 3, 137, NULL, NULL, NULL, NULL),
(138, '2022-10-07 11:43:10', 1, NULL, NULL, 3, 138, NULL, NULL, NULL, NULL),
(139, '2022-10-07 12:02:58', 1, NULL, NULL, 3, 139, NULL, NULL, NULL, NULL),
(140, '2022-10-07 12:03:35', 1, NULL, NULL, 3, 140, NULL, NULL, NULL, NULL),
(141, '2022-10-07 12:04:03', 1, NULL, NULL, 3, 141, NULL, NULL, NULL, NULL),
(142, '2022-10-07 12:04:03', 1, NULL, NULL, 3, 142, NULL, NULL, NULL, NULL),
(143, '2022-10-07 12:04:32', 1, NULL, NULL, 3, 143, NULL, NULL, NULL, NULL),
(144, '2022-10-07 12:04:32', 1, NULL, NULL, 3, 144, NULL, NULL, NULL, NULL),
(145, '2022-10-07 12:05:05', 1, NULL, NULL, 3, 145, NULL, NULL, NULL, NULL),
(146, '2022-10-07 12:05:40', 1, NULL, NULL, 3, 146, NULL, NULL, NULL, NULL),
(147, '2022-10-07 12:05:55', 1, NULL, NULL, 3, 147, NULL, NULL, NULL, NULL),
(148, '2022-10-11 12:25:05', 1, NULL, NULL, 2, 148, NULL, NULL, NULL, NULL),
(149, '2022-10-11 12:25:39', 1, NULL, NULL, 2, 149, NULL, NULL, NULL, NULL),
(150, '2022-10-11 12:26:04', 1, NULL, NULL, 2, 150, NULL, NULL, NULL, NULL),
(151, '2022-10-11 12:26:44', 1, NULL, NULL, 2, 151, NULL, NULL, NULL, NULL),
(152, '2022-10-11 12:38:13', 1, NULL, NULL, 2, 152, NULL, NULL, NULL, NULL),
(153, '2022-10-11 12:38:41', 1, NULL, NULL, 2, 153, NULL, NULL, NULL, NULL),
(154, '2022-10-11 12:39:09', 1, NULL, NULL, 2, 154, NULL, NULL, NULL, NULL),
(155, '2022-10-11 12:39:30', 1, NULL, NULL, 2, 155, NULL, NULL, NULL, NULL),
(156, '2022-10-11 12:39:57', 1, NULL, NULL, 2, 156, NULL, NULL, NULL, NULL),
(157, '2022-10-11 12:40:37', 1, NULL, NULL, 2, 157, NULL, NULL, NULL, NULL),
(158, '2022-10-11 12:41:25', 1, NULL, NULL, 2, 158, NULL, NULL, NULL, NULL),
(159, '2022-10-11 12:41:49', 1, NULL, NULL, 2, 159, NULL, NULL, NULL, NULL),
(160, '2022-10-11 12:42:14', 1, NULL, NULL, 2, 160, NULL, NULL, NULL, NULL),
(161, '2022-10-11 15:26:29', 1, NULL, NULL, 2, 161, NULL, NULL, NULL, NULL),
(162, '2022-10-11 15:27:30', 1, NULL, NULL, 2, 162, NULL, NULL, NULL, NULL),
(163, '2022-10-11 15:29:24', 1, NULL, NULL, 2, 163, NULL, NULL, NULL, NULL),
(164, '2022-10-11 15:30:08', 1, NULL, NULL, 2, 164, NULL, NULL, NULL, NULL),
(165, '2022-10-11 15:36:47', 1, NULL, NULL, 2, 165, NULL, NULL, NULL, NULL),
(166, '2022-10-11 15:37:31', 1, NULL, NULL, 2, 166, NULL, NULL, NULL, NULL),
(167, '2022-10-11 15:37:31', 1, NULL, NULL, 2, 167, NULL, NULL, NULL, NULL),
(168, '2022-10-11 15:37:31', 1, NULL, NULL, 2, 168, NULL, NULL, NULL, NULL),
(169, '2022-10-11 15:39:47', 1, NULL, NULL, 2, 169, NULL, NULL, NULL, NULL),
(170, '2022-10-11 15:59:46', 1, NULL, NULL, 2, 170, NULL, NULL, NULL, NULL),
(171, '2022-10-11 16:01:03', 1, NULL, NULL, 2, 171, NULL, NULL, NULL, NULL),
(172, '2022-10-11 16:05:33', 1, NULL, NULL, 4, 172, NULL, NULL, NULL, NULL),
(173, '2022-10-11 16:05:54', 1, NULL, NULL, 4, 173, NULL, NULL, NULL, NULL),
(174, '2022-10-11 16:06:16', 1, NULL, NULL, 4, 174, NULL, NULL, NULL, NULL),
(175, '2022-10-13 11:02:35', 1, NULL, NULL, 4, 175, NULL, NULL, NULL, NULL),
(176, '2022-10-13 11:03:06', 1, NULL, NULL, 4, 176, NULL, NULL, NULL, NULL),
(177, '2022-10-13 11:03:28', 1, NULL, NULL, 4, 177, NULL, NULL, NULL, NULL),
(178, '2022-10-13 11:04:28', 1, NULL, NULL, 4, 178, NULL, NULL, NULL, NULL),
(179, '2022-10-13 11:04:57', 1, NULL, NULL, 4, 179, NULL, NULL, NULL, NULL),
(180, '2022-10-13 11:28:01', 1, NULL, NULL, 4, 180, NULL, NULL, NULL, NULL),
(181, '2022-10-13 11:28:44', 1, NULL, NULL, 4, 181, NULL, NULL, NULL, NULL),
(182, '2022-10-13 11:29:10', 1, NULL, NULL, 4, 182, NULL, NULL, NULL, NULL),
(183, '2022-10-13 11:29:39', 1, NULL, NULL, 4, 183, NULL, NULL, NULL, NULL),
(184, '2022-10-13 11:41:13', 1, NULL, NULL, 4, 184, NULL, NULL, NULL, NULL),
(185, '2022-10-13 11:41:39', 1, NULL, NULL, 4, 185, NULL, NULL, NULL, NULL),
(186, '2022-10-13 11:42:15', 1, NULL, NULL, 4, 186, NULL, NULL, NULL, NULL),
(187, '2022-10-13 11:42:37', 1, NULL, NULL, 4, 187, NULL, NULL, NULL, NULL),
(188, '2022-10-13 11:42:53', 1, NULL, NULL, 4, 188, NULL, NULL, NULL, NULL),
(189, '2022-10-13 11:48:29', 1, NULL, NULL, 4, 189, NULL, NULL, NULL, NULL),
(190, '2022-10-13 11:48:58', 1, NULL, NULL, 4, 190, NULL, NULL, NULL, NULL),
(191, '2022-10-13 11:49:19', 1, NULL, NULL, 4, 191, NULL, NULL, NULL, NULL),
(192, '2022-10-13 11:49:46', 1, NULL, NULL, 4, 192, NULL, NULL, NULL, NULL),
(193, '2022-10-13 11:50:05', 1, NULL, NULL, 4, 193, NULL, NULL, NULL, NULL),
(194, '2022-10-13 11:50:32', 1, NULL, NULL, 4, 194, NULL, NULL, NULL, NULL),
(195, '2022-10-13 12:07:44', 1, NULL, NULL, 4, 195, NULL, NULL, NULL, NULL),
(196, '2022-10-13 12:08:19', 1, NULL, NULL, 4, 196, NULL, NULL, NULL, NULL),
(197, '2022-10-13 12:08:37', 1, NULL, NULL, 4, 197, NULL, NULL, NULL, NULL),
(198, '2022-10-13 12:37:02', 1, NULL, NULL, 4, 198, NULL, NULL, NULL, NULL),
(199, '2022-10-13 12:40:17', 1, NULL, NULL, 4, 199, NULL, NULL, NULL, NULL),
(200, '2022-10-13 12:40:36', 1, NULL, NULL, 4, 200, NULL, NULL, NULL, NULL),
(201, '2022-10-13 12:41:11', 1, NULL, NULL, 4, 201, NULL, NULL, NULL, NULL),
(202, '2022-10-13 12:42:50', 1, NULL, NULL, 4, 202, NULL, NULL, NULL, NULL),
(203, '2022-10-13 12:51:31', 1, NULL, NULL, 4, 203, NULL, NULL, NULL, NULL),
(204, '2022-10-13 12:51:57', 1, NULL, NULL, 4, 204, NULL, NULL, NULL, NULL),
(205, '2022-10-13 12:52:24', 1, NULL, NULL, 4, 205, NULL, NULL, NULL, NULL),
(206, '2022-10-13 12:52:41', 1, NULL, NULL, 4, 206, NULL, NULL, NULL, NULL),
(207, '2022-10-13 12:53:02', 1, NULL, NULL, 4, 207, NULL, NULL, NULL, NULL),
(208, '2022-10-13 12:54:00', 1, NULL, NULL, 4, 208, NULL, NULL, NULL, NULL),
(209, '2022-10-13 13:15:58', 1, NULL, NULL, 4, 209, NULL, NULL, NULL, NULL),
(210, '2022-10-13 13:16:17', 1, NULL, NULL, 4, 210, NULL, NULL, NULL, NULL),
(211, '2022-10-13 13:16:46', 1, NULL, NULL, 4, 211, NULL, NULL, NULL, NULL),
(212, '2022-10-13 13:17:17', 1, NULL, NULL, 4, 212, NULL, NULL, NULL, NULL),
(213, '2022-10-13 13:36:10', 1, NULL, NULL, 4, 213, NULL, NULL, NULL, NULL),
(214, '2022-10-13 13:36:29', 1, NULL, NULL, 4, 214, NULL, NULL, NULL, NULL),
(215, '2022-10-13 13:37:21', 1, NULL, NULL, 4, 215, NULL, NULL, NULL, NULL),
(216, '2022-10-13 13:39:12', 1, NULL, NULL, 4, 216, NULL, NULL, NULL, NULL),
(217, '2022-10-13 13:40:51', 1, NULL, NULL, 4, 217, NULL, NULL, NULL, NULL),
(218, '2022-10-13 15:17:02', 1, NULL, NULL, 4, 218, NULL, NULL, NULL, NULL),
(219, '2022-10-13 15:19:06', 1, NULL, NULL, 4, 219, NULL, NULL, NULL, NULL),
(220, '2022-10-13 15:20:18', 1, NULL, NULL, 4, 220, NULL, NULL, NULL, NULL),
(221, '2022-10-13 15:20:41', 1, NULL, NULL, 4, 221, NULL, NULL, NULL, NULL),
(222, '2022-10-13 15:21:15', 1, NULL, NULL, 4, 222, NULL, NULL, NULL, NULL),
(223, '2022-10-13 15:21:56', 1, NULL, NULL, 4, 223, NULL, NULL, NULL, NULL),
(224, '2022-10-13 15:44:52', 1, NULL, NULL, 4, 224, NULL, NULL, NULL, NULL),
(225, '2022-10-13 15:45:14', 1, NULL, NULL, 4, 225, NULL, NULL, NULL, NULL),
(226, '2022-10-13 15:45:41', 1, NULL, NULL, 4, 226, NULL, NULL, NULL, NULL),
(227, '2022-10-13 15:46:22', 1, NULL, NULL, 4, 227, NULL, NULL, NULL, NULL),
(228, '2022-10-13 16:05:06', 1, NULL, NULL, 4, 228, NULL, NULL, NULL, NULL),
(229, '2022-10-13 16:05:30', 1, NULL, NULL, 4, 229, NULL, NULL, NULL, NULL),
(230, '2022-10-13 16:05:57', 1, NULL, NULL, 4, 230, NULL, NULL, NULL, NULL),
(231, '2022-10-14 10:00:55', 1, NULL, NULL, 4, 231, NULL, NULL, NULL, NULL),
(232, '2022-10-14 10:02:09', 1, NULL, NULL, 4, 232, NULL, NULL, NULL, NULL),
(233, '2022-10-14 10:02:44', 1, NULL, NULL, 4, 233, NULL, NULL, NULL, NULL),
(234, '2022-10-14 10:03:12', 1, NULL, NULL, 4, 234, NULL, NULL, NULL, NULL),
(235, '2022-10-14 10:03:31', 1, NULL, NULL, 4, 235, NULL, NULL, NULL, NULL),
(236, '2022-10-14 10:49:00', 1, NULL, NULL, 4, 236, NULL, NULL, NULL, NULL),
(237, '2022-10-14 10:50:07', 1, NULL, NULL, 4, 237, NULL, NULL, NULL, NULL),
(238, '2022-10-14 10:50:38', 1, NULL, NULL, 4, 238, NULL, NULL, NULL, NULL),
(239, '2022-10-14 10:52:18', 1, NULL, NULL, 4, 239, NULL, NULL, NULL, NULL),
(240, '2022-10-14 11:04:45', 1, NULL, NULL, 4, 240, NULL, NULL, NULL, NULL),
(241, '2022-10-14 11:05:05', 1, NULL, NULL, 4, 241, NULL, NULL, NULL, NULL),
(242, '2022-10-14 11:13:53', 1, NULL, NULL, 4, 242, NULL, NULL, NULL, NULL),
(243, '2022-10-14 11:14:13', 1, NULL, NULL, 4, 243, NULL, NULL, NULL, NULL),
(244, '2022-10-14 11:24:53', 1, NULL, NULL, 4, 244, NULL, NULL, NULL, NULL),
(245, '2022-10-14 11:24:53', 1, NULL, NULL, 4, 245, NULL, NULL, NULL, NULL),
(246, '2022-10-14 11:24:53', 1, NULL, NULL, 4, 246, NULL, NULL, NULL, NULL),
(247, '2022-10-14 11:25:46', 1, NULL, NULL, 4, 247, NULL, NULL, NULL, NULL),
(248, '2022-10-14 11:26:01', 1, NULL, NULL, 4, 248, NULL, NULL, NULL, NULL),
(249, '2022-10-14 11:26:20', 1, NULL, NULL, 4, 249, NULL, NULL, NULL, NULL),
(250, '2022-10-14 11:26:20', 1, NULL, NULL, 4, 250, NULL, NULL, NULL, NULL),
(251, '2022-10-14 11:41:25', 1, NULL, NULL, 4, 251, NULL, NULL, NULL, NULL),
(252, '2022-10-14 11:51:31', 1, NULL, NULL, 4, 252, NULL, NULL, NULL, NULL),
(253, '2022-10-14 11:51:57', 1, NULL, NULL, 4, 253, NULL, NULL, NULL, NULL),
(254, '2022-10-14 11:52:22', 1, NULL, NULL, 4, 254, NULL, NULL, NULL, NULL),
(255, '2022-10-14 11:52:57', 1, NULL, NULL, 4, 255, NULL, NULL, NULL, NULL),
(256, '2022-10-14 11:53:22', 1, NULL, NULL, 4, 256, NULL, NULL, NULL, NULL),
(257, '2022-10-16 10:10:03', 1, NULL, NULL, 5, 257, NULL, NULL, NULL, NULL),
(258, '2022-10-16 10:19:53', 1, NULL, NULL, 5, 258, NULL, NULL, NULL, NULL),
(259, '2022-10-16 10:34:08', 1, NULL, NULL, 1, 259, NULL, NULL, NULL, NULL),
(260, '2022-10-16 10:37:15', 1, NULL, NULL, 5, 260, NULL, NULL, NULL, NULL),
(261, '2022-10-16 10:39:38', 1, NULL, NULL, 5, 261, NULL, NULL, NULL, NULL),
(262, '2022-10-16 10:39:38', 1, NULL, NULL, 5, 262, NULL, NULL, NULL, NULL),
(263, '2022-10-16 10:39:38', 1, NULL, NULL, 5, 263, NULL, NULL, NULL, NULL),
(264, '2022-10-16 10:40:14', 1, NULL, NULL, 5, 264, NULL, NULL, NULL, NULL),
(265, '2022-10-16 10:54:20', 1, NULL, NULL, 5, 265, NULL, NULL, NULL, NULL),
(266, '2022-10-16 10:55:08', 1, NULL, NULL, 5, 266, NULL, NULL, NULL, NULL),
(267, '2022-10-16 10:55:08', 1, NULL, NULL, 5, 267, NULL, NULL, NULL, NULL),
(268, '2022-10-16 11:02:03', 1, NULL, NULL, 6, 268, NULL, NULL, NULL, NULL),
(269, '2022-10-16 11:02:24', 1, NULL, NULL, 6, 269, NULL, NULL, NULL, NULL),
(270, '2022-10-16 11:03:08', 1, NULL, NULL, 6, 270, NULL, NULL, NULL, NULL),
(271, '2022-10-16 11:13:56', 1, NULL, NULL, 6, 271, NULL, NULL, NULL, NULL),
(272, '2022-10-16 11:14:23', 1, NULL, NULL, 6, 272, NULL, NULL, NULL, NULL),
(273, '2022-10-16 11:14:46', 1, NULL, NULL, 6, 273, NULL, NULL, NULL, NULL),
(274, '2022-10-16 11:18:21', 1, NULL, NULL, 6, 274, NULL, NULL, NULL, NULL),
(275, '2022-10-16 11:20:03', 1, NULL, NULL, 6, 275, NULL, NULL, NULL, NULL),
(276, '2022-10-16 11:20:39', 1, NULL, NULL, 6, 276, NULL, NULL, NULL, NULL),
(277, '2022-10-16 11:37:38', 1, NULL, NULL, 6, 277, NULL, NULL, NULL, NULL),
(278, '2022-10-16 11:39:53', 1, NULL, NULL, 6, 278, NULL, NULL, NULL, NULL),
(279, '2022-10-16 11:53:59', 1, NULL, NULL, 6, 279, NULL, NULL, NULL, NULL),
(280, '2022-10-16 11:54:41', 1, NULL, NULL, 6, 280, NULL, NULL, NULL, NULL),
(281, '2022-10-16 12:18:31', 1, NULL, NULL, 6, 281, NULL, NULL, NULL, NULL),
(282, '2022-10-16 12:18:59', 1, NULL, NULL, 6, 282, NULL, NULL, NULL, NULL),
(283, '2022-10-16 12:19:29', 1, NULL, NULL, 6, 283, NULL, NULL, NULL, NULL),
(284, '2022-10-16 12:31:02', 1, NULL, NULL, 6, 284, NULL, NULL, NULL, NULL),
(285, '2022-10-16 12:31:02', 1, NULL, NULL, 6, 285, NULL, NULL, NULL, NULL),
(286, '2022-10-16 12:31:41', 1, NULL, NULL, 6, 286, NULL, NULL, NULL, NULL),
(287, '2022-10-16 12:32:18', 1, NULL, NULL, 6, 287, NULL, NULL, NULL, NULL),
(288, '2022-10-16 12:32:18', 1, NULL, NULL, 6, 288, NULL, NULL, NULL, NULL),
(289, '2022-10-16 12:40:48', 1, NULL, NULL, 6, 289, NULL, NULL, NULL, NULL),
(290, '2022-10-16 12:41:12', 1, NULL, NULL, 6, 290, NULL, NULL, NULL, NULL),
(291, '2022-10-16 12:41:39', 1, NULL, NULL, 6, 291, NULL, NULL, NULL, NULL),
(292, '2022-10-16 12:42:08', 1, NULL, NULL, 6, 292, NULL, NULL, NULL, NULL),
(293, '2022-10-16 12:42:08', 1, NULL, NULL, 6, 293, NULL, NULL, NULL, NULL),
(294, '2022-10-16 12:42:08', 1, NULL, NULL, 6, 294, NULL, NULL, NULL, NULL),
(295, '2022-10-16 12:42:08', 1, NULL, NULL, 6, 295, NULL, NULL, NULL, NULL),
(296, '2022-10-16 13:00:37', 1, NULL, NULL, 6, 296, NULL, NULL, NULL, NULL),
(297, '2022-10-16 13:00:37', 1, NULL, NULL, 6, 297, NULL, NULL, NULL, NULL),
(298, '2022-10-16 13:00:37', 1, NULL, NULL, 6, 298, NULL, NULL, NULL, NULL),
(299, '2022-10-16 13:00:37', 1, NULL, NULL, 6, 299, NULL, NULL, NULL, NULL),
(300, '2022-10-16 13:01:23', 1, NULL, NULL, 6, 300, NULL, NULL, NULL, NULL),
(301, '2022-10-16 13:01:23', 1, NULL, NULL, 6, 301, NULL, NULL, NULL, NULL),
(302, '2022-10-16 13:01:23', 1, NULL, NULL, 6, 302, NULL, NULL, NULL, NULL),
(303, '2022-10-16 13:02:37', 1, NULL, NULL, 6, 303, NULL, NULL, NULL, NULL),
(304, '2022-10-18 10:00:25', 1, NULL, NULL, 6, 304, NULL, NULL, NULL, NULL),
(305, '2022-10-18 10:00:25', 1, NULL, NULL, 6, 305, NULL, NULL, NULL, NULL),
(306, '2022-10-18 10:00:25', 1, NULL, NULL, 6, 306, NULL, NULL, NULL, NULL),
(307, '2022-10-18 10:07:17', 1, NULL, NULL, 6, 307, NULL, NULL, NULL, NULL),
(308, '2022-10-18 10:15:43', 1, NULL, NULL, 6, 308, NULL, NULL, NULL, NULL),
(309, '2022-10-18 10:19:32', 1, NULL, NULL, 6, 309, NULL, NULL, NULL, NULL),
(310, '2022-10-18 10:22:00', 1, NULL, NULL, 6, 310, NULL, NULL, NULL, NULL),
(311, '2022-10-18 10:23:23', 1, NULL, NULL, 6, 311, NULL, NULL, NULL, NULL),
(312, '2022-10-18 10:24:27', 1, NULL, NULL, 6, 312, NULL, NULL, NULL, NULL),
(313, '2022-10-18 10:26:41', 1, NULL, NULL, 6, 313, NULL, NULL, NULL, NULL),
(314, '2022-10-18 10:27:39', 1, NULL, NULL, 6, 314, NULL, NULL, NULL, NULL),
(315, '2022-10-18 10:29:29', 1, NULL, NULL, 6, 315, NULL, NULL, NULL, NULL),
(316, '2022-10-18 10:30:30', 1, NULL, NULL, 6, 316, NULL, NULL, NULL, NULL),
(317, '2022-10-18 10:31:56', 1, NULL, NULL, 6, 317, NULL, NULL, NULL, NULL),
(318, '2022-10-18 16:24:30', 1, NULL, NULL, 6, 318, NULL, NULL, NULL, NULL),
(319, '2022-10-18 16:28:31', 1, NULL, NULL, 7, 319, NULL, NULL, NULL, NULL),
(320, '2022-10-18 16:43:26', 1, NULL, NULL, 7, 320, NULL, NULL, NULL, NULL),
(321, '2022-10-18 16:56:46', 1, NULL, NULL, 7, 321, NULL, NULL, NULL, NULL),
(322, '2022-10-18 16:57:47', 1, NULL, NULL, 7, 322, NULL, NULL, NULL, NULL),
(323, '2022-10-18 16:58:19', 1, NULL, NULL, 7, 323, NULL, NULL, NULL, NULL),
(324, '2022-10-19 09:46:10', 1, NULL, NULL, 7, 324, NULL, NULL, NULL, NULL),
(325, '2022-10-19 10:05:02', 1, NULL, NULL, 7, 325, NULL, NULL, NULL, NULL),
(326, '2022-10-19 10:06:16', 1, NULL, NULL, 7, 326, NULL, NULL, NULL, NULL),
(327, '2022-10-18 10:10:57', 1, NULL, NULL, 7, 327, NULL, NULL, NULL, NULL),
(328, '2022-10-18 10:13:13', 1, NULL, NULL, 7, 328, NULL, NULL, NULL, NULL),
(329, '2022-10-18 10:26:11', 1, NULL, NULL, 7, 329, NULL, NULL, NULL, NULL),
(330, '2022-10-18 10:31:54', 1, NULL, NULL, 7, 330, NULL, NULL, NULL, NULL),
(331, '2022-10-18 10:32:34', 1, NULL, NULL, 7, 331, NULL, NULL, NULL, NULL),
(332, '2022-10-18 10:32:34', 1, NULL, NULL, 7, 332, NULL, NULL, NULL, NULL),
(333, '2022-10-18 10:32:34', 1, NULL, NULL, 7, 333, NULL, NULL, NULL, NULL),
(334, '2022-10-18 10:32:57', 1, NULL, NULL, 7, 334, NULL, NULL, NULL, NULL),
(335, '2022-10-18 10:49:43', 1, NULL, NULL, 7, 335, NULL, NULL, NULL, NULL),
(336, '2022-10-18 10:49:43', 1, NULL, NULL, 7, 336, NULL, NULL, NULL, NULL),
(337, '2022-10-18 10:49:43', 1, NULL, NULL, 7, 337, NULL, NULL, NULL, NULL),
(338, '2022-10-18 10:52:51', 1, NULL, NULL, 7, 338, NULL, NULL, NULL, NULL),
(339, '2022-10-18 10:53:12', 1, NULL, NULL, 7, 339, NULL, NULL, NULL, NULL),
(340, '2022-10-18 10:57:51', 1, NULL, NULL, 7, 340, NULL, NULL, NULL, NULL),
(341, '2022-10-18 10:57:51', 1, NULL, NULL, 7, 341, NULL, NULL, NULL, NULL),
(342, '2022-10-18 10:59:27', 1, NULL, NULL, 7, 342, NULL, NULL, NULL, NULL),
(343, '2022-10-18 10:59:27', 1, NULL, NULL, 7, 343, NULL, NULL, NULL, NULL),
(344, '2022-10-18 11:01:33', 1, NULL, NULL, 7, 344, NULL, NULL, NULL, NULL),
(345, '2022-10-18 11:46:51', 1, NULL, NULL, 7, 345, NULL, NULL, NULL, NULL),
(346, '2022-10-18 14:49:44', 1, NULL, NULL, 8, 346, NULL, NULL, NULL, NULL),
(347, '2022-10-18 14:54:37', 1, NULL, NULL, 8, 347, NULL, NULL, NULL, NULL),
(348, '2022-10-18 14:56:03', 1, NULL, NULL, 8, 348, NULL, NULL, NULL, NULL),
(349, '2022-10-18 14:59:22', 1, NULL, NULL, 8, 349, NULL, NULL, NULL, NULL),
(350, '2022-10-18 14:59:58', 1, NULL, NULL, 8, 350, NULL, NULL, NULL, NULL),
(351, '2022-10-18 15:00:34', 1, NULL, NULL, 8, 351, NULL, NULL, NULL, NULL),
(352, '2022-10-18 15:01:30', 1, NULL, NULL, 8, 352, NULL, NULL, NULL, NULL),
(353, '2022-10-18 15:16:51', 1, NULL, NULL, 8, 353, NULL, NULL, NULL, NULL),
(354, '2022-10-18 15:20:26', 1, NULL, NULL, 8, 354, NULL, NULL, NULL, NULL),
(355, '2022-10-18 15:20:26', 1, NULL, NULL, 8, 355, NULL, NULL, NULL, NULL),
(356, '2022-10-18 15:20:26', 1, NULL, NULL, 8, 356, NULL, NULL, NULL, NULL),
(357, '2022-10-18 15:28:54', 1, NULL, NULL, 8, 357, NULL, NULL, NULL, NULL),
(358, '2022-10-19 10:17:24', 1, NULL, NULL, 8, 358, NULL, NULL, NULL, NULL),
(359, '2022-10-19 12:46:30', 1, NULL, NULL, 3, 359, NULL, NULL, NULL, NULL),
(360, '2022-11-30 10:28:38', 1, NULL, NULL, 1, 360, NULL, NULL, NULL, NULL),
(361, '2022-11-30 10:30:53', 1, NULL, NULL, 1, 361, NULL, NULL, NULL, NULL),
(362, '2022-11-30 10:37:24', 1, NULL, NULL, 1, 362, NULL, NULL, NULL, NULL),
(363, '2022-11-30 11:00:32', 1, NULL, NULL, 1, 363, NULL, NULL, NULL, NULL),
(364, '2022-11-30 15:42:28', 1, NULL, NULL, 4, 364, NULL, NULL, NULL, NULL),
(365, '2022-11-30 15:43:27', 1, NULL, NULL, 4, 365, NULL, NULL, NULL, NULL),
(366, '2022-12-01 10:14:02', 1, NULL, NULL, 4, 366, NULL, NULL, NULL, NULL),
(367, '2022-12-01 10:55:05', 1, NULL, NULL, 6, 367, NULL, NULL, NULL, NULL),
(368, '2022-12-01 13:10:42', 1, NULL, NULL, 6, 368, NULL, NULL, NULL, NULL),
(369, '2022-12-01 13:16:23', 1, NULL, NULL, 7, 369, NULL, NULL, NULL, NULL),
(370, '2022-12-01 13:17:44', 1, NULL, NULL, 7, 370, NULL, NULL, NULL, NULL),
(371, '2022-12-01 13:17:44', 1, NULL, NULL, 7, 371, NULL, NULL, NULL, NULL),
(372, '2022-12-01 15:24:01', 1, NULL, NULL, 4, 372, NULL, NULL, NULL, NULL),
(373, '2022-12-01 15:24:24', 1, NULL, NULL, 4, 373, NULL, NULL, NULL, NULL),
(374, '2022-12-01 15:30:08', 1, NULL, NULL, 4, 374, NULL, NULL, NULL, NULL),
(375, '2022-12-01 16:41:12', 1, NULL, NULL, 3, 375, NULL, NULL, NULL, NULL),
(376, '2022-12-03 11:38:00', 1, NULL, NULL, 3, 376, NULL, NULL, NULL, NULL),
(377, '2022-12-03 11:56:03', 1, NULL, NULL, 4, 377, NULL, NULL, NULL, NULL),
(378, '2023-12-12 15:56:55', 1, NULL, NULL, 7, 378, NULL, NULL, NULL, NULL);

-- --------------------------------------------------------

--
-- Table structure for table `roomasset_details`
--

CREATE TABLE `roomasset_details` (
  `id` int(11) NOT NULL,
  `checkin` datetime DEFAULT NULL,
  `checkout` datetime DEFAULT NULL,
  `type` varchar(45) DEFAULT NULL COMMENT 'on this column is specify the type of transaction example allocation and transfer',
  `fromroom` int(11) NOT NULL,
  `doc` datetime DEFAULT NULL,
  `createdby` int(11) DEFAULT NULL,
  `dom` datetime DEFAULT NULL,
  `modifiedby` int(11) DEFAULT NULL,
  `roomid` int(11) NOT NULL,
  `assetid` int(11) NOT NULL,
  `roomasset_id` int(255) NOT NULL COMMENT 'foreign key from roomassets table'
) ENGINE=InnoDB DEFAULT CHARSET=latin1;

--
-- Dumping data for table `roomasset_details`
--

INSERT INTO `roomasset_details` (`id`, `checkin`, `checkout`, `type`, `fromroom`, `doc`, `createdby`, `dom`, `modifiedby`, `roomid`, `assetid`, `roomasset_id`) VALUES
(1, '2022-10-05 00:00:00', NULL, 'allocation', 0, '2022-10-05 12:05:38', 1, NULL, NULL, 1, 1, 1),
(2, '2022-10-05 00:00:00', NULL, 'allocation', 0, '2022-10-05 12:06:40', 1, NULL, NULL, 1, 10, 10),
(3, '2022-10-05 00:00:00', NULL, 'allocation', 0, '2022-10-05 12:13:49', 1, NULL, NULL, 1, 13, 13),
(4, '2022-10-05 00:00:00', NULL, 'allocation', 0, '2022-10-05 12:16:27', 1, NULL, NULL, 1, 18, 18),
(5, '2022-10-05 00:00:00', NULL, 'allocation', 0, '2022-10-05 12:21:51', 1, NULL, NULL, 1, 23, 23),
(6, '2022-10-05 00:00:00', NULL, 'allocation', 0, '2022-10-05 12:24:57', 1, NULL, NULL, 1, 33, 33),
(7, '2022-10-05 00:00:00', NULL, 'allocation', 0, '2022-10-05 12:34:31', 1, NULL, NULL, 1, 34, 34),
(8, '2022-10-05 00:00:00', NULL, 'allocation', 0, '2022-10-05 12:40:26', 1, NULL, NULL, 1, 35, 35),
(9, '2022-10-05 00:00:00', NULL, 'allocation', 0, '2022-10-05 12:58:36', 1, NULL, NULL, 1, 36, 36),
(10, '2022-10-05 00:00:00', NULL, 'allocation', 0, '2022-10-05 12:58:49', 1, NULL, NULL, 1, 37, 37),
(11, '2022-10-05 00:00:00', NULL, 'allocation', 0, '2022-10-05 13:01:33', 1, NULL, NULL, 1, 38, 38),
(12, '2022-10-05 00:00:00', NULL, 'allocation', 0, '2022-10-05 13:28:00', 1, NULL, NULL, 1, 43, 43),
(13, '2022-10-05 00:00:00', NULL, 'allocation', 0, '2022-10-05 13:28:25', 1, NULL, NULL, 1, 45, 45),
(14, '2022-10-05 00:00:00', NULL, 'allocation', 0, '2022-10-05 13:28:46', 1, NULL, NULL, 1, 46, 46),
(15, '2022-10-05 00:00:00', NULL, 'allocation', 0, '2022-10-05 13:30:50', 1, NULL, NULL, 1, 47, 47),
(16, '2022-10-05 00:00:00', NULL, 'allocation', 0, '2022-10-05 13:31:06', 1, NULL, NULL, 1, 48, 48),
(17, '2022-10-05 00:00:00', NULL, 'allocation', 0, '2022-10-05 13:31:21', 1, NULL, NULL, 1, 49, 49),
(18, '2022-10-05 00:00:00', NULL, 'allocation', 0, '2022-10-05 13:31:37', 1, NULL, NULL, 1, 50, 50),
(19, '2022-10-05 00:00:00', NULL, 'allocation', 0, '2022-10-05 13:34:53', 1, NULL, NULL, 1, 51, 51),
(20, '2022-10-05 00:00:00', NULL, 'allocation', 0, '2022-10-05 13:36:48', 1, NULL, NULL, 1, 52, 52),
(21, '2022-10-05 00:00:00', NULL, 'allocation', 0, '2022-10-05 13:38:49', 1, NULL, NULL, 1, 53, 53),
(22, '2022-10-05 00:00:00', NULL, 'allocation', 0, '2022-10-05 13:40:12', 1, NULL, NULL, 1, 54, 54),
(23, '2022-10-05 00:00:00', NULL, 'allocation', 0, '2022-10-05 13:41:16', 1, NULL, NULL, 1, 55, 55),
(24, '2022-10-05 00:00:00', NULL, 'allocation', 0, '2022-10-05 14:10:10', 1, NULL, NULL, 1, 56, 56),
(25, '2022-10-05 00:00:00', NULL, 'allocation', 0, '2022-10-05 14:14:22', 1, NULL, NULL, 1, 57, 57),
(26, '2022-10-05 00:00:00', NULL, 'allocation', 0, '2022-10-05 14:14:34', 1, NULL, NULL, 1, 58, 58),
(27, '2022-10-05 00:00:00', NULL, 'allocation', 0, '2022-10-05 14:21:55', 1, NULL, NULL, 1, 59, 59),
(28, '2022-10-05 00:00:00', NULL, 'allocation', 0, '2022-10-05 14:22:10', 1, NULL, NULL, 1, 60, 60),
(29, '2022-10-05 00:00:00', NULL, 'allocation', 0, '2022-10-05 14:34:38', 1, NULL, NULL, 1, 61, 61),
(30, '2022-10-05 00:00:00', NULL, 'allocation', 0, '2022-10-05 14:42:44', 1, NULL, NULL, 1, 62, 62),
(31, '2022-10-05 00:00:00', NULL, 'allocation', 0, '2022-10-05 14:54:16', 1, NULL, NULL, 1, 63, 63),
(32, '2022-10-05 00:00:00', NULL, 'allocation', 0, '2022-10-05 14:57:23', 1, NULL, NULL, 1, 64, 64),
(33, '2022-10-05 00:00:00', NULL, 'allocation', 0, '2022-10-05 15:00:17', 1, NULL, NULL, 1, 65, 65),
(34, '2022-10-05 00:00:00', NULL, 'allocation', 0, '2022-10-05 15:00:29', 1, NULL, NULL, 1, 66, 66),
(35, '2022-10-05 00:00:00', NULL, 'allocation', 0, '2022-10-05 15:07:50', 1, NULL, NULL, 1, 67, 67),
(36, '2022-10-05 00:00:00', NULL, 'allocation', 0, '2022-10-05 15:08:02', 1, NULL, NULL, 1, 68, 68),
(37, '2022-10-05 00:00:00', NULL, 'allocation', 0, '2022-10-05 15:08:56', 1, NULL, NULL, 1, 69, 69),
(38, '2022-10-05 00:00:00', NULL, 'allocation', 0, '2022-10-05 15:22:15', 1, NULL, NULL, 1, 70, 70),
(39, '2022-10-05 00:00:00', NULL, 'allocation', 0, '2022-10-05 15:22:30', 1, NULL, NULL, 1, 71, 71),
(40, '2022-10-05 00:00:00', NULL, 'allocation', 0, '2022-10-05 15:25:07', 1, NULL, NULL, 1, 72, 72),
(41, '2022-10-05 00:00:00', NULL, 'allocation', 0, '2022-10-05 15:27:57', 1, NULL, NULL, 1, 73, 73),
(42, '2022-10-05 00:00:00', NULL, 'allocation', 0, '2022-10-05 15:36:01', 1, NULL, NULL, 1, 74, 74),
(43, '2022-10-05 00:00:00', NULL, 'allocation', 0, '2022-10-05 15:39:04', 1, NULL, NULL, 1, 75, 75),
(44, '2022-10-05 00:00:00', NULL, 'allocation', 0, '2022-10-05 16:01:21', 1, NULL, NULL, 1, 76, 76),
(45, '2022-10-05 00:00:00', NULL, 'allocation', 0, '2022-10-05 16:08:53', 1, NULL, NULL, 1, 77, 77),
(46, '2022-10-05 00:00:00', NULL, 'allocation', 0, '2022-10-05 16:10:20', 1, NULL, NULL, 1, 78, 78),
(47, '2022-10-05 00:00:00', NULL, 'allocation', 0, '2022-10-05 16:12:19', 1, NULL, NULL, 1, 79, 79),
(48, '2022-10-05 00:00:00', NULL, 'allocation', 0, '2022-10-05 16:13:42', 1, NULL, NULL, 1, 80, 80),
(49, '2022-10-05 00:00:00', NULL, 'allocation', 0, '2022-10-05 16:41:55', 1, NULL, NULL, 1, 81, 81),
(50, '2022-10-05 00:00:00', NULL, 'allocation', 0, '2022-10-05 16:42:59', 1, NULL, NULL, 1, 82, 82),
(51, '2022-10-05 00:00:00', NULL, 'allocation', 0, '2022-10-05 16:59:58', 1, NULL, NULL, 1, 83, 83),
(52, '2022-10-06 00:00:00', NULL, 'allocation', 0, '2022-10-06 09:28:08', 1, NULL, NULL, 1, 84, 84),
(53, '2022-10-06 00:00:00', NULL, 'allocation', 0, '2022-10-06 09:35:06', 1, NULL, NULL, 1, 87, 87),
(54, '2022-10-06 00:00:00', NULL, 'allocation', 0, '2022-10-06 09:39:25', 1, NULL, NULL, 1, 88, 88),
(55, '2022-10-06 00:00:00', NULL, 'allocation', 0, '2022-10-06 09:39:48', 1, NULL, NULL, 1, 89, 89),
(56, '2022-10-06 00:00:00', NULL, 'allocation', 0, '2022-10-06 12:02:36', 1, NULL, NULL, 1, 90, 90),
(57, '2022-10-06 00:00:00', NULL, 'allocation', 0, '2022-10-06 15:16:00', 1, NULL, NULL, 3, 91, 91),
(58, '2022-10-06 00:00:00', NULL, 'allocation', 0, '2022-10-06 15:20:35', 1, NULL, NULL, 3, 92, 92),
(59, '2022-10-06 00:00:00', NULL, 'allocation', 0, '2022-10-06 15:21:06', 1, NULL, NULL, 3, 93, 93),
(60, '2022-10-06 00:00:00', NULL, 'allocation', 0, '2022-10-06 15:21:40', 1, NULL, NULL, 3, 94, 94),
(61, '2022-10-06 00:00:00', NULL, 'allocation', 0, '2022-10-06 15:23:01', 1, NULL, NULL, 1, 95, 95),
(62, '2022-10-06 00:00:00', NULL, 'allocation', 0, '2022-10-06 15:23:21', 1, NULL, NULL, 3, 96, 96),
(63, '2022-10-06 00:00:00', NULL, 'allocation', 0, '2022-10-06 15:29:00', 1, NULL, NULL, 3, 97, 97),
(64, '2022-10-06 00:00:00', NULL, 'allocation', 0, '2022-10-06 15:29:22', 1, NULL, NULL, 3, 98, 98),
(65, '2022-10-06 00:00:00', NULL, 'allocation', 0, '2022-10-06 15:29:48', 1, NULL, NULL, 3, 99, 99),
(66, '2022-10-06 00:00:00', NULL, 'allocation', 0, '2022-10-06 15:30:17', 1, NULL, NULL, 3, 100, 100),
(67, '2022-10-06 00:00:00', NULL, 'allocation', 0, '2022-10-06 15:39:32', 1, NULL, NULL, 3, 101, 101),
(68, '2022-10-06 00:00:00', NULL, 'allocation', 0, '2022-10-06 15:39:57', 1, NULL, NULL, 3, 102, 102),
(69, '2022-10-06 00:00:00', NULL, 'allocation', 0, '2022-10-06 15:40:15', 1, NULL, NULL, 3, 103, 103),
(70, '2022-10-06 00:00:00', NULL, 'allocation', 0, '2022-10-06 15:40:42', 1, NULL, NULL, 3, 104, 104),
(71, '2022-10-06 00:00:00', NULL, 'allocation', 0, '2022-10-06 15:41:20', 1, NULL, NULL, 3, 105, 105),
(72, '2022-10-07 00:00:00', NULL, 'allocation', 0, '2022-10-07 09:36:55', 1, NULL, NULL, 3, 106, 106),
(73, '2022-10-07 00:00:00', NULL, 'allocation', 0, '2022-10-07 09:42:04', 1, NULL, NULL, 3, 107, 107),
(74, '2022-10-07 00:00:00', NULL, 'allocation', 0, '2022-10-07 09:42:31', 1, NULL, NULL, 3, 108, 108),
(75, '2022-10-07 00:00:00', NULL, 'allocation', 0, '2022-10-07 09:42:56', 1, NULL, NULL, 3, 109, 109),
(76, '2022-10-07 00:00:00', NULL, 'allocation', 0, '2022-10-07 09:43:12', 1, NULL, NULL, 3, 110, 110),
(77, '2022-10-07 00:00:00', NULL, 'allocation', 0, '2022-10-07 10:01:33', 1, NULL, NULL, 3, 111, 111),
(78, '2022-10-07 00:00:00', NULL, 'allocation', 0, '2022-10-07 10:02:02', 1, NULL, NULL, 3, 112, 112),
(79, '2022-10-07 00:00:00', NULL, 'allocation', 0, '2022-10-07 10:02:47', 1, NULL, NULL, 3, 113, 113),
(80, '2022-10-07 00:00:00', NULL, 'allocation', 0, '2022-10-07 10:03:12', 1, NULL, NULL, 3, 114, 114),
(81, '2022-10-07 00:00:00', NULL, 'allocation', 0, '2022-10-07 10:29:45', 1, NULL, NULL, 3, 115, 115),
(82, '2022-10-07 00:00:00', NULL, 'allocation', 0, '2022-10-07 10:30:27', 1, NULL, NULL, 3, 116, 116),
(83, '2022-10-07 00:00:00', NULL, 'allocation', 0, '2022-10-07 10:30:56', 1, NULL, NULL, 3, 117, 117),
(84, '2022-10-07 00:00:00', NULL, 'allocation', 0, '2022-10-07 10:31:22', 1, NULL, NULL, 3, 118, 118),
(85, '2022-10-07 00:00:00', NULL, 'allocation', 0, '2022-10-07 10:49:46', 1, NULL, NULL, 3, 119, 119),
(86, '2022-10-07 00:00:00', NULL, 'allocation', 0, '2022-10-07 10:50:07', 1, NULL, NULL, 3, 120, 120),
(87, '2022-10-07 00:00:00', NULL, 'allocation', 0, '2022-10-07 10:50:37', 1, NULL, NULL, 3, 121, 121),
(88, '2022-10-07 00:00:00', NULL, 'allocation', 0, '2022-10-07 11:01:46', 1, NULL, NULL, 3, 122, 122),
(89, '2022-10-07 00:00:00', NULL, 'allocation', 0, '2022-10-07 11:02:28', 1, NULL, NULL, 3, 123, 123),
(90, '2022-10-07 00:00:00', NULL, 'allocation', 0, '2022-10-07 11:05:09', 1, NULL, NULL, 3, 124, 124),
(91, '2022-10-07 00:00:00', NULL, 'allocation', 0, '2022-10-07 11:05:56', 1, NULL, NULL, 3, 125, 125),
(92, '2022-10-07 00:00:00', NULL, 'allocation', 0, '2022-10-07 11:06:28', 1, NULL, NULL, 3, 126, 126),
(93, '2022-10-07 00:00:00', NULL, 'allocation', 0, '2022-10-07 11:07:18', 1, NULL, NULL, 3, 127, 127),
(94, '2022-10-07 00:00:00', NULL, 'allocation', 0, '2022-10-07 11:42:11', 1, NULL, NULL, 3, 128, 128),
(95, '2022-10-07 00:00:00', NULL, 'allocation', 0, '2022-10-07 11:43:10', 1, NULL, NULL, 3, 129, 129),
(96, '2022-10-07 00:00:00', NULL, 'allocation', 0, '2022-10-07 12:02:58', 1, NULL, NULL, 3, 139, 139),
(97, '2022-10-07 00:00:00', NULL, 'allocation', 0, '2022-10-07 12:03:35', 1, NULL, NULL, 3, 140, 140),
(98, '2022-10-07 00:00:00', NULL, 'allocation', 0, '2022-10-07 12:04:04', 1, NULL, NULL, 3, 141, 141),
(99, '2022-10-07 00:00:00', NULL, 'allocation', 0, '2022-10-07 12:04:32', 1, NULL, NULL, 3, 143, 143),
(100, '2022-10-07 00:00:00', NULL, 'allocation', 0, '2022-10-07 12:05:05', 1, NULL, NULL, 3, 145, 145),
(101, '2022-10-07 00:00:00', NULL, 'allocation', 0, '2022-10-07 12:05:40', 1, NULL, NULL, 3, 146, 146),
(102, '2022-10-07 00:00:00', NULL, 'allocation', 0, '2022-10-07 12:05:55', 1, NULL, NULL, 3, 147, 147),
(103, '2022-10-11 00:00:00', NULL, 'allocation', 0, '2022-10-11 12:25:05', 1, NULL, NULL, 2, 148, 148),
(104, '2022-10-11 00:00:00', NULL, 'allocation', 0, '2022-10-11 12:25:39', 1, NULL, NULL, 2, 149, 149),
(105, '2022-10-11 00:00:00', NULL, 'allocation', 0, '2022-10-11 12:26:04', 1, NULL, NULL, 2, 150, 150),
(106, '2022-10-11 00:00:00', NULL, 'allocation', 0, '2022-10-11 12:26:44', 1, NULL, NULL, 2, 151, 151),
(107, '2022-10-11 00:00:00', NULL, 'allocation', 0, '2022-10-11 12:38:13', 1, NULL, NULL, 2, 152, 152),
(108, '2022-10-11 00:00:00', NULL, 'allocation', 0, '2022-10-11 12:38:41', 1, NULL, NULL, 2, 153, 153),
(109, '2022-10-11 00:00:00', NULL, 'allocation', 0, '2022-10-11 12:39:09', 1, NULL, NULL, 2, 154, 154),
(110, '2022-10-11 00:00:00', NULL, 'allocation', 0, '2022-10-11 12:39:30', 1, NULL, NULL, 2, 155, 155),
(111, '2022-10-11 00:00:00', NULL, 'allocation', 0, '2022-10-11 12:39:58', 1, NULL, NULL, 2, 156, 156),
(112, '2022-10-11 00:00:00', NULL, 'allocation', 0, '2022-10-11 12:40:37', 1, NULL, NULL, 2, 157, 157),
(113, '2022-10-11 00:00:00', NULL, 'allocation', 0, '2022-10-11 12:41:25', 1, NULL, NULL, 2, 158, 158),
(114, '2022-10-11 00:00:00', NULL, 'allocation', 0, '2022-10-11 12:41:49', 1, NULL, NULL, 2, 159, 159),
(115, '2022-10-11 00:00:00', NULL, 'allocation', 0, '2022-10-11 12:42:14', 1, NULL, NULL, 2, 160, 160),
(116, '2022-10-11 00:00:00', NULL, 'allocation', 0, '2022-10-11 15:26:29', 1, NULL, NULL, 2, 161, 161),
(117, '2022-10-11 00:00:00', NULL, 'allocation', 0, '2022-10-11 15:27:30', 1, NULL, NULL, 2, 162, 162),
(118, '2022-10-11 00:00:00', NULL, 'allocation', 0, '2022-10-11 15:29:24', 1, NULL, NULL, 2, 163, 163),
(119, '2022-10-11 00:00:00', NULL, 'allocation', 0, '2022-10-11 15:30:08', 1, NULL, NULL, 2, 164, 164),
(120, '2022-10-11 00:00:00', NULL, 'allocation', 0, '2022-10-11 15:36:47', 1, NULL, NULL, 2, 165, 165),
(121, '2022-10-11 00:00:00', NULL, 'allocation', 0, '2022-10-11 15:37:31', 1, NULL, NULL, 2, 166, 166),
(122, '2022-10-11 00:00:00', NULL, 'allocation', 0, '2022-10-11 15:39:47', 1, NULL, NULL, 2, 169, 169),
(123, '2022-10-11 00:00:00', NULL, 'allocation', 0, '2022-10-11 15:59:46', 1, NULL, NULL, 2, 170, 170),
(124, '2022-10-11 00:00:00', NULL, 'allocation', 0, '2022-10-11 16:01:03', 1, NULL, NULL, 2, 171, 171),
(125, '2022-10-11 00:00:00', NULL, 'allocation', 0, '2022-10-11 16:05:33', 1, NULL, NULL, 4, 172, 172),
(126, '2022-10-11 00:00:00', NULL, 'allocation', 0, '2022-10-11 16:05:54', 1, NULL, NULL, 4, 173, 173),
(127, '2022-10-11 00:00:00', NULL, 'allocation', 0, '2022-10-11 16:06:16', 1, NULL, NULL, 4, 174, 174),
(128, '2022-10-13 00:00:00', NULL, 'allocation', 0, '2022-10-13 11:02:35', 1, NULL, NULL, 4, 175, 175),
(129, '2022-10-13 00:00:00', NULL, 'allocation', 0, '2022-10-13 11:03:06', 1, NULL, NULL, 4, 176, 176),
(130, '2022-10-13 00:00:00', NULL, 'allocation', 0, '2022-10-13 11:03:28', 1, NULL, NULL, 4, 177, 177),
(131, '2022-10-13 00:00:00', NULL, 'allocation', 0, '2022-10-13 11:04:28', 1, NULL, NULL, 4, 178, 178),
(132, '2022-10-13 00:00:00', NULL, 'allocation', 0, '2022-10-13 11:04:57', 1, NULL, NULL, 4, 179, 179),
(133, '2022-10-13 00:00:00', NULL, 'allocation', 0, '2022-10-13 11:28:01', 1, NULL, NULL, 4, 180, 180),
(134, '2022-10-13 00:00:00', NULL, 'allocation', 0, '2022-10-13 11:28:44', 1, NULL, NULL, 4, 181, 181),
(135, '2022-10-13 00:00:00', NULL, 'allocation', 0, '2022-10-13 11:29:10', 1, NULL, NULL, 4, 182, 182),
(136, '2022-10-13 00:00:00', NULL, 'allocation', 0, '2022-10-13 11:29:39', 1, NULL, NULL, 4, 183, 183),
(137, '2022-10-13 00:00:00', NULL, 'allocation', 0, '2022-10-13 11:41:13', 1, NULL, NULL, 4, 184, 184),
(138, '2022-10-13 00:00:00', NULL, 'allocation', 0, '2022-10-13 11:41:39', 1, NULL, NULL, 4, 185, 185),
(139, '2022-10-13 00:00:00', NULL, 'allocation', 0, '2022-10-13 11:42:15', 1, NULL, NULL, 4, 186, 186),
(140, '2022-10-13 00:00:00', NULL, 'allocation', 0, '2022-10-13 11:42:37', 1, NULL, NULL, 4, 187, 187),
(141, '2022-10-13 00:00:00', NULL, 'allocation', 0, '2022-10-13 11:42:53', 1, NULL, NULL, 4, 188, 188),
(142, '2022-10-13 00:00:00', NULL, 'allocation', 0, '2022-10-13 11:48:29', 1, NULL, NULL, 4, 189, 189),
(143, '2022-10-13 00:00:00', NULL, 'allocation', 0, '2022-10-13 11:48:58', 1, NULL, NULL, 4, 190, 190),
(144, '2022-10-13 00:00:00', NULL, 'allocation', 0, '2022-10-13 11:49:19', 1, NULL, NULL, 4, 191, 191),
(145, '2022-10-13 00:00:00', NULL, 'allocation', 0, '2022-10-13 11:49:46', 1, NULL, NULL, 4, 192, 192),
(146, '2022-10-13 00:00:00', NULL, 'allocation', 0, '2022-10-13 11:50:05', 1, NULL, NULL, 4, 193, 193),
(147, '2022-10-13 00:00:00', NULL, 'allocation', 0, '2022-10-13 11:50:32', 1, NULL, NULL, 4, 194, 194),
(148, '2022-10-13 00:00:00', NULL, 'allocation', 0, '2022-10-13 12:07:44', 1, NULL, NULL, 4, 195, 195),
(149, '2022-10-13 00:00:00', NULL, 'allocation', 0, '2022-10-13 12:08:19', 1, NULL, NULL, 4, 196, 196),
(150, '2022-10-13 00:00:00', NULL, 'allocation', 0, '2022-10-13 12:08:37', 1, NULL, NULL, 4, 197, 197),
(151, '2022-10-13 00:00:00', NULL, 'allocation', 0, '2022-10-13 12:37:02', 1, NULL, NULL, 4, 198, 198),
(152, '2022-10-13 00:00:00', NULL, 'allocation', 0, '2022-10-13 12:40:17', 1, NULL, NULL, 4, 199, 199),
(153, '2022-10-13 00:00:00', NULL, 'allocation', 0, '2022-10-13 12:40:36', 1, NULL, NULL, 4, 200, 200),
(154, '2022-10-13 00:00:00', NULL, 'allocation', 0, '2022-10-13 12:41:11', 1, NULL, NULL, 4, 201, 201),
(155, '2022-10-13 00:00:00', NULL, 'allocation', 0, '2022-10-13 12:42:50', 1, NULL, NULL, 4, 202, 202),
(156, '2022-10-13 00:00:00', NULL, 'allocation', 0, '2022-10-13 12:51:31', 1, NULL, NULL, 4, 203, 203),
(157, '2022-10-13 00:00:00', NULL, 'allocation', 0, '2022-10-13 12:51:57', 1, NULL, NULL, 4, 204, 204),
(158, '2022-10-13 00:00:00', NULL, 'allocation', 0, '2022-10-13 12:52:24', 1, NULL, NULL, 4, 205, 205),
(159, '2022-10-13 00:00:00', NULL, 'allocation', 0, '2022-10-13 12:52:41', 1, NULL, NULL, 4, 206, 206),
(160, '2022-10-13 00:00:00', NULL, 'allocation', 0, '2022-10-13 12:53:02', 1, NULL, NULL, 4, 207, 207),
(161, '2022-10-13 00:00:00', NULL, 'allocation', 0, '2022-10-13 12:54:00', 1, NULL, NULL, 4, 208, 208),
(162, '2022-10-13 00:00:00', NULL, 'allocation', 0, '2022-10-13 13:15:59', 1, NULL, NULL, 4, 209, 209),
(163, '2022-10-13 00:00:00', NULL, 'allocation', 0, '2022-10-13 13:16:17', 1, NULL, NULL, 4, 210, 210),
(164, '2022-10-13 00:00:00', NULL, 'allocation', 0, '2022-10-13 13:16:46', 1, NULL, NULL, 4, 211, 211),
(165, '2022-10-13 00:00:00', NULL, 'allocation', 0, '2022-10-13 13:17:17', 1, NULL, NULL, 4, 212, 212),
(166, '2022-10-13 00:00:00', NULL, 'allocation', 0, '2022-10-13 13:36:10', 1, NULL, NULL, 4, 213, 213),
(167, '2022-10-13 00:00:00', NULL, 'allocation', 0, '2022-10-13 13:36:29', 1, NULL, NULL, 4, 214, 214),
(168, '2022-10-13 00:00:00', NULL, 'allocation', 0, '2022-10-13 13:37:21', 1, NULL, NULL, 4, 215, 215),
(169, '2022-10-13 00:00:00', NULL, 'allocation', 0, '2022-10-13 13:39:12', 1, NULL, NULL, 4, 216, 216),
(170, '2022-10-13 00:00:00', NULL, 'allocation', 0, '2022-10-13 13:40:51', 1, NULL, NULL, 4, 217, 217),
(171, '2022-10-13 00:00:00', NULL, 'allocation', 0, '2022-10-13 15:17:02', 1, NULL, NULL, 4, 218, 218),
(172, '2022-10-13 00:00:00', NULL, 'allocation', 0, '2022-10-13 15:19:06', 1, NULL, NULL, 4, 219, 219),
(173, '2022-10-13 00:00:00', NULL, 'allocation', 0, '2022-10-13 15:20:18', 1, NULL, NULL, 4, 220, 220),
(174, '2022-10-13 00:00:00', NULL, 'allocation', 0, '2022-10-13 15:20:41', 1, NULL, NULL, 4, 221, 221),
(175, '2022-10-13 00:00:00', NULL, 'allocation', 0, '2022-10-13 15:21:15', 1, NULL, NULL, 4, 222, 222),
(176, '2022-10-13 00:00:00', NULL, 'allocation', 0, '2022-10-13 15:21:56', 1, NULL, NULL, 4, 223, 223),
(177, '2022-10-13 00:00:00', NULL, 'allocation', 0, '2022-10-13 15:44:52', 1, NULL, NULL, 4, 224, 224),
(178, '2022-10-13 00:00:00', NULL, 'allocation', 0, '2022-10-13 15:45:14', 1, NULL, NULL, 4, 225, 225),
(179, '2022-10-13 00:00:00', NULL, 'allocation', 0, '2022-10-13 15:45:41', 1, NULL, NULL, 4, 226, 226),
(180, '2022-10-13 00:00:00', NULL, 'allocation', 0, '2022-10-13 15:46:22', 1, NULL, NULL, 4, 227, 227),
(181, '2022-10-13 00:00:00', NULL, 'allocation', 0, '2022-10-13 16:05:06', 1, NULL, NULL, 4, 228, 228),
(182, '2022-10-13 00:00:00', NULL, 'allocation', 0, '2022-10-13 16:05:31', 1, NULL, NULL, 4, 229, 229),
(183, '2022-10-13 00:00:00', NULL, 'allocation', 0, '2022-10-13 16:05:57', 1, NULL, NULL, 4, 230, 230),
(184, '2022-10-14 00:00:00', NULL, 'allocation', 0, '2022-10-14 10:00:55', 1, NULL, NULL, 4, 231, 231),
(185, '2022-10-14 00:00:00', NULL, 'allocation', 0, '2022-10-14 10:02:09', 1, NULL, NULL, 4, 232, 232),
(186, '2022-10-14 00:00:00', NULL, 'allocation', 0, '2022-10-14 10:02:44', 1, NULL, NULL, 4, 233, 233),
(187, '2022-10-14 00:00:00', NULL, 'allocation', 0, '2022-10-14 10:03:12', 1, NULL, NULL, 4, 234, 234),
(188, '2022-10-14 00:00:00', NULL, 'allocation', 0, '2022-10-14 10:03:31', 1, NULL, NULL, 4, 235, 235),
(189, '2022-10-14 00:00:00', NULL, 'allocation', 0, '2022-10-14 10:49:00', 1, NULL, NULL, 4, 236, 236),
(190, '2022-10-14 00:00:00', NULL, 'allocation', 0, '2022-10-14 10:50:07', 1, NULL, NULL, 4, 237, 237),
(191, '2022-10-14 00:00:00', NULL, 'allocation', 0, '2022-10-14 10:50:38', 1, NULL, NULL, 4, 238, 238),
(192, '2022-10-14 00:00:00', NULL, 'allocation', 0, '2022-10-14 10:52:18', 1, NULL, NULL, 4, 239, 239),
(193, '2022-10-14 00:00:00', NULL, 'allocation', 0, '2022-10-14 11:04:45', 1, NULL, NULL, 4, 240, 240),
(194, '2022-10-14 00:00:00', NULL, 'allocation', 0, '2022-10-14 11:05:05', 1, NULL, NULL, 4, 241, 241),
(195, '2022-10-14 00:00:00', NULL, 'allocation', 0, '2022-10-14 11:13:53', 1, NULL, NULL, 4, 242, 242),
(196, '2022-10-14 00:00:00', NULL, 'allocation', 0, '2022-10-14 11:14:13', 1, NULL, NULL, 4, 243, 243),
(197, '2022-10-14 00:00:00', NULL, 'allocation', 0, '2022-10-14 11:24:53', 1, NULL, NULL, 4, 244, 244),
(198, '2022-10-14 00:00:00', NULL, 'allocation', 0, '2022-10-14 11:25:46', 1, NULL, NULL, 4, 247, 247),
(199, '2022-10-14 00:00:00', NULL, 'allocation', 0, '2022-10-14 11:26:01', 1, NULL, NULL, 4, 248, 248),
(200, '2022-10-14 00:00:00', NULL, 'allocation', 0, '2022-10-14 11:26:20', 1, NULL, NULL, 4, 249, 249),
(201, '2022-10-14 00:00:00', NULL, 'allocation', 0, '2022-10-14 11:41:25', 1, NULL, NULL, 4, 251, 251),
(202, '2022-10-14 00:00:00', NULL, 'allocation', 0, '2022-10-14 11:51:31', 1, NULL, NULL, 4, 252, 252),
(203, '2022-10-14 00:00:00', NULL, 'allocation', 0, '2022-10-14 11:51:57', 1, NULL, NULL, 4, 253, 253),
(204, '2022-10-14 00:00:00', NULL, 'allocation', 0, '2022-10-14 11:52:22', 1, NULL, NULL, 4, 254, 254),
(205, '2022-10-14 00:00:00', NULL, 'allocation', 0, '2022-10-14 11:52:57', 1, NULL, NULL, 4, 255, 255),
(206, '2022-10-14 00:00:00', NULL, 'allocation', 0, '2022-10-14 11:53:22', 1, NULL, NULL, 4, 256, 256),
(207, '2022-10-16 00:00:00', NULL, 'allocation', 0, '2022-10-16 10:10:04', 1, NULL, NULL, 5, 257, 257),
(208, '2022-10-16 00:00:00', NULL, 'allocation', 0, '2022-10-16 10:19:53', 1, NULL, NULL, 5, 258, 258),
(209, '2022-10-16 00:00:00', NULL, 'allocation', 0, '2022-10-16 10:34:09', 1, NULL, NULL, 1, 259, 259),
(210, '2022-10-16 00:00:00', NULL, 'allocation', 0, '2022-10-16 10:37:15', 1, NULL, NULL, 5, 260, 260),
(211, '2022-10-16 00:00:00', NULL, 'allocation', 0, '2022-10-16 10:39:38', 1, NULL, NULL, 5, 261, 261),
(212, '2022-10-16 00:00:00', NULL, 'allocation', 0, '2022-10-16 10:40:14', 1, NULL, NULL, 5, 264, 264),
(213, '2022-10-16 00:00:00', NULL, 'allocation', 0, '2022-10-16 10:54:20', 1, NULL, NULL, 5, 265, 265),
(214, '2022-10-16 00:00:00', NULL, 'allocation', 0, '2022-10-16 10:55:08', 1, NULL, NULL, 5, 266, 266),
(215, '2022-10-16 00:00:00', NULL, 'allocation', 0, '2022-10-16 11:02:03', 1, NULL, NULL, 6, 268, 268),
(216, '2022-10-16 00:00:00', NULL, 'allocation', 0, '2022-10-16 11:02:24', 1, NULL, NULL, 6, 269, 269),
(217, '2022-10-16 00:00:00', NULL, 'allocation', 0, '2022-10-16 11:03:08', 1, NULL, NULL, 6, 270, 270),
(218, '2022-10-16 00:00:00', NULL, 'allocation', 0, '2022-10-16 11:13:56', 1, NULL, NULL, 6, 271, 271),
(219, '2022-10-16 00:00:00', NULL, 'allocation', 0, '2022-10-16 11:14:23', 1, NULL, NULL, 6, 272, 272),
(220, '2022-10-16 00:00:00', NULL, 'allocation', 0, '2022-10-16 11:14:46', 1, NULL, NULL, 6, 273, 273),
(221, '2022-10-16 00:00:00', NULL, 'allocation', 0, '2022-10-16 11:18:21', 1, NULL, NULL, 6, 274, 274),
(222, '2022-10-16 00:00:00', NULL, 'allocation', 0, '2022-10-16 11:20:03', 1, NULL, NULL, 6, 275, 275),
(223, '2022-10-16 00:00:00', NULL, 'allocation', 0, '2022-10-16 11:20:39', 1, NULL, NULL, 6, 276, 276),
(224, '2022-10-16 00:00:00', NULL, 'allocation', 0, '2022-10-16 11:37:38', 1, NULL, NULL, 6, 277, 277),
(225, '2022-10-16 00:00:00', NULL, 'allocation', 0, '2022-10-16 11:39:53', 1, NULL, NULL, 6, 278, 278),
(226, '2022-10-16 00:00:00', NULL, 'allocation', 0, '2022-10-16 11:53:59', 1, NULL, NULL, 6, 279, 279),
(227, '2022-10-16 00:00:00', NULL, 'allocation', 0, '2022-10-16 11:54:41', 1, NULL, NULL, 6, 280, 280),
(228, '2022-10-16 00:00:00', NULL, 'allocation', 0, '2022-10-16 12:18:31', 1, NULL, NULL, 6, 281, 281),
(229, '2022-10-16 00:00:00', NULL, 'allocation', 0, '2022-10-16 12:18:59', 1, NULL, NULL, 6, 282, 282),
(230, '2022-10-16 00:00:00', NULL, 'allocation', 0, '2022-10-16 12:19:29', 1, NULL, NULL, 6, 283, 283),
(231, '2022-10-16 00:00:00', NULL, 'allocation', 0, '2022-10-16 12:31:02', 1, NULL, NULL, 6, 284, 284),
(232, '2022-10-16 00:00:00', NULL, 'allocation', 0, '2022-10-16 12:31:41', 1, NULL, NULL, 6, 286, 286),
(233, '2022-10-16 00:00:00', NULL, 'allocation', 0, '2022-10-16 12:32:18', 1, NULL, NULL, 6, 287, 287),
(234, '2022-10-16 00:00:00', NULL, 'allocation', 0, '2022-10-16 12:40:48', 1, NULL, NULL, 6, 289, 289),
(235, '2022-10-16 00:00:00', NULL, 'allocation', 0, '2022-10-16 12:41:12', 1, NULL, NULL, 6, 290, 290),
(236, '2022-10-16 00:00:00', NULL, 'allocation', 0, '2022-10-16 12:41:39', 1, NULL, NULL, 6, 291, 291),
(237, '2022-10-16 00:00:00', NULL, 'allocation', 0, '2022-10-16 12:42:09', 1, NULL, NULL, 6, 292, 292),
(238, '2022-10-16 00:00:00', NULL, 'allocation', 0, '2022-10-16 13:00:37', 1, NULL, NULL, 6, 296, 296),
(239, '2022-10-16 00:00:00', NULL, 'allocation', 0, '2022-10-16 13:01:23', 1, NULL, NULL, 6, 300, 300),
(240, '2022-10-16 00:00:00', NULL, 'allocation', 0, '2022-10-16 13:02:37', 1, NULL, NULL, 6, 303, 303),
(241, '2022-10-18 00:00:00', NULL, 'allocation', 0, '2022-10-18 10:00:25', 1, NULL, NULL, 6, 304, 304),
(242, '2022-10-18 00:00:00', NULL, 'allocation', 0, '2022-10-18 10:07:17', 1, NULL, NULL, 6, 307, 307),
(243, '2022-10-18 00:00:00', NULL, 'allocation', 0, '2022-10-18 10:15:43', 1, NULL, NULL, 6, 308, 308),
(244, '2022-10-18 00:00:00', NULL, 'allocation', 0, '2022-10-18 10:19:32', 1, NULL, NULL, 6, 309, 309),
(245, '2022-10-18 00:00:00', NULL, 'allocation', 0, '2022-10-18 10:22:00', 1, NULL, NULL, 6, 310, 310),
(246, '2022-10-18 00:00:00', NULL, 'allocation', 0, '2022-10-18 10:23:23', 1, NULL, NULL, 6, 311, 311),
(247, '2022-10-18 00:00:00', NULL, 'allocation', 0, '2022-10-18 10:24:27', 1, NULL, NULL, 6, 312, 312),
(248, '2022-10-18 00:00:00', NULL, 'allocation', 0, '2022-10-18 10:26:41', 1, NULL, NULL, 6, 313, 313),
(249, '2022-10-18 00:00:00', NULL, 'allocation', 0, '2022-10-18 10:27:39', 1, NULL, NULL, 6, 314, 314),
(250, '2022-10-18 00:00:00', NULL, 'allocation', 0, '2022-10-18 10:29:29', 1, NULL, NULL, 6, 315, 315),
(251, '2022-10-18 00:00:00', NULL, 'allocation', 0, '2022-10-18 10:30:30', 1, NULL, NULL, 6, 316, 316),
(252, '2022-10-18 00:00:00', NULL, 'allocation', 0, '2022-10-18 10:31:56', 1, NULL, NULL, 6, 317, 317),
(253, '2022-10-18 00:00:00', NULL, 'allocation', 0, '2022-10-18 16:24:30', 1, NULL, NULL, 6, 318, 318),
(254, '2022-10-18 00:00:00', NULL, 'allocation', 0, '2022-10-18 16:28:31', 1, NULL, NULL, 7, 319, 319),
(255, '2022-10-18 00:00:00', NULL, 'allocation', 0, '2022-10-18 16:43:26', 1, NULL, NULL, 7, 320, 320),
(256, '2022-10-18 00:00:00', NULL, 'allocation', 0, '2022-10-18 16:56:46', 1, NULL, NULL, 7, 321, 321),
(257, '2022-10-18 00:00:00', NULL, 'allocation', 0, '2022-10-18 16:57:47', 1, NULL, NULL, 7, 322, 322),
(258, '2022-10-18 00:00:00', NULL, 'allocation', 0, '2022-10-18 16:58:19', 1, NULL, NULL, 7, 323, 323),
(259, '2022-10-19 00:00:00', NULL, 'allocation', 0, '2022-10-19 09:46:10', 1, NULL, NULL, 7, 324, 324),
(260, '2022-10-19 00:00:00', NULL, 'allocation', 0, '2022-10-19 10:05:02', 1, NULL, NULL, 7, 325, 325),
(261, '2022-10-19 00:00:00', NULL, 'allocation', 0, '2022-10-19 10:06:16', 1, NULL, NULL, 7, 326, 326),
(262, '2022-10-18 00:00:00', NULL, 'allocation', 0, '2022-10-18 10:10:57', 1, NULL, NULL, 7, 327, 327),
(263, '2022-10-18 00:00:00', NULL, 'allocation', 0, '2022-10-18 10:13:13', 1, NULL, NULL, 7, 328, 328),
(264, '2022-10-18 00:00:00', NULL, 'allocation', 0, '2022-10-18 10:26:11', 1, NULL, NULL, 7, 329, 329),
(265, '2022-10-18 00:00:00', NULL, 'allocation', 0, '2022-10-18 10:31:55', 1, NULL, NULL, 7, 330, 330),
(266, '2022-10-18 00:00:00', NULL, 'allocation', 0, '2022-10-18 10:32:34', 1, NULL, NULL, 7, 331, 331),
(267, '2022-10-18 00:00:00', NULL, 'allocation', 0, '2022-10-18 10:32:57', 1, NULL, NULL, 7, 334, 334),
(268, '2022-10-18 00:00:00', NULL, 'allocation', 0, '2022-10-18 10:49:43', 1, NULL, NULL, 7, 335, 335),
(269, '2022-10-18 00:00:00', NULL, 'allocation', 0, '2022-10-18 10:52:51', 1, NULL, NULL, 7, 338, 338),
(270, '2022-10-18 00:00:00', NULL, 'allocation', 0, '2022-10-18 10:53:12', 1, NULL, NULL, 7, 339, 339),
(271, '2022-10-18 00:00:00', NULL, 'allocation', 0, '2022-10-18 10:57:51', 1, NULL, NULL, 7, 340, 340),
(272, '2022-10-18 00:00:00', NULL, 'allocation', 0, '2022-10-18 10:59:27', 1, NULL, NULL, 7, 342, 342),
(273, '2022-10-18 00:00:00', NULL, 'allocation', 0, '2022-10-18 11:01:33', 1, NULL, NULL, 7, 344, 344),
(274, '2022-10-18 00:00:00', NULL, 'allocation', 0, '2022-10-18 11:46:51', 1, NULL, NULL, 7, 345, 345),
(275, '2022-10-18 00:00:00', NULL, 'allocation', 0, '2022-10-18 14:49:44', 1, NULL, NULL, 8, 346, 346),
(276, '2022-10-18 00:00:00', NULL, 'allocation', 0, '2022-10-18 14:54:38', 1, NULL, NULL, 8, 347, 347),
(277, '2022-10-18 00:00:00', NULL, 'allocation', 0, '2022-10-18 14:56:03', 1, NULL, NULL, 8, 348, 348),
(278, '2022-10-18 00:00:00', NULL, 'allocation', 0, '2022-10-18 14:59:22', 1, NULL, NULL, 8, 349, 349),
(279, '2022-10-18 00:00:00', NULL, 'allocation', 0, '2022-10-18 14:59:58', 1, NULL, NULL, 8, 350, 350),
(280, '2022-10-18 00:00:00', NULL, 'allocation', 0, '2022-10-18 15:00:34', 1, NULL, NULL, 8, 351, 351),
(281, '2022-10-18 00:00:00', NULL, 'allocation', 0, '2022-10-18 15:01:30', 1, NULL, NULL, 8, 352, 352),
(282, '2022-10-18 00:00:00', NULL, 'allocation', 0, '2022-10-18 15:16:51', 1, NULL, NULL, 8, 353, 353),
(283, '2022-10-18 00:00:00', NULL, 'allocation', 0, '2022-10-18 15:20:26', 1, NULL, NULL, 8, 354, 354),
(284, '2022-10-18 00:00:00', NULL, 'allocation', 0, '2022-10-18 15:28:54', 1, NULL, NULL, 8, 357, 357),
(285, '2022-10-19 00:00:00', NULL, 'allocation', 0, '2022-10-19 10:17:24', 1, NULL, NULL, 8, 358, 358),
(286, '2022-10-19 00:00:00', NULL, 'allocation', 0, '2022-10-19 12:46:30', 1, NULL, NULL, 3, 359, 359),
(287, '2022-11-30 00:00:00', NULL, 'allocation', 0, '2022-11-30 10:28:38', 1, NULL, NULL, 1, 360, 360),
(288, '2022-11-30 00:00:00', NULL, 'allocation', 0, '2022-11-30 10:30:53', 1, NULL, NULL, 1, 361, 361),
(289, '2022-11-30 00:00:00', NULL, 'allocation', 0, '2022-11-30 10:37:24', 1, NULL, NULL, 1, 362, 362),
(290, '2022-11-30 00:00:00', NULL, 'allocation', 0, '2022-11-30 11:00:32', 1, NULL, NULL, 1, 363, 363),
(291, '2022-11-30 00:00:00', NULL, 'allocation', 0, '2022-11-30 15:42:28', 1, NULL, NULL, 4, 364, 364),
(292, '2022-11-30 00:00:00', NULL, 'allocation', 0, '2022-11-30 15:43:27', 1, NULL, NULL, 4, 365, 365),
(293, '2022-12-01 00:00:00', NULL, 'allocation', 0, '2022-12-01 10:14:02', 1, NULL, NULL, 4, 366, 366),
(294, '2022-12-01 00:00:00', NULL, 'allocation', 0, '2022-12-01 10:55:06', 1, NULL, NULL, 6, 367, 367),
(295, '2022-12-01 00:00:00', NULL, 'allocation', 0, '2022-12-01 13:10:42', 1, NULL, NULL, 6, 368, 368),
(296, '2022-12-01 00:00:00', NULL, 'allocation', 0, '2022-12-01 13:16:23', 1, NULL, NULL, 7, 369, 369),
(297, '2022-12-01 00:00:00', NULL, 'allocation', 0, '2022-12-01 13:17:44', 1, NULL, NULL, 7, 370, 370),
(298, '2022-12-01 00:00:00', NULL, 'allocation', 0, '2022-12-01 15:24:01', 1, NULL, NULL, 4, 372, 372),
(299, '2022-12-01 00:00:00', NULL, 'allocation', 0, '2022-12-01 15:24:24', 1, NULL, NULL, 4, 373, 373),
(300, '2022-12-01 00:00:00', NULL, 'allocation', 0, '2022-12-01 15:30:08', 1, NULL, NULL, 4, 374, 374),
(301, '2022-12-01 00:00:00', NULL, 'allocation', 0, '2022-12-01 16:41:12', 1, NULL, NULL, 3, 375, 375),
(302, '2022-12-03 00:00:00', NULL, 'allocation', 0, '2022-12-03 11:38:01', 1, NULL, NULL, 3, 376, 376),
(303, '2022-12-03 00:00:00', NULL, 'allocation', 0, '2022-12-03 11:56:03', 1, NULL, NULL, 4, 377, 377),
(304, '2023-12-12 00:00:00', NULL, 'allocation', 0, '2023-12-12 15:56:55', 1, NULL, NULL, 7, 378, 378);

-- --------------------------------------------------------

--
-- Table structure for table `rooms`
--

CREATE TABLE `rooms` (
  `id` int(11) NOT NULL,
  `name` varchar(45) DEFAULT NULL,
  `createdby` int(11) DEFAULT NULL,
  `doc` datetime DEFAULT NULL,
  `modifiedby` int(11) DEFAULT NULL,
  `dom` datetime DEFAULT NULL,
  `status` varchar(45) DEFAULT 'active',
  `floorid` int(11) NOT NULL
) ENGINE=InnoDB DEFAULT CHARSET=latin1;

--
-- Dumping data for table `rooms`
--

INSERT INTO `rooms` (`id`, `name`, `createdby`, `doc`, `modifiedby`, `dom`, `status`, `floorid`) VALUES
(1, 'SHOW ROOM GROUND', 1, '2022-10-05 09:30:55', NULL, NULL, 'active', 1),
(2, 'POWER TALLY', 1, NULL, 1, '2022-10-11 11:49:08', 'active', 2),
(3, 'SHOW ROOM 10TH', 1, NULL, 1, '2022-10-05 11:33:23', 'active', 2),
(4, 'WEB SOFT', 1, '2022-10-11 16:02:43', 1, '2022-10-13 11:01:25', 'active', 2),
(5, 'RECEPTION', 1, '2022-10-16 10:05:55', NULL, NULL, 'active', 2),
(6, 'EFD', 1, '2022-10-16 10:59:01', NULL, NULL, 'active', 2),
(7, 'POWER SECURE', 1, '2022-10-18 16:25:42', NULL, NULL, 'active', 2),
(8, 'POWERTRACK', 1, '2022-10-18 11:47:40', NULL, NULL, 'active', 2);

-- --------------------------------------------------------

--
-- Table structure for table `settings`
--

CREATE TABLE `settings` (
  `id` int(11) NOT NULL,
  `name` varchar(255) NOT NULL,
  `logo` varchar(255) NOT NULL,
  `address` varchar(255) NOT NULL,
  `street` varchar(255) NOT NULL,
  `tel` varchar(255) NOT NULL,
  `mobile` varchar(255) NOT NULL,
  `tin` varchar(255) NOT NULL,
  `fax` varchar(255) NOT NULL,
  `email` varchar(255) NOT NULL,
  `alert` int(11) NOT NULL COMMENT 'days after end of month for units',
  `redlist` int(11) NOT NULL COMMENT 'no of months for auto red list',
  `emailpass` varchar(255) NOT NULL,
  `emailhost` varchar(255) NOT NULL,
  `emailport` varchar(255) NOT NULL,
  `smsuser` varchar(255) NOT NULL,
  `smspass` varchar(255) NOT NULL,
  `smsname` varchar(255) NOT NULL,
  `emailstat` varchar(255) NOT NULL,
  `smsstat` varchar(255) NOT NULL,
  `startdate` date NOT NULL,
  `formulasid` int(11) NOT NULL,
  `freqdepreciation` int(11) DEFAULT NULL,
  `tally_server_address` varchar(255) DEFAULT NULL,
  `tally_port_no` varchar(255) DEFAULT NULL,
  `tally_transfer_status` varchar(255) NOT NULL DEFAULT 'no'
) ENGINE=InnoDB DEFAULT CHARSET=latin1;

--
-- Dumping data for table `settings`
--

INSERT INTO `settings` (`id`, `name`, `logo`, `address`, `street`, `tel`, `mobile`, `tin`, `fax`, `email`, `alert`, `redlist`, `emailpass`, `emailhost`, `emailport`, `smsuser`, `smspass`, `smsname`, `emailstat`, `smsstat`, `startdate`, `formulasid`, `freqdepreciation`, `tally_server_address`, `tally_port_no`, `tally_transfer_status`) VALUES
(1, 'PowerComputers Telecommunication Limited', 'images/logo.png', 'Sabodo Car Park, India Street', 'Dar es Salaam, Tanzania', '+255 222126966', '+255 713514515', ' 104 - 714 - 218', '+255 222126986', 'info@powercomputers.co.tz', 5, 3, '123', 'smtp.gmail.com', '587', 'admin', 'none', '', 'on', 'on', '2017-04-01', 1, 1, 'http://localhost', '9000', 'yes');

-- --------------------------------------------------------

--
-- Table structure for table `stock_details`
--

CREATE TABLE `stock_details` (
  `id` int(255) NOT NULL,
  `stock_details` varchar(255) NOT NULL,
  `quantity` double NOT NULL,
  `created_at` timestamp NOT NULL DEFAULT current_timestamp(),
  `updated_at` timestamp NULL DEFAULT NULL,
  `deleted_at` timestamp NULL DEFAULT NULL,
  `created_by` int(255) NOT NULL,
  `asset_pivot_id` int(255) NOT NULL COMMENT 'Asset id from Asset Pivot Table',
  `grn_id` int(11) NOT NULL
) ENGINE=InnoDB DEFAULT CHARSET=utf8mb4;

--
-- Dumping data for table `stock_details`
--

INSERT INTO `stock_details` (`id`, `stock_details`, `quantity`, `created_at`, `updated_at`, `deleted_at`, `created_by`, `asset_pivot_id`, `grn_id`) VALUES
(1, 'Stock creation', 8, '2022-10-05 09:05:40', NULL, NULL, 1, 1, 1),
(2, 'Stock creation', 2, '2022-10-05 09:06:41', NULL, NULL, 1, 2, 2),
(3, 'Stock creation', 4, '2022-10-05 09:13:49', NULL, NULL, 1, 3, 3),
(4, 'Stock creation', 4, '2022-10-05 09:16:29', NULL, NULL, 1, 4, 4),
(5, 'Stock creation', 9, '2022-10-05 09:21:53', NULL, NULL, 1, 5, 5),
(6, 'Stock creation', 1, '2022-10-05 09:24:57', NULL, NULL, 1, 6, 6),
(7, 'Stock creation', 1, '2022-10-05 09:34:31', NULL, NULL, 1, 7, 7),
(8, 'Stock creation', 1, '2022-10-05 09:40:26', NULL, NULL, 1, 8, 8),
(9, 'Stock creation', 1, '2022-10-05 09:58:36', NULL, NULL, 1, 9, 9),
(10, 'Stock creation', 1, '2022-10-05 09:58:49', NULL, NULL, 1, 10, 10),
(11, 'Stock creation', 4, '2022-10-05 10:01:34', NULL, NULL, 1, 11, 11),
(12, 'Stock creation', 1, '2022-10-05 10:28:00', NULL, NULL, 1, 12, 12),
(13, 'Stock creation', 1, '2022-10-05 10:28:25', NULL, NULL, 1, 13, 13),
(14, 'Stock creation', 1, '2022-10-05 10:28:46', NULL, NULL, 1, 14, 14),
(15, 'Stock creation', 1, '2022-10-05 10:30:50', NULL, NULL, 1, 15, 15),
(16, 'Stock creation', 1, '2022-10-05 10:31:06', NULL, NULL, 1, 16, 16),
(17, 'Stock creation', 1, '2022-10-05 10:31:22', NULL, NULL, 1, 17, 17),
(18, 'Stock creation', 1, '2022-10-05 10:31:37', NULL, NULL, 1, 18, 18),
(19, 'Stock creation', 1, '2022-10-05 10:34:53', NULL, NULL, 1, 19, 19),
(20, 'Stock creation', 1, '2022-10-05 10:36:48', NULL, NULL, 1, 20, 20),
(21, 'Stock creation', 1, '2022-10-05 10:38:49', NULL, NULL, 1, 21, 21),
(22, 'Stock creation', 1, '2022-10-05 10:40:12', NULL, NULL, 1, 22, 22),
(23, 'Stock creation', 1, '2022-10-05 10:41:16', NULL, NULL, 1, 23, 23),
(24, 'Stock creation', 1, '2022-10-05 11:10:10', NULL, NULL, 1, 24, 24),
(25, 'Stock creation', 1, '2022-10-05 11:14:22', NULL, NULL, 1, 25, 25),
(26, 'Stock creation', 1, '2022-10-05 11:14:34', NULL, NULL, 1, 26, 26),
(27, 'Stock creation', 1, '2022-10-05 11:21:55', NULL, NULL, 1, 27, 27),
(28, 'Stock creation', 1, '2022-10-05 11:22:10', NULL, NULL, 1, 28, 28),
(29, 'Stock creation', 1, '2022-10-05 11:34:38', NULL, NULL, 1, 29, 29),
(30, 'Stock creation', 1, '2022-10-05 11:42:44', NULL, NULL, 1, 30, 30),
(31, 'Stock creation', 1, '2022-10-05 11:54:17', NULL, NULL, 1, 31, 31),
(32, 'Stock creation', 1, '2022-10-05 11:57:23', NULL, NULL, 1, 32, 32),
(33, 'Stock creation', 1, '2022-10-05 12:00:17', NULL, NULL, 1, 33, 33),
(34, 'Stock creation', 1, '2022-10-05 12:00:29', NULL, NULL, 1, 34, 34),
(35, 'Stock creation', 1, '2022-10-05 12:07:50', NULL, NULL, 1, 35, 35),
(36, 'Stock creation', 1, '2022-10-05 12:08:02', NULL, NULL, 1, 36, 36),
(37, 'Stock creation', 1, '2022-10-05 12:08:57', NULL, NULL, 1, 37, 37),
(38, 'Stock creation', 1, '2022-10-05 12:22:15', NULL, NULL, 1, 38, 38),
(39, 'Stock creation', 1, '2022-10-05 12:22:30', NULL, NULL, 1, 39, 39),
(40, 'Stock creation', 1, '2022-10-05 12:25:07', NULL, NULL, 1, 40, 40),
(41, 'Stock creation', 1, '2022-10-05 12:27:57', NULL, NULL, 1, 41, 41),
(42, 'Stock creation', 1, '2022-10-05 12:36:01', NULL, NULL, 1, 42, 42),
(43, 'Stock creation', 1, '2022-10-05 12:39:04', NULL, NULL, 1, 43, 43),
(44, 'Stock creation', 1, '2022-10-05 13:01:21', NULL, NULL, 1, 44, 44),
(45, 'Stock creation', 1, '2022-10-05 13:08:53', NULL, NULL, 1, 45, 45),
(46, 'Stock creation', 1, '2022-10-05 13:10:20', NULL, NULL, 1, 46, 46),
(47, 'Stock creation', 1, '2022-10-05 13:12:19', NULL, NULL, 1, 47, 47),
(48, 'Stock creation', 1, '2022-10-05 13:13:42', NULL, NULL, 1, 48, 48),
(49, 'Stock creation', 1, '2022-10-05 13:41:56', NULL, NULL, 1, 49, 49),
(50, 'Stock creation', 1, '2022-10-05 13:42:59', NULL, NULL, 1, 50, 50),
(51, 'Stock creation', 1, '2022-10-05 13:59:58', NULL, NULL, 1, 51, 51),
(52, 'Stock creation', 2, '2022-10-06 06:28:09', NULL, NULL, 1, 52, 52),
(53, 'Stock creation', 1, '2022-10-06 06:35:06', NULL, NULL, 1, 53, 53),
(54, 'Stock creation', 1, '2022-10-06 06:39:26', NULL, NULL, 1, 54, 54),
(55, 'Stock creation', 1, '2022-10-06 06:39:48', NULL, NULL, 1, 55, 55),
(56, 'Stock creation', 1, '2022-10-06 09:02:36', NULL, NULL, 1, 56, 56),
(57, 'Stock creation', 1, '2022-10-06 12:16:00', NULL, NULL, 1, 57, 57),
(58, 'Stock creation', 1, '2022-10-06 12:20:35', NULL, NULL, 1, 58, 58),
(59, 'Stock creation', 1, '2022-10-06 12:21:06', NULL, NULL, 1, 59, 59),
(60, 'Stock creation', 1, '2022-10-06 12:21:40', NULL, NULL, 1, 60, 60),
(61, 'Stock creation', 1, '2022-10-06 12:23:01', NULL, NULL, 1, 61, 61),
(62, 'Stock creation', 1, '2022-10-06 12:23:22', NULL, NULL, 1, 62, 62),
(63, 'Stock creation', 1, '2022-10-06 12:29:00', NULL, NULL, 1, 63, 63),
(64, 'Stock creation', 1, '2022-10-06 12:29:22', NULL, NULL, 1, 64, 64),
(65, 'Stock creation', 1, '2022-10-06 12:29:49', NULL, NULL, 1, 65, 65),
(66, 'Stock creation', 1, '2022-10-06 12:30:18', NULL, NULL, 1, 66, 66),
(67, 'Stock creation', 1, '2022-10-06 12:39:32', NULL, NULL, 1, 67, 67),
(68, 'Stock creation', 1, '2022-10-06 12:39:58', NULL, NULL, 1, 68, 68),
(69, 'Stock creation', 1, '2022-10-06 12:40:15', NULL, NULL, 1, 69, 69),
(70, 'Stock creation', 1, '2022-10-06 12:40:42', NULL, NULL, 1, 70, 70),
(71, 'Stock creation', 1, '2022-10-06 12:41:20', NULL, NULL, 1, 71, 71),
(72, 'Stock creation', 1, '2022-10-07 06:36:56', NULL, NULL, 1, 72, 72),
(73, 'Stock creation', 1, '2022-10-07 06:42:04', NULL, NULL, 1, 73, 73),
(74, 'Stock creation', 1, '2022-10-07 06:42:32', NULL, NULL, 1, 74, 74),
(75, 'Stock creation', 1, '2022-10-07 06:42:57', NULL, NULL, 1, 75, 75),
(76, 'Stock creation', 1, '2022-10-07 06:43:13', NULL, NULL, 1, 76, 76),
(77, 'Stock creation', 1, '2022-10-07 07:01:33', NULL, NULL, 1, 77, 77),
(78, 'Stock creation', 1, '2022-10-07 07:02:02', NULL, NULL, 1, 78, 78),
(79, 'Stock creation', 1, '2022-10-07 07:02:48', NULL, NULL, 1, 79, 79),
(80, 'Stock creation', 1, '2022-10-07 07:03:12', NULL, NULL, 1, 80, 80),
(81, 'Stock creation', 1, '2022-10-07 07:29:45', NULL, NULL, 1, 81, 81),
(82, 'Stock creation', 1, '2022-10-07 07:30:27', NULL, NULL, 1, 82, 82),
(83, 'Stock creation', 1, '2022-10-07 07:30:56', NULL, NULL, 1, 83, 83),
(84, 'Stock creation', 1, '2022-10-07 07:31:22', NULL, NULL, 1, 84, 84),
(85, 'Stock creation', 1, '2022-10-07 07:49:46', NULL, NULL, 1, 85, 85),
(86, 'Stock creation', 1, '2022-10-07 07:50:08', NULL, NULL, 1, 86, 86),
(87, 'Stock creation', 1, '2022-10-07 07:50:37', NULL, NULL, 1, 87, 87),
(88, 'Stock creation', 1, '2022-10-07 08:01:46', NULL, NULL, 1, 88, 88),
(89, 'Stock creation', 1, '2022-10-07 08:02:29', NULL, NULL, 1, 89, 89),
(90, 'Stock creation', 1, '2022-10-07 08:05:10', NULL, NULL, 1, 90, 90),
(91, 'Stock creation', 1, '2022-10-07 08:05:56', NULL, NULL, 1, 91, 91),
(92, 'Stock creation', 1, '2022-10-07 08:06:28', NULL, NULL, 1, 92, 92),
(93, 'Stock creation', 1, '2022-10-07 08:07:19', NULL, NULL, 1, 93, 93),
(94, 'Stock creation', 1, '2022-10-07 08:42:11', NULL, NULL, 1, 94, 94),
(95, 'Stock creation', 9, '2022-10-07 08:43:12', NULL, NULL, 1, 95, 95),
(96, 'Stock creation', 1, '2022-10-07 09:02:58', NULL, NULL, 1, 96, 96),
(97, 'Stock creation', 1, '2022-10-07 09:03:35', NULL, NULL, 1, 97, 97),
(98, 'Stock creation', 1, '2022-10-07 09:04:04', NULL, NULL, 1, 98, 98),
(99, 'Stock creation', 1, '2022-10-07 09:04:32', NULL, NULL, 1, 99, 99),
(100, 'Stock creation', 1, '2022-10-07 09:05:05', NULL, NULL, 1, 100, 100),
(101, 'Stock creation', 1, '2022-10-07 09:05:40', NULL, NULL, 1, 101, 101),
(102, 'Stock creation', 1, '2022-10-07 09:05:55', NULL, NULL, 1, 102, 102),
(103, 'Stock creation', 1, '2022-10-11 09:25:05', NULL, NULL, 1, 103, 103),
(104, 'Stock creation', 1, '2022-10-11 09:25:39', NULL, NULL, 1, 104, 104),
(105, 'Stock creation', 1, '2022-10-11 09:26:04', NULL, NULL, 1, 105, 105),
(106, 'Stock creation', 1, '2022-10-11 09:26:44', NULL, NULL, 1, 106, 106),
(107, 'Stock creation', 1, '2022-10-11 09:38:13', NULL, NULL, 1, 107, 107),
(108, 'Stock creation', 1, '2022-10-11 09:38:42', NULL, NULL, 1, 108, 108),
(109, 'Stock creation', 1, '2022-10-11 09:39:10', NULL, NULL, 1, 109, 109),
(110, 'Stock creation', 1, '2022-10-11 09:39:30', NULL, NULL, 1, 110, 110),
(111, 'Stock creation', 1, '2022-10-11 09:39:58', NULL, NULL, 1, 111, 111),
(112, 'Stock creation', 1, '2022-10-11 09:40:38', NULL, NULL, 1, 112, 112),
(113, 'Stock creation', 1, '2022-10-11 09:41:26', NULL, NULL, 1, 113, 113),
(114, 'Stock creation', 1, '2022-10-11 09:41:49', NULL, NULL, 1, 114, 114),
(115, 'Stock creation', 1, '2022-10-11 09:42:15', NULL, NULL, 1, 115, 115),
(116, 'Stock creation', 1, '2022-10-11 12:26:30', NULL, NULL, 1, 116, 116),
(117, 'Stock creation', 1, '2022-10-11 12:27:31', NULL, NULL, 1, 117, 117),
(118, 'Stock creation', 1, '2022-10-11 12:29:24', NULL, NULL, 1, 118, 118),
(119, 'Stock creation', 1, '2022-10-11 12:30:08', NULL, NULL, 1, 119, 119),
(120, 'Stock creation', 1, '2022-10-11 12:36:47', NULL, NULL, 1, 120, 120),
(121, 'Stock creation', 2, '2022-10-11 12:37:32', NULL, NULL, 1, 121, 121),
(122, 'Stock creation', 1, '2022-10-11 12:39:48', NULL, NULL, 1, 122, 122),
(123, 'Stock creation', 1, '2022-10-11 12:59:46', NULL, NULL, 1, 123, 123),
(124, 'Stock creation', 1, '2022-10-11 13:01:04', NULL, NULL, 1, 124, 124),
(125, 'Stock creation', 1, '2022-10-11 13:05:33', NULL, NULL, 1, 125, 125),
(126, 'Stock creation', 1, '2022-10-11 13:05:55', NULL, NULL, 1, 126, 126),
(127, 'Stock creation', 1, '2022-10-11 13:06:16', NULL, NULL, 1, 127, 127),
(128, 'Stock creation', 1, '2022-10-13 08:02:36', NULL, NULL, 1, 128, 128),
(129, 'Stock creation', 1, '2022-10-13 08:03:06', NULL, NULL, 1, 129, 129),
(130, 'Stock creation', 1, '2022-10-13 08:03:28', NULL, NULL, 1, 130, 130),
(131, 'Stock creation', 1, '2022-10-13 08:04:28', NULL, NULL, 1, 131, 131),
(132, 'Stock creation', 1, '2022-10-13 08:04:57', NULL, NULL, 1, 132, 132),
(133, 'Stock creation', 1, '2022-10-13 08:28:02', NULL, NULL, 1, 133, 133),
(134, 'Stock creation', 1, '2022-10-13 08:28:44', NULL, NULL, 1, 134, 134),
(135, 'Stock creation', 1, '2022-10-13 08:29:10', NULL, NULL, 1, 135, 135),
(136, 'Stock creation', 1, '2022-10-13 08:29:40', NULL, NULL, 1, 136, 136),
(137, 'Stock creation', 1, '2022-10-13 08:41:13', NULL, NULL, 1, 137, 137),
(138, 'Stock creation', 1, '2022-10-13 08:41:40', NULL, NULL, 1, 138, 138),
(139, 'Stock creation', 1, '2022-10-13 08:42:16', NULL, NULL, 1, 139, 139),
(140, 'Stock creation', 1, '2022-10-13 08:42:37', NULL, NULL, 1, 140, 140),
(141, 'Stock creation', 1, '2022-10-13 08:42:54', NULL, NULL, 1, 141, 141),
(142, 'Stock creation', 1, '2022-10-13 08:48:29', NULL, NULL, 1, 142, 142),
(143, 'Stock creation', 1, '2022-10-13 08:48:58', NULL, NULL, 1, 143, 143),
(144, 'Stock creation', 1, '2022-10-13 08:49:19', NULL, NULL, 1, 144, 144),
(145, 'Stock creation', 1, '2022-10-13 08:49:46', NULL, NULL, 1, 145, 145),
(146, 'Stock creation', 1, '2022-10-13 08:50:06', NULL, NULL, 1, 146, 146),
(147, 'Stock creation', 1, '2022-10-13 08:50:32', NULL, NULL, 1, 147, 147),
(148, 'Stock creation', 1, '2022-10-13 09:07:45', NULL, NULL, 1, 148, 148),
(149, 'Stock creation', 1, '2022-10-13 09:08:19', NULL, NULL, 1, 149, 149),
(150, 'Stock creation', 1, '2022-10-13 09:08:37', NULL, NULL, 1, 150, 150),
(151, 'Stock creation', 1, '2022-10-13 09:37:02', NULL, NULL, 1, 151, 151),
(152, 'Stock creation', 1, '2022-10-13 09:40:17', NULL, NULL, 1, 152, 152),
(153, 'Stock creation', 1, '2022-10-13 09:40:37', NULL, NULL, 1, 153, 153),
(154, 'Stock creation', 1, '2022-10-13 09:41:11', NULL, NULL, 1, 154, 154),
(155, 'Stock creation', 1, '2022-10-13 09:42:51', NULL, NULL, 1, 155, 155),
(156, 'Stock creation', 1, '2022-10-13 09:51:31', NULL, NULL, 1, 156, 156),
(157, 'Stock creation', 1, '2022-10-13 09:51:58', NULL, NULL, 1, 157, 157),
(158, 'Stock creation', 1, '2022-10-13 09:52:24', NULL, NULL, 1, 158, 158),
(159, 'Stock creation', 1, '2022-10-13 09:52:42', NULL, NULL, 1, 159, 159),
(160, 'Stock creation', 1, '2022-10-13 09:53:03', NULL, NULL, 1, 160, 160),
(161, 'Stock creation', 1, '2022-10-13 09:54:01', NULL, NULL, 1, 161, 161),
(162, 'Stock creation', 1, '2022-10-13 10:15:59', NULL, NULL, 1, 162, 162),
(163, 'Stock creation', 1, '2022-10-13 10:16:17', NULL, NULL, 1, 163, 163),
(164, 'Stock creation', 1, '2022-10-13 10:16:46', NULL, NULL, 1, 164, 164),
(165, 'Stock creation', 1, '2022-10-13 10:17:17', NULL, NULL, 1, 165, 165),
(166, 'Stock creation', 1, '2022-10-13 10:36:10', NULL, NULL, 1, 166, 166),
(167, 'Stock creation', 1, '2022-10-13 10:36:30', NULL, NULL, 1, 167, 167),
(168, 'Stock creation', 1, '2022-10-13 10:37:21', NULL, NULL, 1, 168, 168),
(169, 'Stock creation', 1, '2022-10-13 10:39:12', NULL, NULL, 1, 169, 169),
(170, 'Stock creation', 1, '2022-10-13 10:40:51', NULL, NULL, 1, 170, 170),
(171, 'Stock creation', 1, '2022-10-13 12:17:02', NULL, NULL, 1, 171, 171),
(172, 'Stock creation', 1, '2022-10-13 12:19:07', NULL, NULL, 1, 172, 172),
(173, 'Stock creation', 1, '2022-10-13 12:20:18', NULL, NULL, 1, 173, 173),
(174, 'Stock creation', 1, '2022-10-13 12:20:42', NULL, NULL, 1, 174, 174),
(175, 'Stock creation', 1, '2022-10-13 12:21:16', NULL, NULL, 1, 175, 175),
(176, 'Stock creation', 1, '2022-10-13 12:21:57', NULL, NULL, 1, 176, 176),
(177, 'Stock creation', 1, '2022-10-13 12:44:53', NULL, NULL, 1, 177, 177),
(178, 'Stock creation', 1, '2022-10-13 12:45:15', NULL, NULL, 1, 178, 178),
(179, 'Stock creation', 1, '2022-10-13 12:45:41', NULL, NULL, 1, 179, 179),
(180, 'Stock creation', 1, '2022-10-13 12:46:22', NULL, NULL, 1, 180, 180),
(181, 'Stock creation', 1, '2022-10-13 13:05:06', NULL, NULL, 1, 181, 181),
(182, 'Stock creation', 1, '2022-10-13 13:05:31', NULL, NULL, 1, 182, 182),
(183, 'Stock creation', 1, '2022-10-13 13:05:57', NULL, NULL, 1, 183, 183),
(184, 'Stock creation', 1, '2022-10-14 07:00:56', NULL, NULL, 1, 184, 184),
(185, 'Stock creation', 1, '2022-10-14 07:02:09', NULL, NULL, 1, 185, 185),
(186, 'Stock creation', 1, '2022-10-14 07:02:45', NULL, NULL, 1, 186, 186),
(187, 'Stock creation', 1, '2022-10-14 07:03:12', NULL, NULL, 1, 187, 187),
(188, 'Stock creation', 1, '2022-10-14 07:03:31', NULL, NULL, 1, 188, 188),
(189, 'Stock creation', 1, '2022-10-14 07:49:01', NULL, NULL, 1, 189, 189),
(190, 'Stock creation', 1, '2022-10-14 07:50:08', NULL, NULL, 1, 190, 190),
(191, 'Stock creation', 1, '2022-10-14 07:50:38', NULL, NULL, 1, 191, 191),
(192, 'Stock creation', 1, '2022-10-14 07:52:18', NULL, NULL, 1, 192, 192),
(193, 'Stock creation', 1, '2022-10-14 08:04:45', NULL, NULL, 1, 193, 193),
(194, 'Stock creation', 1, '2022-10-14 08:05:05', NULL, NULL, 1, 194, 194),
(195, 'Stock creation', 1, '2022-10-14 08:13:54', NULL, NULL, 1, 195, 195),
(196, 'Stock creation', 1, '2022-10-14 08:14:13', NULL, NULL, 1, 196, 196),
(197, 'Stock creation', 2, '2022-10-14 08:24:54', NULL, NULL, 1, 197, 197),
(198, 'Stock creation', 1, '2022-10-14 08:25:47', NULL, NULL, 1, 198, 198),
(199, 'Stock creation', 1, '2022-10-14 08:26:02', NULL, NULL, 1, 199, 199),
(200, 'Stock creation', 1, '2022-10-14 08:26:20', NULL, NULL, 1, 200, 200),
(201, 'Stock creation', 1, '2022-10-14 08:41:26', NULL, NULL, 1, 201, 201),
(202, 'Stock creation', 1, '2022-10-14 08:51:32', NULL, NULL, 1, 202, 202),
(203, 'Stock creation', 1, '2022-10-14 08:51:57', NULL, NULL, 1, 203, 203),
(204, 'Stock creation', 1, '2022-10-14 08:52:22', NULL, NULL, 1, 204, 204),
(205, 'Stock creation', 1, '2022-10-14 08:52:57', NULL, NULL, 1, 205, 205),
(206, 'Stock creation', 1, '2022-10-14 08:53:23', NULL, NULL, 1, 206, 206),
(207, 'Stock creation', 1, '2022-10-16 07:10:04', NULL, NULL, 1, 207, 207),
(208, 'Stock creation', 1, '2022-10-16 07:19:53', NULL, NULL, 1, 208, 208),
(209, 'Stock creation', 1, '2022-10-16 07:34:09', NULL, NULL, 1, 209, 209),
(210, 'Stock creation', 1, '2022-10-16 07:37:15', NULL, NULL, 1, 210, 210),
(211, 'Stock creation', 2, '2022-10-16 07:39:38', NULL, NULL, 1, 211, 211),
(212, 'Stock creation', 1, '2022-10-16 07:40:15', NULL, NULL, 1, 212, 212),
(213, 'Stock creation', 1, '2022-10-16 07:54:20', NULL, NULL, 1, 213, 213),
(214, 'Stock creation', 1, '2022-10-16 07:55:08', NULL, NULL, 1, 214, 214),
(215, 'Stock creation', 1, '2022-10-16 08:02:03', NULL, NULL, 1, 215, 215),
(216, 'Stock creation', 1, '2022-10-16 08:02:25', NULL, NULL, 1, 216, 216),
(217, 'Stock creation', 1, '2022-10-16 08:03:08', NULL, NULL, 1, 217, 217),
(218, 'Stock creation', 1, '2022-10-16 08:13:56', NULL, NULL, 1, 218, 218),
(219, 'Stock creation', 1, '2022-10-16 08:14:24', NULL, NULL, 1, 219, 219),
(220, 'Stock creation', 1, '2022-10-16 08:14:47', NULL, NULL, 1, 220, 220),
(221, 'Stock creation', 1, '2022-10-16 08:18:21', NULL, NULL, 1, 221, 221),
(222, 'Stock creation', 1, '2022-10-16 08:20:04', NULL, NULL, 1, 222, 222),
(223, 'Stock creation', 1, '2022-10-16 08:20:40', NULL, NULL, 1, 223, 223),
(224, 'Stock creation', 1, '2022-10-16 08:37:39', NULL, NULL, 1, 224, 224),
(225, 'Stock creation', 1, '2022-10-16 08:39:53', NULL, NULL, 1, 225, 225),
(226, 'Stock creation', 1, '2022-10-16 08:53:59', NULL, NULL, 1, 226, 226),
(227, 'Stock creation', 1, '2022-10-16 08:54:41', NULL, NULL, 1, 227, 227),
(228, 'Stock creation', 1, '2022-10-16 09:18:32', NULL, NULL, 1, 228, 228),
(229, 'Stock creation', 1, '2022-10-16 09:18:59', NULL, NULL, 1, 229, 229),
(230, 'Stock creation', 1, '2022-10-16 09:19:29', NULL, NULL, 1, 230, 230),
(231, 'Stock creation', 1, '2022-10-16 09:31:02', NULL, NULL, 1, 231, 231),
(232, 'Stock creation', 1, '2022-10-16 09:31:41', NULL, NULL, 1, 232, 232),
(233, 'Stock creation', 1, '2022-10-16 09:32:19', NULL, NULL, 1, 233, 233),
(234, 'Stock creation', 1, '2022-10-16 09:40:48', NULL, NULL, 1, 234, 234),
(235, 'Stock creation', 1, '2022-10-16 09:41:12', NULL, NULL, 1, 235, 235),
(236, 'Stock creation', 1, '2022-10-16 09:41:39', NULL, NULL, 1, 236, 236),
(237, 'Stock creation', 3, '2022-10-16 09:42:09', NULL, NULL, 1, 237, 237),
(238, 'Stock creation', 3, '2022-10-16 10:00:38', NULL, NULL, 1, 238, 238),
(239, 'Stock creation', 2, '2022-10-16 10:01:24', NULL, NULL, 1, 239, 239),
(240, 'Stock creation', 1, '2022-10-16 10:02:37', NULL, NULL, 1, 240, 240),
(241, 'Stock creation', 2, '2022-10-18 07:00:26', NULL, NULL, 1, 241, 241),
(242, 'Stock creation', 1, '2022-10-18 07:07:18', NULL, NULL, 1, 242, 242),
(243, 'Stock creation', 1, '2022-10-18 07:15:43', NULL, NULL, 1, 243, 243),
(244, 'Stock creation', 1, '2022-10-18 07:19:33', NULL, NULL, 1, 244, 244),
(245, 'Stock creation', 1, '2022-10-18 07:22:00', NULL, NULL, 1, 245, 245),
(246, 'Stock creation', 1, '2022-10-18 07:23:23', NULL, NULL, 1, 246, 246),
(247, 'Stock creation', 1, '2022-10-18 07:24:27', NULL, NULL, 1, 247, 247),
(248, 'Stock creation', 1, '2022-10-18 07:26:41', NULL, NULL, 1, 248, 248),
(249, 'Stock creation', 1, '2022-10-18 07:27:39', NULL, NULL, 1, 249, 249),
(250, 'Stock creation', 1, '2022-10-18 07:29:29', NULL, NULL, 1, 250, 250),
(251, 'Stock creation', 1, '2022-10-18 07:30:30', NULL, NULL, 1, 251, 251),
(252, 'Stock creation', 1, '2022-10-18 07:31:57', NULL, NULL, 1, 252, 252),
(253, 'Stock creation', 1, '2022-10-18 13:24:30', NULL, NULL, 1, 253, 253),
(254, 'Stock creation', 1, '2022-10-18 13:28:31', NULL, NULL, 1, 254, 254),
(255, 'Stock creation', 1, '2022-10-18 13:43:26', NULL, NULL, 1, 255, 255),
(256, 'Stock creation', 1, '2022-10-18 13:56:47', NULL, NULL, 1, 256, 256),
(257, 'Stock creation', 1, '2022-10-18 13:57:47', NULL, NULL, 1, 257, 257),
(258, 'Stock creation', 1, '2022-10-18 13:58:19', NULL, NULL, 1, 258, 258),
(259, 'Stock creation', 1, '2022-10-19 06:46:10', NULL, NULL, 1, 259, 259),
(260, 'Stock creation', 1, '2022-10-19 07:05:03', NULL, NULL, 1, 260, 260),
(261, 'Stock creation', 1, '2022-10-19 07:06:17', NULL, NULL, 1, 261, 261),
(262, 'Stock creation', 1, '2022-10-18 07:10:57', NULL, NULL, 1, 262, 262),
(263, 'Stock creation', 1, '2022-10-18 07:13:13', NULL, NULL, 1, 263, 263),
(264, 'Stock creation', 1, '2022-10-18 07:26:11', NULL, NULL, 1, 264, 264),
(265, 'Stock creation', 1, '2022-10-18 07:31:55', NULL, NULL, 1, 265, 265),
(266, 'Stock creation', 2, '2022-10-18 07:32:34', NULL, NULL, 1, 266, 266),
(267, 'Stock creation', 1, '2022-10-18 07:32:57', NULL, NULL, 1, 267, 267),
(268, 'Stock creation', 2, '2022-10-18 07:49:43', NULL, NULL, 1, 268, 268),
(269, 'Stock creation', 1, '2022-10-18 07:52:51', NULL, NULL, 1, 269, 269),
(270, 'Stock creation', 1, '2022-10-18 07:53:12', NULL, NULL, 1, 270, 270),
(271, 'Stock creation', 1, '2022-10-18 07:57:51', NULL, NULL, 1, 271, 271),
(272, 'Stock creation', 1, '2022-10-18 07:59:27', NULL, NULL, 1, 272, 272),
(273, 'Stock creation', 1, '2022-10-18 08:01:34', NULL, NULL, 1, 273, 273),
(274, 'Stock creation', 1, '2022-10-18 08:46:51', NULL, NULL, 1, 274, 274),
(275, 'Stock creation', 1, '2022-10-18 11:49:44', NULL, NULL, 1, 275, 275),
(276, 'Stock creation', 1, '2022-10-18 11:54:38', NULL, NULL, 1, 276, 276),
(277, 'Stock creation', 1, '2022-10-18 11:56:03', NULL, NULL, 1, 277, 277),
(278, 'Stock creation', 1, '2022-10-18 11:59:22', NULL, NULL, 1, 278, 278),
(279, 'Stock creation', 1, '2022-10-18 11:59:59', NULL, NULL, 1, 279, 279),
(280, 'Stock creation', 1, '2022-10-18 12:00:35', NULL, NULL, 1, 280, 280),
(281, 'Stock creation', 1, '2022-10-18 12:01:30', NULL, NULL, 1, 281, 281),
(282, 'Stock creation', 1, '2022-10-18 12:16:51', NULL, NULL, 1, 282, 282),
(283, 'Stock creation', 2, '2022-10-18 12:20:26', NULL, NULL, 1, 283, 283),
(284, 'Stock creation', 1, '2022-10-18 12:28:55', NULL, NULL, 1, 284, 284),
(285, 'Stock creation', 1, '2022-10-19 07:17:24', NULL, NULL, 1, 285, 285),
(286, 'Stock creation', 1, '2022-10-19 09:46:30', NULL, NULL, 1, 286, 286),
(287, 'Stock creation', 1, '2022-11-30 07:28:38', NULL, NULL, 1, 287, 287),
(288, 'Stock creation', 1, '2022-11-30 07:30:53', NULL, NULL, 1, 288, 288),
(289, 'Stock creation', 1, '2022-11-30 07:37:25', NULL, NULL, 1, 289, 289),
(290, 'Stock creation', 1, '2022-11-30 08:00:32', NULL, NULL, 1, 290, 290),
(291, 'Stock creation', 1, '2022-11-30 12:42:28', NULL, NULL, 1, 291, 291),
(292, 'Stock creation', 1, '2022-11-30 12:43:27', NULL, NULL, 1, 292, 292),
(293, 'Stock creation', 1, '2022-12-01 07:14:02', NULL, NULL, 1, 293, 293),
(294, 'Stock creation', 1, '2022-12-01 07:55:06', NULL, NULL, 1, 294, 294),
(295, 'Stock creation', 1, '2022-12-01 10:10:43', NULL, NULL, 1, 295, 295),
(296, 'Stock creation', 1, '2022-12-01 10:16:23', NULL, NULL, 1, 296, 296),
(297, 'Stock creation', 1, '2022-12-01 10:17:44', NULL, NULL, 1, 297, 297),
(298, 'Stock creation', 1, '2022-12-01 12:24:01', NULL, NULL, 1, 298, 298),
(299, 'Stock creation', 1, '2022-12-01 12:24:24', NULL, NULL, 1, 299, 299),
(300, 'Stock creation', 1, '2022-12-01 12:30:08', NULL, NULL, 1, 300, 300),
(301, 'Stock creation', 1, '2022-12-01 13:41:13', NULL, NULL, 1, 301, 301),
(302, 'Stock creation', 1, '2022-12-03 08:38:01', NULL, NULL, 1, 302, 302),
(303, 'Stock creation', 1, '2022-12-03 08:56:04', NULL, NULL, 1, 303, 303),
(304, 'Stock creation', 1, '2023-12-12 12:56:56', NULL, NULL, 1, 304, 304);

-- --------------------------------------------------------

--
-- Table structure for table `submenus`
--

CREATE TABLE `submenus` (
  `id` int(11) NOT NULL,
  `menuid` int(11) NOT NULL,
  `label` varchar(255) NOT NULL,
  `module` varchar(255) NOT NULL,
  `action` varchar(255) NOT NULL,
  `sortno` int(255) NOT NULL,
  `status` int(11) NOT NULL
) ENGINE=InnoDB DEFAULT CHARSET=latin1;

--
-- Dumping data for table `submenus`
--

INSERT INTO `submenus` (`id`, `menuid`, `label`, `module`, `action`, `sortno`, `status`) VALUES
(1, 11, 'Users', 'user', 'index', 1, 1),
(15, 1, 'Branches', 'branches', 'branch_list', 3, 1),
(16, 1, 'Groups', 'groups', 'group_list', 7, 1),
(17, 1, 'Categories', 'categories', 'category_list', 8, 1),
(18, 1, 'Suppliers', 'suppliers', 'supplier_list', 9, 1),
(19, 9, 'Assets List', 'assets', 'asset_list', 2, 1),
(20, 1, 'Cities', 'cities', 'city_list', 2, 1),
(21, 1, 'Building List', 'buildings', 'building_list', 4, 0),
(22, 4, 'Room to Room', 'rooms', 'roomtransfer_list', 2, 1),
(23, 4, 'Asset to User', 'assets', 'transfer_list', 3, 0),
(24, 4, 'Asset Assignment', 'assets', 'asset_assignment', 1, 1),
(25, 8, 'Create LPO', 'procurements', 'lpo_process', 1, 0),
(26, 8, 'Create GRN', 'procurements', 'grn_process', 2, 0),
(27, 8, 'GRN', 'procurements', 'grn_list', 4, 1),
(28, 8, 'LPO', 'procurements', 'lpo_list', 3, 1),
(29, 1, 'Buildings', 'buildings', 'allbuilding_list', 4, 1),
(30, 1, 'Floors', 'floors', 'floor_list', 5, 1),
(31, 1, 'Rooms', 'rooms', 'room_list', 6, 1),
(32, 1, 'Products', 'products', 'product_list', 10, 1),
(33, 1, 'Departments', 'departments', 'department_list', 11, 1),
(34, 5, 'Inactive Assets Report', 'assets', 'asset_inactive&status=inactive', 6, 0),
(35, 11, 'Depreciation Seasons', 'seasons', 'index', 9, 1),
(36, 9, 'Asset List', 'asset_list', 'index', 0, 0),
(37, 9, 'Unassigned Assets', 'unlocated_asset', 'show', 5, 1),
(38, 9, 'Assigned Assets', 'located_asset', 'show', 4, 1),
(39, 9, 'Asset History', 'asset_history', 'show', 3, 1),
(40, 5, 'Asset Report', 'reports', 'index&for=asset_report', 1, 1),
(41, 5, 'Depreciation Report', 'depreciations', 'depreciation_list', 2, 1),
(42, 1, 'Expense Type of Work', 'expense', 'expense_type_of_work_list', 9, 1),
(43, 0, 'Asset Expense', 'expense', 'asset_expense_list', 4, 1),
(44, 4, 'Asset Expense', 'expense', 'asset_expense_list', 4, 1),
(45, 5, 'Asset Expense Report', 'expense_report', 'asset_expense_report', 3, 1),
(46, 5, 'AMC Expense Report', 'expense_report', 'list_amc_expense_report', 4, 0),
(47, 9, 'Search Asset', 'search_asset', 'show', 1, 1),
(48, 5, 'Not Verified Asset Report', 'reports', 'index&for=asset_verification&status=not_verified', 9, 1),
(49, 10, 'API Users', 'api_users', 'index', 1, 1),
(52, 10, 'API Token', 'api_token', 'index', 2, 1),
(53, 11, 'System Backup', 'system_backup', 'show', 3, 1),
(55, 11, 'Settings', 'home', 'cs_index', 9, 1),
(56, 12, 'Tally Settings', 'tally', 'settings', 1, 1),
(57, 12, 'Tally Ledger', 'tally', 'ledgers', 2, 1);

-- --------------------------------------------------------

--
-- Table structure for table `suppliers`
--

CREATE TABLE `suppliers` (
  `id` int(11) NOT NULL,
  `name` varchar(45) DEFAULT NULL,
  `address` varchar(45) DEFAULT NULL,
  `createdby` int(11) DEFAULT NULL,
  `doc` datetime DEFAULT NULL,
  `modifiedby` int(11) DEFAULT NULL,
  `dom` datetime DEFAULT NULL,
  `status` varchar(45) DEFAULT 'active',
  `tally_ledger_status` varchar(255) DEFAULT NULL
) ENGINE=InnoDB DEFAULT CHARSET=latin1;

-- --------------------------------------------------------

--
-- Table structure for table `tally_ledgers`
--

CREATE TABLE `tally_ledgers` (
  `id` int(255) NOT NULL,
  `name` varchar(255) NOT NULL,
  `status` varchar(255) NOT NULL,
  `created_at` timestamp NOT NULL DEFAULT current_timestamp(),
  `updated_at` timestamp NULL DEFAULT NULL,
  `deleted_at` timestamp NULL DEFAULT NULL,
  `deleted_by` int(255) NOT NULL,
  `updated_by` int(255) NOT NULL,
  `created_by` int(255) NOT NULL,
  `tally_ledger_status` varchar(255) DEFAULT NULL
) ENGINE=InnoDB DEFAULT CHARSET=utf8mb4;

-- --------------------------------------------------------

--
-- Table structure for table `userassets`
--

CREATE TABLE `userassets` (
  `id` int(11) NOT NULL,
  `checkin` datetime DEFAULT NULL,
  `checkout` varchar(45) DEFAULT NULL,
  `type` varchar(45) DEFAULT NULL COMMENT 'on this column is specify the type of transaction example allocation,transfer and return',
  `doc` datetime DEFAULT NULL,
  `createdby` int(11) DEFAULT NULL,
  `dom` datetime DEFAULT NULL,
  `modifiedby` varchar(45) DEFAULT NULL,
  `userid` int(11) NOT NULL,
  `assetid` int(11) NOT NULL
) ENGINE=InnoDB DEFAULT CHARSET=latin1;

--
-- Dumping data for table `userassets`
--

INSERT INTO `userassets` (`id`, `checkin`, `checkout`, `type`, `doc`, `createdby`, `dom`, `modifiedby`, `userid`, `assetid`) VALUES
(1, '2022-10-05 00:00:00', NULL, 'allocation', NULL, 1, '2022-10-05 15:33:16', NULL, 8, 73),
(2, '2022-10-05 00:00:00', NULL, 'allocation', NULL, 1, '2022-10-05 15:33:36', NULL, 9, 67),
(3, '2022-10-05 00:00:00', NULL, 'allocation', NULL, 1, '2022-10-05 15:33:54', NULL, 3, 57),
(4, '2022-10-05 00:00:00', NULL, 'allocation', NULL, 1, '2022-10-05 15:35:04', NULL, 3, 58),
(5, '2022-10-05 00:00:00', NULL, 'allocation', NULL, 1, '2022-10-05 15:36:13', NULL, 3, 74),
(6, '2022-10-05 00:00:00', NULL, 'allocation', NULL, 1, '2022-10-05 15:38:05', NULL, 3, 47),
(7, '2022-10-05 00:00:00', NULL, 'allocation', NULL, 1, '2022-10-05 15:39:11', NULL, 3, 75),
(8, '2022-10-05 00:00:00', NULL, 'allocation', NULL, 1, '2022-10-05 15:51:06', NULL, 3, 13),
(9, '2022-10-05 00:00:00', NULL, 'allocation', NULL, 1, '2022-10-05 15:51:18', NULL, 3, 23),
(10, '2022-10-05 00:00:00', NULL, 'allocation', NULL, 1, '2022-10-05 15:51:48', NULL, 3, 54),
(11, '2022-10-05 00:00:00', NULL, 'allocation', NULL, 1, '2022-10-05 15:52:53', NULL, 5, 59),
(12, '2022-10-05 00:00:00', NULL, 'allocation', NULL, 1, '2022-10-05 15:53:16', NULL, 5, 46),
(13, '2022-10-05 00:00:00', NULL, 'allocation', NULL, 1, '2022-10-05 15:54:07', NULL, 5, 48),
(14, '2022-10-05 00:00:00', NULL, 'allocation', NULL, 1, '2022-10-05 15:54:42', NULL, 5, 60),
(15, '2022-10-05 00:00:00', NULL, 'allocation', NULL, 1, '2022-10-05 15:55:02', NULL, 5, 14),
(16, '2022-10-05 00:00:00', NULL, 'allocation', NULL, 1, '2022-10-05 15:55:22', NULL, 5, 24),
(17, '2022-10-05 00:00:00', NULL, 'allocation', NULL, 1, '2022-10-05 15:55:59', NULL, 5, 39),
(18, '2022-10-05 00:00:00', NULL, 'allocation', NULL, 1, '2022-10-05 15:56:54', NULL, 7, 61),
(19, '2022-10-05 00:00:00', NULL, 'allocation', NULL, 1, '2022-10-05 15:57:24', NULL, 7, 55),
(20, '2022-10-05 00:00:00', NULL, 'allocation', NULL, 1, '2022-10-05 15:57:50', NULL, 7, 15),
(21, '2022-10-05 00:00:00', NULL, 'allocation', NULL, 1, '2022-10-05 15:58:14', NULL, 7, 25),
(22, '2022-10-05 00:00:00', NULL, 'allocation', NULL, 1, '2022-10-05 16:01:38', NULL, 7, 76),
(23, '2022-10-05 00:00:00', NULL, 'allocation', NULL, 1, '2022-10-05 16:01:53', NULL, 7, 33),
(24, '2022-10-05 00:00:00', NULL, 'allocation', NULL, 1, '2022-10-05 16:02:23', NULL, 7, 64),
(25, '2022-10-05 00:00:00', NULL, 'allocation', NULL, 1, '2022-10-05 16:02:53', NULL, 7, 62),
(26, '2022-10-05 00:00:00', NULL, 'allocation', NULL, 1, '2022-10-05 16:03:35', NULL, 6, 65),
(27, '2022-10-05 00:00:00', NULL, 'allocation', NULL, 1, '2022-10-05 16:03:54', NULL, 6, 49),
(28, '2022-10-05 00:00:00', NULL, 'allocation', NULL, 1, '2022-10-05 16:04:15', NULL, 6, 66),
(29, '2022-10-05 00:00:00', NULL, 'allocation', NULL, 1, '2022-10-05 16:04:52', NULL, 6, 18),
(30, '2022-10-05 00:00:00', NULL, 'allocation', NULL, 1, '2022-10-05 16:05:15', NULL, 6, 26),
(31, '2022-10-05 00:00:00', NULL, 'allocation', NULL, 1, '2022-10-05 16:09:03', NULL, 6, 77),
(32, '2022-10-05 00:00:00', NULL, 'allocation', NULL, 1, '2022-10-05 16:10:39', NULL, 6, 78),
(33, '2022-10-05 00:00:00', NULL, 'allocation', NULL, 1, '2022-10-05 16:11:21', NULL, 6, 36),
(34, '2022-10-05 00:00:00', NULL, 'allocation', NULL, 1, '2022-10-05 16:14:17', NULL, 4, 80),
(35, '2022-10-05 00:00:00', NULL, 'allocation', NULL, 1, '2022-10-05 16:14:36', NULL, 4, 79),
(36, '2022-10-05 00:00:00', NULL, 'allocation', NULL, 1, '2022-10-05 16:15:12', NULL, 4, 19),
(37, '2022-10-05 00:00:00', NULL, 'allocation', NULL, 1, '2022-10-05 16:15:59', NULL, 4, 27),
(38, '2022-10-05 00:00:00', NULL, 'allocation', NULL, 1, '2022-10-05 16:17:24', NULL, 4, 50),
(39, '2022-10-05 00:00:00', NULL, 'allocation', NULL, 1, '2022-10-05 16:17:47', NULL, 4, 45),
(40, '2022-10-05 00:00:00', NULL, 'allocation', NULL, 1, '2022-10-05 16:18:50', NULL, 4, 39),
(41, '2022-10-05 00:00:00', NULL, 'allocation', NULL, 1, '2022-10-05 16:19:48', NULL, 4, 43),
(42, '2022-10-05 00:00:00', NULL, 'allocation', NULL, 1, '2022-10-05 16:22:30', NULL, 8, 20),
(43, '2022-10-05 00:00:00', NULL, 'allocation', NULL, 1, '2022-10-05 16:25:15', NULL, 8, 40),
(44, '2022-10-05 00:00:00', NULL, 'allocation', NULL, 1, '2022-10-05 16:27:20', NULL, 8, 28),
(45, '2022-10-05 00:00:00', NULL, 'allocation', NULL, 1, '2022-10-05 16:27:35', NULL, 8, 68),
(46, '2022-10-05 00:00:00', NULL, 'allocation', NULL, 1, '2022-10-05 16:37:58', NULL, 9, 69),
(47, '2022-10-05 00:00:00', NULL, 'allocation', NULL, 1, '2022-10-05 16:38:52', NULL, 9, 16),
(48, '2022-10-05 00:00:00', NULL, 'allocation', NULL, 1, '2022-10-05 16:39:30', NULL, 9, 29),
(49, '2022-10-05 00:00:00', NULL, 'allocation', NULL, 1, '2022-10-05 16:43:21', NULL, 9, 81),
(50, '2022-10-05 00:00:00', NULL, 'allocation', NULL, 1, '2022-10-05 16:43:44', NULL, 9, 82),
(51, '2022-10-05 00:00:00', NULL, 'allocation', NULL, 1, '2022-10-05 16:45:23', NULL, 12, 63),
(52, '2022-10-05 00:00:00', NULL, 'allocation', NULL, 1, '2022-10-05 16:46:51', NULL, 12, 17),
(53, '2022-10-05 00:00:00', NULL, 'allocation', NULL, 1, '2022-10-05 16:48:17', NULL, 12, 30),
(54, '2022-10-05 00:00:00', NULL, 'allocation', NULL, 1, '2022-10-05 16:49:04', NULL, 12, 44),
(55, '2022-10-05 00:00:00', NULL, 'allocation', NULL, 1, '2022-10-05 16:49:40', NULL, 12, 51),
(56, '2022-10-05 00:00:00', NULL, 'allocation', NULL, 1, '2022-10-05 16:53:19', NULL, 11, 21),
(57, '2022-10-05 00:00:00', NULL, 'allocation', NULL, 1, '2022-10-05 16:54:40', NULL, 11, 30),
(58, '2022-10-05 00:00:00', NULL, 'allocation', NULL, 1, '2022-10-05 16:55:21', NULL, 11, 52),
(59, '2022-10-05 00:00:00', NULL, 'allocation', NULL, 1, '2022-10-05 16:56:32', NULL, 11, 41),
(60, '2022-10-05 00:00:00', NULL, 'allocation', NULL, 1, '2022-10-05 16:57:17', NULL, 11, 70),
(61, '2022-10-05 00:00:00', NULL, 'allocation', NULL, 1, '2022-10-05 17:14:22', NULL, 11, 83),
(62, '2022-10-06 00:00:00', NULL, 'allocation', NULL, 1, '2022-10-06 09:28:33', NULL, 10, 84),
(63, '2022-10-06 00:00:00', NULL, 'allocation', NULL, 1, '2022-10-06 09:28:56', NULL, 11, 85),
(64, '2022-10-06 00:00:00', NULL, 'allocation', NULL, 1, '2022-10-06 09:29:28', NULL, 8, 86),
(65, '2022-10-06 00:00:00', NULL, 'allocation', NULL, 1, '2022-10-06 09:31:25', NULL, 10, 22),
(66, '2022-10-06 00:00:00', NULL, 'allocation', NULL, 1, '2022-10-06 09:32:02', NULL, 10, 31),
(67, '2022-10-06 00:00:00', NULL, 'allocation', NULL, 1, '2022-10-06 09:32:24', NULL, 10, 71),
(68, '2022-10-06 00:00:00', NULL, 'allocation', NULL, 1, '2022-10-06 09:33:05', NULL, 10, 53),
(69, '2022-10-06 00:00:00', NULL, 'allocation', NULL, 1, '2022-10-06 09:33:25', NULL, 10, 72),
(70, '2022-10-06 00:00:00', NULL, 'allocation', NULL, 1, '2022-10-06 09:35:55', NULL, 13, 87),
(71, '2022-10-06 00:00:00', NULL, 'allocation', NULL, 1, '2022-10-06 09:36:20', NULL, 13, 32),
(72, '2022-10-06 00:00:00', NULL, 'allocation', NULL, 1, '2022-10-06 09:37:00', NULL, 13, 1),
(73, '2022-10-06 00:00:00', NULL, 'allocation', NULL, 1, '2022-10-06 09:37:25', NULL, 13, 56),
(74, '2022-10-06 00:00:00', NULL, 'allocation', '2022-10-06 09:39:25', 1, NULL, NULL, 13, 88),
(75, '2022-10-06 00:00:00', NULL, 'allocation', '2022-10-06 09:39:48', 1, NULL, NULL, 13, 89),
(76, '2022-10-06 00:00:00', NULL, 'allocation', NULL, 1, '2022-10-06 11:50:53', NULL, 5, 38),
(77, '2022-10-06 00:00:00', NULL, 'allocation', NULL, 1, '2022-10-06 11:51:38', NULL, 4, 37),
(78, '2022-10-06 00:00:00', NULL, 'allocation', NULL, 1, '2022-10-06 11:58:01', NULL, 12, 42),
(79, '2022-10-06 00:00:00', NULL, 'allocation', '2022-10-06 15:16:00', 1, NULL, NULL, 14, 91),
(80, '2022-10-06 00:00:00', NULL, 'allocation', '2022-10-06 15:20:35', 1, NULL, NULL, 14, 92),
(81, '2022-10-06 00:00:00', NULL, 'allocation', '2022-10-06 15:21:06', 1, NULL, NULL, 14, 93),
(82, '2022-10-06 00:00:00', NULL, 'allocation', '2022-10-06 15:21:40', 1, NULL, NULL, 14, 94),
(83, '2022-10-06 00:00:00', NULL, 'allocation', '2022-10-06 15:23:01', 1, NULL, NULL, 14, 95),
(84, '2022-10-06 00:00:00', NULL, 'allocation', '2022-10-06 15:23:21', 1, NULL, NULL, 14, 96),
(85, '2022-10-06 00:00:00', NULL, 'allocation', '2022-10-06 15:29:00', 1, NULL, NULL, 15, 97),
(86, '2022-10-06 00:00:00', NULL, 'allocation', '2022-10-06 15:29:22', 1, NULL, NULL, 15, 98),
(87, '2022-10-06 00:00:00', NULL, 'allocation', '2022-10-06 15:29:48', 1, NULL, NULL, 15, 99),
(88, '2022-10-06 00:00:00', NULL, 'allocation', '2022-10-06 15:30:17', 1, NULL, NULL, 15, 100),
(89, '2022-10-06 00:00:00', NULL, 'allocation', '2022-10-06 15:39:32', 1, NULL, NULL, 16, 101),
(90, '2022-10-06 00:00:00', NULL, 'allocation', '2022-10-06 15:39:57', 1, NULL, NULL, 16, 102),
(91, '2022-10-06 00:00:00', NULL, 'allocation', '2022-10-06 15:40:15', 1, NULL, NULL, 16, 103),
(92, '2022-10-06 00:00:00', NULL, 'allocation', '2022-10-06 15:40:42', 1, NULL, NULL, 16, 104),
(93, '2022-10-06 00:00:00', NULL, 'allocation', '2022-10-06 15:41:20', 1, NULL, NULL, 16, 105),
(94, '2022-10-07 00:00:00', NULL, 'allocation', '2022-10-07 09:36:55', 1, NULL, NULL, 17, 106),
(95, '2022-10-07 00:00:00', NULL, 'allocation', '2022-10-07 09:42:04', 1, NULL, NULL, 17, 107),
(96, '2022-10-07 00:00:00', NULL, 'allocation', '2022-10-07 09:42:31', 1, NULL, NULL, 17, 108),
(97, '2022-10-07 00:00:00', NULL, 'allocation', '2022-10-07 09:42:56', 1, NULL, NULL, 17, 109),
(98, '2022-10-07 00:00:00', NULL, 'allocation', '2022-10-07 09:43:12', 1, NULL, NULL, 17, 110),
(99, '2022-10-07 00:00:00', NULL, 'allocation', '2022-10-07 10:01:33', 1, NULL, NULL, 18, 111),
(100, '2022-10-07 00:00:00', NULL, 'allocation', '2022-10-07 10:02:02', 1, NULL, NULL, 18, 112),
(101, '2022-10-07 00:00:00', NULL, 'allocation', '2022-10-07 10:02:47', 1, NULL, NULL, 18, 113),
(102, '2022-10-07 00:00:00', NULL, 'allocation', '2022-10-07 10:03:12', 1, NULL, NULL, 18, 114),
(103, '2022-10-07 00:00:00', NULL, 'allocation', '2022-10-07 10:29:45', 1, NULL, NULL, 19, 115),
(104, '2022-10-07 00:00:00', NULL, 'allocation', '2022-10-07 10:30:27', 1, NULL, NULL, 19, 116),
(105, '2022-10-07 00:00:00', NULL, 'allocation', '2022-10-07 10:30:56', 1, NULL, NULL, 19, 117),
(106, '2022-10-07 00:00:00', NULL, 'allocation', '2022-10-07 10:31:22', 1, NULL, NULL, 19, 118),
(107, '2022-10-07 00:00:00', NULL, 'allocation', '2022-10-07 10:49:46', 1, NULL, NULL, 20, 119),
(108, '2022-10-07 00:00:00', NULL, 'allocation', '2022-10-07 10:50:07', 1, NULL, NULL, 20, 120),
(109, '2022-10-07 00:00:00', NULL, 'allocation', '2022-10-07 10:50:37', 1, NULL, NULL, 20, 121),
(110, '2022-10-07 00:00:00', NULL, 'allocation', '2022-10-07 11:01:46', 1, NULL, NULL, 21, 122),
(111, '2022-10-07 00:00:00', NULL, 'allocation', '2022-10-07 11:02:29', 1, NULL, NULL, 21, 123),
(112, '2022-10-07 00:00:00', NULL, 'allocation', '2022-10-07 11:05:09', 1, NULL, NULL, 21, 124),
(113, '2022-10-07 00:00:00', NULL, 'allocation', '2022-10-07 11:05:56', 1, NULL, NULL, 21, 125),
(114, '2022-10-07 00:00:00', NULL, 'allocation', '2022-10-07 11:06:28', 1, NULL, NULL, 21, 126),
(115, '2022-10-07 00:00:00', NULL, 'allocation', '2022-10-07 11:07:18', 1, NULL, NULL, 21, 127),
(116, '2022-10-11 00:00:00', NULL, 'allocation', '2022-10-11 12:25:05', 1, NULL, NULL, 25, 148),
(117, '2022-10-11 00:00:00', NULL, 'allocation', '2022-10-11 12:25:39', 1, NULL, NULL, 25, 149),
(118, '2022-10-11 00:00:00', NULL, 'allocation', '2022-10-11 12:26:04', 1, NULL, NULL, 24, 150),
(119, '2022-10-11 00:00:00', NULL, 'allocation', '2022-10-11 12:26:44', 1, NULL, NULL, 23, 151),
(120, '2022-10-11 00:00:00', NULL, 'allocation', '2022-10-11 12:38:13', 1, NULL, NULL, 22, 152),
(121, '2022-10-11 00:00:00', NULL, 'allocation', '2022-10-11 12:38:41', 1, NULL, NULL, 22, 153),
(122, '2022-10-11 00:00:00', NULL, 'allocation', '2022-10-11 12:39:09', 1, NULL, NULL, 22, 154),
(123, '2022-10-11 00:00:00', NULL, 'allocation', '2022-10-11 12:39:30', 1, NULL, NULL, 22, 155),
(124, '2022-10-11 00:00:00', NULL, 'allocation', '2022-10-11 12:39:58', 1, NULL, NULL, 22, 156),
(125, '2022-10-11 00:00:00', NULL, 'allocation', '2022-10-11 12:40:37', 1, NULL, NULL, 22, 157),
(126, '2022-10-11 00:00:00', NULL, 'allocation', '2022-10-11 12:41:25', 1, NULL, NULL, 22, 158),
(127, '2022-10-11 00:00:00', NULL, 'allocation', '2022-10-11 12:41:49', 1, NULL, NULL, 22, 159),
(128, '2022-10-11 00:00:00', NULL, 'allocation', '2022-10-11 12:42:14', 1, NULL, NULL, 22, 160),
(129, '2022-10-11 00:00:00', NULL, 'allocation', '2022-10-11 15:26:29', 1, NULL, NULL, 24, 161),
(130, '2022-10-11 00:00:00', NULL, 'allocation', '2022-10-11 15:27:31', 1, NULL, NULL, 24, 162),
(131, '2022-10-11 00:00:00', NULL, 'allocation', NULL, 1, '2022-10-11 15:40:26', NULL, 25, 169),
(132, '2022-10-11 00:00:00', NULL, 'allocation', '2022-10-11 15:59:46', 1, NULL, NULL, 23, 170),
(133, '2022-10-11 00:00:00', NULL, 'allocation', '2022-10-11 16:01:03', 1, NULL, NULL, 23, 171),
(134, '2022-10-11 00:00:00', NULL, 'allocation', '2022-10-11 16:05:33', 1, NULL, NULL, 26, 172),
(135, '2022-10-11 00:00:00', NULL, 'allocation', '2022-10-11 16:05:55', 1, NULL, NULL, 26, 173),
(136, '2022-10-11 00:00:00', NULL, 'allocation', '2022-10-11 16:06:16', 1, NULL, NULL, 26, 174),
(137, '2022-10-13 00:00:00', NULL, 'allocation', '2022-10-13 11:02:35', 1, NULL, NULL, 41, 175),
(138, '2022-10-13 00:00:00', NULL, 'allocation', '2022-10-13 11:03:06', 1, NULL, NULL, 41, 176),
(139, '2022-10-13 00:00:00', NULL, 'allocation', NULL, 1, '2022-10-13 11:03:52', NULL, 41, 177),
(140, '2022-10-13 00:00:00', NULL, 'allocation', '2022-10-13 11:04:28', 1, NULL, NULL, 41, 178),
(141, '2022-10-13 00:00:00', NULL, 'allocation', '2022-10-13 11:04:57', 1, NULL, NULL, 41, 179),
(142, '2022-10-13 00:00:00', NULL, 'allocation', '2022-10-13 11:28:02', 1, NULL, NULL, 39, 180),
(143, '2022-10-13 00:00:00', NULL, 'allocation', '2022-10-13 11:28:44', 1, NULL, NULL, 39, 181),
(144, '2022-10-13 00:00:00', NULL, 'allocation', '2022-10-13 11:29:10', 1, NULL, NULL, 39, 182),
(145, '2022-10-13 00:00:00', NULL, 'allocation', '2022-10-13 11:29:39', 1, NULL, NULL, 39, 183),
(146, '2022-10-13 00:00:00', NULL, 'allocation', '2022-10-13 11:41:13', 1, NULL, NULL, 39, 184),
(147, '2022-10-13 00:00:00', NULL, 'allocation', '2022-10-13 11:41:39', 1, NULL, NULL, 39, 185),
(148, '2022-10-13 00:00:00', NULL, 'allocation', '2022-10-13 11:42:15', 1, NULL, NULL, 39, 186),
(149, '2022-10-13 00:00:00', NULL, 'allocation', '2022-10-13 11:42:37', 1, NULL, NULL, 39, 187),
(150, '2022-10-13 00:00:00', NULL, 'allocation', '2022-10-13 11:42:53', 1, NULL, NULL, 39, 188),
(151, '2022-10-13 00:00:00', NULL, 'allocation', '2022-10-13 11:48:29', 1, NULL, NULL, 38, 189),
(152, '2022-10-13 00:00:00', NULL, 'allocation', '2022-10-13 11:48:58', 1, NULL, NULL, 38, 190),
(153, '2022-10-13 00:00:00', NULL, 'allocation', '2022-10-13 11:49:19', 1, NULL, NULL, 38, 191),
(154, '2022-10-13 00:00:00', NULL, 'allocation', '2022-10-13 11:49:46', 1, NULL, NULL, 38, 192),
(155, '2022-10-13 00:00:00', NULL, 'allocation', '2022-10-13 11:50:05', 1, NULL, NULL, 38, 193),
(156, '2022-10-13 00:00:00', NULL, 'allocation', '2022-10-13 11:50:32', 1, NULL, NULL, 38, 194),
(157, '2022-10-13 00:00:00', NULL, 'allocation', '2022-10-13 12:07:44', 1, NULL, NULL, 35, 195),
(158, '2022-10-13 00:00:00', NULL, 'allocation', '2022-10-13 12:08:19', 1, NULL, NULL, 35, 196),
(159, '2022-10-13 00:00:00', NULL, 'allocation', '2022-10-13 12:08:37', 1, NULL, NULL, 35, 197),
(160, '2022-10-13 00:00:00', NULL, 'allocation', '2022-10-13 12:37:02', 1, NULL, NULL, 33, 198),
(161, '2022-10-13 00:00:00', NULL, 'allocation', '2022-10-13 12:40:17', 1, NULL, NULL, 33, 199),
(162, '2022-10-13 00:00:00', NULL, 'allocation', '2022-10-13 12:40:36', 1, NULL, NULL, 33, 200),
(163, '2022-10-13 00:00:00', NULL, 'allocation', NULL, 1, '2022-10-13 12:41:20', NULL, 33, 201),
(164, '2022-10-13 00:00:00', NULL, 'allocation', '2022-10-13 12:42:50', 1, NULL, NULL, 33, 202),
(165, '2022-10-13 00:00:00', NULL, 'allocation', '2022-10-13 12:51:31', 1, NULL, NULL, 34, 203),
(166, '2022-10-13 00:00:00', NULL, 'allocation', '2022-10-13 12:51:58', 1, NULL, NULL, 34, 204),
(167, '2022-10-13 00:00:00', NULL, 'allocation', '2022-10-13 12:52:24', 1, NULL, NULL, 34, 205),
(168, '2022-10-13 00:00:00', NULL, 'allocation', '2022-10-13 12:52:41', 1, NULL, NULL, 34, 206),
(169, '2022-10-13 00:00:00', NULL, 'allocation', '2022-10-13 12:53:02', 1, NULL, NULL, 34, 207),
(170, '2022-10-13 00:00:00', NULL, 'allocation', '2022-10-13 12:54:00', 1, NULL, NULL, 34, 208),
(171, '2022-10-13 00:00:00', NULL, 'allocation', '2022-10-13 13:15:59', 1, NULL, NULL, 37, 209),
(172, '2022-10-13 00:00:00', NULL, 'allocation', '2022-10-13 13:16:17', 1, NULL, NULL, 37, 210),
(173, '2022-10-13 00:00:00', NULL, 'allocation', '2022-10-13 13:16:46', 1, NULL, NULL, 37, 211),
(174, '2022-10-13 00:00:00', NULL, 'allocation', '2022-10-13 13:17:17', 1, NULL, NULL, 37, 212),
(175, '2022-10-13 00:00:00', NULL, 'allocation', '2022-10-13 13:36:10', 1, NULL, NULL, 30, 213),
(176, '2022-10-13 00:00:00', NULL, 'allocation', '2022-10-13 13:36:29', 1, NULL, NULL, 30, 214),
(177, '2022-10-13 00:00:00', NULL, 'allocation', '2022-10-13 13:37:21', 1, NULL, NULL, 30, 215),
(178, '2022-10-13 00:00:00', NULL, 'allocation', '2022-10-13 13:39:12', 1, NULL, NULL, 30, 216),
(179, '2022-10-13 00:00:00', NULL, 'allocation', '2022-10-13 13:40:51', 1, NULL, NULL, 30, 217),
(180, '2022-10-13 00:00:00', NULL, 'allocation', '2022-10-13 15:17:02', 1, NULL, NULL, 36, 218),
(181, '2022-10-13 00:00:00', NULL, 'allocation', '2022-10-13 15:19:06', 1, NULL, NULL, 36, 219),
(182, '2022-10-13 00:00:00', NULL, 'allocation', '2022-10-13 15:20:18', 1, NULL, NULL, 36, 220),
(183, '2022-10-13 00:00:00', NULL, 'allocation', '2022-10-13 15:20:41', 1, NULL, NULL, 36, 221),
(184, '2022-10-13 00:00:00', NULL, 'allocation', '2022-10-13 15:21:15', 1, NULL, NULL, 36, 222),
(185, '2022-10-13 00:00:00', NULL, 'allocation', '2022-10-13 15:21:56', 1, NULL, NULL, 36, 223),
(186, '2022-10-13 00:00:00', NULL, 'allocation', '2022-10-13 15:44:52', 1, NULL, NULL, 31, 224),
(187, '2022-10-13 00:00:00', NULL, 'allocation', '2022-10-13 15:45:14', 1, NULL, NULL, 31, 225),
(188, '2022-10-13 00:00:00', NULL, 'allocation', '2022-10-13 15:45:41', 1, NULL, NULL, 31, 226),
(189, '2022-10-13 00:00:00', NULL, 'allocation', '2022-10-13 15:46:22', 1, NULL, NULL, 31, 227),
(190, '2022-10-13 00:00:00', NULL, 'allocation', '2022-10-13 16:05:06', 1, NULL, NULL, 32, 228),
(191, '2022-10-13 00:00:00', NULL, 'allocation', '2022-10-13 16:05:31', 1, NULL, NULL, 32, 229),
(192, '2022-10-13 00:00:00', NULL, 'allocation', '2022-10-13 16:05:57', 1, NULL, NULL, 32, 230),
(193, '2022-10-14 00:00:00', NULL, 'allocation', '2022-10-14 10:00:55', 1, NULL, NULL, 40, 231),
(194, '2022-10-14 00:00:00', NULL, 'allocation', '2022-10-14 10:02:09', 1, NULL, NULL, 40, 232),
(195, '2022-10-14 00:00:00', NULL, 'allocation', '2022-10-14 10:02:44', 1, NULL, NULL, 40, 233),
(196, '2022-10-14 00:00:00', NULL, 'allocation', '2022-10-14 10:03:12', 1, NULL, NULL, 40, 234),
(197, '2022-10-14 00:00:00', NULL, 'allocation', '2022-10-14 10:03:31', 1, NULL, NULL, 40, 235),
(198, '2022-10-14 00:00:00', NULL, 'allocation', '2022-10-14 10:49:00', 1, NULL, NULL, 27, 236),
(199, '2022-10-14 00:00:00', NULL, 'allocation', '2022-10-14 10:50:07', 1, NULL, NULL, 27, 237),
(200, '2022-10-14 00:00:00', NULL, 'allocation', '2022-10-14 10:50:38', 1, NULL, NULL, 27, 238),
(201, '2022-10-14 00:00:00', NULL, 'allocation', '2022-10-14 11:04:45', 1, NULL, NULL, 29, 240),
(202, '2022-10-14 00:00:00', NULL, 'allocation', '2022-10-14 11:05:05', 1, NULL, NULL, 29, 241),
(203, '2022-10-14 00:00:00', NULL, 'allocation', '2022-10-14 11:13:53', 1, NULL, NULL, 28, 242),
(204, '2022-10-14 00:00:00', NULL, 'allocation', '2022-10-14 11:14:13', 1, NULL, NULL, 28, 243),
(205, '2022-10-14 00:00:00', NULL, 'allocation', NULL, 1, '2022-10-14 11:36:08', NULL, 27, 239),
(206, '2022-10-14 00:00:00', NULL, 'allocation', '2022-10-14 11:51:31', 1, NULL, NULL, 42, 252),
(207, '2022-10-14 00:00:00', NULL, 'allocation', '2022-10-14 11:51:57', 1, NULL, NULL, 42, 253),
(208, '2022-10-14 00:00:00', NULL, 'allocation', '2022-10-14 11:52:22', 1, NULL, NULL, 42, 254),
(209, '2022-10-14 00:00:00', NULL, 'allocation', '2022-10-14 11:52:57', 1, NULL, NULL, 42, 255),
(210, '2022-10-14 00:00:00', NULL, 'allocation', '2022-10-14 11:53:22', 1, NULL, NULL, 42, 256),
(211, '2022-10-16 00:00:00', NULL, 'allocation', '2022-10-16 10:10:04', 1, NULL, NULL, 43, 257),
(212, '2022-10-16 00:00:00', NULL, 'allocation', '2022-10-16 10:19:53', 1, NULL, NULL, 43, 258),
(213, '2022-10-16 00:00:00', NULL, 'allocation', '2022-10-16 10:34:09', 1, NULL, NULL, 6, 259),
(214, '2022-10-16 00:00:00', NULL, 'allocation', '2022-10-16 10:37:15', 1, NULL, NULL, 43, 260),
(215, '2022-10-16 00:00:00', NULL, 'allocation', '2022-10-16 10:40:14', 1, NULL, NULL, 43, 264),
(216, '2022-10-16 00:00:00', NULL, 'allocation', '2022-10-16 11:02:03', 1, NULL, NULL, 44, 268),
(217, '2022-10-16 00:00:00', NULL, 'allocation', '2022-10-16 11:02:25', 1, NULL, NULL, 44, 269),
(218, '2022-10-16 00:00:00', NULL, 'allocation', '2022-10-16 11:03:08', 1, NULL, NULL, 44, 270),
(219, '2022-10-16 00:00:00', NULL, 'allocation', '2022-10-16 11:13:56', 1, NULL, NULL, 45, 271),
(220, '2022-10-16 00:00:00', NULL, 'allocation', '2022-10-16 11:14:23', 1, NULL, NULL, 45, 272),
(221, '2022-10-16 00:00:00', NULL, 'allocation', '2022-10-16 11:14:46', 1, NULL, NULL, 45, 273),
(222, '2022-10-16 00:00:00', NULL, 'allocation', '2022-10-16 11:18:21', 1, NULL, NULL, 48, 274),
(223, '2022-10-16 00:00:00', NULL, 'allocation', '2022-10-16 11:20:03', 1, NULL, NULL, 47, 275),
(224, '2022-10-16 00:00:00', NULL, 'allocation', '2022-10-16 11:20:39', 1, NULL, NULL, 46, 276),
(225, '2022-10-16 00:00:00', NULL, 'allocation', '2022-10-16 11:37:38', 1, NULL, NULL, 49, 277),
(226, '2022-10-16 00:00:00', NULL, 'allocation', '2022-10-16 11:39:53', 1, NULL, NULL, 48, 278),
(227, '2022-10-16 00:00:00', NULL, 'allocation', '2022-10-16 11:53:59', 1, NULL, NULL, 51, 279),
(228, '2022-10-16 00:00:00', NULL, 'allocation', '2022-10-16 11:54:41', 1, NULL, NULL, 51, 280),
(229, '2022-10-16 00:00:00', NULL, 'allocation', '2022-10-16 12:18:32', 1, NULL, NULL, 52, 281),
(230, '2022-10-16 00:00:00', NULL, 'allocation', '2022-10-16 12:18:59', 1, NULL, NULL, 54, 282),
(231, '2022-10-16 00:00:00', NULL, 'allocation', '2022-10-16 12:19:29', 1, NULL, NULL, 53, 283),
(232, '2022-10-18 00:00:00', NULL, 'allocation', '2022-10-18 10:07:17', 1, NULL, NULL, 55, 307),
(233, '2022-10-18 00:00:00', NULL, 'allocation', NULL, 1, '2022-10-18 10:16:15', NULL, 50, 308),
(234, '2022-10-18 00:00:00', NULL, 'allocation', NULL, 1, '2022-10-18 10:17:23', NULL, 51, 308),
(235, '2022-10-18 00:00:00', NULL, 'allocation', NULL, 1, '2022-10-18 10:19:47', NULL, 50, 309),
(236, '2022-10-18 00:00:00', NULL, 'allocation', NULL, 1, '2022-10-18 10:20:05', NULL, 51, 309),
(237, '2022-10-18 00:00:00', NULL, 'allocation', '2022-10-18 10:23:23', 1, NULL, NULL, 50, 311),
(238, '2022-10-18 00:00:00', NULL, 'allocation', NULL, 1, '2022-10-18 10:23:45', NULL, 51, 311),
(239, '2022-10-18 00:00:00', NULL, 'allocation', '2022-10-18 10:24:27', 1, NULL, NULL, 50, 312),
(240, '2022-10-18 00:00:00', NULL, 'allocation', NULL, 1, '2022-10-18 10:24:37', NULL, 51, 312),
(241, '2022-10-18 00:00:00', NULL, 'allocation', NULL, 1, '2022-10-18 10:26:56', NULL, 51, 313),
(242, '2022-10-18 00:00:00', NULL, 'allocation', NULL, 1, '2022-10-18 10:27:05', NULL, 50, 313),
(243, '2022-10-18 00:00:00', NULL, 'allocation', '2022-10-18 10:27:39', 1, NULL, NULL, 50, 314),
(244, '2022-10-18 00:00:00', NULL, 'allocation', NULL, 1, '2022-10-18 10:28:00', NULL, 51, 314),
(246, '2022-10-18 00:00:00', NULL, 'allocation', NULL, 1, '2022-10-18 10:29:42', NULL, 50, 315),
(247, '2022-10-18 00:00:00', NULL, 'allocation', NULL, 1, '2022-10-18 10:30:40', NULL, 50, 316),
(248, '2022-10-18 00:00:00', NULL, 'allocation', NULL, 1, '2022-10-18 10:30:56', NULL, 51, 316),
(249, '2022-10-18 00:00:00', NULL, 'allocation', '2022-10-18 10:31:56', 1, NULL, NULL, 50, 317),
(250, '2022-10-18 00:00:00', NULL, 'allocation', '2022-10-18 16:24:30', 1, NULL, NULL, 56, 318),
(251, '2022-10-18 00:00:00', NULL, 'allocation', '2022-10-18 16:28:31', 1, NULL, NULL, 56, 319),
(252, '2022-10-18 00:00:00', NULL, 'allocation', '2022-10-18 16:43:26', 1, NULL, NULL, 57, 320),
(253, '2022-10-18 00:00:00', NULL, 'allocation', '2022-10-18 16:56:47', 1, NULL, NULL, 57, 321),
(254, '2022-10-18 00:00:00', NULL, 'allocation', '2022-10-18 16:57:47', 1, NULL, NULL, 57, 322),
(255, '2022-10-18 00:00:00', NULL, 'allocation', '2022-10-18 16:58:19', 1, NULL, NULL, 57, 323),
(256, '2022-10-19 00:00:00', NULL, 'allocation', '2022-10-19 09:46:10', 1, NULL, NULL, 57, 324),
(257, '2022-10-19 00:00:00', NULL, 'allocation', '2022-10-19 10:05:02', 1, NULL, NULL, 57, 325),
(258, '2022-10-18 00:00:00', NULL, 'allocation', '2022-10-18 10:10:57', 1, NULL, NULL, 58, 327),
(259, '2022-10-18 00:00:00', NULL, 'allocation', '2022-10-18 10:13:13', 1, NULL, NULL, 58, 328),
(260, '2022-10-18 00:00:00', NULL, 'allocation', '2022-10-18 10:26:11', 1, NULL, NULL, 58, 329),
(261, '2022-10-18 00:00:00', NULL, 'allocation', '2022-10-18 11:46:51', 1, NULL, NULL, 59, 345),
(262, '2022-10-18 00:00:00', NULL, 'allocation', '2022-10-18 14:59:22', 1, NULL, NULL, 59, 349),
(263, '2022-10-18 00:00:00', NULL, 'allocation', '2022-10-18 14:59:59', 1, NULL, NULL, 59, 350),
(264, '2022-10-18 00:00:00', NULL, 'allocation', '2022-10-18 15:00:35', 1, NULL, NULL, 59, 351),
(265, '2022-10-18 00:00:00', NULL, 'allocation', '2022-10-18 15:01:30', 1, NULL, NULL, 59, 352),
(266, '2022-10-18 00:00:00', NULL, 'allocation', NULL, 1, '2022-10-18 15:17:10', NULL, 59, 353),
(267, '2022-10-18 00:00:00', NULL, 'allocation', '2022-10-18 15:28:54', 1, NULL, NULL, 59, 357),
(268, '2022-10-19 00:00:00', NULL, 'allocation', '2022-10-19 12:46:30', 1, NULL, NULL, 14, 359),
(269, '2022-11-30 00:00:00', NULL, 'allocation', '2022-11-30 10:28:38', 1, NULL, NULL, 12, 360),
(270, '2022-11-30 00:00:00', NULL, 'allocation', '2022-11-30 10:30:53', 1, NULL, NULL, 3, 361),
(271, '2022-11-30 00:00:00', NULL, 'allocation', '2022-11-30 10:37:24', 1, NULL, NULL, 4, 362),
(272, '2022-11-30 00:00:00', NULL, 'allocation', '2022-11-30 11:00:32', 1, NULL, NULL, 5, 363),
(273, '2022-11-30 00:00:00', NULL, 'allocation', '2022-11-30 15:42:28', 1, NULL, NULL, 38, 364),
(274, '2022-11-30 00:00:00', NULL, 'allocation', '2022-11-30 15:43:27', 1, NULL, NULL, 39, 365),
(275, '2022-12-01 00:00:00', NULL, 'allocation', '2022-12-01 10:14:02', 1, NULL, NULL, 39, 366),
(276, '2022-12-01 00:00:00', NULL, 'allocation', '2022-12-01 10:55:06', 1, NULL, NULL, 50, 367),
(277, '2022-12-01 00:00:00', NULL, 'allocation', '2022-12-01 13:10:42', 1, NULL, NULL, 49, 368),
(278, '2022-12-01 00:00:00', NULL, 'allocation', '2022-12-01 15:30:08', 1, NULL, NULL, 27, 374),
(279, '2022-12-01 00:00:00', NULL, 'allocation', '2022-12-01 16:41:12', 1, NULL, NULL, 14, 375),
(280, '2022-12-03 00:00:00', NULL, 'allocation', '2022-12-03 11:38:01', 1, NULL, NULL, 17, 376),
(281, '2023-12-12 00:00:00', NULL, 'allocation', '2023-12-12 15:56:55', 1, NULL, NULL, 14, 378);

-- --------------------------------------------------------

--
-- Table structure for table `userasset_logs`
--

CREATE TABLE `userasset_logs` (
  `id` int(255) NOT NULL,
  `json` longtext NOT NULL,
  `created_at` timestamp NOT NULL DEFAULT current_timestamp() ON UPDATE current_timestamp(),
  `created_by` int(255) NOT NULL,
  `type` varchar(255) NOT NULL,
  `reference_userasset_json` longtext DEFAULT NULL
) ENGINE=InnoDB DEFAULT CHARSET=utf8mb4;

--
-- Dumping data for table `userasset_logs`
--

INSERT INTO `userasset_logs` (`id`, `json`, `created_at`, `created_by`, `type`, `reference_userasset_json`) VALUES
(1, '[{\"id\":\"245\",\"checkin\":\"2022-10-18 00:00:00\",\"checkout\":null,\"type\":\"allocation\",\"doc\":\"2022-10-18 10:29:29\",\"createdby\":\"1\",\"dom\":null,\"modifiedby\":null,\"userid\":\"51\",\"assetid\":\"315\"}]', '2022-12-01 07:58:14', 1, 'deleted user asset', '[{\"id\":\"245\",\"checkin\":\"2022-10-18 00:00:00\",\"checkout\":null,\"type\":\"allocation\",\"doc\":\"2022-10-18 10:29:29\",\"createdby\":\"1\",\"dom\":null,\"modifiedby\":null,\"userid\":\"51\",\"assetid\":\"315\"}]');

-- --------------------------------------------------------

--
-- Table structure for table `userrights`
--

CREATE TABLE `userrights` (
  `id` int(11) NOT NULL,
  `userid` int(11) NOT NULL,
  `menuid` int(11) NOT NULL,
  `submenuid` int(11) NOT NULL,
  `doc` datetime NOT NULL,
  `createdby` int(11) NOT NULL,
  `dom` datetime NOT NULL,
  `modifiedby` int(11) NOT NULL
) ENGINE=InnoDB DEFAULT CHARSET=latin1;

--
-- Dumping data for table `userrights`
--

INSERT INTO `userrights` (`id`, `userid`, `menuid`, `submenuid`, `doc`, `createdby`, `dom`, `modifiedby`) VALUES
(1, 2, 1, 0, '2017-07-12 06:07:55', 1, '0000-00-00 00:00:00', 0),
(2, 2, 2, 4, '2017-07-12 06:07:55', 1, '0000-00-00 00:00:00', 0),
(3, 2, 3, 0, '2017-07-12 06:07:55', 1, '0000-00-00 00:00:00', 0),
(4, 16, 1, 0, '0000-00-00 00:00:00', 1, '0000-00-00 00:00:00', 0),
(5, 16, 1, 1, '0000-00-00 00:00:00', 1, '0000-00-00 00:00:00', 0),
(6, 16, 1, 20, '0000-00-00 00:00:00', 1, '0000-00-00 00:00:00', 0),
(7, 16, 1, 15, '0000-00-00 00:00:00', 1, '0000-00-00 00:00:00', 0),
(8, 16, 1, 29, '0000-00-00 00:00:00', 1, '0000-00-00 00:00:00', 0),
(9, 16, 1, 30, '0000-00-00 00:00:00', 1, '0000-00-00 00:00:00', 0),
(10, 16, 1, 31, '0000-00-00 00:00:00', 1, '0000-00-00 00:00:00', 0),
(11, 16, 1, 16, '0000-00-00 00:00:00', 1, '0000-00-00 00:00:00', 0),
(12, 16, 1, 17, '0000-00-00 00:00:00', 1, '0000-00-00 00:00:00', 0),
(13, 16, 1, 18, '0000-00-00 00:00:00', 1, '0000-00-00 00:00:00', 0),
(14, 16, 1, 35, '0000-00-00 00:00:00', 1, '0000-00-00 00:00:00', 0),
(15, 16, 1, 32, '0000-00-00 00:00:00', 1, '0000-00-00 00:00:00', 0),
(16, 16, 1, 33, '0000-00-00 00:00:00', 1, '0000-00-00 00:00:00', 0),
(17, 16, 1, 34, '0000-00-00 00:00:00', 1, '0000-00-00 00:00:00', 0),
(18, 16, 8, 0, '0000-00-00 00:00:00', 1, '0000-00-00 00:00:00', 0),
(19, 16, 8, 28, '0000-00-00 00:00:00', 1, '0000-00-00 00:00:00', 0),
(20, 16, 8, 27, '0000-00-00 00:00:00', 1, '0000-00-00 00:00:00', 0),
(21, 16, 4, 0, '0000-00-00 00:00:00', 1, '0000-00-00 00:00:00', 0),
(22, 16, 4, 24, '0000-00-00 00:00:00', 1, '0000-00-00 00:00:00', 0),
(23, 16, 4, 22, '0000-00-00 00:00:00', 1, '0000-00-00 00:00:00', 0),
(24, 16, 9, 0, '0000-00-00 00:00:00', 1, '0000-00-00 00:00:00', 0),
(25, 16, 9, 19, '0000-00-00 00:00:00', 1, '0000-00-00 00:00:00', 0),
(26, 16, 9, 39, '0000-00-00 00:00:00', 1, '0000-00-00 00:00:00', 0),
(27, 16, 9, 38, '0000-00-00 00:00:00', 1, '0000-00-00 00:00:00', 0),
(28, 16, 9, 37, '0000-00-00 00:00:00', 1, '0000-00-00 00:00:00', 0),
(29, 16, 6, 0, '0000-00-00 00:00:00', 1, '0000-00-00 00:00:00', 0),
(30, 16, 7, 0, '0000-00-00 00:00:00', 1, '0000-00-00 00:00:00', 0),
(31, 16, 5, 0, '0000-00-00 00:00:00', 1, '0000-00-00 00:00:00', 0),
(32, 16, 5, 40, '0000-00-00 00:00:00', 1, '0000-00-00 00:00:00', 0),
(33, 16, 5, 41, '0000-00-00 00:00:00', 1, '0000-00-00 00:00:00', 0);

-- --------------------------------------------------------

--
-- Table structure for table `warrants`
--

CREATE TABLE `warrants` (
  `id` int(11) NOT NULL,
  `assetid` int(11) NOT NULL,
  `warantfrom` date NOT NULL,
  `warantto` date NOT NULL,
  `createdby` int(11) NOT NULL,
  `doc` datetime NOT NULL
) ENGINE=InnoDB DEFAULT CHARSET=latin1;

--
-- Indexes for dumped tables
--

--
-- Indexes for table `amc`
--
ALTER TABLE `amc`
  ADD PRIMARY KEY (`id`);

--
-- Indexes for table `assetlogdetails`
--
ALTER TABLE `assetlogdetails`
  ADD PRIMARY KEY (`id`);

--
-- Indexes for table `assetlogs`
--
ALTER TABLE `assetlogs`
  ADD PRIMARY KEY (`id`);

--
-- Indexes for table `assets`
--
ALTER TABLE `assets`
  ADD PRIMARY KEY (`id`);

--
-- Indexes for table `asset_expense`
--
ALTER TABLE `asset_expense`
  ADD PRIMARY KEY (`id`);

--
-- Indexes for table `asset_pivot_table`
--
ALTER TABLE `asset_pivot_table`
  ADD PRIMARY KEY (`id`);

--
-- Indexes for table `branches`
--
ALTER TABLE `branches`
  ADD PRIMARY KEY (`id`),
  ADD KEY `fk_branches_cities1_idx` (`cityid`);

--
-- Indexes for table `buildings`
--
ALTER TABLE `buildings`
  ADD PRIMARY KEY (`id`),
  ADD KEY `fk_buildings_branches_idx` (`branchid`);

--
-- Indexes for table `categories`
--
ALTER TABLE `categories`
  ADD PRIMARY KEY (`id`);

--
-- Indexes for table `cities`
--
ALTER TABLE `cities`
  ADD PRIMARY KEY (`id`);

--
-- Indexes for table `departments`
--
ALTER TABLE `departments`
  ADD PRIMARY KEY (`id`);

--
-- Indexes for table `depreciations`
--
ALTER TABLE `depreciations`
  ADD PRIMARY KEY (`id`);

--
-- Indexes for table `depreciations_logs`
--
ALTER TABLE `depreciations_logs`
  ADD PRIMARY KEY (`id`);

--
-- Indexes for table `depreciation_season`
--
ALTER TABLE `depreciation_season`
  ADD PRIMARY KEY (`id`);

--
-- Indexes for table `depreciation_season_detail`
--
ALTER TABLE `depreciation_season_detail`
  ADD PRIMARY KEY (`id`);

--
-- Indexes for table `dpreciationlog`
--
ALTER TABLE `dpreciationlog`
  ADD PRIMARY KEY (`id`),
  ADD KEY `fk_dpreciationlog_assets1_idx` (`assetsid`);

--
-- Indexes for table `expense_type_of_work`
--
ALTER TABLE `expense_type_of_work`
  ADD PRIMARY KEY (`id`);

--
-- Indexes for table `floors`
--
ALTER TABLE `floors`
  ADD PRIMARY KEY (`id`),
  ADD KEY `fk_floors_buildings1_idx` (`buildingid`);

--
-- Indexes for table `formulas`
--
ALTER TABLE `formulas`
  ADD PRIMARY KEY (`id`);

--
-- Indexes for table `frequencydepreciations`
--
ALTER TABLE `frequencydepreciations`
  ADD PRIMARY KEY (`id`);

--
-- Indexes for table `grn`
--
ALTER TABLE `grn`
  ADD PRIMARY KEY (`id`);

--
-- Indexes for table `grndetails`
--
ALTER TABLE `grndetails`
  ADD PRIMARY KEY (`id`);

--
-- Indexes for table `groups`
--
ALTER TABLE `groups`
  ADD PRIMARY KEY (`id`);

--
-- Indexes for table `lpo`
--
ALTER TABLE `lpo`
  ADD PRIMARY KEY (`id`);

--
-- Indexes for table `lpodetails`
--
ALTER TABLE `lpodetails`
  ADD PRIMARY KEY (`id`);

--
-- Indexes for table `menus`
--
ALTER TABLE `menus`
  ADD PRIMARY KEY (`id`);

--
-- Indexes for table `products`
--
ALTER TABLE `products`
  ADD PRIMARY KEY (`id`);

--
-- Indexes for table `reference_userassets`
--
ALTER TABLE `reference_userassets`
  ADD PRIMARY KEY (`id`),
  ADD UNIQUE KEY `assetid` (`assetid`),
  ADD KEY `fks_userassets_users1_idx` (`userid`),
  ADD KEY `fks_userassets_assets1_idx` (`assetid`);

--
-- Indexes for table `roles`
--
ALTER TABLE `roles`
  ADD PRIMARY KEY (`id`);

--
-- Indexes for table `roomassets`
--
ALTER TABLE `roomassets`
  ADD PRIMARY KEY (`id`);

--
-- Indexes for table `roomasset_details`
--
ALTER TABLE `roomasset_details`
  ADD PRIMARY KEY (`id`),
  ADD KEY `fk_roomassets_rooms1_idx` (`roomid`),
  ADD KEY `fk_roomassets_assets1_idx` (`assetid`);

--
-- Indexes for table `rooms`
--
ALTER TABLE `rooms`
  ADD PRIMARY KEY (`id`),
  ADD KEY `fk_rooms_floors1_idx` (`floorid`);

--
-- Indexes for table `settings`
--
ALTER TABLE `settings`
  ADD PRIMARY KEY (`id`),
  ADD KEY `fk_settings_formulas1_idx` (`formulasid`);

--
-- Indexes for table `stock_details`
--
ALTER TABLE `stock_details`
  ADD PRIMARY KEY (`id`);

--
-- Indexes for table `submenus`
--
ALTER TABLE `submenus`
  ADD PRIMARY KEY (`id`);

--
-- Indexes for table `suppliers`
--
ALTER TABLE `suppliers`
  ADD PRIMARY KEY (`id`);

--
-- Indexes for table `tally_ledgers`
--
ALTER TABLE `tally_ledgers`
  ADD PRIMARY KEY (`id`);

--
-- Indexes for table `userassets`
--
ALTER TABLE `userassets`
  ADD PRIMARY KEY (`id`),
  ADD KEY `fk_userassets_users1_idx` (`userid`),
  ADD KEY `fk_userassets_assets1_idx` (`assetid`);

--
-- Indexes for table `userasset_logs`
--
ALTER TABLE `userasset_logs`
  ADD PRIMARY KEY (`id`);

--
-- Indexes for table `userrights`
--
ALTER TABLE `userrights`
  ADD PRIMARY KEY (`id`);

--
-- Indexes for table `warrants`
--
ALTER TABLE `warrants`
  ADD PRIMARY KEY (`id`);

--
-- AUTO_INCREMENT for dumped tables
--

--
-- AUTO_INCREMENT for table `amc`
--
ALTER TABLE `amc`
  MODIFY `id` int(11) NOT NULL AUTO_INCREMENT;

--
-- AUTO_INCREMENT for table `assetlogdetails`
--
ALTER TABLE `assetlogdetails`
  MODIFY `id` int(11) NOT NULL AUTO_INCREMENT;

--
-- AUTO_INCREMENT for table `assetlogs`
--
ALTER TABLE `assetlogs`
  MODIFY `id` int(11) NOT NULL AUTO_INCREMENT;

--
-- AUTO_INCREMENT for table `assets`
--
ALTER TABLE `assets`
  MODIFY `id` int(11) NOT NULL AUTO_INCREMENT, AUTO_INCREMENT=379;

--
-- AUTO_INCREMENT for table `asset_expense`
--
ALTER TABLE `asset_expense`
  MODIFY `id` int(255) NOT NULL AUTO_INCREMENT;

--
-- AUTO_INCREMENT for table `asset_pivot_table`
--
ALTER TABLE `asset_pivot_table`
  MODIFY `id` int(255) NOT NULL AUTO_INCREMENT, AUTO_INCREMENT=305;

--
-- AUTO_INCREMENT for table `branches`
--
ALTER TABLE `branches`
  MODIFY `id` int(11) NOT NULL AUTO_INCREMENT, AUTO_INCREMENT=7;

--
-- AUTO_INCREMENT for table `buildings`
--
ALTER TABLE `buildings`
  MODIFY `id` int(11) NOT NULL AUTO_INCREMENT, AUTO_INCREMENT=3;

--
-- AUTO_INCREMENT for table `categories`
--
ALTER TABLE `categories`
  MODIFY `id` int(11) NOT NULL AUTO_INCREMENT, AUTO_INCREMENT=5;

--
-- AUTO_INCREMENT for table `cities`
--
ALTER TABLE `cities`
  MODIFY `id` int(11) NOT NULL AUTO_INCREMENT, AUTO_INCREMENT=8;

--
-- AUTO_INCREMENT for table `departments`
--
ALTER TABLE `departments`
  MODIFY `id` int(11) NOT NULL AUTO_INCREMENT, AUTO_INCREMENT=9;

--
-- AUTO_INCREMENT for table `depreciations`
--
ALTER TABLE `depreciations`
  MODIFY `id` int(11) NOT NULL AUTO_INCREMENT;

--
-- AUTO_INCREMENT for table `depreciations_logs`
--
ALTER TABLE `depreciations_logs`
  MODIFY `id` int(11) NOT NULL AUTO_INCREMENT;

--
-- AUTO_INCREMENT for table `depreciation_season`
--
ALTER TABLE `depreciation_season`
  MODIFY `id` int(255) NOT NULL AUTO_INCREMENT;

--
-- AUTO_INCREMENT for table `depreciation_season_detail`
--
ALTER TABLE `depreciation_season_detail`
  MODIFY `id` int(255) NOT NULL AUTO_INCREMENT;

--
-- AUTO_INCREMENT for table `dpreciationlog`
--
ALTER TABLE `dpreciationlog`
  MODIFY `id` int(11) NOT NULL AUTO_INCREMENT;

--
-- AUTO_INCREMENT for table `expense_type_of_work`
--
ALTER TABLE `expense_type_of_work`
  MODIFY `id` int(255) NOT NULL AUTO_INCREMENT, AUTO_INCREMENT=6;

--
-- AUTO_INCREMENT for table `floors`
--
ALTER TABLE `floors`
  MODIFY `id` int(11) NOT NULL AUTO_INCREMENT, AUTO_INCREMENT=3;

--
-- AUTO_INCREMENT for table `formulas`
--
ALTER TABLE `formulas`
  MODIFY `id` int(11) NOT NULL AUTO_INCREMENT;

--
-- AUTO_INCREMENT for table `frequencydepreciations`
--
ALTER TABLE `frequencydepreciations`
  MODIFY `id` int(11) NOT NULL AUTO_INCREMENT;

--
-- AUTO_INCREMENT for table `grn`
--
ALTER TABLE `grn`
  MODIFY `id` int(11) NOT NULL AUTO_INCREMENT, AUTO_INCREMENT=305;

--
-- AUTO_INCREMENT for table `grndetails`
--
ALTER TABLE `grndetails`
  MODIFY `id` int(11) NOT NULL AUTO_INCREMENT, AUTO_INCREMENT=305;

--
-- AUTO_INCREMENT for table `groups`
--
ALTER TABLE `groups`
  MODIFY `id` int(11) NOT NULL AUTO_INCREMENT, AUTO_INCREMENT=6;

--
-- AUTO_INCREMENT for table `lpo`
--
ALTER TABLE `lpo`
  MODIFY `id` int(11) NOT NULL AUTO_INCREMENT;

--
-- AUTO_INCREMENT for table `lpodetails`
--
ALTER TABLE `lpodetails`
  MODIFY `id` int(11) NOT NULL AUTO_INCREMENT;

--
-- AUTO_INCREMENT for table `menus`
--
ALTER TABLE `menus`
  MODIFY `id` int(11) NOT NULL AUTO_INCREMENT, AUTO_INCREMENT=13;

--
-- AUTO_INCREMENT for table `products`
--
ALTER TABLE `products`
  MODIFY `id` int(11) NOT NULL AUTO_INCREMENT, AUTO_INCREMENT=133;

--
-- AUTO_INCREMENT for table `reference_userassets`
--
ALTER TABLE `reference_userassets`
  MODIFY `id` int(11) NOT NULL AUTO_INCREMENT, AUTO_INCREMENT=282;

--
-- AUTO_INCREMENT for table `roles`
--
ALTER TABLE `roles`
  MODIFY `id` int(11) NOT NULL AUTO_INCREMENT, AUTO_INCREMENT=4;

--
-- AUTO_INCREMENT for table `roomassets`
--
ALTER TABLE `roomassets`
  MODIFY `id` int(255) NOT NULL AUTO_INCREMENT, AUTO_INCREMENT=379;

--
-- AUTO_INCREMENT for table `roomasset_details`
--
ALTER TABLE `roomasset_details`
  MODIFY `id` int(11) NOT NULL AUTO_INCREMENT, AUTO_INCREMENT=305;

--
-- AUTO_INCREMENT for table `rooms`
--
ALTER TABLE `rooms`
  MODIFY `id` int(11) NOT NULL AUTO_INCREMENT, AUTO_INCREMENT=9;

--
-- AUTO_INCREMENT for table `settings`
--
ALTER TABLE `settings`
  MODIFY `id` int(11) NOT NULL AUTO_INCREMENT, AUTO_INCREMENT=2;

--
-- AUTO_INCREMENT for table `stock_details`
--
ALTER TABLE `stock_details`
  MODIFY `id` int(255) NOT NULL AUTO_INCREMENT, AUTO_INCREMENT=305;

--
-- AUTO_INCREMENT for table `submenus`
--
ALTER TABLE `submenus`
  MODIFY `id` int(11) NOT NULL AUTO_INCREMENT, AUTO_INCREMENT=58;

--
-- AUTO_INCREMENT for table `suppliers`
--
ALTER TABLE `suppliers`
  MODIFY `id` int(11) NOT NULL AUTO_INCREMENT;

--
-- AUTO_INCREMENT for table `tally_ledgers`
--
ALTER TABLE `tally_ledgers`
  MODIFY `id` int(255) NOT NULL AUTO_INCREMENT;

--
-- AUTO_INCREMENT for table `userassets`
--
ALTER TABLE `userassets`
  MODIFY `id` int(11) NOT NULL AUTO_INCREMENT, AUTO_INCREMENT=282;

--
-- AUTO_INCREMENT for table `userasset_logs`
--
ALTER TABLE `userasset_logs`
  MODIFY `id` int(255) NOT NULL AUTO_INCREMENT, AUTO_INCREMENT=2;

--
-- AUTO_INCREMENT for table `userrights`
--
ALTER TABLE `userrights`
  MODIFY `id` int(11) NOT NULL AUTO_INCREMENT, AUTO_INCREMENT=34;

--
-- AUTO_INCREMENT for table `warrants`
--
ALTER TABLE `warrants`
  MODIFY `id` int(11) NOT NULL AUTO_INCREMENT;
COMMIT;

