-- https://www.phpmyadmin.net/
--

START TRANSACTION;



--
-- Database: `payroll_mysql`
--

-- --------------------------------------------------------

--
-- Table structure for table `absent`
--

CREATE TABLE `absent` (
  `absentid` decimal(18,0) NOT NULL,
  `absenttype` int(11) DEFAULT NULL,
  `absentdedfrom` int(11) DEFAULT NULL,
  `CompanyId` decimal(18,0) DEFAULT NULL
) ENGINE=InnoDB DEFAULT CHARSET=utf8mb4;

-- --------------------------------------------------------

--
-- Table structure for table `absent_late`
--

CREATE TABLE `absent_late` (
  `AbId` int(11) NOT NULL,
  `EmpId` decimal(18,0) DEFAULT NULL,
  `AbYear` decimal(18,0) DEFAULT NULL,
  `AbMonth` decimal(18,0) DEFAULT NULL,
  `AbDays` decimal(18,0) DEFAULT NULL,
  `LateHours` double DEFAULT NULL,
  `CompanyId` decimal(18,0) NOT NULL
) ENGINE=InnoDB DEFAULT CHARSET=utf8mb4;

--
-- Dumping data for table `absent_late`
--

INSERT INTO `absent_late` (`AbId`, `EmpId`, `AbYear`, `AbMonth`, `AbDays`, `LateHours`, `CompanyId`) VALUES
(1, '1', '2023', '5', '0', 0, '1'),
(2, '2', '2023', '5', '0', 0, '1'),
(3, '3', '2023', '5', '31', 0, '1'),
(4, '4', '2023', '5', '0', 0, '1'),
(5, '6', '2023', '5', '0', 0, '1'),
(6, '7', '2023', '5', '1', 0, '1'),
(7, '8', '2023', '5', '0', 0, '1'),
(8, '9', '2023', '5', '0', 0, '1'),
(9, '10', '2023', '5', '0', 0, '1'),
(10, '11', '2023', '5', '0', 0, '1'),
(11, '12', '2023', '5', '0', 0, '1'),
(12, '13', '2023', '5', '0', 0, '1'),
(13, '14', '2023', '5', '0', 0, '1'),
(14, '15', '2023', '5', '0', 0, '1'),
(15, '16', '2023', '5', '0', 0, '1'),
(16, '17', '2023', '5', '0', 0, '1'),
(17, '18', '2023', '5', '3', 0, '1'),
(18, '19', '2023', '5', '0', 0, '1'),
(19, '20', '2023', '5', '0', 0, '1'),
(20, '21', '2023', '5', '0', 0, '1'),
(21, '22', '2023', '5', '0', 0, '1'),
(22, '23', '2023', '5', '0', 0, '1'),
(23, '24', '2023', '5', '0', 0, '1'),
(24, '25', '2023', '5', '0', 0, '1'),
(25, '26', '2023', '5', '0', 0, '1'),
(26, '28', '2023', '5', '0', 0, '1'),
(27, '27', '2023', '5', '0', 0, '1'),
(28, '29', '2023', '5', '0', 0, '1'),
(29, '30', '2023', '5', '0', 0, '1'),
(30, '31', '2023', '5', '0', 0, '1'),
(31, '32', '2023', '5', '0', 0, '1'),
(32, '33', '2023', '5', '0', 0, '1'),
(33, '34', '2023', '5', '0', 0, '1'),
(34, '35', '2023', '5', '0', 0, '1'),
(35, '36', '2023', '5', '0', 0, '1'),
(36, '37', '2023', '5', '0', 0, '1'),
(37, '38', '2023', '5', '0', 0, '1'),
(38, '39', '2023', '5', '0', 0, '1'),
(39, '40', '2023', '5', '0', 0, '1'),
(40, '41', '2023', '5', '0', 0, '1'),
(41, '42', '2023', '5', '0', 0, '1'),
(42, '43', '2023', '5', '0', 0, '1'),
(43, '44', '2023', '5', '0', 0, '1'),
(44, '45', '2023', '5', '0', 0, '1'),
(45, '46', '2023', '5', '0', 0, '1'),
(46, '47', '2023', '5', '0', 0, '1'),
(47, '48', '2023', '5', '0', 0, '1'),
(48, '49', '2023', '5', '0', 0, '1'),
(49, '50', '2023', '5', '0', 0, '1'),
(50, '51', '2023', '5', '0', 0, '1'),
(51, '52', '2023', '5', '0', 0, '1'),
(52, '53', '2023', '5', '0', 0, '1'),
(53, '5', '2023', '5', '0', 0, '1'),
(54, '54', '2023', '5', '0', 0, '1'),
(55, '55', '2023', '5', '5', 0, '1'),
(56, '56', '2023', '5', '0', 0, '1'),
(57, '57', '2023', '5', '0', 0, '1'),
(58, '58', '2023', '5', '0', 0, '1'),
(59, '59', '2023', '5', '0', 0, '1'),
(60, '60', '2023', '5', '0', 0, '1'),
(61, '62', '2023', '5', '0', 0, '1'),
(62, '61', '2023', '5', '0', 0, '1'),
(63, '63', '2023', '5', '1', 0, '1'),
(64, '64', '2023', '5', '0', 0, '1'),
(65, '65', '2023', '5', '0', 0, '1'),
(66, '66', '2023', '5', '0', 0, '1'),
(67, '67', '2023', '5', '1', 0, '1'),
(68, '68', '2023', '5', '0', 0, '1'),
(69, '69', '2023', '5', '0', 0, '1'),
(70, '70', '2023', '5', '0', 0, '1'),
(71, '71', '2023', '5', '0', 0, '1'),
(72, '72', '2023', '5', '0', 0, '1'),
(73, '73', '2023', '5', '0', 0, '1'),
(74, '74', '2023', '5', '0', 0, '1'),
(75, '76', '2023', '5', '0', 0, '1'),
(76, '77', '2023', '5', '0', 0, '1'),
(77, '75', '2023', '5', '0', 0, '1'),
(78, '78', '2023', '5', '0', 0, '1'),
(79, '79', '2023', '5', '0', 0, '1'),
(80, '80', '2023', '5', '0', 0, '1'),
(81, '81', '2023', '5', '0', 0, '1'),
(82, '82', '2023', '5', '0', 0, '1'),
(83, '83', '2023', '5', '0', 0, '1'),
(84, '84', '2023', '5', '0', 0, '1'),
(85, '85', '2023', '5', '0', 0, '1'),
(86, '86', '2023', '5', '0', 0, '1'),
(87, '87', '2023', '5', '0', 0, '1'),
(88, '88', '2023', '5', '0', 0, '1'),
(89, '89', '2023', '5', '0', 0, '1'),
(90, '90', '2023', '5', '0', 0, '1'),
(91, '91', '2023', '5', '0', 0, '1'),
(92, '92', '2023', '5', '0', 0, '1'),
(93, '93', '2023', '5', '0', 0, '1'),
(94, '94', '2023', '5', '0', 0, '1'),
(95, '95', '2023', '5', '0', 0, '1'),
(96, '96', '2023', '5', '0', 0, '1'),
(97, '97', '2023', '5', '0', 0, '1'),
(98, '98', '2023', '5', '0', 0, '1'),
(99, '1', '2023', '6', '2', 10, '1'),
(100, '3', '2023', '6', '1', 2, '1'),
(101, '46', '2023', '6', '3', 2, '1');

-- --------------------------------------------------------

--
-- Table structure for table `adminportalemail`
--

CREATE TABLE `adminportalemail` (
  `AdminPortalId` decimal(18,0) NOT NULL,
  `AdminPortalGMEmail` varchar(199) DEFAULT NULL,
  `AdminPortalHREmail` varchar(199) DEFAULT NULL,
  `CompanyId` decimal(18,0) DEFAULT NULL
) ENGINE=InnoDB DEFAULT CHARSET=utf8mb4;

-- --------------------------------------------------------

--
-- Table structure for table `advancerequest`
--

CREATE TABLE `advancerequest` (
  `AdvanceId` int(11) NOT NULL,
  `AdvanceNo` decimal(18,0) DEFAULT NULL,
  `EmpId` decimal(18,0) DEFAULT NULL,
  `AdvanceReqDate` date DEFAULT NULL,
  `AdvanceApprovalDate` date DEFAULT NULL,
  `Amount` decimal(18,0) DEFAULT NULL,
  `Remarks` varchar(50) DEFAULT NULL,
  `Status` decimal(18,0) DEFAULT NULL,
  `CompanyId` decimal(18,0) DEFAULT NULL,
  `CreatedBy` decimal(18,0) DEFAULT NULL,
  `CreatedDate` date DEFAULT NULL,
  `ModifiedBy` decimal(18,0) DEFAULT NULL,
  `ModifiedDate` date DEFAULT NULL
) ENGINE=InnoDB DEFAULT CHARSET=utf8mb4;

--
-- Dumping data for table `advancerequest`
--

INSERT INTO `advancerequest` (`AdvanceId`, `AdvanceNo`, `EmpId`, `AdvanceReqDate`, `AdvanceApprovalDate`, `Amount`, `Remarks`, `Status`, `CompanyId`, `CreatedBy`, `CreatedDate`, `ModifiedBy`, `ModifiedDate`) VALUES
(1, '1', '12', '2023-05-15', '2023-05-15', '100000', '', '1', '1', '0', '0001-01-01', '1', '2023-07-18'),
(2, '2', '63', '2023-05-15', '2023-05-15', '100000', '', '1', '1', '0', '0001-01-01', '1', '2023-07-18'),
(3, '3', '64', '2023-05-15', '2023-05-15', '100000', '', '1', '1', '0', '0001-01-01', '1', '2023-07-18'),
(4, '4', '34', '2023-05-01', '2023-05-01', '100000', '', '1', '1', '1', '2023-05-01', '1', '2023-08-12'),
(5, '5', '94', '2023-05-01', '2023-05-01', '100000', '', '1', '1', '1', '2023-05-01', '1', '2023-08-12'),
(6, '6', '18', '2023-05-01', '2023-05-01', '100000', '', '1', '1', '1', '2023-05-01', '1', '2023-08-12'),
(7, '7', '47', '2023-05-01', '2023-05-01', '100000', '', '1', '1', '1', '2023-05-01', '1', '2023-08-12'),
(8, '8', '83', '2023-05-01', '2023-05-01', '100000', '', '1', '1', '1', '2023-05-01', '1', '2023-08-12'),
(9, '9', '82', '2023-05-01', '2023-05-01', '100000', '', '1', '1', '1', '2023-05-01', '1', '2023-08-12'),
(10, '10', '35', '2023-05-01', '2023-05-01', '100000', '', '1', '1', '1', '2023-05-01', '1', '2023-08-12'),
(11, '11', '51', '2023-05-01', '2023-05-01', '100000', '', '1', '1', '1', '2023-05-01', '1', '2023-08-12'),
(12, '12', '53', '2023-05-01', '2023-05-01', '100000', '', '1', '1', '1', '2023-05-01', '1', '2023-08-12'),
(13, '13', '10', '2023-05-01', '2023-05-01', '100000', '', '2', '1', '0', '2023-05-01', '1', '2023-08-31'),
(14, '14', '16', '2023-05-01', '2023-05-01', '100000', '', '1', '1', '0', '2023-05-01', '1', '2023-08-31'),
(15, '15', '42', '2023-05-01', '2023-05-01', '100000', '', '1', '1', '1', '2023-05-01', '1', '2023-08-12'),
(16, '16', '28', '2023-05-01', '2023-05-01', '100000', '', '1', '1', '0', '2023-05-01', '1', '2023-08-31'),
(17, '17', '33', '2023-05-01', '2023-05-01', '100000', '', '1', '1', '1', '2023-05-01', '1', '2023-08-12'),
(18, '18', '72', '2023-05-01', '2023-05-01', '100000', '', '1', '1', '1', '2023-05-01', '1', '2023-08-12'),
(19, '19', '14', '2023-05-01', '2023-05-01', '100000', '', '1', '1', '0', '2023-05-01', '1', '2023-08-31'),
(20, '20', '52', '2023-05-01', '2023-05-01', '100000', '', '1', '1', '1', '2023-05-01', '1', '2023-08-12'),
(21, '13', '10', '2023-05-01', '2023-05-01', '100000', '', '1', '1', '0', '2023-05-01', '1', '2023-08-31'),
(22, '21', '19', '2023-05-01', '2023-05-02', '50000', '', '1', '1', '0', '0001-01-01', '1', '2023-10-09'),
(23, '22', '5', '2023-05-01', '2023-05-02', '150000', '', '1', '1', '0', '2023-05-01', '1', '2023-10-09'),
(24, '23', '23', '2023-05-01', '2023-05-02', '250000', '', '1', '1', '1', '2023-05-01', '1', '2023-10-09'),
(25, '24', '46', '2023-05-01', '2023-05-02', '180000', '', '1', '1', '1', '2023-05-01', '1', '2023-10-09'),
(26, '25', '11', '2023-05-01', '2023-05-02', '100000', '', '1', '1', '0', '0001-01-01', '1', '2023-10-09'),
(27, '26', '17', '2023-05-01', '2023-05-02', '100000', '', '1', '1', '1', '2023-05-01', '1', '2023-10-09'),
(28, '27', '22', '2023-05-01', '2023-05-02', '100000', '', '1', '1', '0', '0001-01-01', '1', '2023-10-09'),
(29, '28', '37', '2023-05-01', '2023-05-02', '100000', '', '1', '1', '0', '0001-01-01', '1', '2023-10-09'),
(30, '29', '50', '2023-05-01', '2023-05-02', '100000', '', '1', '1', '0', '0001-01-01', '1', '2023-10-09'),
(31, '30', '61', '2023-05-01', '2023-05-02', '100000', '', '1', '1', '1', '2023-05-01', '1', '2023-10-09'),
(32, '31', '66', '2023-05-01', '2023-05-02', '100000', '', '1', '1', '0', '0001-01-01', '1', '2023-10-09'),
(33, '32', '65', '2023-05-01', '2023-05-02', '80000', '', '1', '1', '0', '0001-01-01', '1', '2023-10-09'),
(34, '33', '77', '2023-05-01', '2023-05-02', '100000', '', '1', '1', '1', '2023-05-01', '1', '2023-10-09'),
(35, '34', '76', '2023-05-01', '2023-05-02', '100000', '', '1', '1', '1', '2023-05-01', '1', '2023-10-09'),
(36, '35', '79', '2023-05-01', '2023-05-02', '100000', '', '1', '1', '0', '0001-01-01', '1', '2023-10-09'),
(37, '36', '97', '2023-05-01', '2023-05-02', '100000', '', '1', '1', '0', '0001-01-01', '1', '2023-10-09'),
(38, '37', '9', '2023-05-01', '2023-05-02', '100000', '', '1', '1', '1', '2023-05-01', '1', '2023-10-09'),
(39, '38', '52', '2023-05-01', '2023-05-02', '100000', '', '2', '1', '0', '2023-05-01', '1', '2023-10-12'),
(40, '39', '72', '2023-05-01', '2023-05-01', '100000', '', '0', '1', '1', '2023-05-01', '0', '2023-05-01'),
(41, '40', '94', '2023-05-01', '2023-05-01', '100000', '', '0', '1', '1', '2023-05-01', '0', '2023-05-01'),
(10022, '41', '68', '2023-05-01', '2023-05-02', '1662500', '', '1', '1', '0', '0001-01-01', '1', '2023-10-12'),
(10023, NULL, '3', '2024-01-26', NULL, '80000', '', '0', '1', '1', '2024-01-26', NULL, NULL),
(10024, '44', '5', '2024-02-21', NULL, '150000', '', '0', '1', '1', '2024-02-21', NULL, NULL),
(10025, '45', '9', '2024-02-21', NULL, '100000', '', '0', '1', '1', '2024-02-21', NULL, NULL),
(10026, '45', '9', '2024-02-21', NULL, '100000', '', '0', '1', '1', '2024-02-21', NULL, NULL),
(10027, '45', '9', '2024-02-21', NULL, '100000', '', '0', '1', '1', '2024-02-21', NULL, NULL),
(10028, '45', '9', '2024-02-21', NULL, '100000', '', '0', '1', '1', '2024-02-21', NULL, NULL),
(10029, '45', '9', '2024-02-21', NULL, '100000', '', '0', '1', '1', '2024-02-21', NULL, NULL),
(10030, '45', '9', '2024-02-21', NULL, '100000', '', '0', '1', '1', '2024-02-21', NULL, NULL),
(10031, '45', '9', '2024-02-21', NULL, '100000', '', '0', '1', '1', '2024-02-21', NULL, NULL),
(10032, '45', '9', '2024-02-21', NULL, '100000', '', '0', '1', '1', '2024-02-21', NULL, NULL),
(10033, '45', '9', '2024-02-21', NULL, '100000', '', '0', '1', '1', '2024-02-21', NULL, NULL),
(10034, '45', '9', '2024-02-21', NULL, '100000', '', '0', '1', '1', '2024-02-21', NULL, NULL),
(10035, '45', '9', '2024-02-21', NULL, '100000', '', '0', '1', '1', '2024-02-21', NULL, NULL),
(10036, '45', '9', '2024-02-21', NULL, '100000', '', '0', '1', '1', '2024-02-21', NULL, NULL),
(10037, '45', '9', '2024-02-21', NULL, '100000', '', '0', '1', '1', '2024-02-21', NULL, NULL),
(10038, '45', '9', '2024-02-21', NULL, '100000', '', '0', '1', '1', '2024-02-21', NULL, NULL),
(10039, '45', '9', '2024-02-21', NULL, '100000', '', '0', '1', '1', '2024-02-21', NULL, NULL),
(10040, '45', '9', '2024-02-21', NULL, '100000', '', '0', '1', '1', '2024-02-21', NULL, NULL),
(10041, '45', '9', '2024-02-21', NULL, '100000', '', '0', '1', '1', '2024-02-21', NULL, NULL),
(10042, '45', '9', '2024-02-21', NULL, '100000', '', '0', '1', '1', '2024-02-21', NULL, NULL),
(10043, '45', '9', '2024-02-21', NULL, '100000', '', '0', '1', '1', '2024-02-21', NULL, NULL),
(10044, '45', '9', '2024-02-21', NULL, '100000', '', '0', '1', '1', '2024-02-21', NULL, NULL),
(10045, '45', '9', '2024-02-21', NULL, '100000', '', '0', '1', '1', '2024-02-21', NULL, NULL),
(10046, '45', '9', '2024-02-21', NULL, '100000', '', '0', '1', '1', '2024-02-21', NULL, NULL),
(10047, '45', '9', '2024-02-21', NULL, '100000', '', '0', '1', '1', '2024-02-21', NULL, NULL),
(10048, '45', '9', '2024-02-21', NULL, '100000', '', '0', '1', '1', '2024-02-21', NULL, NULL),
(10049, '45', '9', '2024-02-21', NULL, '100000', '', '0', '1', '1', '2024-02-21', NULL, NULL),
(10050, '45', '9', '2024-02-21', NULL, '100000', '', '0', '1', '1', '2024-02-21', NULL, NULL),
(10051, '45', '9', '2024-02-21', NULL, '100000', '', '0', '1', '1', '2024-02-21', NULL, NULL),
(10052, '45', '9', '2024-02-21', NULL, '100000', '', '0', '1', '1', '2024-02-21', NULL, NULL),
(10053, '45', '9', '2024-02-21', NULL, '100000', '', '0', '1', '1', '2024-02-21', NULL, NULL),
(10054, '45', '9', '2024-02-21', NULL, '100000', '', '0', '1', '1', '2024-02-21', NULL, NULL),
(10055, '45', '9', '2024-02-21', NULL, '100000', '', '0', '1', '1', '2024-02-21', NULL, NULL),
(10056, '45', '9', '2024-02-21', NULL, '100000', '', '0', '1', '1', '2024-02-21', NULL, NULL),
(10057, '45', '9', '2024-02-21', NULL, '100000', '', '0', '1', '1', '2024-02-21', NULL, NULL),
(10058, '45', '9', '2024-02-21', NULL, '100000', '', '0', '1', '1', '2024-02-21', NULL, NULL),
(10059, '45', '9', '2024-02-21', NULL, '100000', '', '0', '1', '1', '2024-02-21', NULL, NULL),
(10060, '45', '9', '2024-02-21', NULL, '100000', '', '0', '1', '1', '2024-02-21', NULL, NULL),
(10061, '45', '9', '2024-02-21', NULL, '100000', '', '0', '1', '1', '2024-02-21', NULL, NULL),
(10062, '45', '9', '2024-02-21', NULL, '100000', '', '0', '1', '1', '2024-02-21', NULL, NULL),
(10063, '45', '9', '2024-02-21', NULL, '100000', '', '0', '1', '1', '2024-02-21', NULL, NULL),
(10064, '45', '9', '2024-02-21', NULL, '100000', '', '0', '1', '1', '2024-02-21', NULL, NULL),
(10065, '45', '9', '2024-02-21', NULL, '100000', '', '0', '1', '1', '2024-02-21', NULL, NULL),
(10066, '45', '9', '2024-02-21', NULL, '100000', '', '0', '1', '1', '2024-02-21', NULL, NULL),
(10067, '45', '9', '2024-02-21', NULL, '100000', '', '0', '1', '1', '2024-02-21', NULL, NULL),
(10068, '45', '9', '2024-02-21', NULL, '100000', '', '0', '1', '1', '2024-02-21', NULL, NULL),
(10069, '45', '9', '2024-02-21', NULL, '100000', '', '0', '1', '1', '2024-02-21', NULL, NULL),
(10070, '45', '9', '2024-02-21', NULL, '100000', '', '0', '1', '1', '2024-02-21', NULL, NULL);

-- --------------------------------------------------------

--
-- Table structure for table `attendance`
--

CREATE TABLE `attendance` (
  `AttendanceId` decimal(18,0) NOT NULL,
  `AttendanceDate` date DEFAULT NULL,
  `EmpId` decimal(18,0) DEFAULT NULL,
  `ShiftId` decimal(18,0) DEFAULT NULL,
  `ChkNextDay` decimal(18,0) DEFAULT NULL,
  `Status` varchar(5) DEFAULT NULL,
  `DateIn` date DEFAULT NULL,
  `TimeIn` time DEFAULT NULL,
  `Dateout` date DEFAULT NULL,
  `TimeOut` time DEFAULT NULL,
  `BreakTime` double DEFAULT NULL,
  `WorkingHrs` double DEFAULT NULL,
  `HrsWorked` double DEFAULT NULL,
  `Overtime` double DEFAULT NULL,
  `CompanyId` decimal(18,0) DEFAULT NULL
) ENGINE=InnoDB DEFAULT CHARSET=utf8mb4;

-- --------------------------------------------------------

--
-- Table structure for table `attendancedownload`
--

CREATE TABLE `attendancedownload` (
  `AttDLoadId` decimal(18,0) NOT NULL,
  `AttDate` varchar(50) DEFAULT NULL,
  `EmpId` decimal(18,0) DEFAULT NULL,
  `TimeInOut` varchar(50) DEFAULT NULL,
  `AttTime` varchar(50) DEFAULT NULL,
  `AttDateTime` varchar(50) DEFAULT NULL,
  `CompanyId` decimal(18,0) DEFAULT NULL,
  `DeviceIP` varchar(150) DEFAULT NULL
) ENGINE=InnoDB DEFAULT CHARSET=utf8mb4;

-- --------------------------------------------------------

--
-- Table structure for table `attendancehistory`
--

CREATE TABLE `attendancehistory` (
  `Id` decimal(18,0) NOT NULL,
  `AttendanceDate` date DEFAULT NULL,
  `EmpId` decimal(18,0) DEFAULT NULL,
  `ShiftId` decimal(18,0) DEFAULT NULL,
  `ChkNextDay` decimal(18,0) DEFAULT NULL,
  `Status` varchar(5) DEFAULT NULL,
  `DateIn` date DEFAULT NULL,
  `TimeIn` time DEFAULT NULL,
  `Dateout` date DEFAULT NULL,
  `TimeOut` time DEFAULT NULL,
  `BreakTime` double DEFAULT NULL,
  `WorkingHrs` double DEFAULT NULL,
  `HrsWorked` double DEFAULT NULL,
  `Overtime` double DEFAULT NULL,
  `CompanyId` decimal(18,0) DEFAULT NULL
) ENGINE=InnoDB DEFAULT CHARSET=utf8mb4;

-- --------------------------------------------------------

--
-- Table structure for table `bank`
--

CREATE TABLE `bank` (
  `BankId` int(11) NOT NULL,
  `BankName` varchar(150) DEFAULT NULL,
  `CompanyId` decimal(18,0) DEFAULT NULL,
  `BankCode` varchar(50) DEFAULT NULL,
  `Status` decimal(18,0) DEFAULT NULL
) ENGINE=InnoDB DEFAULT CHARSET=utf8mb4;

--
-- Dumping data for table `bank`
--

INSERT INTO `bank` (`BankId`, `BankName`, `CompanyId`, `BankCode`, `Status`) VALUES
(1, 'DTB', '1', '001', '1'),
(2, 'no bank name', '1', '', '0'),
(3, 'DTB NYERERE ROAD BRANCH', '1', '', NULL),
(4, 'DTB UHURU BRANCH', '1', '027', '1'),
(5, 'testing mysql', '1', '005', '1'),
(6, 'CRDB', '1', '', '1');

-- --------------------------------------------------------

--
-- Table structure for table `branch`
--

CREATE TABLE `branch` (
  `BranchId` int(11) NOT NULL,
  `BranchName` varchar(150) DEFAULT NULL,
  `Address` varchar(150) DEFAULT NULL,
  `City` varchar(150) DEFAULT NULL,
  `Country` varchar(150) DEFAULT NULL,
  `ContactPerson` varchar(150) DEFAULT NULL,
  `BankId` decimal(18,0) DEFAULT NULL,
  `CompanyId` decimal(18,0) DEFAULT NULL,
  `Status` decimal(18,0) DEFAULT NULL
) ENGINE=InnoDB DEFAULT CHARSET=utf8mb4;

--
-- Dumping data for table `branch`
--

INSERT INTO `branch` (`BranchId`, `BranchName`, `Address`, `City`, `Country`, `ContactPerson`, `BankId`, `CompanyId`, `Status`) VALUES
(1, 'MAIN BRANCH', '', '', '', '', '1', '1', '1'),
(2, 'MWANZA BRANCH', '', 'MWANZA', 'TANZANIA', '', '1', '1', '1'),
(3, 'ARUSHA BRANCH', '', 'ARUSHA', 'TANZANIA', '', '1', '1', '1'),
(4, 'NYERERE ROAD BRANCH', '', '', '', '', '1', '1', '1'),
(5, 'MAGOMENI BRANCH', '', '', '', '', '1', '1', '1'),
(6, 'CBD BRANCH', '', '', '', '', '1', '1', '1'),
(7, 'UHURU BRANCH', '', '', '', '', '1', '1', '1'),
(8, 'ZANZIBAR BRANCH', '', '', '', '', '1', '1', '1'),
(9, 'MBEYA BRANCH', '', '', '', '', '1', '1', '1'),
(10, 'DODOMA BRANCH', '', '', '', '', '1', '1', '1'),
(11, 'MWANZA MAIN BRANCH', '', '', '', '', '1', '1', '1'),
(12, 'Upanga Branch', 'Azikiwe\r\nPlot 21', 'Dar Es Salaam', 'Tanzania', 'fatma razahussein', '1', '1', '1'),
(13, 'holland', '', '', '', '', '6', '1', '1');

-- --------------------------------------------------------

--
-- Table structure for table `casualprocessdates`
--

CREATE TABLE `casualprocessdates` (
  `CasualProcessId` decimal(18,0) NOT NULL,
  `Empid` decimal(18,0) DEFAULT NULL,
  `CasualProcessDate` date DEFAULT NULL,
  `PayrollMonth` decimal(18,0) DEFAULT NULL,
  `PayrollYear` decimal(18,0) DEFAULT NULL,
  `GrossAmt` decimal(16,2) DEFAULT NULL,
  `FromDate` date DEFAULT NULL,
  `ToDate` date DEFAULT NULL,
  `Companyid` decimal(18,0) DEFAULT NULL
) ENGINE=InnoDB DEFAULT CHARSET=utf8mb4;

-- --------------------------------------------------------

--
-- Table structure for table `casualtransaction`
--

CREATE TABLE `casualtransaction` (
  `CasualTrid` int(11) NOT NULL,
  `Empid` decimal(18,0) DEFAULT NULL,
  `CasualTrDate` date DEFAULT NULL,
  `PayrollMonth` decimal(18,0) DEFAULT NULL,
  `PayrollYear` decimal(18,0) DEFAULT NULL,
  `RatePerDay` decimal(16,2) DEFAULT NULL,
  `RatePerHour` decimal(16,2) DEFAULT NULL,
  `DaysWorked` decimal(16,2) DEFAULT NULL,
  `HoursWorked` decimal(16,2) DEFAULT NULL,
  `Amount` decimal(16,2) DEFAULT NULL,
  `chkPaid` int(11) DEFAULT NULL,
  `PaidDate` date DEFAULT NULL,
  `Companyid` decimal(18,0) DEFAULT NULL
) ENGINE=InnoDB DEFAULT CHARSET=utf8mb4;

-- --------------------------------------------------------

--
-- Table structure for table `company`
--

CREATE TABLE `company` (
  `CompanyId` int(11) NOT NULL,
  `CompanyName` varchar(150) DEFAULT NULL,
  `ContactPerson` varchar(150) DEFAULT NULL,
  `City` varchar(50) DEFAULT NULL,
  `Country` varchar(50) DEFAULT NULL,
  `Address` varchar(200) DEFAULT NULL,
  `PhoneNo` varchar(50) DEFAULT NULL,
  `FaxNo` varchar(50) DEFAULT NULL,
  `Email` varchar(50) DEFAULT NULL,
  `Website` varchar(50) DEFAULT NULL,
  `TinNo` varchar(50) DEFAULT NULL,
  `DistrictNo` varchar(50) DEFAULT NULL,
  `VATNo` varchar(50) DEFAULT NULL,
  `StartMonth` decimal(18,0) DEFAULT NULL,
  `StartYear` decimal(18,0) DEFAULT NULL,
  `WCFRegNo` varchar(150) DEFAULT NULL,
  `PlotNo` longtext DEFAULT NULL,
  `BlockNo` longtext DEFAULT NULL,
  `StreetLocation` longtext DEFAULT NULL,
  `AuthorisedPersonTitle` int(11) DEFAULT NULL,
  `AuthorisedPersonDesignation` decimal(18,0) DEFAULT NULL,
  `AuthorisedPersonName` varchar(190) DEFAULT NULL,
  `chkMaxAccumulation` int(11) DEFAULT NULL,
  `MaxLeaveAccumulationDays` decimal(18,0) DEFAULT NULL,
  `ControlNumber` varchar(150) DEFAULT NULL,
  `CompanyBankNo` varchar(150) DEFAULT NULL,
  `CityCode` varchar(50) DEFAULT NULL,
  `CountryCode` varchar(50) DEFAULT NULL,
  `chkOmitSundays` int(11) DEFAULT NULL,
  `chkOmitHolidays` int(11) DEFAULT NULL,
  `chkAliasCompanyName` int(11) DEFAULT NULL,
  `AliasCompanyName` varchar(199) DEFAULT NULL,
  `CompanyShortName` varchar(199) DEFAULT NULL,
  `HODApproval` int(11) DEFAULT NULL,
  `status` decimal(18,0) DEFAULT NULL
) ENGINE=InnoDB DEFAULT CHARSET=utf8mb4;

--
-- Dumping data for table `company`
--

INSERT INTO `company` (`CompanyId`, `CompanyName`, `ContactPerson`, `City`, `Country`, `Address`, `PhoneNo`, `FaxNo`, `Email`, `Website`, `TinNo`, `DistrictNo`, `VATNo`, `StartMonth`, `StartYear`, `WCFRegNo`, `PlotNo`, `BlockNo`, `StreetLocation`, `AuthorisedPersonTitle`, `AuthorisedPersonDesignation`, `AuthorisedPersonName`, `chkMaxAccumulation`, `MaxLeaveAccumulationDays`, `ControlNumber`, `CompanyBankNo`, `CityCode`, `CountryCode`, `chkOmitSundays`, `chkOmitHolidays`, `chkAliasCompanyName`, `AliasCompanyName`, `CompanyShortName`, `HODApproval`, `status`) VALUES
(1, 'THE REGISTERED TRUSTEES OF THE ISMAILI MUSLIMS CHARITABLE TRUST', 'A', 'Dar es Salaam', 'TANZANIA', 'P.O BOX 7750', '(+255 22) 211 5227 – 8', '', 'imct@aktz.org', '', '106-920-435', '', '', '5', '2023', '', '', '', '', 0, '0', '', NULL, '0', '1005733', '', '', '', 0, 0, 0, '', 'TIMCT', 0, '0');

-- --------------------------------------------------------

--
-- Table structure for table `companypaymentdetails`
--

CREATE TABLE `companypaymentdetails` (
  `PaymentDetailId` int(11) NOT NULL,
  `PaymentId` decimal(18,0) DEFAULT NULL,
  `PayTaxable` decimal(18,0) DEFAULT NULL,
  `PayPensionOnly` decimal(18,0) DEFAULT NULL,
  `PayPAYEOnly` decimal(18,0) DEFAULT NULL,
  `IsInReport` decimal(18,0) DEFAULT NULL,
  `IsInPayslip` decimal(18,0) DEFAULT NULL,
  `CompanyId` decimal(18,0) DEFAULT NULL,
  `EffectOnSDL` int(11) DEFAULT NULL,
  `EffectOnWCF` int(11) DEFAULT NULL,
  `IsBenefit` int(11) DEFAULT NULL,
  `status` decimal(18,0) DEFAULT NULL
) ENGINE=InnoDB DEFAULT CHARSET=utf8mb4;

--
-- Dumping data for table `companypaymentdetails`
--

INSERT INTO `companypaymentdetails` (`PaymentDetailId`, `PaymentId`, `PayTaxable`, `PayPensionOnly`, `PayPAYEOnly`, `IsInReport`, `IsInPayslip`, `CompanyId`, `EffectOnSDL`, `EffectOnWCF`, `IsBenefit`, `status`) VALUES
(2, '2', '1', '1', '1', '1', '1', '1', 0, 1, 0, NULL),
(3, '1', '1', '1', '1', '1', '1', '1', 0, 1, 0, NULL),
(4, '10003', '1', '1', '1', '1', '1', '1', 1, 1, 0, NULL),
(5, '10004', '1', '1', '1', '1', '1', '1', 1, 1, 0, NULL),
(6, '10005', '1', '1', '1', '1', '1', '1', 1, 1, 0, NULL);

-- --------------------------------------------------------

--
-- Table structure for table `companypension`
--

CREATE TABLE `companypension`(
  `CompanyPensionId` int(11) NOT NULL,
  `PensionId` decimal(18,0) DEFAULT NULL,
  `PensionNo` decimal(18,0) DEFAULT NULL,
  `Employerper` decimal(18,0) DEFAULT NULL,
  `Employeeper` decimal(18,0) DEFAULT NULL,
  `CompanyId` char(10) DEFAULT NULL
) ENGINE=InnoDB DEFAULT CHARSET=utf8mb4;

--
-- Dumping data for table `companypension`
--

INSERT INTO `companypension` (`CompanyPensionId`, `PensionId`, `PensionNo`, `Employerper`, `Employeeper`, `CompanyId`) VALUES
(5, '1', '0', '10', '10', '1');

-- --------------------------------------------------------

--
-- Table structure for table `contractclauses`
--

CREATE TABLE `contractclauses` (
  `ContractTrId` int(11) NOT NULL,
  `ContractClauseNo` decimal(18,0) DEFAULT NULL,
  `Sequence` decimal(18,0) DEFAULT NULL,
  `Language` int(11) DEFAULT NULL,
  `Clause` longtext DEFAULT NULL,
  `CompanyId` decimal(18,0) DEFAULT NULL,
  `status` decimal(18,0) DEFAULT NULL
) ENGINE=InnoDB DEFAULT CHARSET=utf8mb4;

--
-- Dumping data for table `contractclauses`
--

INSERT INTO `contractclauses` (`ContractTrId`, `ContractClauseNo`, `Sequence`, `Language`, `Clause`, `CompanyId`, `status`) VALUES
(1, '1', '0', 1, 'This agreement is BETWEEN ', '1', NULL),
(2, '2', '0', 1, 'AND Employee Details', '1', NULL),
(3, '3', '1', 1, 'COMMENCEMENT\nThis contract shall commence on .................\n\nThis contract is of .. year (s) starting from to ..201...\n', '1', NULL),
(4, '4', '2', 1, 'PLACE OF RECUIRTMENT\nPlace of recuitment: DAR ES S SALAAM', '1', NULL),
(5, '5', '3', 1, 'PLACE OF WORK\n DAR ES S SALAAM or any other duty station(Branch) in Tanzania belonging to .\r\n', '1', NULL),
(6, '6', '4', 1, 'JOB DESCRIPTION\n\nInput Employee Designation and Job Desciption', '1', NULL),
(7, '7', '5', 1, 'PROBATION\nThis contract is subjected to probationary period of  _______weeks/months, starting from the commencement date of employement. Thr purpose of this probationary period is to assess whether the employee has campatability for the job . Where the contract is terminated during the first month of employment ,seven days written notice is required.\n\n', '1', NULL),
(8, '8', '6', 1, 'RENUMIRATION\n6.1 Employees basic wage shall be...................per month.\n\n6.2 The employee shall be entitled to the following allowances/Payments : ......................................\n\n6.3 The remuneration shall be ....month\n\n6.4 The wage perriod is monthly and wage shall be paid as:\n', '1', NULL),
(9, '9', '7', 1, 'HOURS OF WORK\n\n7.1 The ordinary daily working period shall be from 8.30 am to 5pm. Monday to Friday and from 9 a.m. to 1.30 on Saturday.\n\n7.2 The timing can be scheduled as addendum timing attached form.\n\n7.3 The ordinary work week commences on Monday and ends on Saturday\n\n7.4 Overtime  may be worked when agreed with approval from Head of Department.\n\n7.5 The employee shall be paid ovetime at the following rate: 1000tsh per hr.\n', '1', NULL),
(10, '10', '8', 1, 'WORK ON REST PERIODS\nWhere the employee works during weekly rest period, employee shall be paid double the basic wages for period worked\n', '1', NULL),
(11, '11', '9', 1, 'PUBLIC HOLIDAYS\n\n9.1 The employee shall be entitled to basic pay for each paid public holiday\n\n9.2  Work on paid holiday shall be agreed.\n\n9.3 Whenever the employee works on public holiday, the employee shall be paid normal basic wage for each hour worked on that day\n\n9.4 Staff are not allowed to work on holiday unless of manager/head of Department has given.\n', '1', NULL),
(12, '12', '10', 1, 'LEAVE\n\n10.1 ANNUAL LEAVE\n        10.1.1 The  employee is entitiled to 28 day sof paid leave during each leave cycle. These days shall be inclusive of any public holidays falling within the leave period.\n        10.1.2 The employee’s leave shall be at other time determined by the employer after consultation with employee.\n        10.1.3 The Employer shall not require nor permit an employee to work for the employer during any period of annual leave.\n        10.1.4 Three months (in advance)in written has to request for leave application\n\n10.2 SICK LEAVE\n        10.2.1 Subject to section 32 of the Act,if supported by medical certificate      \n        10.2.2 For the purposes of sick leave, a leave cycle means a period of 36 months consecutive employment from the                    commencement of date of employment or the completion of the last 36 months leave circle \n         10.2.3 The employee shall notify the employer as soon as possible in the event of absence from work through illness.\n\n10.3 MATERNITY AND PATERNITY LEAVE\n        10.3.1 The employee shall have right to maternity of 84 days for birth of one child and 100 days for multiple birth.\n        10.3.2 The Employee shall have right to Paternity leave of three days. The employee seeking for paternity leave shall notify the                           employer within 7 days after his wife has given birth of the child\n\n10.4 COMPASSIONATE LEAVE\n       10.4.1 Employee is entitiled for compassionate leave attending to a sick child or to the burial of a deceased child. It also gives time for an employee to attend the burial of their spouse, parent (immediate family member).\n       10.4.2 Compassionate leave is four days in a thirty six month period', '1', NULL),
(13, '13', '11', 1, 'TERMINATION OF EMPLOYMENT\n11.1 This contract may be terminated by either party giving the other one month/ notice explaining reason for termination.\n11.2 In case of theft the employee can be terminated instantly without notice\n11.3 After getting 3 written warning letters by Employer, employee can be terminated instantly without notice.\n11.4 In office hours employee is not allowed to do any private work, doing so termination without notice will be given\n', '1', NULL),
(14, '14', '12', 1, '12 APPLICATION OF ACT\n12.1 This agreement shall be interpreted and applied in accordance with provisions of Act\n12.2 Where any conflict arises between this Agreement and the Act,the provisions of the act shall apply as if it is a term of this agreement.\n12.3 The employee shall be entitled to any other benefits stipulated by the Act even if not stated in this Agreement or as agreed between the parties.\n', '1', NULL),
(15, '15', '0', 2, 'Bwana/ Bibi _______________\nS.L.P_____________\nDar Es Salaam.\n\nTunayo furaha kukupatia ajira katika Kampuni ya  ............. kwa masharti na vigezo vifuatavyo:-', '1', NULL),
(16, '16', '1', 2, 'MAELEZO YA KAZI\n\nNafasi yako ya kazi itakuwa____________________________\n     \nMajukumu yako ya kazi yataainishwa na viongozi wako wa kazi lakini yanaweza kubadilika wakati   kwa wakati kwa kutegemea mahitaji ya Kampuni.\n', '1', NULL),
(17, '17', '2', 2, 'MWANZO WA MKATABA\n       Mkataba huu utaanza tarehe __________________\n       Mkataba huu ni wa miezi___________kuanzia tarehe _____________hadi tarehe ____________\n\n', '1', NULL),
(18, '18', '3', 2, 'MAHALI PA KUAJIRIWA\n       Mahali pa kuajiriwa:  Dar Es Salaam\n', '1', NULL),
(19, '19', '4', 2, 'MALIPO\n\n       Mshahara wako utakuwa Tshs_____________/= kwa mwezi na kutakuwa na makato ya kisheria.\n', '1', NULL),
(20, '20', '5', 2, 'MUDA WA MAJARIBIO\n\nMkataba huu umewekwa kwa majaribio kwa kipindi cha wiki/miezi____________, kuanzia tarehe    ya mkataba wa ajira.\nMadhumuni ya kipindi hiki cha majaribio ni kumpima mfanyakazi kama anao uelewa wa kazi.  Mkataba unapositishwa katika mwezi wa kwanza wa ajira taarifa ya siku saba itatolewa kwa maandishi.\n', '1', NULL),
(21, '21', '6', 2, 'SAA ZA KAZI\nSaa za kawaida za kazi zitakuwa ni saa 45 kwa juma.  Ingawaje saa hizi za kazi zinaweza   kurekebishwa wakati kwa wakati kutegemea mahitaji ya uendeshaji na matakwa ya Kampuni\n', '1', NULL),
(22, '22', '7', 2, 'KANUNI NA TARATIBU\n\n      Unatakiwa kujizoesha mwenyewe na Kanuni na taratibu za Kampuni.\n\n      Ni sharti la ajira kwamba hairuhusiwi kutoa taarifa ya siri kuhusu shughuli za Kampuni kwa  Kampuni nyingine au vyombo vya habari au kwa mtu yeyote pasipo idhini au kibali cha Kampuni.\n\n   Ukiwa katika ajira na Kampuni hii hairuhusiwi kufanya kazi yenye ushindani wa kibiashara na  Kampuni hii wala ajira nyingine bila idhini au kibali cha Kampuni.\n\n', '1', NULL),
(23, '23', '8', 2, 'Mwajiriwa anastahili kupewa siku 28 za likizo pamoja na malipo ya likizo kwa kipindi cha kila\nmzunguko wa likizo.  Siku hizi zitajumisha sikukuu zote za kitaifa zinazoangukia kipindi cha   likizo.\n\nLikizo ya muajiriwa wakati mwingine itaamuriwa na muajiri baada ya kufikia muafaka na muajiriwa.\n\nTaarifa ya miezi mitatu inatakiwa itolewe kwa ombi la likizo.\n\nKila likizo fupi kwa jambo la dharura, unahitajika kuitaarifu Idara ya Rasilimali Watu na Utawala na kujaza fomu zinazohitajika\n', '1', NULL),
(24, '24', '9', 2, 'MAFAO\n\nHakuna mafao mengine mbali na mshahara wala marupurupu na kuhusu utoro utakatwa kwenye  mshahara wako.\n', '1', NULL),
(25, '25', '10', 2, 'MAHITAJI\n\nUnatakiwa wakati kwa wakati kuwafunza wafanyakazi wengine katika kitengo chako cha kazi    na wewe  ukiwa unafunzwa pia.\n\nUnatakiwa kujaza fomu ya kumbukumbu yako binafsi.  Ni lazima kuiarifu Kampuni kuhusu mabadiliko ya anwani yako na mengineyo kama yatakuwepo.\n\nMasharti mengine ya kazi yatakuwapo kulingana na Sheria ya Kazi ya nchi na taratibu za Kampuni.\n\n', '1', NULL),
(26, '26', '11', 2, 'HITIMISHO LA AJIRA\n\n Mkataba huu wa ajira unaweza kusitishwa kwa upande wo wote kwa kutoa taarifa ya maandishi ya mwezi mmoja na kuelezea sababu za kusitisha mkataba.\n\nKwa kosa la wizi wa mali ya Kampuni mwajiriwa atasitishiwa mkataba wake mara moja bila taarifa ya maandishi\n\nBaada ya kupatiwa barua tatu za onyo kwa maandishi, muajiriwa anaweza kusimamishwa kazi papo hapo pasipo taarifa ya maandishi.\n\nNdani ya saa za kazi huruhusiwi kufanya kazi au biashara ya aina yo yote binafsi.  Kwa kosa hilo mkataba wako utasitishwa bila taarifa ya maandishi.\n\n', '1', NULL),
(27, '27', '12', 2, 'MAKUBALIANO\n\nTafadhali weka sahihi yako chini kuthibitisha kwamba umekubali kupatiwa ajira na Kampuni yetu\n', '1', NULL);

-- --------------------------------------------------------

--
-- Table structure for table `deductions`
--

CREATE TABLE `deductions` (
  `DeductionId` int(11) NOT NULL,
  `Deductions` varchar(150) DEFAULT NULL,
  `DeductionType` varchar(50) DEFAULT NULL,
  `CompanyId` decimal(18,0) DEFAULT NULL,
  `chkPercentage` int(11) DEFAULT NULL,
  `DeductionPercentage` decimal(16,2) DEFAULT NULL,
  `chkEmployerContribution` int(11) DEFAULT NULL,
  `chkEffectByAbsent` int(11) DEFAULT NULL,
  `status` decimal(18,0) DEFAULT NULL
) ENGINE=InnoDB DEFAULT CHARSET=utf8mb4;

--
-- Dumping data for table `deductions`
--

INSERT INTO `deductions` (`DeductionId`, `Deductions`, `DeductionType`, `CompanyId`, `chkPercentage`, `DeductionPercentage`, `chkEmployerContribution`, `chkEffectByAbsent`, `status`) VALUES
(1, 'Loan', 'Dynamic', '1', 0, '0.00', 0, 0, NULL),
(2, 'Other', 'Static', '1', 0, '0.00', 0, 0, '1'),
(3, 'penalty', 'Dynamic', '1', 0, '0.00', 0, 0, '1'),
(4, 'for funeral contribution', 'Static', '1', 0, '0.00', 0, 0, '1'),
(5, 'HESLB', 'Static', '1', 1, '15.00', 0, 0, '1');

-- --------------------------------------------------------

--
-- Table structure for table `department`
--

CREATE TABLE `department` (
  `DeptId` int(11) NOT NULL,
  `DeptName` varchar(50) DEFAULT NULL,
  `CompanyId` decimal(18,0) DEFAULT NULL,
  `HODEmail` varchar(190) DEFAULT NULL,
  `DeptCode` varchar(150) DEFAULT NULL,
  `Status` decimal(18,0) DEFAULT NULL
) ENGINE=InnoDB DEFAULT CHARSET=utf8mb4;

--
-- Dumping data for table `department`
--

INSERT INTO `department` (`DeptId`, `DeptName`, `CompanyId`, `HODEmail`, `DeptCode`, `Status`) VALUES
(1, 'AKEB', '1', '', '', NULL),
(2, 'CENTRAL COMMITTEE', '1', '', '', NULL),
(3, 'CST OFFICE', '1', '', '', NULL),
(4, 'DJ HALL', '1', '', '', NULL),
(5, 'DODOMA', '1', '', '', NULL),
(6, 'EASTERN COMMITTEE', '1', '', '', NULL),
(7, 'ECDC', '1', '', '', NULL),
(8, 'EPB', '1', '', '', NULL),
(9, 'GHUSAL', '1', '', '', NULL),
(10, 'GRB', '1', '', '', NULL),
(11, 'HOUSING', '1', '', '', NULL),
(12, 'HOUSING OFFICE', '1', '', '', NULL),
(13, 'ITREB', '1', '', '', NULL),
(14, 'ITREB OFFICE', '1', '', '', NULL),
(15, 'JT- BUILDING', '1', '', '', NULL),
(16, 'NC', '1', '', '', NULL),
(17, 'QOL', '1', '', '', NULL),
(18, 'QOL- OFFICE', '1', '', '', NULL),
(19, 'SOUTHERN COMMITTEE', '1', '', '', NULL),
(20, 'SWB', '1', '', '', NULL),
(21, 'SWB - JT', '1', '', '', NULL),
(22, 'SWB - OFFICE', '1', '', '', NULL),
(23, 'SWB -JT', '1', '', '', NULL),
(24, 'TRUST', '1', '', '', NULL),
(25, 'TRUST OFFICE', '1', '', '', NULL),
(26, 'WESTERN COMMITTEE', '1', '', '', NULL),
(27, 'SALES', '1', '', '009', '1'),
(28, 'test department', '1', 'fatmarazahussein@gmail.com', '005', '1'),
(29, 'test id', '1', '', '', '1');

-- --------------------------------------------------------

--
-- Table structure for table `designation`
--

CREATE TABLE `designation` (
  `DesignationId` int(11) NOT NULL,
  `DesignationName` varchar(199) DEFAULT NULL,
  `CompanyId` decimal(18,0) DEFAULT NULL,
  `status` decimal(18,0) DEFAULT NULL
) ENGINE=InnoDB DEFAULT CHARSET=utf8mb4;

--
-- Dumping data for table `designation`
--

INSERT INTO `designation` (`DesignationId`, `DesignationName`, `CompanyId`, `status`) VALUES
(1, 'ACADEMIC ADMINISTRATOR', '1', NULL),
(2, 'ACADEMIC DIRECTOR', '1', NULL),
(3, 'ACCOUNTS & ADMIN OFFICER', '1', NULL),
(4, 'ADMIN ASSISTANT (PT)', '1', NULL),
(5, 'ADMIN SECRETARY', '1', NULL),
(6, 'ADMINISTATIVE OFFICER', '1', NULL),
(7, 'ADMINISTATIVE SECRETARY', '1', NULL),
(8, 'ADMINISTRATIVE ASSISTANT (PART TIME)', '1', NULL),
(9, 'ADMINISTRATIVE ASSISTANT (PT)', '1', NULL),
(10, 'ADMINISTRATIVE COORDINATOR', '1', NULL),
(11, 'ASSISTANT CARETAKER - JT', '1', NULL),
(12, 'ASSISTANT COOK', '1', NULL),
(13, 'AUDIT OFFICER', '1', NULL),
(14, 'BUILDING MAINTENANCE MANAGER', '1', NULL),
(15, 'CARETAKER - JT', '1', NULL),
(16, 'CHIEF EXECUTIVE OFFICER', '1', NULL),
(17, 'CLEANER', '1', NULL),
(18, 'CLEANER / HELPER', '1', NULL),
(19, 'CLEANER/ WATCHMAN', '1', NULL),
(20, 'CLEANER/CARETAKER', '1', NULL),
(21, 'COOK', '1', NULL),
(22, 'DOMESTIC WORKER', '1', NULL),
(23, 'ELECTRICIAN', '1', NULL),
(24, 'EXECUTIVE OFFICER', '1', NULL),
(25, 'FINANCE OFFICER', '1', NULL),
(26, 'GARDENER', '1', NULL),
(27, 'GENERAL MANAGER', '1', NULL),
(28, 'HOUSING OFFICER', '1', NULL),
(29, 'HUMAN RESOURCE OFFICER', '1', NULL),
(30, 'LAUNDRY MAN', '1', NULL),
(31, 'LIVELIHOODS DEVELOPMENT COORDINATOR', '1', NULL),
(32, 'MESSENGER', '1', NULL),
(33, 'MESSENGER/CLEANER', '1', NULL),
(34, 'NURSE', '1', NULL),
(35, 'OFFICE SECRETARY', '1', NULL),
(36, 'OPERATIONS MANAGER', '1', NULL),
(37, 'PAINTER', '1', NULL),
(38, 'PLUMBER', '1', NULL),
(39, 'PROGRAM CASE MANAGER', '1', NULL),
(40, 'PROGRAM MANAGER', '1', NULL),
(41, 'PROGRAM OFFICER', '1', NULL),
(42, 'PROGRAM OFFICER - RELIGIOUS EDUCATION', '1', NULL),
(43, 'PROJECT DIRECTOR', '1', NULL),
(44, 'RESOURCE OFFICER edit', '1', '1'),
(45, 'SECURITY GUARD', '1', NULL),
(46, 'SENIOR ADMINISTRATIVE SECRETARY (PT)', '1', NULL),
(47, 'SENIOR FINANCE OFFICER', '1', NULL),
(48, 'STEP TEACHER', '1', NULL),
(49, 'SUPERVISOR', '1', NULL),
(50, 'HEAD OF FINANCE', '1', NULL),
(51, 'test mysql designation', '1', '0'),
(52, 'tech admin', '1', '1'),
(53, 'Test', '1', '1');

-- --------------------------------------------------------

--
-- Table structure for table `empbankdetails`
--

CREATE TABLE `empbankdetails` (
  `EmpBankId` int(11) NOT NULL,
  `EmpId` decimal(18,0) DEFAULT NULL,
  `BankId` decimal(18,0) DEFAULT NULL,
  `BranchId` decimal(18,0) DEFAULT NULL,
  `BankAccNo` varchar(150) DEFAULT NULL,
  `Amount` decimal(16,2) DEFAULT NULL,
  `Type` int(11) DEFAULT NULL,
  `CompanyId` decimal(18,0) DEFAULT NULL,
  `BranchCode` varchar(50) DEFAULT NULL
) ENGINE=InnoDB DEFAULT CHARSET=utf8mb4;

--
-- Dumping data for table `empbankdetails`
--

INSERT INTO `empbankdetails` (`EmpBankId`, `EmpId`, `BankId`, `BranchId`, `BankAccNo`, `Amount`, `Type`, `CompanyId`, `BranchCode`) VALUES
(3, '99', '1', '1', '35646578678', '1800000.00', 1, '1', ''),
(4, '99', '6', '13', '123456', '67000.00', 2, '1', '');

-- --------------------------------------------------------

--
-- Table structure for table `empbankverification`
--

CREATE TABLE `empbankverification` (
  `EmpBankVerifyId` decimal(18,0) NOT NULL,
  `EmpId` decimal(18,0) DEFAULT NULL,
  `BankId` decimal(18,0) DEFAULT NULL,
  `BranchId` decimal(18,0) DEFAULT NULL,
  `BankAccNo` varchar(150) DEFAULT NULL,
  `Amount` decimal(16,2) DEFAULT NULL,
  `PayrollMonth` decimal(18,0) DEFAULT NULL,
  `PayrollYear` decimal(18,0) DEFAULT NULL,
  `CompanyId` decimal(18,0) DEFAULT NULL
) ENGINE=InnoDB DEFAULT CHARSET=utf8mb4;

-- --------------------------------------------------------

--
-- Table structure for table `empcontract`
--

CREATE TABLE `empcontract` (
  `EmpContractId` decimal(18,0) NOT NULL,
  `EmpContractNo` varchar(150) DEFAULT NULL,
  `EmpId` decimal(18,0) DEFAULT NULL,
  `EmpContractDate` date DEFAULT NULL,
  `EmpContractExpiryDate` date DEFAULT NULL,
  `CompanyId` decimal(18,0) DEFAULT NULL
) ENGINE=InnoDB DEFAULT CHARSET=utf8mb4;

-- --------------------------------------------------------

--
-- Table structure for table `empcontractdetails`
--

CREATE TABLE `empcontractdetails` (
  `EmpContractDetailsId` decimal(18,0) NOT NULL,
  `EmpContractNo` varchar(150) DEFAULT NULL,
  `EmpId` decimal(18,0) DEFAULT NULL,
  `CompanyId` decimal(18,0) DEFAULT NULL,
  `Clause` longtext DEFAULT NULL,
  `Sequence` decimal(18,0) DEFAULT NULL
) ENGINE=InnoDB DEFAULT CHARSET=utf8mb4;

-- --------------------------------------------------------

--
-- Table structure for table `empdeductionsdetails`
--

CREATE TABLE `empdeductionsdetails` (
  `EmpDedId` int(11) NOT NULL,
  `EmpId` decimal(18,0) DEFAULT NULL,
  `DeductionId` decimal(18,0) DEFAULT NULL,
  `Amount` decimal(18,0) DEFAULT NULL,
  `CompanyId` decimal(18,0) DEFAULT NULL,
  `chkPercentage` int(11) DEFAULT NULL,
  `DeductionPercentage` decimal(18,0) DEFAULT NULL,
  `chkEmployerContribution` int(11) DEFAULT NULL,
  `chkEffectByAbsent` int(11) DEFAULT NULL,
  `PaidByEmployer` int(11) DEFAULT NULL
) ENGINE=InnoDB DEFAULT CHARSET=utf8mb4;

--
-- Dumping data for table `empdeductionsdetails`
--

INSERT INTO `empdeductionsdetails` (`EmpDedId`, `EmpId`, `DeductionId`, `Amount`, `CompanyId`, `chkPercentage`, `DeductionPercentage`, `chkEmployerContribution`, `chkEffectByAbsent`, `PaidByEmployer`) VALUES
(2, '80', '2', '315000', '1', 0, '0', 0, 0, 0),
(3, '43', '2', '315000', '1', 0, '0', 0, 0, 0),
(4, '99', '4', '2000', '1', NULL, '0', NULL, NULL, 0);

-- --------------------------------------------------------

--
-- Table structure for table `empdeductionshistory`
--

CREATE TABLE `empdeductionshistory` (
  `Id` decimal(18,0) NOT NULL,
  `EmpId` decimal(18,0) DEFAULT NULL,
  `DeductionId` decimal(18,0) DEFAULT NULL,
  `Amount` decimal(18,0) DEFAULT NULL,
  `CompanyId` decimal(18,0) DEFAULT NULL,
  `CreatedBy` decimal(18,0) DEFAULT NULL,
  `CreatedDate` datetime DEFAULT NULL,
  `chkPercentage` int(11) DEFAULT NULL,
  `DeductionPercentage` decimal(18,0) DEFAULT NULL
) ENGINE=InnoDB DEFAULT CHARSET=utf8mb4;

--
-- Dumping data for table `empdeductionshistory`
--

INSERT INTO `empdeductionshistory` (`Id`, `EmpId`, `DeductionId`, `Amount`, `CompanyId`, `CreatedBy`, `CreatedDate`, `chkPercentage`, `DeductionPercentage`) VALUES
('1', '80', '2', '315000', '1', '1', '2023-08-18 00:00:00', 0, '0'),
('2', '80', '2', '315000', '1', '1', '2023-10-12 00:00:00', 0, '0'),
('3', '43', '2', '315000', '1', '1', '2023-10-12 00:00:00', 0, '0');

-- --------------------------------------------------------

--
-- Table structure for table `empdynamicdeductions`
--

CREATE TABLE `empdynamicdeductions` (
  `EmpDynamicDeductionId` int(11) NOT NULL,
  `EmpId` decimal(18,0) DEFAULT NULL,
  `DeductionId` decimal(18,0) DEFAULT NULL,
  `Amount` decimal(18,0) DEFAULT NULL,
  `PayrollMonth` decimal(18,0) DEFAULT NULL,
  `PayrollYear` decimal(18,0) DEFAULT NULL,
  `CompanyId` decimal(18,0) DEFAULT NULL
) ENGINE=InnoDB DEFAULT CHARSET=utf8mb4;

--
-- Dumping data for table `empdynamicdeductions`
--

INSERT INTO `empdynamicdeductions` (`EmpDynamicDeductionId`, `EmpId`, `DeductionId`, `Amount`, `PayrollMonth`, `PayrollYear`, `CompanyId`) VALUES
(2, '1', '3', '900', '6', '2023', '1'),
(3, '2', '3', '200', '6', '2023', '1'),
(4, '3', '3', '10', '6', '2023', '1'),
(5, '5', '3', '101', '6', '2023', '1'),
(6, '9', '3', '2', '6', '2023', '1'),
(7, '10', '3', '22', '6', '2023', '1'),
(8, '11', '3', '2', '6', '2023', '1'),
(9, '12', '3', '2', '6', '2023', '1'),
(10, '14', '3', '2', '6', '2023', '1'),
(11, '16', '3', '2', '6', '2023', '1'),
(12, '17', '3', '2', '6', '2023', '1'),
(13, '18', '3', '2', '6', '2023', '1'),
(14, '19', '3', '2', '6', '2023', '1'),
(15, '22', '3', '222', '6', '2023', '1'),
(16, '23', '3', NULL, '6', '2023', '1'),
(17, '27', '3', NULL, '6', '2023', '1'),
(18, '28', '3', NULL, '6', '2023', '1'),
(19, '29', '3', NULL, '6', '2023', '1'),
(20, '30', '3', NULL, '6', '2023', '1'),
(21, '33', '3', NULL, '6', '2023', '1'),
(22, '34', '3', NULL, '6', '2023', '1'),
(23, '35', '3', NULL, '6', '2023', '1'),
(24, '37', '3', NULL, '6', '2023', '1'),
(25, '39', '3', NULL, '6', '2023', '1'),
(26, '42', '3', NULL, '6', '2023', '1'),
(27, '46', '3', NULL, '6', '2023', '1'),
(28, '47', '3', NULL, '6', '2023', '1'),
(29, '50', '3', NULL, '6', '2023', '1'),
(30, '51', '3', NULL, '6', '2023', '1'),
(31, '52', '3', NULL, '6', '2023', '1'),
(32, '53', '3', NULL, '6', '2023', '1'),
(33, '61', '3', NULL, '6', '2023', '1'),
(34, '63', '3', NULL, '6', '2023', '1'),
(35, '64', '3', NULL, '6', '2023', '1'),
(36, '65', '3', NULL, '6', '2023', '1'),
(37, '66', '3', NULL, '6', '2023', '1'),
(38, '68', '3', NULL, '6', '2023', '1'),
(39, '69', '3', NULL, '6', '2023', '1'),
(40, '70', '3', NULL, '6', '2023', '1'),
(41, '72', '3', NULL, '6', '2023', '1'),
(42, '76', '3', NULL, '6', '2023', '1'),
(43, '77', '3', NULL, '6', '2023', '1'),
(44, '78', '3', NULL, '6', '2023', '1'),
(45, '79', '3', NULL, '6', '2023', '1'),
(46, '81', '3', NULL, '6', '2023', '1'),
(47, '82', '3', NULL, '6', '2023', '1'),
(48, '83', '3', NULL, '6', '2023', '1'),
(49, '91', '3', NULL, '6', '2023', '1'),
(50, '94', '3', NULL, '6', '2023', '1'),
(51, '97', '3', NULL, '6', '2023', '1');

-- --------------------------------------------------------

--
-- Table structure for table `empdynamicpayments`
--

CREATE TABLE `empdynamicpayments` (
  `EmpDynamicPaymentId` int(11) NOT NULL,
  `EmpId` decimal(18,0) DEFAULT NULL,
  `PaymentId` decimal(18,0) DEFAULT NULL,
  `Amount` decimal(18,0) DEFAULT NULL,
  `PayTaxable` decimal(18,0) DEFAULT NULL,
  `PayPensionOnly` decimal(18,0) DEFAULT NULL,
  `PayPAYEOnly` decimal(18,0) DEFAULT NULL,
  `IsInReport` decimal(18,0) DEFAULT NULL,
  `IsInPayslip` decimal(18,0) DEFAULT NULL,
  `Remarks` longtext DEFAULT NULL,
  `PayrollMonth` decimal(18,0) DEFAULT NULL,
  `PayrollYear` decimal(18,0) DEFAULT NULL,
  `CompanyId` decimal(18,0) DEFAULT NULL,
  `EffectOnSDL` int(11) DEFAULT NULL,
  `EffectOnWCF` int(11) DEFAULT NULL,
  `IsBenefit` int(11) DEFAULT NULL,
  `Rate` decimal(16,2) DEFAULT NULL,
  `Qty` decimal(16,2) DEFAULT NULL,
  `ChkRate` int(11) DEFAULT NULL
) ENGINE=InnoDB DEFAULT CHARSET=utf8mb4;

--
-- Dumping data for table `empdynamicpayments`
--

INSERT INTO `empdynamicpayments` (`EmpDynamicPaymentId`, `EmpId`, `PaymentId`, `Amount`, `PayTaxable`, `PayPensionOnly`, `PayPAYEOnly`, `IsInReport`, `IsInPayslip`, `Remarks`, `PayrollMonth`, `PayrollYear`, `CompanyId`, `EffectOnSDL`, `EffectOnWCF`, `IsBenefit`, `Rate`, `Qty`, `ChkRate`) VALUES
(10, '2', '10005', '135000', '1', '1', '1', '1', '1', '', '6', '2023', '1', 1, 1, 0, '150.00', '900.00', 1),
(11, '2', '10004', '90000', '1', '1', '1', '1', '1', NULL, '6', '2023', '1', 1, 1, 0, '0.00', '0.00', 1),
(12, '5', '10004', '90', '1', '1', '1', '1', '1', '', '6', '2023', '1', 1, 1, 0, '0.00', '0.00', 0),
(13, '5', '10005', '1500', '1', '1', '1', '1', '1', '', '6', '2023', '1', 1, 1, 0, '150.00', '10.00', 1),
(14, '1', '10005', '13500', '1', '1', '1', '1', '1', '', '6', '2023', '1', 1, 1, 0, '150.00', '90.00', 1),
(15, '1', '10004', '70', '1', '1', '1', '1', '1', '', '6', '2023', '1', 1, 1, 0, '0.00', '0.00', 0);

-- --------------------------------------------------------

--
-- Table structure for table `empguarantors`
--

CREATE TABLE `empguarantors` (
  `Id` int(11) NOT NULL,
  `CompanyId` decimal(18,0) DEFAULT NULL,
  `EmpId` decimal(18,0) DEFAULT NULL,
  `GuarantorName` varchar(50) DEFAULT NULL,
  `Mobile` varchar(50) DEFAULT NULL,
  `Address` varchar(50) DEFAULT NULL,
  `Relation` varchar(50) DEFAULT NULL
) ENGINE=InnoDB DEFAULT CHARSET=utf8mb4;

--
-- Dumping data for table `empguarantors`
--

INSERT INTO `empguarantors` (`Id`, `CompanyId`, `EmpId`, `GuarantorName`, `Mobile`, `Address`, `Relation`) VALUES
(1, '1', '99', 'Test 1', '546877897', 'dfbfwuencioworewcryetu yui', NULL);

-- --------------------------------------------------------

--
-- Table structure for table `empkins`
--

CREATE TABLE `empkins` (
  `Id` int(11) NOT NULL,
  `CompanyId` bigint(20) DEFAULT NULL,
  `EmpId` bigint(20) DEFAULT NULL,
  `Name` varchar(50) DEFAULT NULL,
  `Mobile` varchar(50) DEFAULT NULL,
  `Address` longtext DEFAULT NULL,
  `Relation` varchar(50) DEFAULT NULL
) ENGINE=InnoDB DEFAULT CHARSET=utf8mb4;

--
-- Dumping data for table `empkins`
--

INSERT INTO `empkins` (`Id`, `CompanyId`, `EmpId`, `Name`, `Mobile`, `Address`, `Relation`) VALUES
(1, 1, 99, 'qwertyui', '123456789', '', 'asdfh');

-- --------------------------------------------------------

--
-- Table structure for table `empleavedetails`
--

CREATE TABLE `empleavedetails` (
  `EmpLeaveId` int(11) NOT NULL,
  `EmpId` decimal(18,0) DEFAULT NULL,
  `LeaveId` decimal(18,0) DEFAULT NULL,
  `NoofDays` decimal(18,0) DEFAULT NULL,
  `BalanceLeaveDays` decimal(18,0) DEFAULT NULL,
  `CompanyId` decimal(18,0) DEFAULT NULL
) ENGINE=InnoDB DEFAULT CHARSET=utf8mb4;

--
-- Dumping data for table `empleavedetails`
--

INSERT INTO `empleavedetails` (`EmpLeaveId`, `EmpId`, `LeaveId`, `NoofDays`, `BalanceLeaveDays`, `CompanyId`) VALUES
(1, '12', '1', '0', '0', '1'),
(2, '12', '4', '4', '0', '1'),
(3, '12', '3', '3', '0', '1'),
(4, '99', '1', '28', '0', '1');

-- --------------------------------------------------------

--
-- Table structure for table `empleavedetailshistory`
--

CREATE TABLE `empleavedetailshistory` (
  `Id` decimal(18,0) NOT NULL,
  `EmpId` decimal(18,0) DEFAULT NULL,
  `LeaveId` decimal(18,0) DEFAULT NULL,
  `NoofDays` decimal(18,0) DEFAULT NULL,
  `BalanceLeaveDays` decimal(18,0) DEFAULT NULL,
  `CompanyId` decimal(18,0) DEFAULT NULL
) ENGINE=InnoDB DEFAULT CHARSET=utf8mb4;

--
-- Dumping data for table `empleavedetailshistory`
--

INSERT INTO `empleavedetailshistory` (`Id`, `EmpId`, `LeaveId`, `NoofDays`, `BalanceLeaveDays`, `CompanyId`) VALUES
('1', '12', '1', '0', '0', '1'),
('2', '12', '4', '4', '0', '1'),
('3', '12', '3', '3', '0', '1');

-- --------------------------------------------------------

--
-- Table structure for table `employeeitems`
--

CREATE TABLE `employeeitems` (
  `Id` decimal(18,0) NOT NULL,
  `EmpId` decimal(18,0) DEFAULT NULL,
  `InventoryId` decimal(18,0) DEFAULT NULL,
  `ModelNo` varchar(50) DEFAULT NULL,
  `SerialNo` varchar(50) DEFAULT NULL,
  `CompanyId` decimal(18,0) DEFAULT NULL
) ENGINE=InnoDB DEFAULT CHARSET=utf8mb4;

-- --------------------------------------------------------

--
-- Table structure for table `employeeitemshistory`
--

CREATE TABLE `employeeitemshistory` (
  `Id` decimal(18,0) NOT NULL,
  `EmpId` decimal(18,0) DEFAULT NULL,
  `InventoryId` decimal(18,0) DEFAULT NULL,
  `ModelNo` varchar(50) DEFAULT NULL,
  `SerialNo` varchar(50) DEFAULT NULL,
  `CompanyId` decimal(18,0) DEFAULT NULL
) ENGINE=InnoDB DEFAULT CHARSET=utf8mb4;

-- --------------------------------------------------------

--
-- Table structure for table `empmonthconsultantsalary`
--

CREATE TABLE `empmonthconsultantsalary` (
  `ProcessWHId` decimal(18,0) NOT NULL,
  `EmpId` decimal(18,0) DEFAULT NULL,
  `BranchId` decimal(18,0) DEFAULT NULL,
  `branchCode` varchar(150) DEFAULT NULL,
  `bankId` decimal(18,0) DEFAULT NULL,
  `bankCode` varchar(150) DEFAULT NULL,
  `DepartmentId` decimal(18,0) DEFAULT NULL,
  `DesignationId` decimal(18,0) DEFAULT NULL,
  `PayrollMonth` decimal(18,0) DEFAULT NULL,
  `PayrollYear` decimal(18,0) DEFAULT NULL,
  `BasicSalary` decimal(15,3) NOT NULL,
  `TotalPayments` decimal(15,3) DEFAULT NULL,
  `TaxPayment` decimal(15,3) DEFAULT NULL,
  `NonTaxPayNotSeen` decimal(15,3) DEFAULT NULL,
  `NHIFEmployerPer` decimal(15,3) DEFAULT NULL,
  `NHIFEmployeePer` decimal(15,3) DEFAULT NULL,
  `NHIFEmployerAmt` decimal(15,3) DEFAULT NULL,
  `NHIFEmployeeAmt` decimal(15,3) DEFAULT NULL,
  `NHIFBasicSalary` decimal(15,3) DEFAULT NULL,
  `WHTRate` decimal(15,3) DEFAULT NULL,
  `WHTAmount` decimal(15,3) DEFAULT NULL,
  `TotalDeductions` decimal(15,3) DEFAULT NULL,
  `SalaryAdvance` decimal(15,3) DEFAULT NULL,
  `TotalLoanAmt` decimal(15,3) DEFAULT NULL,
  `GrossSalary` decimal(15,3) DEFAULT NULL,
  `Netpay` decimal(15,3) DEFAULT NULL,
  `CompanyId` decimal(18,0) DEFAULT NULL,
  `BankAccNo` varchar(100) DEFAULT NULL,
  `MainDivision` mediumint(9) NOT NULL,
  `SubDivision` mediumint(9) NOT NULL
) ENGINE=InnoDB DEFAULT CHARSET=utf8mb4;

-- --------------------------------------------------------

--
-- Table structure for table `empmonthdeductions`
--

CREATE TABLE `empmonthdeductions` (
  `EmpMonthDedId` int(11) NOT NULL,
  `EmpId` decimal(18,0) DEFAULT NULL,
  `DeductionId` decimal(18,0) DEFAULT NULL,
  `DedAmount` decimal(15,3) DEFAULT NULL,
  `PayrollMonth` decimal(18,0) DEFAULT NULL,
  `PayrollYear` decimal(18,0) DEFAULT NULL,
  `Companyid` decimal(18,0) DEFAULT NULL,
  `DedPercentage` decimal(16,2) DEFAULT NULL,
  `DedEmployerContribution` decimal(16,2) DEFAULT NULL,
  `DedAmtPaidByEmployer` decimal(16,2) DEFAULT NULL
) ENGINE=InnoDB DEFAULT CHARSET=utf8mb4;

--
-- Dumping data for table `empmonthdeductions`
--

INSERT INTO `empmonthdeductions` (`EmpMonthDedId`, `EmpId`, `DeductionId`, `DedAmount`, `PayrollMonth`, `PayrollYear`, `Companyid`, `DedPercentage`, `DedEmployerContribution`, `DedAmtPaidByEmployer`) VALUES
(25, '80', '2', '315000.000', '5', '2023', '1', NULL, NULL, NULL),
(26, '43', '2', '315000.000', '5', '2023', '1', NULL, NULL, NULL),
(127, '97', '3', NULL, '6', '2023', '1', NULL, NULL, NULL),
(128, '94', '3', NULL, '6', '2023', '1', NULL, NULL, NULL),
(129, '91', '3', NULL, '6', '2023', '1', NULL, NULL, NULL),
(130, '83', '3', NULL, '6', '2023', '1', NULL, NULL, NULL),
(131, '82', '3', NULL, '6', '2023', '1', NULL, NULL, NULL),
(132, '81', '3', NULL, '6', '2023', '1', NULL, NULL, NULL),
(133, '80', '2', '315000.000', '6', '2023', '1', NULL, NULL, NULL),
(134, '79', '3', NULL, '6', '2023', '1', NULL, NULL, NULL),
(135, '78', '3', NULL, '6', '2023', '1', NULL, NULL, NULL),
(136, '77', '3', NULL, '6', '2023', '1', NULL, NULL, NULL),
(137, '76', '3', NULL, '6', '2023', '1', NULL, NULL, NULL),
(138, '72', '3', NULL, '6', '2023', '1', NULL, NULL, NULL),
(139, '70', '3', NULL, '6', '2023', '1', NULL, NULL, NULL),
(140, '69', '3', NULL, '6', '2023', '1', NULL, NULL, NULL),
(141, '68', '3', NULL, '6', '2023', '1', NULL, NULL, NULL),
(142, '66', '3', NULL, '6', '2023', '1', NULL, NULL, NULL),
(143, '65', '3', NULL, '6', '2023', '1', NULL, NULL, NULL),
(144, '64', '3', NULL, '6', '2023', '1', NULL, NULL, NULL),
(145, '63', '3', NULL, '6', '2023', '1', NULL, NULL, NULL),
(146, '61', '3', NULL, '6', '2023', '1', NULL, NULL, NULL),
(147, '53', '3', NULL, '6', '2023', '1', NULL, NULL, NULL),
(148, '52', '3', NULL, '6', '2023', '1', NULL, NULL, NULL),
(149, '51', '3', NULL, '6', '2023', '1', NULL, NULL, NULL),
(150, '50', '3', NULL, '6', '2023', '1', NULL, NULL, NULL),
(151, '47', '3', NULL, '6', '2023', '1', NULL, NULL, NULL),
(152, '46', '3', NULL, '6', '2023', '1', NULL, NULL, NULL),
(153, '43', '2', '315000.000', '6', '2023', '1', NULL, NULL, NULL),
(154, '42', '3', NULL, '6', '2023', '1', NULL, NULL, NULL),
(155, '39', '3', NULL, '6', '2023', '1', NULL, NULL, NULL),
(156, '37', '3', NULL, '6', '2023', '1', NULL, NULL, NULL),
(157, '35', '3', NULL, '6', '2023', '1', NULL, NULL, NULL),
(158, '34', '3', NULL, '6', '2023', '1', NULL, NULL, NULL),
(159, '33', '3', NULL, '6', '2023', '1', NULL, NULL, NULL),
(160, '30', '3', NULL, '6', '2023', '1', NULL, NULL, NULL),
(161, '29', '3', NULL, '6', '2023', '1', NULL, NULL, NULL),
(162, '28', '3', NULL, '6', '2023', '1', NULL, NULL, NULL),
(163, '27', '3', NULL, '6', '2023', '1', NULL, NULL, NULL),
(164, '23', '3', NULL, '6', '2023', '1', NULL, NULL, NULL),
(165, '22', '3', '222.000', '6', '2023', '1', NULL, NULL, NULL),
(166, '19', '3', '2.000', '6', '2023', '1', NULL, NULL, NULL),
(167, '18', '3', '2.000', '6', '2023', '1', NULL, NULL, NULL),
(168, '17', '3', '2.000', '6', '2023', '1', NULL, NULL, NULL),
(169, '16', '3', '2.000', '6', '2023', '1', NULL, NULL, NULL),
(170, '14', '3', '2.000', '6', '2023', '1', NULL, NULL, NULL),
(171, '12', '3', '2.000', '6', '2023', '1', NULL, NULL, NULL),
(172, '11', '3', '2.000', '6', '2023', '1', NULL, NULL, NULL),
(173, '10', '3', '22.000', '6', '2023', '1', NULL, NULL, NULL),
(174, '9', '3', '2.000', '6', '2023', '1', NULL, NULL, NULL),
(175, '5', '3', '101.000', '6', '2023', '1', NULL, NULL, NULL),
(176, '3', '3', '10.000', '6', '2023', '1', NULL, NULL, NULL),
(177, '2', '3', '200.000', '6', '2023', '1', NULL, NULL, NULL),
(178, '1', '3', '900.000', '6', '2023', '1', NULL, NULL, NULL),
(192, '99', '4', '2000.000', '2', '2024', '1', NULL, NULL, NULL),
(193, '80', '2', '315000.000', '2', '2024', '1', NULL, NULL, NULL),
(194, '43', '2', '315000.000', '2', '2024', '1', NULL, NULL, NULL),
(207, '99', '4', '2000.000', '4', '2024', '1', NULL, NULL, NULL),
(208, '80', '2', '315000.000', '4', '2024', '1', NULL, NULL, NULL),
(209, '43', '2', '315000.000', '4', '2024', '1', NULL, NULL, NULL);

-- --------------------------------------------------------

--
-- Table structure for table `empmonthloan`
--

CREATE TABLE `empmonthloan` (
  `Id` int(11) NOT NULL,
  `EmpId` decimal(18,0) DEFAULT NULL,
  `LoanId` decimal(18,0) DEFAULT NULL,
  `LoanTrId` decimal(18,0) DEFAULT NULL,
  `LoanAmount` decimal(15,3) DEFAULT NULL,
  `PayrollMonth` decimal(18,0) DEFAULT NULL,
  `PayrollYear` decimal(18,0) DEFAULT NULL,
  `CompanyId` decimal(18,0) DEFAULT NULL,
  `LoanOutstanding` decimal(16,2) DEFAULT NULL,
  `PaidInCash` decimal(18,0) NOT NULL,
  `CashAmount` decimal(18,0) NOT NULL
) ENGINE=InnoDB DEFAULT CHARSET=utf8mb4;

--
-- Dumping data for table `empmonthloan`
--

INSERT INTO `empmonthloan` (`Id`, `EmpId`, `LoanId`, `LoanTrId`, `LoanAmount`, `PayrollMonth`, `PayrollYear`, `CompanyId`, `LoanOutstanding`, `PaidInCash`, `CashAmount`) VALUES
(518, '97', '1', '39', '50000.000', '5', '2023', '1', '50000.00', '0', '0'),
(519, '95', '1', '25', '140000.000', '5', '2023', '1', '140000.00', '0', '0'),
(520, '91', '1', '28', '80000.000', '5', '2023', '1', '80000.00', '0', '0'),
(521, '83', '1', '17', '80000.000', '5', '2023', '1', '80000.00', '0', '0'),
(522, '82', '1', '16', '50000.000', '5', '2023', '1', '50000.00', '0', '0'),
(523, '79', '1', '38', '70000.000', '5', '2023', '1', '70000.00', '0', '0'),
(524, '76', '1', '37', '60000.000', '5', '2023', '1', '60000.00', '0', '0'),
(525, '74', '1', '15', '920000.000', '5', '2023', '1', '920000.00', '0', '0'),
(526, '70', '1', '40', '108000.000', '5', '2023', '1', '650000.00', '0', '0'),
(527, '65', '1', '42', '120000.000', '5', '2023', '1', '120000.00', '0', '0'),
(528, '63', '1', '2', '100000.000', '5', '2023', '1', '100000.00', '0', '0'),
(529, '57', '1', '26', '250000.000', '5', '2023', '1', '250000.00', '0', '0'),
(530, '53', '1', '14', '30000.000', '5', '2023', '1', '30000.00', '0', '0'),
(531, '51', '1', '13', '50000.000', '5', '2023', '1', '50000.00', '0', '0'),
(532, '50', '1', '36', '55000.000', '5', '2023', '1', '55000.00', '0', '0'),
(533, '48', '1', '19', '800000.000', '5', '2023', '1', '800000.00', '0', '0'),
(534, '47', '1', '12', '60000.000', '5', '2023', '1', '60000.00', '0', '0'),
(535, '47', '1', '10003', '60000.000', '5', '2023', '1', '60000.00', '0', '0'),
(536, '46', '1', '24', '120000.000', '5', '2023', '1', '120000.00', '0', '0'),
(537, '43', '1', '41', '1577777.000', '5', '2023', '1', '7888892.00', '0', '0'),
(538, '42', '1', '11', '40000.000', '5', '2023', '1', '40000.00', '0', '0'),
(539, '40', '1', '18', '500000.000', '5', '2023', '1', '500000.00', '0', '0'),
(540, '39', '1', '23', '100000.000', '5', '2023', '1', '100000.00', '0', '0'),
(541, '38', '1', '31', '120800.000', '5', '2023', '1', '120800.00', '0', '0'),
(542, '37', '1', '35', '50000.000', '5', '2023', '1', '50000.00', '0', '0'),
(543, '35', '1', '10', '25000.000', '5', '2023', '1', '25000.00', '0', '0'),
(544, '34', '1', '9', '70000.000', '5', '2023', '1', '70000.00', '0', '0'),
(545, '33', '1', '8', '40000.000', '5', '2023', '1', '40000.00', '0', '0'),
(546, '32', '1', '27', '100000.000', '5', '2023', '1', '100000.00', '0', '0'),
(547, '30', '1', '34', '50000.000', '5', '2023', '1', '50000.00', '0', '0'),
(548, '29', '1', '33', '80000.000', '5', '2023', '1', '80000.00', '0', '0'),
(549, '28', '1', '7', '50000.000', '5', '2023', '1', '50000.00', '0', '0'),
(550, '26', '1', '22', '1000000.000', '5', '2023', '1', '1000000.00', '0', '0'),
(551, '23', '1', '21', '190000.000', '5', '2023', '1', '190000.00', '0', '0'),
(552, '19', '1', '20', '30000.000', '5', '2023', '1', '30000.00', '0', '0'),
(553, '18', '1', '6', '80000.000', '5', '2023', '1', '80000.00', '0', '0'),
(554, '16', '1', '5', '40000.000', '5', '2023', '1', '40000.00', '0', '0'),
(555, '14', '1', '4', '170000.000', '5', '2023', '1', '170000.00', '0', '0'),
(556, '12', '1', '1', '50000.000', '5', '2023', '1', '50000.00', '0', '0'),
(557, '10', '1', '3', '80000.000', '5', '2023', '1', '80000.00', '0', '0'),
(558, '9', '1', '32', '100000.000', '5', '2023', '1', '100000.00', '0', '0'),
(559, '5', '1', '29', '150000.000', '5', '2023', '1', '150000.00', '0', '0'),
(560, '2', '1', '30', '60000.000', '5', '2023', '1', '60000.00', '0', '0'),
(631, '97', '1', '39', '50000.000', '6', '2023', '1', '100000.00', '0', '0'),
(632, '95', '1', '25', '140000.000', '6', '2023', '1', '280000.00', '0', '0'),
(633, '91', '1', '28', '80000.000', '6', '2023', '1', '160000.00', '0', '0'),
(634, '83', '1', '17', '80000.000', '6', '2023', '1', '160000.00', '0', '0'),
(635, '82', '1', '16', '50000.000', '6', '2023', '1', '100000.00', '0', '0'),
(636, '79', '1', '38', '70000.000', '6', '2023', '1', '140000.00', '0', '0'),
(637, '76', '1', '37', '60000.000', '6', '2023', '1', '120000.00', '0', '0'),
(638, '74', '1', '15', '920000.000', '6', '2023', '1', '1840000.00', '0', '0'),
(639, '70', '1', '40', '108000.000', '6', '2023', '1', '650000.00', '0', '0'),
(640, '65', '1', '42', '120000.000', '6', '2023', '1', '240000.00', '0', '0'),
(641, '63', '1', '2', '100000.000', '6', '2023', '1', '200000.00', '0', '0'),
(642, '53', '1', '14', '30000.000', '6', '2023', '1', '60000.00', '0', '0'),
(643, '51', '1', '13', '50000.000', '6', '2023', '1', '100000.00', '0', '0'),
(644, '50', '1', '36', '55000.000', '6', '2023', '1', '110000.00', '0', '0'),
(645, '48', '1', '19', '800000.000', '6', '2023', '1', '1600000.00', '0', '0'),
(646, '47', '1', '12', '60000.000', '6', '2023', '1', '120000.00', '0', '0'),
(647, '47', '1', '10003', '60000.000', '6', '2023', '1', '120000.00', '0', '0'),
(648, '43', '1', '41', '1577777.000', '6', '2023', '1', '7888892.00', '0', '0'),
(649, '42', '1', '11', '40000.000', '6', '2023', '1', '80000.00', '0', '0'),
(650, '40', '1', '18', '500000.000', '6', '2023', '1', '1000000.00', '0', '0'),
(651, '39', '1', '23', '100000.000', '6', '2023', '1', '200000.00', '0', '0'),
(652, '38', '1', '31', '120800.000', '6', '2023', '1', '241600.00', '0', '0'),
(653, '35', '1', '10', '25000.000', '6', '2023', '1', '50000.00', '0', '0'),
(654, '34', '1', '9', '70000.000', '6', '2023', '1', '140000.00', '0', '0'),
(655, '33', '1', '8', '40000.000', '6', '2023', '1', '80000.00', '0', '0'),
(656, '32', '1', '27', '100000.000', '6', '2023', '1', '200000.00', '0', '0'),
(657, '28', '1', '7', '50000.000', '6', '2023', '1', '100000.00', '0', '0'),
(658, '23', '1', '21', '190000.000', '6', '2023', '1', '380000.00', '0', '0'),
(659, '19', '1', '20', '30000.000', '6', '2023', '1', '60000.00', '0', '0'),
(660, '18', '1', '6', '80000.000', '6', '2023', '1', '160000.00', '0', '0'),
(661, '16', '1', '5', '40000.000', '6', '2023', '1', '80000.00', '0', '0'),
(662, '12', '1', '1', '50000.000', '6', '2023', '1', '100000.00', '0', '0'),
(663, '10', '1', '3', '80000.000', '6', '2023', '1', '160000.00', '0', '0'),
(664, '9', '1', '32', '100000.000', '6', '2023', '1', '200000.00', '0', '0'),
(665, '5', '1', '29', '150000.000', '6', '2023', '1', '300000.00', '0', '0'),
(666, '2', '1', '30', '60000.000', '6', '2023', '1', '120000.00', '0', '0'),
(676, '82', '1', '16', '50000.000', '2', '2024', '1', '400000.00', '0', '0'),
(677, '51', '1', '13', '50000.000', '2', '2024', '1', '350000.00', '0', '0'),
(678, '35', '1', '10', '25000.000', '2', '2024', '1', '175000.00', '0', '0'),
(682, '3', '2', '2', '0.000', '4', '2024', '1', '475000.00', '0', '0');

-- --------------------------------------------------------

--
-- Table structure for table `empmonthpayments`
--

CREATE TABLE `empmonthpayments` (
  `EmpMonthPaymentId` int(11) NOT NULL,
  `EmpId` decimal(18,0) DEFAULT NULL,
  `PaymentId` decimal(18,0) DEFAULT NULL,
  `Amount` decimal(15,3) DEFAULT NULL,
  `Remarks` longtext DEFAULT NULL,
  `PayrollMonth` decimal(18,0) DEFAULT NULL,
  `PayrollYear` decimal(18,0) DEFAULT NULL,
  `Companyid` decimal(18,0) DEFAULT NULL,
  `Rate` decimal(16,2) DEFAULT NULL,
  `Qty` decimal(16,2) DEFAULT NULL,
  `PayTaxable` decimal(10,2) NOT NULL,
  `IsBenefits` decimal(10,2) NOT NULL,
  `EffectOnWCF` decimal(10,2) NOT NULL,
  `EffectOnSDL` decimal(10,2) NOT NULL,
  `IsInPayslip` decimal(10,2) NOT NULL,
  `IsInReport` decimal(10,2) NOT NULL,
  `PayPayeOnly` decimal(10,2) NOT NULL,
  `PayPensionOnly` decimal(10,2) NOT NULL
) ENGINE=InnoDB DEFAULT CHARSET=utf8mb4;

--
-- Dumping data for table `empmonthpayments`
--

INSERT INTO `empmonthpayments` (`EmpMonthPaymentId`, `EmpId`, `PaymentId`, `Amount`, `Remarks`, `PayrollMonth`, `PayrollYear`, `Companyid`, `Rate`, `Qty`, `PayTaxable`, `IsBenefits`, `EffectOnWCF`, `EffectOnSDL`, `IsInPayslip`, `IsInReport`, `PayPayeOnly`, `PayPensionOnly`) VALUES
(1210, '98', '1', '505596.000', NULL, '5', '2023', '1', NULL, NULL, '1.00', '0.00', '1.00', '0.00', '1.00', '1.00', '1.00', '1.00'),
(1211, '97', '1', '26594.000', NULL, '5', '2023', '1', NULL, NULL, '1.00', '0.00', '1.00', '0.00', '1.00', '1.00', '1.00', '1.00'),
(1212, '96', '1', '551492.000', NULL, '5', '2023', '1', NULL, NULL, '1.00', '0.00', '1.00', '0.00', '1.00', '1.00', '1.00', '1.00'),
(1213, '95', '1', '76497.000', NULL, '5', '2023', '1', NULL, NULL, '1.00', '0.00', '1.00', '0.00', '1.00', '1.00', '1.00', '1.00'),
(1214, '94', '1', '49721.000', NULL, '5', '2023', '1', NULL, NULL, '1.00', '0.00', '1.00', '0.00', '1.00', '1.00', '1.00', '1.00'),
(1215, '93', '1', '378468.000', NULL, '5', '2023', '1', NULL, NULL, '1.00', '0.00', '1.00', '0.00', '1.00', '1.00', '1.00', '1.00'),
(1216, '92', '1', '75441.000', NULL, '5', '2023', '1', NULL, NULL, '1.00', '0.00', '1.00', '0.00', '1.00', '1.00', '1.00', '1.00'),
(1217, '91', '1', '45656.000', NULL, '5', '2023', '1', NULL, NULL, '1.00', '0.00', '1.00', '0.00', '1.00', '1.00', '1.00', '1.00'),
(1218, '90', '1', '172612.000', NULL, '5', '2023', '1', NULL, NULL, '1.00', '0.00', '1.00', '0.00', '1.00', '1.00', '1.00', '1.00'),
(1219, '89', '1', '1516219.000', NULL, '5', '2023', '1', NULL, NULL, '1.00', '0.00', '1.00', '0.00', '1.00', '1.00', '1.00', '1.00'),
(1220, '88', '1', '730435.000', NULL, '5', '2023', '1', NULL, NULL, '1.00', '0.00', '1.00', '0.00', '1.00', '1.00', '1.00', '1.00'),
(1221, '87', '1', '849739.000', NULL, '5', '2023', '1', NULL, NULL, '1.00', '0.00', '1.00', '0.00', '1.00', '1.00', '1.00', '1.00'),
(1222, '86', '1', '393828.000', NULL, '5', '2023', '1', NULL, NULL, '1.00', '0.00', '1.00', '0.00', '1.00', '1.00', '1.00', '1.00'),
(1223, '85', '1', '835132.000', NULL, '5', '2023', '1', NULL, NULL, '1.00', '0.00', '1.00', '0.00', '1.00', '1.00', '1.00', '1.00'),
(1224, '84', '1', '419876.000', NULL, '5', '2023', '1', NULL, NULL, '1.00', '0.00', '1.00', '0.00', '1.00', '1.00', '1.00', '1.00'),
(1225, '83', '1', '44077.000', NULL, '5', '2023', '1', NULL, NULL, '1.00', '0.00', '1.00', '0.00', '1.00', '1.00', '1.00', '1.00'),
(1226, '82', '1', '58075.000', NULL, '5', '2023', '1', NULL, NULL, '1.00', '0.00', '1.00', '0.00', '1.00', '1.00', '1.00', '1.00'),
(1227, '81', '1', '40850.000', NULL, '5', '2023', '1', NULL, NULL, '1.00', '0.00', '1.00', '0.00', '1.00', '1.00', '1.00', '1.00'),
(1228, '80', '1', '500000.000', NULL, '5', '2023', '1', NULL, NULL, '1.00', '0.00', '1.00', '0.00', '1.00', '1.00', '1.00', '1.00'),
(1229, '79', '1', '38904.000', NULL, '5', '2023', '1', NULL, NULL, '1.00', '0.00', '1.00', '0.00', '1.00', '1.00', '1.00', '1.00'),
(1230, '78', '1', '54853.000', NULL, '5', '2023', '1', NULL, NULL, '1.00', '0.00', '1.00', '0.00', '1.00', '1.00', '1.00', '1.00'),
(1231, '77', '1', '45388.000', NULL, '5', '2023', '1', NULL, NULL, '1.00', '0.00', '1.00', '0.00', '1.00', '1.00', '1.00', '1.00'),
(1232, '76', '1', '32592.000', NULL, '5', '2023', '1', NULL, NULL, '1.00', '0.00', '1.00', '0.00', '1.00', '1.00', '1.00', '1.00'),
(1233, '75', '1', '2463333.000', NULL, '5', '2023', '1', NULL, NULL, '1.00', '0.00', '1.00', '0.00', '1.00', '1.00', '1.00', '1.00'),
(1234, '74', '1', '484331.000', NULL, '5', '2023', '1', NULL, NULL, '1.00', '0.00', '1.00', '0.00', '1.00', '1.00', '1.00', '1.00'),
(1235, '73', '1', '342745.000', NULL, '5', '2023', '1', NULL, NULL, '1.00', '0.00', '1.00', '0.00', '1.00', '1.00', '1.00', '1.00'),
(1236, '72', '1', '106071.000', NULL, '5', '2023', '1', NULL, NULL, '1.00', '0.00', '1.00', '0.00', '1.00', '1.00', '1.00', '1.00'),
(1237, '71', '1', '19565.000', NULL, '5', '2023', '1', NULL, NULL, '1.00', '0.00', '1.00', '0.00', '1.00', '1.00', '1.00', '1.00'),
(1238, '70', '1', '40850.000', NULL, '5', '2023', '1', NULL, NULL, '1.00', '0.00', '1.00', '0.00', '1.00', '1.00', '1.00', '1.00'),
(1239, '69', '1', '26087.000', NULL, '5', '2023', '1', NULL, NULL, '1.00', '0.00', '1.00', '0.00', '1.00', '1.00', '1.00', '1.00'),
(1240, '68', '1', '2595875.000', NULL, '5', '2023', '1', NULL, NULL, '1.00', '0.00', '1.00', '0.00', '1.00', '1.00', '1.00', '1.00'),
(1241, '66', '1', '39076.000', NULL, '5', '2023', '1', NULL, NULL, '1.00', '0.00', '1.00', '0.00', '1.00', '1.00', '1.00', '1.00'),
(1242, '65', '1', '53297.000', NULL, '5', '2023', '1', NULL, NULL, '1.00', '0.00', '1.00', '0.00', '1.00', '1.00', '1.00', '1.00'),
(1243, '64', '2', '76960.000', NULL, '5', '2023', '1', NULL, NULL, '1.00', '0.00', '1.00', '0.00', '1.00', '1.00', '1.00', '1.00'),
(1244, '64', '1', '53784.000', NULL, '5', '2023', '1', NULL, NULL, '1.00', '0.00', '1.00', '0.00', '1.00', '1.00', '1.00', '1.00'),
(1245, '63', '2', '34722.000', NULL, '5', '2023', '1', NULL, NULL, '1.00', '0.00', '1.00', '0.00', '1.00', '1.00', '1.00', '1.00'),
(1246, '63', '1', '65960.000', NULL, '5', '2023', '1', NULL, NULL, '1.00', '0.00', '1.00', '0.00', '1.00', '1.00', '1.00', '1.00'),
(1247, '62', '1', '41941.000', NULL, '5', '2023', '1', NULL, NULL, '1.00', '0.00', '1.00', '0.00', '1.00', '1.00', '1.00', '1.00'),
(1248, '61', '1', '33958.000', NULL, '5', '2023', '1', NULL, NULL, '1.00', '0.00', '1.00', '0.00', '1.00', '1.00', '1.00', '1.00'),
(1249, '60', '1', '378522.000', NULL, '5', '2023', '1', NULL, NULL, '1.00', '0.00', '1.00', '0.00', '1.00', '1.00', '1.00', '1.00'),
(1250, '59', '1', '577932.000', NULL, '5', '2023', '1', NULL, NULL, '1.00', '0.00', '1.00', '0.00', '1.00', '1.00', '1.00', '1.00'),
(1251, '58', '1', '3645625.000', NULL, '5', '2023', '1', NULL, NULL, '1.00', '0.00', '1.00', '0.00', '1.00', '1.00', '1.00', '1.00'),
(1252, '57', '1', '375192.000', NULL, '5', '2023', '1', NULL, NULL, '1.00', '0.00', '1.00', '0.00', '1.00', '1.00', '1.00', '1.00'),
(1253, '56', '1', '19565.000', NULL, '5', '2023', '1', NULL, NULL, '1.00', '0.00', '1.00', '0.00', '1.00', '1.00', '1.00', '1.00'),
(1254, '55', '1', '896066.000', NULL, '5', '2023', '1', NULL, NULL, '1.00', '0.00', '1.00', '0.00', '1.00', '1.00', '1.00', '1.00'),
(1255, '54', '1', '405022.000', NULL, '5', '2023', '1', NULL, NULL, '1.00', '0.00', '1.00', '0.00', '1.00', '1.00', '1.00', '1.00'),
(1256, '53', '1', '38249.000', NULL, '5', '2023', '1', NULL, NULL, '1.00', '0.00', '1.00', '0.00', '1.00', '1.00', '1.00', '1.00'),
(1257, '52', '1', '51733.000', NULL, '5', '2023', '1', NULL, NULL, '1.00', '0.00', '1.00', '0.00', '1.00', '1.00', '1.00', '1.00'),
(1258, '51', '2', '107759.000', NULL, '5', '2023', '1', NULL, NULL, '1.00', '0.00', '1.00', '0.00', '1.00', '1.00', '1.00', '1.00'),
(1259, '51', '1', '53785.000', NULL, '5', '2023', '1', NULL, NULL, '1.00', '0.00', '1.00', '0.00', '1.00', '1.00', '1.00', '1.00'),
(1260, '50', '1', '31054.000', NULL, '5', '2023', '1', NULL, NULL, '1.00', '0.00', '1.00', '0.00', '1.00', '1.00', '1.00', '1.00'),
(1261, '49', '1', '32609.000', NULL, '5', '2023', '1', NULL, NULL, '1.00', '0.00', '1.00', '0.00', '1.00', '1.00', '1.00', '1.00'),
(1262, '48', '1', '553350.000', NULL, '5', '2023', '1', NULL, NULL, '1.00', '0.00', '1.00', '0.00', '1.00', '1.00', '1.00', '1.00'),
(1263, '47', '1', '42270.000', NULL, '5', '2023', '1', NULL, NULL, '1.00', '0.00', '1.00', '0.00', '1.00', '1.00', '1.00', '1.00'),
(1264, '46', '1', '75856.000', NULL, '5', '2023', '1', NULL, NULL, '1.00', '0.00', '1.00', '0.00', '1.00', '1.00', '1.00', '1.00'),
(1265, '45', '1', '23865.000', NULL, '5', '2023', '1', NULL, NULL, '1.00', '0.00', '1.00', '0.00', '1.00', '1.00', '1.00', '1.00'),
(1266, '44', '1', '378468.000', NULL, '5', '2023', '1', NULL, NULL, '1.00', '0.00', '1.00', '0.00', '1.00', '1.00', '1.00', '1.00'),
(1267, '43', '1', '500000.000', NULL, '5', '2023', '1', NULL, NULL, '1.00', '0.00', '1.00', '0.00', '1.00', '1.00', '1.00', '1.00'),
(1268, '42', '1', '38249.000', NULL, '5', '2023', '1', NULL, NULL, '1.00', '0.00', '1.00', '0.00', '1.00', '1.00', '1.00', '1.00'),
(1269, '40', '1', '378522.000', NULL, '5', '2023', '1', NULL, NULL, '1.00', '0.00', '1.00', '0.00', '1.00', '1.00', '1.00', '1.00'),
(1270, '39', '1', '46797.000', NULL, '5', '2023', '1', NULL, NULL, '1.00', '0.00', '1.00', '0.00', '1.00', '1.00', '1.00', '1.00'),
(1271, '38', '1', '63072.000', NULL, '5', '2023', '1', NULL, NULL, '1.00', '0.00', '1.00', '0.00', '1.00', '1.00', '1.00', '1.00'),
(1272, '37', '1', '36000.000', NULL, '5', '2023', '1', NULL, NULL, '1.00', '0.00', '1.00', '0.00', '1.00', '1.00', '1.00', '1.00'),
(1273, '36', '1', '407301.000', NULL, '5', '2023', '1', NULL, NULL, '1.00', '0.00', '1.00', '0.00', '1.00', '1.00', '1.00', '1.00'),
(1274, '35', '1', '48367.000', NULL, '5', '2023', '1', NULL, NULL, '1.00', '0.00', '1.00', '0.00', '1.00', '1.00', '1.00', '1.00'),
(1275, '34', '1', '51756.000', NULL, '5', '2023', '1', NULL, NULL, '1.00', '0.00', '1.00', '0.00', '1.00', '1.00', '1.00', '1.00'),
(1276, '33', '1', '38249.000', NULL, '5', '2023', '1', NULL, NULL, '1.00', '0.00', '1.00', '0.00', '1.00', '1.00', '1.00', '1.00'),
(1277, '32', '1', '39405.000', NULL, '5', '2023', '1', NULL, NULL, '1.00', '0.00', '1.00', '0.00', '1.00', '1.00', '1.00', '1.00'),
(1278, '31', '1', '156522.000', NULL, '5', '2023', '1', NULL, NULL, '1.00', '0.00', '1.00', '0.00', '1.00', '1.00', '1.00', '1.00'),
(1279, '30', '1', '33441.000', NULL, '5', '2023', '1', NULL, NULL, '1.00', '0.00', '1.00', '0.00', '1.00', '1.00', '1.00', '1.00'),
(1280, '29', '1', '142539.000', NULL, '5', '2023', '1', NULL, NULL, '1.00', '0.00', '1.00', '0.00', '1.00', '1.00', '1.00', '1.00'),
(1281, '28', '1', '38249.000', NULL, '5', '2023', '1', NULL, NULL, '1.00', '0.00', '1.00', '0.00', '1.00', '1.00', '1.00', '1.00'),
(1282, '27', '1', '36000.000', NULL, '5', '2023', '1', NULL, NULL, '1.00', '0.00', '1.00', '0.00', '1.00', '1.00', '1.00', '1.00'),
(1283, '26', '1', '625293.000', NULL, '5', '2023', '1', NULL, NULL, '1.00', '0.00', '1.00', '0.00', '1.00', '1.00', '1.00', '1.00'),
(1284, '25', '1', '26087.000', NULL, '5', '2023', '1', NULL, NULL, '1.00', '0.00', '1.00', '0.00', '1.00', '1.00', '1.00', '1.00'),
(1285, '24', '1', '131015.000', NULL, '5', '2023', '1', NULL, NULL, '1.00', '0.00', '1.00', '0.00', '1.00', '1.00', '1.00', '1.00'),
(1286, '23', '1', '99349.000', NULL, '5', '2023', '1', NULL, NULL, '1.00', '0.00', '1.00', '0.00', '1.00', '1.00', '1.00', '1.00'),
(1287, '22', '1', '43016.000', NULL, '5', '2023', '1', NULL, NULL, '1.00', '0.00', '1.00', '0.00', '1.00', '1.00', '1.00', '1.00'),
(1288, '21', '1', '268379.000', NULL, '5', '2023', '1', NULL, NULL, '1.00', '0.00', '1.00', '0.00', '1.00', '1.00', '1.00', '1.00'),
(1289, '20', '1', '900000.000', NULL, '5', '2023', '1', NULL, NULL, '1.00', '0.00', '1.00', '0.00', '1.00', '1.00', '1.00', '1.00'),
(1290, '19', '1', '32112.000', NULL, '5', '2023', '1', NULL, NULL, '1.00', '0.00', '1.00', '0.00', '1.00', '1.00', '1.00', '1.00'),
(1291, '18', '1', '47915.000', NULL, '5', '2023', '1', NULL, NULL, '1.00', '0.00', '1.00', '0.00', '1.00', '1.00', '1.00', '1.00'),
(1292, '17', '1', '58710.000', NULL, '5', '2023', '1', NULL, NULL, '1.00', '0.00', '1.00', '0.00', '1.00', '1.00', '1.00', '1.00'),
(1293, '16', '1', '38249.000', NULL, '5', '2023', '1', NULL, NULL, '1.00', '0.00', '1.00', '0.00', '1.00', '1.00', '1.00', '1.00'),
(1294, '15', '1', '156522.000', NULL, '5', '2023', '1', NULL, NULL, '1.00', '0.00', '1.00', '0.00', '1.00', '1.00', '1.00', '1.00'),
(1295, '14', '1', '93229.000', NULL, '5', '2023', '1', NULL, NULL, '1.00', '0.00', '1.00', '0.00', '1.00', '1.00', '1.00', '1.00'),
(1296, '13', '1', '689027.000', NULL, '5', '2023', '1', NULL, NULL, '1.00', '0.00', '1.00', '0.00', '1.00', '1.00', '1.00', '1.00'),
(1297, '12', '2', '34722.000', NULL, '5', '2023', '1', NULL, NULL, '1.00', '0.00', '1.00', '0.00', '1.00', '1.00', '1.00', '1.00'),
(1298, '12', '1', '65960.000', NULL, '5', '2023', '1', NULL, NULL, '1.00', '0.00', '1.00', '0.00', '1.00', '1.00', '1.00', '1.00'),
(1299, '11', '1', '33958.000', NULL, '5', '2023', '1', NULL, NULL, '1.00', '0.00', '1.00', '0.00', '1.00', '1.00', '1.00', '1.00'),
(1300, '10', '1', '49721.000', NULL, '5', '2023', '1', NULL, NULL, '1.00', '0.00', '1.00', '0.00', '1.00', '1.00', '1.00', '1.00'),
(1301, '9', '1', '38783.000', NULL, '5', '2023', '1', NULL, NULL, '1.00', '0.00', '1.00', '0.00', '1.00', '1.00', '1.00', '1.00'),
(1302, '8', '1', '846284.000', NULL, '5', '2023', '1', NULL, NULL, '1.00', '0.00', '1.00', '0.00', '1.00', '1.00', '1.00', '1.00'),
(1303, '7', '1', '2180190.000', NULL, '5', '2023', '1', NULL, NULL, '1.00', '0.00', '1.00', '0.00', '1.00', '1.00', '1.00', '1.00'),
(1304, '6', '1', '281610.000', NULL, '5', '2023', '1', NULL, NULL, '1.00', '0.00', '1.00', '0.00', '1.00', '1.00', '1.00', '1.00'),
(1305, '5', '1', '80700.000', NULL, '5', '2023', '1', NULL, NULL, '1.00', '0.00', '1.00', '0.00', '1.00', '1.00', '1.00', '1.00'),
(1306, '4', '1', '503195.000', NULL, '5', '2023', '1', NULL, NULL, '1.00', '0.00', '1.00', '0.00', '1.00', '1.00', '1.00', '1.00'),
(1307, '3', '1', '181902.000', NULL, '5', '2023', '1', NULL, NULL, '1.00', '0.00', '1.00', '0.00', '1.00', '1.00', '1.00', '1.00'),
(1308, '2', '1', '33590.000', NULL, '5', '2023', '1', NULL, NULL, '1.00', '0.00', '1.00', '0.00', '1.00', '1.00', '1.00', '1.00'),
(1309, '1', '1', '83585.000', NULL, '5', '2023', '1', NULL, NULL, '1.00', '0.00', '1.00', '0.00', '1.00', '1.00', '1.00', '1.00'),
(1514, '98', '1', '505596.000', NULL, '6', '2023', '1', NULL, NULL, '1.00', '0.00', '1.00', '0.00', '1.00', '1.00', '1.00', '1.00'),
(1515, '97', '1', '26594.000', NULL, '6', '2023', '1', NULL, NULL, '1.00', '0.00', '1.00', '0.00', '1.00', '1.00', '1.00', '1.00'),
(1516, '96', '1', '551492.000', NULL, '6', '2023', '1', NULL, NULL, '1.00', '0.00', '1.00', '0.00', '1.00', '1.00', '1.00', '1.00'),
(1517, '95', '1', '76497.000', NULL, '6', '2023', '1', NULL, NULL, '1.00', '0.00', '1.00', '0.00', '1.00', '1.00', '1.00', '1.00'),
(1518, '94', '1', '49721.000', NULL, '6', '2023', '1', NULL, NULL, '1.00', '0.00', '1.00', '0.00', '1.00', '1.00', '1.00', '1.00'),
(1519, '93', '1', '378468.000', NULL, '6', '2023', '1', NULL, NULL, '1.00', '0.00', '1.00', '0.00', '1.00', '1.00', '1.00', '1.00'),
(1520, '92', '1', '75441.000', NULL, '6', '2023', '1', NULL, NULL, '1.00', '0.00', '1.00', '0.00', '1.00', '1.00', '1.00', '1.00'),
(1521, '91', '1', '45656.000', NULL, '6', '2023', '1', NULL, NULL, '1.00', '0.00', '1.00', '0.00', '1.00', '1.00', '1.00', '1.00'),
(1522, '90', '1', '172612.000', NULL, '6', '2023', '1', NULL, NULL, '1.00', '0.00', '1.00', '0.00', '1.00', '1.00', '1.00', '1.00'),
(1523, '89', '1', '1516219.000', NULL, '6', '2023', '1', NULL, NULL, '1.00', '0.00', '1.00', '0.00', '1.00', '1.00', '1.00', '1.00'),
(1524, '88', '1', '730435.000', NULL, '6', '2023', '1', NULL, NULL, '1.00', '0.00', '1.00', '0.00', '1.00', '1.00', '1.00', '1.00'),
(1525, '87', '1', '849739.000', NULL, '6', '2023', '1', NULL, NULL, '1.00', '0.00', '1.00', '0.00', '1.00', '1.00', '1.00', '1.00'),
(1526, '86', '1', '393828.000', NULL, '6', '2023', '1', NULL, NULL, '1.00', '0.00', '1.00', '0.00', '1.00', '1.00', '1.00', '1.00'),
(1527, '85', '1', '835132.000', NULL, '6', '2023', '1', NULL, NULL, '1.00', '0.00', '1.00', '0.00', '1.00', '1.00', '1.00', '1.00'),
(1528, '84', '1', '419876.000', NULL, '6', '2023', '1', NULL, NULL, '1.00', '0.00', '1.00', '0.00', '1.00', '1.00', '1.00', '1.00'),
(1529, '83', '1', '44077.000', NULL, '6', '2023', '1', NULL, NULL, '1.00', '0.00', '1.00', '0.00', '1.00', '1.00', '1.00', '1.00'),
(1530, '82', '1', '58075.000', NULL, '6', '2023', '1', NULL, NULL, '1.00', '0.00', '1.00', '0.00', '1.00', '1.00', '1.00', '1.00'),
(1531, '81', '1', '40850.000', NULL, '6', '2023', '1', NULL, NULL, '1.00', '0.00', '1.00', '0.00', '1.00', '1.00', '1.00', '1.00'),
(1532, '80', '1', '500000.000', NULL, '6', '2023', '1', NULL, NULL, '1.00', '0.00', '1.00', '0.00', '1.00', '1.00', '1.00', '1.00'),
(1533, '79', '1', '38904.000', NULL, '6', '2023', '1', NULL, NULL, '1.00', '0.00', '1.00', '0.00', '1.00', '1.00', '1.00', '1.00'),
(1534, '78', '1', '54853.000', NULL, '6', '2023', '1', NULL, NULL, '1.00', '0.00', '1.00', '0.00', '1.00', '1.00', '1.00', '1.00'),
(1535, '77', '1', '45388.000', NULL, '6', '2023', '1', NULL, NULL, '1.00', '0.00', '1.00', '0.00', '1.00', '1.00', '1.00', '1.00'),
(1536, '76', '1', '32592.000', NULL, '6', '2023', '1', NULL, NULL, '1.00', '0.00', '1.00', '0.00', '1.00', '1.00', '1.00', '1.00'),
(1537, '75', '1', '2463333.000', NULL, '6', '2023', '1', NULL, NULL, '1.00', '0.00', '1.00', '0.00', '1.00', '1.00', '1.00', '1.00'),
(1538, '74', '1', '484331.000', NULL, '6', '2023', '1', NULL, NULL, '1.00', '0.00', '1.00', '0.00', '1.00', '1.00', '1.00', '1.00'),
(1539, '73', '1', '342745.000', NULL, '6', '2023', '1', NULL, NULL, '1.00', '0.00', '1.00', '0.00', '1.00', '1.00', '1.00', '1.00'),
(1540, '72', '1', '106071.000', NULL, '6', '2023', '1', NULL, NULL, '1.00', '0.00', '1.00', '0.00', '1.00', '1.00', '1.00', '1.00'),
(1541, '71', '1', '19565.000', NULL, '6', '2023', '1', NULL, NULL, '1.00', '0.00', '1.00', '0.00', '1.00', '1.00', '1.00', '1.00'),
(1542, '70', '1', '40850.000', NULL, '6', '2023', '1', NULL, NULL, '1.00', '0.00', '1.00', '0.00', '1.00', '1.00', '1.00', '1.00'),
(1543, '69', '1', '26087.000', NULL, '6', '2023', '1', NULL, NULL, '1.00', '0.00', '1.00', '0.00', '1.00', '1.00', '1.00', '1.00'),
(1544, '68', '1', '2595875.000', NULL, '6', '2023', '1', NULL, NULL, '1.00', '0.00', '1.00', '0.00', '1.00', '1.00', '1.00', '1.00'),
(1545, '66', '1', '39076.000', NULL, '6', '2023', '1', NULL, NULL, '1.00', '0.00', '1.00', '0.00', '1.00', '1.00', '1.00', '1.00'),
(1546, '65', '1', '53297.000', NULL, '6', '2023', '1', NULL, NULL, '1.00', '0.00', '1.00', '0.00', '1.00', '1.00', '1.00', '1.00'),
(1547, '64', '2', '76960.000', NULL, '6', '2023', '1', NULL, NULL, '1.00', '0.00', '1.00', '0.00', '1.00', '1.00', '1.00', '1.00'),
(1548, '64', '1', '53784.000', NULL, '6', '2023', '1', NULL, NULL, '1.00', '0.00', '1.00', '0.00', '1.00', '1.00', '1.00', '1.00'),
(1549, '63', '2', '34722.000', NULL, '6', '2023', '1', NULL, NULL, '1.00', '0.00', '1.00', '0.00', '1.00', '1.00', '1.00', '1.00'),
(1550, '63', '1', '65960.000', NULL, '6', '2023', '1', NULL, NULL, '1.00', '0.00', '1.00', '0.00', '1.00', '1.00', '1.00', '1.00'),
(1551, '62', '1', '41941.000', NULL, '6', '2023', '1', NULL, NULL, '1.00', '0.00', '1.00', '0.00', '1.00', '1.00', '1.00', '1.00'),
(1552, '61', '1', '33958.000', NULL, '6', '2023', '1', NULL, NULL, '1.00', '0.00', '1.00', '0.00', '1.00', '1.00', '1.00', '1.00'),
(1553, '60', '1', '378522.000', NULL, '6', '2023', '1', NULL, NULL, '1.00', '0.00', '1.00', '0.00', '1.00', '1.00', '1.00', '1.00'),
(1554, '59', '1', '577932.000', NULL, '6', '2023', '1', NULL, NULL, '1.00', '0.00', '1.00', '0.00', '1.00', '1.00', '1.00', '1.00'),
(1555, '58', '1', '3645625.000', NULL, '6', '2023', '1', NULL, NULL, '1.00', '0.00', '1.00', '0.00', '1.00', '1.00', '1.00', '1.00'),
(1556, '57', '1', '375192.000', NULL, '6', '2023', '1', NULL, NULL, '1.00', '0.00', '1.00', '0.00', '1.00', '1.00', '1.00', '1.00'),
(1557, '56', '1', '19565.000', NULL, '6', '2023', '1', NULL, NULL, '1.00', '0.00', '1.00', '0.00', '1.00', '1.00', '1.00', '1.00'),
(1558, '55', '1', '896066.000', NULL, '6', '2023', '1', NULL, NULL, '1.00', '0.00', '1.00', '0.00', '1.00', '1.00', '1.00', '1.00'),
(1559, '54', '1', '405022.000', NULL, '6', '2023', '1', NULL, NULL, '1.00', '0.00', '1.00', '0.00', '1.00', '1.00', '1.00', '1.00'),
(1560, '53', '1', '38249.000', NULL, '6', '2023', '1', NULL, NULL, '1.00', '0.00', '1.00', '0.00', '1.00', '1.00', '1.00', '1.00'),
(1561, '52', '1', '51733.000', NULL, '6', '2023', '1', NULL, NULL, '1.00', '0.00', '1.00', '0.00', '1.00', '1.00', '1.00', '1.00'),
(1562, '51', '2', '107759.000', NULL, '6', '2023', '1', NULL, NULL, '1.00', '0.00', '1.00', '0.00', '1.00', '1.00', '1.00', '1.00'),
(1563, '51', '1', '53785.000', NULL, '6', '2023', '1', NULL, NULL, '1.00', '0.00', '1.00', '0.00', '1.00', '1.00', '1.00', '1.00'),
(1564, '50', '1', '31054.000', NULL, '6', '2023', '1', NULL, NULL, '1.00', '0.00', '1.00', '0.00', '1.00', '1.00', '1.00', '1.00'),
(1565, '49', '1', '32609.000', NULL, '6', '2023', '1', NULL, NULL, '1.00', '0.00', '1.00', '0.00', '1.00', '1.00', '1.00', '1.00'),
(1566, '48', '1', '553350.000', NULL, '6', '2023', '1', NULL, NULL, '1.00', '0.00', '1.00', '0.00', '1.00', '1.00', '1.00', '1.00'),
(1567, '47', '1', '42270.000', NULL, '6', '2023', '1', NULL, NULL, '1.00', '0.00', '1.00', '0.00', '1.00', '1.00', '1.00', '1.00'),
(1568, '46', '1', '75856.000', NULL, '6', '2023', '1', NULL, NULL, '1.00', '0.00', '1.00', '0.00', '1.00', '1.00', '1.00', '1.00'),
(1569, '45', '1', '23865.000', NULL, '6', '2023', '1', NULL, NULL, '1.00', '0.00', '1.00', '0.00', '1.00', '1.00', '1.00', '1.00'),
(1570, '44', '1', '378468.000', NULL, '6', '2023', '1', NULL, NULL, '1.00', '0.00', '1.00', '0.00', '1.00', '1.00', '1.00', '1.00'),
(1571, '43', '1', '500000.000', NULL, '6', '2023', '1', NULL, NULL, '1.00', '0.00', '1.00', '0.00', '1.00', '1.00', '1.00', '1.00'),
(1572, '42', '1', '38249.000', NULL, '6', '2023', '1', NULL, NULL, '1.00', '0.00', '1.00', '0.00', '1.00', '1.00', '1.00', '1.00'),
(1573, '40', '1', '378522.000', NULL, '6', '2023', '1', NULL, NULL, '1.00', '0.00', '1.00', '0.00', '1.00', '1.00', '1.00', '1.00'),
(1574, '39', '1', '46797.000', NULL, '6', '2023', '1', NULL, NULL, '1.00', '0.00', '1.00', '0.00', '1.00', '1.00', '1.00', '1.00'),
(1575, '38', '1', '63072.000', NULL, '6', '2023', '1', NULL, NULL, '1.00', '0.00', '1.00', '0.00', '1.00', '1.00', '1.00', '1.00'),
(1576, '37', '1', '36000.000', NULL, '6', '2023', '1', NULL, NULL, '1.00', '0.00', '1.00', '0.00', '1.00', '1.00', '1.00', '1.00'),
(1577, '36', '1', '407301.000', NULL, '6', '2023', '1', NULL, NULL, '1.00', '0.00', '1.00', '0.00', '1.00', '1.00', '1.00', '1.00'),
(1578, '35', '1', '48367.000', NULL, '6', '2023', '1', NULL, NULL, '1.00', '0.00', '1.00', '0.00', '1.00', '1.00', '1.00', '1.00'),
(1579, '34', '1', '51756.000', NULL, '6', '2023', '1', NULL, NULL, '1.00', '0.00', '1.00', '0.00', '1.00', '1.00', '1.00', '1.00'),
(1580, '33', '1', '38249.000', NULL, '6', '2023', '1', NULL, NULL, '1.00', '0.00', '1.00', '0.00', '1.00', '1.00', '1.00', '1.00'),
(1581, '32', '1', '39405.000', NULL, '6', '2023', '1', NULL, NULL, '1.00', '0.00', '1.00', '0.00', '1.00', '1.00', '1.00', '1.00'),
(1582, '31', '1', '156522.000', NULL, '6', '2023', '1', NULL, NULL, '1.00', '0.00', '1.00', '0.00', '1.00', '1.00', '1.00', '1.00'),
(1583, '30', '1', '33441.000', NULL, '6', '2023', '1', NULL, NULL, '1.00', '0.00', '1.00', '0.00', '1.00', '1.00', '1.00', '1.00'),
(1584, '29', '1', '142539.000', NULL, '6', '2023', '1', NULL, NULL, '1.00', '0.00', '1.00', '0.00', '1.00', '1.00', '1.00', '1.00'),
(1585, '28', '1', '38249.000', NULL, '6', '2023', '1', NULL, NULL, '1.00', '0.00', '1.00', '0.00', '1.00', '1.00', '1.00', '1.00'),
(1586, '27', '1', '36000.000', NULL, '6', '2023', '1', NULL, NULL, '1.00', '0.00', '1.00', '0.00', '1.00', '1.00', '1.00', '1.00'),
(1587, '26', '1', '625293.000', NULL, '6', '2023', '1', NULL, NULL, '1.00', '0.00', '1.00', '0.00', '1.00', '1.00', '1.00', '1.00'),
(1588, '25', '1', '26087.000', NULL, '6', '2023', '1', NULL, NULL, '1.00', '0.00', '1.00', '0.00', '1.00', '1.00', '1.00', '1.00'),
(1589, '24', '1', '131015.000', NULL, '6', '2023', '1', NULL, NULL, '1.00', '0.00', '1.00', '0.00', '1.00', '1.00', '1.00', '1.00'),
(1590, '23', '1', '99349.000', NULL, '6', '2023', '1', NULL, NULL, '1.00', '0.00', '1.00', '0.00', '1.00', '1.00', '1.00', '1.00'),
(1591, '22', '1', '43016.000', NULL, '6', '2023', '1', NULL, NULL, '1.00', '0.00', '1.00', '0.00', '1.00', '1.00', '1.00', '1.00'),
(1592, '21', '1', '268379.000', NULL, '6', '2023', '1', NULL, NULL, '1.00', '0.00', '1.00', '0.00', '1.00', '1.00', '1.00', '1.00'),
(1593, '20', '1', '900000.000', NULL, '6', '2023', '1', NULL, NULL, '1.00', '0.00', '1.00', '0.00', '1.00', '1.00', '1.00', '1.00'),
(1594, '19', '1', '32112.000', NULL, '6', '2023', '1', NULL, NULL, '1.00', '0.00', '1.00', '0.00', '1.00', '1.00', '1.00', '1.00'),
(1595, '18', '1', '47915.000', NULL, '6', '2023', '1', NULL, NULL, '1.00', '0.00', '1.00', '0.00', '1.00', '1.00', '1.00', '1.00'),
(1596, '17', '1', '58710.000', NULL, '6', '2023', '1', NULL, NULL, '1.00', '0.00', '1.00', '0.00', '1.00', '1.00', '1.00', '1.00'),
(1597, '16', '1', '38249.000', NULL, '6', '2023', '1', NULL, NULL, '1.00', '0.00', '1.00', '0.00', '1.00', '1.00', '1.00', '1.00'),
(1598, '15', '1', '156522.000', NULL, '6', '2023', '1', NULL, NULL, '1.00', '0.00', '1.00', '0.00', '1.00', '1.00', '1.00', '1.00'),
(1599, '14', '1', '93229.000', NULL, '6', '2023', '1', NULL, NULL, '1.00', '0.00', '1.00', '0.00', '1.00', '1.00', '1.00', '1.00'),
(1600, '13', '1', '689027.000', NULL, '6', '2023', '1', NULL, NULL, '1.00', '0.00', '1.00', '0.00', '1.00', '1.00', '1.00', '1.00'),
(1601, '12', '2', '34722.000', NULL, '6', '2023', '1', NULL, NULL, '1.00', '0.00', '1.00', '0.00', '1.00', '1.00', '1.00', '1.00'),
(1602, '12', '1', '65960.000', NULL, '6', '2023', '1', NULL, NULL, '1.00', '0.00', '1.00', '0.00', '1.00', '1.00', '1.00', '1.00'),
(1603, '11', '1', '33958.000', NULL, '6', '2023', '1', NULL, NULL, '1.00', '0.00', '1.00', '0.00', '1.00', '1.00', '1.00', '1.00'),
(1604, '10', '1', '49721.000', NULL, '6', '2023', '1', NULL, NULL, '1.00', '0.00', '1.00', '0.00', '1.00', '1.00', '1.00', '1.00'),
(1605, '9', '1', '38783.000', NULL, '6', '2023', '1', NULL, NULL, '1.00', '0.00', '1.00', '0.00', '1.00', '1.00', '1.00', '1.00'),
(1606, '8', '1', '846284.000', NULL, '6', '2023', '1', NULL, NULL, '1.00', '0.00', '1.00', '0.00', '1.00', '1.00', '1.00', '1.00'),
(1607, '7', '1', '2180190.000', NULL, '6', '2023', '1', NULL, NULL, '1.00', '0.00', '1.00', '0.00', '1.00', '1.00', '1.00', '1.00'),
(1608, '6', '1', '281610.000', NULL, '6', '2023', '1', NULL, NULL, '1.00', '0.00', '1.00', '0.00', '1.00', '1.00', '1.00', '1.00'),
(1609, '5', '1', '80700.000', NULL, '6', '2023', '1', NULL, NULL, '1.00', '0.00', '1.00', '0.00', '1.00', '1.00', '1.00', '1.00'),
(1610, '5', '10004', '90.000', NULL, '6', '2023', '1', '0.00', '0.00', '1.00', '0.00', '1.00', '1.00', '1.00', '1.00', '1.00', '1.00'),
(1611, '5', '10005', '1500.000', NULL, '6', '2023', '1', '150.00', '10.00', '1.00', '0.00', '1.00', '1.00', '1.00', '1.00', '1.00', '1.00'),
(1612, '4', '1', '503195.000', NULL, '6', '2023', '1', NULL, NULL, '1.00', '0.00', '1.00', '0.00', '1.00', '1.00', '1.00', '1.00'),
(1613, '3', '1', '181902.000', NULL, '6', '2023', '1', NULL, NULL, '1.00', '0.00', '1.00', '0.00', '1.00', '1.00', '1.00', '1.00'),
(1614, '2', '1', '33590.000', NULL, '6', '2023', '1', NULL, NULL, '1.00', '0.00', '1.00', '0.00', '1.00', '1.00', '1.00', '1.00'),
(1615, '2', '10005', '135000.000', NULL, '6', '2023', '1', '150.00', '900.00', '1.00', '0.00', '1.00', '1.00', '1.00', '1.00', '1.00', '1.00'),
(1616, '2', '10004', '90000.000', NULL, '6', '2023', '1', '0.00', '0.00', '1.00', '0.00', '1.00', '1.00', '1.00', '1.00', '1.00', '1.00'),
(1617, '1', '1', '83585.000', NULL, '6', '2023', '1', NULL, NULL, '1.00', '0.00', '1.00', '0.00', '1.00', '1.00', '1.00', '1.00'),
(1618, '1', '10005', '13500.000', NULL, '6', '2023', '1', '150.00', '90.00', '1.00', '0.00', '1.00', '1.00', '1.00', '1.00', '1.00', '1.00'),
(1619, '1', '10004', '70.000', NULL, '6', '2023', '1', '0.00', '0.00', '1.00', '0.00', '1.00', '1.00', '1.00', '1.00', '1.00', '1.00'),
(2012, '99', '1', '450000.000', NULL, '2', '2024', '1', NULL, NULL, '1.00', '1.00', '1.00', '1.00', '1.00', '1.00', '1.00', '1.00'),
(2013, '98', '1', '505596.000', NULL, '2', '2024', '1', NULL, NULL, '1.00', '0.00', '1.00', '0.00', '1.00', '1.00', '1.00', '1.00'),
(2014, '97', '1', '26594.000', NULL, '2', '2024', '1', NULL, NULL, '1.00', '0.00', '1.00', '0.00', '1.00', '1.00', '1.00', '1.00'),
(2015, '96', '1', '551492.000', NULL, '2', '2024', '1', NULL, NULL, '1.00', '0.00', '1.00', '0.00', '1.00', '1.00', '1.00', '1.00'),
(2016, '95', '1', '76497.000', NULL, '2', '2024', '1', NULL, NULL, '1.00', '0.00', '1.00', '0.00', '1.00', '1.00', '1.00', '1.00'),
(2017, '94', '1', '49721.000', NULL, '2', '2024', '1', NULL, NULL, '1.00', '0.00', '1.00', '0.00', '1.00', '1.00', '1.00', '1.00'),
(2018, '93', '1', '378468.000', NULL, '2', '2024', '1', NULL, NULL, '1.00', '0.00', '1.00', '0.00', '1.00', '1.00', '1.00', '1.00'),
(2019, '92', '1', '75441.000', NULL, '2', '2024', '1', NULL, NULL, '1.00', '0.00', '1.00', '0.00', '1.00', '1.00', '1.00', '1.00'),
(2020, '91', '1', '45656.000', NULL, '2', '2024', '1', NULL, NULL, '1.00', '0.00', '1.00', '0.00', '1.00', '1.00', '1.00', '1.00'),
(2021, '90', '1', '172612.000', NULL, '2', '2024', '1', NULL, NULL, '1.00', '0.00', '1.00', '0.00', '1.00', '1.00', '1.00', '1.00'),
(2022, '89', '1', '1516219.000', NULL, '2', '2024', '1', NULL, NULL, '1.00', '0.00', '1.00', '0.00', '1.00', '1.00', '1.00', '1.00'),
(2023, '88', '1', '730435.000', NULL, '2', '2024', '1', NULL, NULL, '1.00', '0.00', '1.00', '0.00', '1.00', '1.00', '1.00', '1.00'),
(2024, '87', '1', '849739.000', NULL, '2', '2024', '1', NULL, NULL, '1.00', '0.00', '1.00', '0.00', '1.00', '1.00', '1.00', '1.00'),
(2025, '86', '1', '393828.000', NULL, '2', '2024', '1', NULL, NULL, '1.00', '0.00', '1.00', '0.00', '1.00', '1.00', '1.00', '1.00'),
(2026, '85', '1', '835132.000', NULL, '2', '2024', '1', NULL, NULL, '1.00', '0.00', '1.00', '0.00', '1.00', '1.00', '1.00', '1.00'),
(2027, '84', '1', '419876.000', NULL, '2', '2024', '1', NULL, NULL, '1.00', '0.00', '1.00', '0.00', '1.00', '1.00', '1.00', '1.00'),
(2028, '83', '1', '44077.000', NULL, '2', '2024', '1', NULL, NULL, '1.00', '0.00', '1.00', '0.00', '1.00', '1.00', '1.00', '1.00'),
(2029, '82', '1', '58075.000', NULL, '2', '2024', '1', NULL, NULL, '1.00', '0.00', '1.00', '0.00', '1.00', '1.00', '1.00', '1.00'),
(2030, '81', '1', '40850.000', NULL, '2', '2024', '1', NULL, NULL, '1.00', '0.00', '1.00', '0.00', '1.00', '1.00', '1.00', '1.00'),
(2031, '80', '1', '500000.000', NULL, '2', '2024', '1', NULL, NULL, '1.00', '0.00', '1.00', '0.00', '1.00', '1.00', '1.00', '1.00'),
(2032, '79', '1', '38904.000', NULL, '2', '2024', '1', NULL, NULL, '1.00', '0.00', '1.00', '0.00', '1.00', '1.00', '1.00', '1.00'),
(2033, '78', '1', '54853.000', NULL, '2', '2024', '1', NULL, NULL, '1.00', '0.00', '1.00', '0.00', '1.00', '1.00', '1.00', '1.00'),
(2034, '77', '1', '45388.000', NULL, '2', '2024', '1', NULL, NULL, '1.00', '0.00', '1.00', '0.00', '1.00', '1.00', '1.00', '1.00'),
(2035, '76', '1', '32592.000', NULL, '2', '2024', '1', NULL, NULL, '1.00', '0.00', '1.00', '0.00', '1.00', '1.00', '1.00', '1.00'),
(2036, '75', '1', '2463333.000', NULL, '2', '2024', '1', NULL, NULL, '1.00', '0.00', '1.00', '0.00', '1.00', '1.00', '1.00', '1.00'),
(2037, '74', '1', '484331.000', NULL, '2', '2024', '1', NULL, NULL, '1.00', '0.00', '1.00', '0.00', '1.00', '1.00', '1.00', '1.00'),
(2038, '73', '1', '342745.000', NULL, '2', '2024', '1', NULL, NULL, '1.00', '0.00', '1.00', '0.00', '1.00', '1.00', '1.00', '1.00'),
(2039, '72', '1', '106071.000', NULL, '2', '2024', '1', NULL, NULL, '1.00', '0.00', '1.00', '0.00', '1.00', '1.00', '1.00', '1.00'),
(2040, '71', '1', '19565.000', NULL, '2', '2024', '1', NULL, NULL, '1.00', '0.00', '1.00', '0.00', '1.00', '1.00', '1.00', '1.00'),
(2041, '70', '1', '40850.000', NULL, '2', '2024', '1', NULL, NULL, '1.00', '0.00', '1.00', '0.00', '1.00', '1.00', '1.00', '1.00'),
(2042, '69', '1', '26087.000', NULL, '2', '2024', '1', NULL, NULL, '1.00', '0.00', '1.00', '0.00', '1.00', '1.00', '1.00', '1.00'),
(2043, '68', '1', '2595875.000', NULL, '2', '2024', '1', NULL, NULL, '1.00', '0.00', '1.00', '0.00', '1.00', '1.00', '1.00', '1.00'),
(2044, '66', '1', '39076.000', NULL, '2', '2024', '1', NULL, NULL, '1.00', '0.00', '1.00', '0.00', '1.00', '1.00', '1.00', '1.00'),
(2045, '65', '1', '53297.000', NULL, '2', '2024', '1', NULL, NULL, '1.00', '0.00', '1.00', '0.00', '1.00', '1.00', '1.00', '1.00'),
(2046, '64', '2', '76960.000', NULL, '2', '2024', '1', NULL, NULL, '1.00', '0.00', '1.00', '0.00', '1.00', '1.00', '1.00', '1.00'),
(2047, '64', '1', '53784.000', NULL, '2', '2024', '1', NULL, NULL, '1.00', '0.00', '1.00', '0.00', '1.00', '1.00', '1.00', '1.00'),
(2048, '63', '2', '34722.000', NULL, '2', '2024', '1', NULL, NULL, '1.00', '0.00', '1.00', '0.00', '1.00', '1.00', '1.00', '1.00'),
(2049, '63', '1', '65960.000', NULL, '2', '2024', '1', NULL, NULL, '1.00', '0.00', '1.00', '0.00', '1.00', '1.00', '1.00', '1.00'),
(2050, '62', '1', '41941.000', NULL, '2', '2024', '1', NULL, NULL, '1.00', '0.00', '1.00', '0.00', '1.00', '1.00', '1.00', '1.00'),
(2051, '61', '1', '33958.000', NULL, '2', '2024', '1', NULL, NULL, '1.00', '0.00', '1.00', '0.00', '1.00', '1.00', '1.00', '1.00'),
(2052, '60', '1', '378522.000', NULL, '2', '2024', '1', NULL, NULL, '1.00', '0.00', '1.00', '0.00', '1.00', '1.00', '1.00', '1.00'),
(2053, '59', '1', '577932.000', NULL, '2', '2024', '1', NULL, NULL, '1.00', '0.00', '1.00', '0.00', '1.00', '1.00', '1.00', '1.00'),
(2054, '58', '1', '3645625.000', NULL, '2', '2024', '1', NULL, NULL, '1.00', '0.00', '1.00', '0.00', '1.00', '1.00', '1.00', '1.00'),
(2055, '57', '1', '375192.000', NULL, '2', '2024', '1', NULL, NULL, '1.00', '0.00', '1.00', '0.00', '1.00', '1.00', '1.00', '1.00'),
(2056, '56', '1', '19565.000', NULL, '2', '2024', '1', NULL, NULL, '1.00', '0.00', '1.00', '0.00', '1.00', '1.00', '1.00', '1.00'),
(2057, '55', '1', '896066.000', NULL, '2', '2024', '1', NULL, NULL, '1.00', '0.00', '1.00', '0.00', '1.00', '1.00', '1.00', '1.00'),
(2058, '54', '1', '405022.000', NULL, '2', '2024', '1', NULL, NULL, '1.00', '0.00', '1.00', '0.00', '1.00', '1.00', '1.00', '1.00'),
(2059, '53', '1', '38249.000', NULL, '2', '2024', '1', NULL, NULL, '1.00', '0.00', '1.00', '0.00', '1.00', '1.00', '1.00', '1.00'),
(2060, '52', '1', '51733.000', NULL, '2', '2024', '1', NULL, NULL, '1.00', '0.00', '1.00', '0.00', '1.00', '1.00', '1.00', '1.00'),
(2061, '51', '2', '107759.000', NULL, '2', '2024', '1', NULL, NULL, '1.00', '0.00', '1.00', '0.00', '1.00', '1.00', '1.00', '1.00'),
(2062, '51', '1', '53785.000', NULL, '2', '2024', '1', NULL, NULL, '1.00', '0.00', '1.00', '0.00', '1.00', '1.00', '1.00', '1.00'),
(2063, '50', '1', '31054.000', NULL, '2', '2024', '1', NULL, NULL, '1.00', '0.00', '1.00', '0.00', '1.00', '1.00', '1.00', '1.00'),
(2064, '49', '1', '32609.000', NULL, '2', '2024', '1', NULL, NULL, '1.00', '0.00', '1.00', '0.00', '1.00', '1.00', '1.00', '1.00'),
(2065, '48', '1', '553350.000', NULL, '2', '2024', '1', NULL, NULL, '1.00', '0.00', '1.00', '0.00', '1.00', '1.00', '1.00', '1.00'),
(2066, '47', '1', '42270.000', NULL, '2', '2024', '1', NULL, NULL, '1.00', '0.00', '1.00', '0.00', '1.00', '1.00', '1.00', '1.00'),
(2067, '46', '1', '75856.000', NULL, '2', '2024', '1', NULL, NULL, '1.00', '0.00', '1.00', '0.00', '1.00', '1.00', '1.00', '1.00'),
(2068, '45', '1', '23865.000', NULL, '2', '2024', '1', NULL, NULL, '1.00', '0.00', '1.00', '0.00', '1.00', '1.00', '1.00', '1.00'),
(2069, '44', '1', '378468.000', NULL, '2', '2024', '1', NULL, NULL, '1.00', '0.00', '1.00', '0.00', '1.00', '1.00', '1.00', '1.00'),
(2070, '43', '1', '500000.000', NULL, '2', '2024', '1', NULL, NULL, '1.00', '0.00', '1.00', '0.00', '1.00', '1.00', '1.00', '1.00'),
(2071, '42', '1', '38249.000', NULL, '2', '2024', '1', NULL, NULL, '1.00', '0.00', '1.00', '0.00', '1.00', '1.00', '1.00', '1.00'),
(2072, '40', '1', '378522.000', NULL, '2', '2024', '1', NULL, NULL, '1.00', '0.00', '1.00', '0.00', '1.00', '1.00', '1.00', '1.00'),
(2073, '39', '1', '46797.000', NULL, '2', '2024', '1', NULL, NULL, '1.00', '0.00', '1.00', '0.00', '1.00', '1.00', '1.00', '1.00'),
(2074, '38', '1', '63072.000', NULL, '2', '2024', '1', NULL, NULL, '1.00', '0.00', '1.00', '0.00', '1.00', '1.00', '1.00', '1.00'),
(2075, '37', '1', '36000.000', NULL, '2', '2024', '1', NULL, NULL, '1.00', '0.00', '1.00', '0.00', '1.00', '1.00', '1.00', '1.00'),
(2076, '36', '1', '407301.000', NULL, '2', '2024', '1', NULL, NULL, '1.00', '0.00', '1.00', '0.00', '1.00', '1.00', '1.00', '1.00'),
(2077, '35', '1', '48367.000', NULL, '2', '2024', '1', NULL, NULL, '1.00', '0.00', '1.00', '0.00', '1.00', '1.00', '1.00', '1.00'),
(2078, '34', '1', '51756.000', NULL, '2', '2024', '1', NULL, NULL, '1.00', '0.00', '1.00', '0.00', '1.00', '1.00', '1.00', '1.00'),
(2079, '33', '1', '38249.000', NULL, '2', '2024', '1', NULL, NULL, '1.00', '0.00', '1.00', '0.00', '1.00', '1.00', '1.00', '1.00'),
(2080, '32', '1', '39405.000', NULL, '2', '2024', '1', NULL, NULL, '1.00', '0.00', '1.00', '0.00', '1.00', '1.00', '1.00', '1.00'),
(2081, '31', '1', '156522.000', NULL, '2', '2024', '1', NULL, NULL, '1.00', '0.00', '1.00', '0.00', '1.00', '1.00', '1.00', '1.00'),
(2082, '30', '1', '33441.000', NULL, '2', '2024', '1', NULL, NULL, '1.00', '0.00', '1.00', '0.00', '1.00', '1.00', '1.00', '1.00'),
(2083, '29', '1', '142539.000', NULL, '2', '2024', '1', NULL, NULL, '1.00', '0.00', '1.00', '0.00', '1.00', '1.00', '1.00', '1.00'),
(2084, '28', '1', '38249.000', NULL, '2', '2024', '1', NULL, NULL, '1.00', '0.00', '1.00', '0.00', '1.00', '1.00', '1.00', '1.00'),
(2085, '27', '1', '36000.000', NULL, '2', '2024', '1', NULL, NULL, '1.00', '0.00', '1.00', '0.00', '1.00', '1.00', '1.00', '1.00'),
(2086, '26', '1', '625293.000', NULL, '2', '2024', '1', NULL, NULL, '1.00', '0.00', '1.00', '0.00', '1.00', '1.00', '1.00', '1.00'),
(2087, '25', '1', '26087.000', NULL, '2', '2024', '1', NULL, NULL, '1.00', '0.00', '1.00', '0.00', '1.00', '1.00', '1.00', '1.00'),
(2088, '24', '1', '131015.000', NULL, '2', '2024', '1', NULL, NULL, '1.00', '0.00', '1.00', '0.00', '1.00', '1.00', '1.00', '1.00'),
(2089, '23', '1', '99349.000', NULL, '2', '2024', '1', NULL, NULL, '1.00', '0.00', '1.00', '0.00', '1.00', '1.00', '1.00', '1.00'),
(2090, '22', '1', '43016.000', NULL, '2', '2024', '1', NULL, NULL, '1.00', '0.00', '1.00', '0.00', '1.00', '1.00', '1.00', '1.00'),
(2091, '21', '1', '268379.000', NULL, '2', '2024', '1', NULL, NULL, '1.00', '0.00', '1.00', '0.00', '1.00', '1.00', '1.00', '1.00'),
(2092, '20', '1', '900000.000', NULL, '2', '2024', '1', NULL, NULL, '1.00', '0.00', '1.00', '0.00', '1.00', '1.00', '1.00', '1.00'),
(2093, '19', '1', '32112.000', NULL, '2', '2024', '1', NULL, NULL, '1.00', '0.00', '1.00', '0.00', '1.00', '1.00', '1.00', '1.00'),
(2094, '18', '1', '47915.000', NULL, '2', '2024', '1', NULL, NULL, '1.00', '0.00', '1.00', '0.00', '1.00', '1.00', '1.00', '1.00'),
(2095, '17', '1', '58710.000', NULL, '2', '2024', '1', NULL, NULL, '1.00', '0.00', '1.00', '0.00', '1.00', '1.00', '1.00', '1.00'),
(2096, '16', '1', '38249.000', NULL, '2', '2024', '1', NULL, NULL, '1.00', '0.00', '1.00', '0.00', '1.00', '1.00', '1.00', '1.00'),
(2097, '15', '1', '156522.000', NULL, '2', '2024', '1', NULL, NULL, '1.00', '0.00', '1.00', '0.00', '1.00', '1.00', '1.00', '1.00'),
(2098, '14', '1', '93229.000', NULL, '2', '2024', '1', NULL, NULL, '1.00', '0.00', '1.00', '0.00', '1.00', '1.00', '1.00', '1.00'),
(2099, '13', '1', '689027.000', NULL, '2', '2024', '1', NULL, NULL, '1.00', '0.00', '1.00', '0.00', '1.00', '1.00', '1.00', '1.00'),
(2100, '12', '2', '34722.000', NULL, '2', '2024', '1', NULL, NULL, '1.00', '0.00', '1.00', '0.00', '1.00', '1.00', '1.00', '1.00'),
(2101, '12', '1', '65960.000', NULL, '2', '2024', '1', NULL, NULL, '1.00', '0.00', '1.00', '0.00', '1.00', '1.00', '1.00', '1.00'),
(2102, '11', '1', '33958.000', NULL, '2', '2024', '1', NULL, NULL, '1.00', '0.00', '1.00', '0.00', '1.00', '1.00', '1.00', '1.00'),
(2103, '10', '1', '49721.000', NULL, '2', '2024', '1', NULL, NULL, '1.00', '0.00', '1.00', '0.00', '1.00', '1.00', '1.00', '1.00'),
(2104, '9', '1', '38783.000', NULL, '2', '2024', '1', NULL, NULL, '1.00', '0.00', '1.00', '0.00', '1.00', '1.00', '1.00', '1.00'),
(2105, '8', '1', '846284.000', NULL, '2', '2024', '1', NULL, NULL, '1.00', '0.00', '1.00', '0.00', '1.00', '1.00', '1.00', '1.00'),
(2106, '7', '1', '2180190.000', NULL, '2', '2024', '1', NULL, NULL, '1.00', '0.00', '1.00', '0.00', '1.00', '1.00', '1.00', '1.00'),
(2107, '6', '1', '281610.000', NULL, '2', '2024', '1', NULL, NULL, '1.00', '0.00', '1.00', '0.00', '1.00', '1.00', '1.00', '1.00'),
(2108, '5', '1', '80700.000', NULL, '2', '2024', '1', NULL, NULL, '1.00', '0.00', '1.00', '0.00', '1.00', '1.00', '1.00', '1.00'),
(2109, '4', '1', '503195.000', NULL, '2', '2024', '1', NULL, NULL, '1.00', '0.00', '1.00', '0.00', '1.00', '1.00', '1.00', '1.00'),
(2110, '3', '1', '181902.000', NULL, '2', '2024', '1', NULL, NULL, '1.00', '0.00', '1.00', '0.00', '1.00', '1.00', '1.00', '1.00'),
(2111, '2', '1', '33590.000', NULL, '2', '2024', '1', NULL, NULL, '1.00', '0.00', '1.00', '0.00', '1.00', '1.00', '1.00', '1.00'),
(2112, '1', '1', '83585.000', NULL, '2', '2024', '1', NULL, NULL, '1.00', '0.00', '1.00', '0.00', '1.00', '1.00', '1.00', '1.00'),
(2517, '99', '1', '450000.000', NULL, '4', '2024', '1', NULL, NULL, '1.00', '1.00', '1.00', '1.00', '1.00', '1.00', '1.00', '1.00'),
(2518, '98', '1', '505596.000', NULL, '4', '2024', '1', NULL, NULL, '1.00', '0.00', '1.00', '0.00', '1.00', '1.00', '1.00', '1.00'),
(2519, '97', '1', '26594.000', NULL, '4', '2024', '1', NULL, NULL, '1.00', '0.00', '1.00', '0.00', '1.00', '1.00', '1.00', '1.00'),
(2520, '96', '1', '551492.000', NULL, '4', '2024', '1', NULL, NULL, '1.00', '0.00', '1.00', '0.00', '1.00', '1.00', '1.00', '1.00'),
(2521, '95', '1', '76497.000', NULL, '4', '2024', '1', NULL, NULL, '1.00', '0.00', '1.00', '0.00', '1.00', '1.00', '1.00', '1.00'),
(2522, '94', '1', '49721.000', NULL, '4', '2024', '1', NULL, NULL, '1.00', '0.00', '1.00', '0.00', '1.00', '1.00', '1.00', '1.00'),
(2523, '93', '1', '378468.000', NULL, '4', '2024', '1', NULL, NULL, '1.00', '0.00', '1.00', '0.00', '1.00', '1.00', '1.00', '1.00'),
(2524, '92', '1', '75441.000', NULL, '4', '2024', '1', NULL, NULL, '1.00', '0.00', '1.00', '0.00', '1.00', '1.00', '1.00', '1.00'),
(2525, '91', '1', '45656.000', NULL, '4', '2024', '1', NULL, NULL, '1.00', '0.00', '1.00', '0.00', '1.00', '1.00', '1.00', '1.00'),
(2526, '90', '1', '172612.000', NULL, '4', '2024', '1', NULL, NULL, '1.00', '0.00', '1.00', '0.00', '1.00', '1.00', '1.00', '1.00'),
(2527, '89', '1', '1516219.000', NULL, '4', '2024', '1', NULL, NULL, '1.00', '0.00', '1.00', '0.00', '1.00', '1.00', '1.00', '1.00'),
(2528, '88', '1', '730435.000', NULL, '4', '2024', '1', NULL, NULL, '1.00', '0.00', '1.00', '0.00', '1.00', '1.00', '1.00', '1.00'),
(2529, '87', '1', '849739.000', NULL, '4', '2024', '1', NULL, NULL, '1.00', '0.00', '1.00', '0.00', '1.00', '1.00', '1.00', '1.00'),
(2530, '86', '1', '393828.000', NULL, '4', '2024', '1', NULL, NULL, '1.00', '0.00', '1.00', '0.00', '1.00', '1.00', '1.00', '1.00'),
(2531, '85', '1', '835132.000', NULL, '4', '2024', '1', NULL, NULL, '1.00', '0.00', '1.00', '0.00', '1.00', '1.00', '1.00', '1.00'),
(2532, '84', '1', '419876.000', NULL, '4', '2024', '1', NULL, NULL, '1.00', '0.00', '1.00', '0.00', '1.00', '1.00', '1.00', '1.00'),
(2533, '83', '1', '44077.000', NULL, '4', '2024', '1', NULL, NULL, '1.00', '0.00', '1.00', '0.00', '1.00', '1.00', '1.00', '1.00'),
(2534, '82', '1', '58075.000', NULL, '4', '2024', '1', NULL, NULL, '1.00', '0.00', '1.00', '0.00', '1.00', '1.00', '1.00', '1.00'),
(2535, '81', '1', '40850.000', NULL, '4', '2024', '1', NULL, NULL, '1.00', '0.00', '1.00', '0.00', '1.00', '1.00', '1.00', '1.00'),
(2536, '80', '1', '500000.000', NULL, '4', '2024', '1', NULL, NULL, '1.00', '0.00', '1.00', '0.00', '1.00', '1.00', '1.00', '1.00'),
(2537, '79', '1', '38904.000', NULL, '4', '2024', '1', NULL, NULL, '1.00', '0.00', '1.00', '0.00', '1.00', '1.00', '1.00', '1.00'),
(2538, '78', '1', '54853.000', NULL, '4', '2024', '1', NULL, NULL, '1.00', '0.00', '1.00', '0.00', '1.00', '1.00', '1.00', '1.00'),
(2539, '77', '1', '45388.000', NULL, '4', '2024', '1', NULL, NULL, '1.00', '0.00', '1.00', '0.00', '1.00', '1.00', '1.00', '1.00'),
(2540, '76', '1', '32592.000', NULL, '4', '2024', '1', NULL, NULL, '1.00', '0.00', '1.00', '0.00', '1.00', '1.00', '1.00', '1.00'),
(2541, '75', '1', '2463333.000', NULL, '4', '2024', '1', NULL, NULL, '1.00', '0.00', '1.00', '0.00', '1.00', '1.00', '1.00', '1.00'),
(2542, '74', '1', '484331.000', NULL, '4', '2024', '1', NULL, NULL, '1.00', '0.00', '1.00', '0.00', '1.00', '1.00', '1.00', '1.00'),
(2543, '73', '1', '342745.000', NULL, '4', '2024', '1', NULL, NULL, '1.00', '0.00', '1.00', '0.00', '1.00', '1.00', '1.00', '1.00'),
(2544, '72', '1', '106071.000', NULL, '4', '2024', '1', NULL, NULL, '1.00', '0.00', '1.00', '0.00', '1.00', '1.00', '1.00', '1.00'),
(2545, '71', '1', '19565.000', NULL, '4', '2024', '1', NULL, NULL, '1.00', '0.00', '1.00', '0.00', '1.00', '1.00', '1.00', '1.00'),
(2546, '70', '1', '40850.000', NULL, '4', '2024', '1', NULL, NULL, '1.00', '0.00', '1.00', '0.00', '1.00', '1.00', '1.00', '1.00'),
(2547, '69', '1', '26087.000', NULL, '4', '2024', '1', NULL, NULL, '1.00', '0.00', '1.00', '0.00', '1.00', '1.00', '1.00', '1.00'),
(2548, '68', '1', '2595875.000', NULL, '4', '2024', '1', NULL, NULL, '1.00', '0.00', '1.00', '0.00', '1.00', '1.00', '1.00', '1.00'),
(2549, '66', '1', '39076.000', NULL, '4', '2024', '1', NULL, NULL, '1.00', '0.00', '1.00', '0.00', '1.00', '1.00', '1.00', '1.00'),
(2550, '65', '1', '53297.000', NULL, '4', '2024', '1', NULL, NULL, '1.00', '0.00', '1.00', '0.00', '1.00', '1.00', '1.00', '1.00'),
(2551, '64', '2', '76960.000', NULL, '4', '2024', '1', NULL, NULL, '1.00', '0.00', '1.00', '0.00', '1.00', '1.00', '1.00', '1.00'),
(2552, '64', '1', '53784.000', NULL, '4', '2024', '1', NULL, NULL, '1.00', '0.00', '1.00', '0.00', '1.00', '1.00', '1.00', '1.00'),
(2553, '63', '2', '34722.000', NULL, '4', '2024', '1', NULL, NULL, '1.00', '0.00', '1.00', '0.00', '1.00', '1.00', '1.00', '1.00'),
(2554, '63', '1', '65960.000', NULL, '4', '2024', '1', NULL, NULL, '1.00', '0.00', '1.00', '0.00', '1.00', '1.00', '1.00', '1.00'),
(2555, '62', '1', '41941.000', NULL, '4', '2024', '1', NULL, NULL, '1.00', '0.00', '1.00', '0.00', '1.00', '1.00', '1.00', '1.00'),
(2556, '61', '1', '33958.000', NULL, '4', '2024', '1', NULL, NULL, '1.00', '0.00', '1.00', '0.00', '1.00', '1.00', '1.00', '1.00'),
(2557, '60', '1', '378522.000', NULL, '4', '2024', '1', NULL, NULL, '1.00', '0.00', '1.00', '0.00', '1.00', '1.00', '1.00', '1.00'),
(2558, '59', '1', '577932.000', NULL, '4', '2024', '1', NULL, NULL, '1.00', '0.00', '1.00', '0.00', '1.00', '1.00', '1.00', '1.00'),
(2559, '58', '1', '3645625.000', NULL, '4', '2024', '1', NULL, NULL, '1.00', '0.00', '1.00', '0.00', '1.00', '1.00', '1.00', '1.00'),
(2560, '57', '1', '375192.000', NULL, '4', '2024', '1', NULL, NULL, '1.00', '0.00', '1.00', '0.00', '1.00', '1.00', '1.00', '1.00'),
(2561, '56', '1', '19565.000', NULL, '4', '2024', '1', NULL, NULL, '1.00', '0.00', '1.00', '0.00', '1.00', '1.00', '1.00', '1.00'),
(2562, '55', '1', '896066.000', NULL, '4', '2024', '1', NULL, NULL, '1.00', '0.00', '1.00', '0.00', '1.00', '1.00', '1.00', '1.00'),
(2563, '54', '1', '405022.000', NULL, '4', '2024', '1', NULL, NULL, '1.00', '0.00', '1.00', '0.00', '1.00', '1.00', '1.00', '1.00'),
(2564, '53', '1', '38249.000', NULL, '4', '2024', '1', NULL, NULL, '1.00', '0.00', '1.00', '0.00', '1.00', '1.00', '1.00', '1.00'),
(2565, '52', '1', '51733.000', NULL, '4', '2024', '1', NULL, NULL, '1.00', '0.00', '1.00', '0.00', '1.00', '1.00', '1.00', '1.00'),
(2566, '51', '2', '107759.000', NULL, '4', '2024', '1', NULL, NULL, '1.00', '0.00', '1.00', '0.00', '1.00', '1.00', '1.00', '1.00'),
(2567, '51', '1', '53785.000', NULL, '4', '2024', '1', NULL, NULL, '1.00', '0.00', '1.00', '0.00', '1.00', '1.00', '1.00', '1.00'),
(2568, '50', '1', '31054.000', NULL, '4', '2024', '1', NULL, NULL, '1.00', '0.00', '1.00', '0.00', '1.00', '1.00', '1.00', '1.00'),
(2569, '49', '1', '32609.000', NULL, '4', '2024', '1', NULL, NULL, '1.00', '0.00', '1.00', '0.00', '1.00', '1.00', '1.00', '1.00'),
(2570, '48', '1', '553350.000', NULL, '4', '2024', '1', NULL, NULL, '1.00', '0.00', '1.00', '0.00', '1.00', '1.00', '1.00', '1.00'),
(2571, '47', '1', '42270.000', NULL, '4', '2024', '1', NULL, NULL, '1.00', '0.00', '1.00', '0.00', '1.00', '1.00', '1.00', '1.00'),
(2572, '46', '1', '75856.000', NULL, '4', '2024', '1', NULL, NULL, '1.00', '0.00', '1.00', '0.00', '1.00', '1.00', '1.00', '1.00'),
(2573, '45', '1', '23865.000', NULL, '4', '2024', '1', NULL, NULL, '1.00', '0.00', '1.00', '0.00', '1.00', '1.00', '1.00', '1.00'),
(2574, '44', '1', '378468.000', NULL, '4', '2024', '1', NULL, NULL, '1.00', '0.00', '1.00', '0.00', '1.00', '1.00', '1.00', '1.00'),
(2575, '43', '1', '500000.000', NULL, '4', '2024', '1', NULL, NULL, '1.00', '0.00', '1.00', '0.00', '1.00', '1.00', '1.00', '1.00'),
(2576, '42', '1', '38249.000', NULL, '4', '2024', '1', NULL, NULL, '1.00', '0.00', '1.00', '0.00', '1.00', '1.00', '1.00', '1.00'),
(2577, '40', '1', '378522.000', NULL, '4', '2024', '1', NULL, NULL, '1.00', '0.00', '1.00', '0.00', '1.00', '1.00', '1.00', '1.00'),
(2578, '39', '1', '46797.000', NULL, '4', '2024', '1', NULL, NULL, '1.00', '0.00', '1.00', '0.00', '1.00', '1.00', '1.00', '1.00'),
(2579, '38', '1', '63072.000', NULL, '4', '2024', '1', NULL, NULL, '1.00', '0.00', '1.00', '0.00', '1.00', '1.00', '1.00', '1.00'),
(2580, '37', '1', '36000.000', NULL, '4', '2024', '1', NULL, NULL, '1.00', '0.00', '1.00', '0.00', '1.00', '1.00', '1.00', '1.00'),
(2581, '36', '1', '407301.000', NULL, '4', '2024', '1', NULL, NULL, '1.00', '0.00', '1.00', '0.00', '1.00', '1.00', '1.00', '1.00'),
(2582, '35', '1', '48367.000', NULL, '4', '2024', '1', NULL, NULL, '1.00', '0.00', '1.00', '0.00', '1.00', '1.00', '1.00', '1.00'),
(2583, '34', '1', '51756.000', NULL, '4', '2024', '1', NULL, NULL, '1.00', '0.00', '1.00', '0.00', '1.00', '1.00', '1.00', '1.00'),
(2584, '33', '1', '38249.000', NULL, '4', '2024', '1', NULL, NULL, '1.00', '0.00', '1.00', '0.00', '1.00', '1.00', '1.00', '1.00'),
(2585, '32', '1', '39405.000', NULL, '4', '2024', '1', NULL, NULL, '1.00', '0.00', '1.00', '0.00', '1.00', '1.00', '1.00', '1.00'),
(2586, '31', '1', '156522.000', NULL, '4', '2024', '1', NULL, NULL, '1.00', '0.00', '1.00', '0.00', '1.00', '1.00', '1.00', '1.00'),
(2587, '30', '1', '33441.000', NULL, '4', '2024', '1', NULL, NULL, '1.00', '0.00', '1.00', '0.00', '1.00', '1.00', '1.00', '1.00'),
(2588, '29', '1', '142539.000', NULL, '4', '2024', '1', NULL, NULL, '1.00', '0.00', '1.00', '0.00', '1.00', '1.00', '1.00', '1.00'),
(2589, '28', '1', '38249.000', NULL, '4', '2024', '1', NULL, NULL, '1.00', '0.00', '1.00', '0.00', '1.00', '1.00', '1.00', '1.00');
INSERT INTO `empmonthpayments` (`EmpMonthPaymentId`, `EmpId`, `PaymentId`, `Amount`, `Remarks`, `PayrollMonth`, `PayrollYear`, `Companyid`, `Rate`, `Qty`, `PayTaxable`, `IsBenefits`, `EffectOnWCF`, `EffectOnSDL`, `IsInPayslip`, `IsInReport`, `PayPayeOnly`, `PayPensionOnly`) VALUES
(2590, '27', '1', '36000.000', NULL, '4', '2024', '1', NULL, NULL, '1.00', '0.00', '1.00', '0.00', '1.00', '1.00', '1.00', '1.00'),
(2591, '26', '1', '625293.000', NULL, '4', '2024', '1', NULL, NULL, '1.00', '0.00', '1.00', '0.00', '1.00', '1.00', '1.00', '1.00'),
(2592, '25', '1', '26087.000', NULL, '4', '2024', '1', NULL, NULL, '1.00', '0.00', '1.00', '0.00', '1.00', '1.00', '1.00', '1.00'),
(2593, '24', '1', '131015.000', NULL, '4', '2024', '1', NULL, NULL, '1.00', '0.00', '1.00', '0.00', '1.00', '1.00', '1.00', '1.00'),
(2594, '23', '1', '99349.000', NULL, '4', '2024', '1', NULL, NULL, '1.00', '0.00', '1.00', '0.00', '1.00', '1.00', '1.00', '1.00'),
(2595, '22', '1', '43016.000', NULL, '4', '2024', '1', NULL, NULL, '1.00', '0.00', '1.00', '0.00', '1.00', '1.00', '1.00', '1.00'),
(2596, '21', '1', '268379.000', NULL, '4', '2024', '1', NULL, NULL, '1.00', '0.00', '1.00', '0.00', '1.00', '1.00', '1.00', '1.00'),
(2597, '20', '1', '900000.000', NULL, '4', '2024', '1', NULL, NULL, '1.00', '0.00', '1.00', '0.00', '1.00', '1.00', '1.00', '1.00'),
(2598, '19', '1', '32112.000', NULL, '4', '2024', '1', NULL, NULL, '1.00', '0.00', '1.00', '0.00', '1.00', '1.00', '1.00', '1.00'),
(2599, '18', '1', '47915.000', NULL, '4', '2024', '1', NULL, NULL, '1.00', '0.00', '1.00', '0.00', '1.00', '1.00', '1.00', '1.00'),
(2600, '17', '1', '58710.000', NULL, '4', '2024', '1', NULL, NULL, '1.00', '0.00', '1.00', '0.00', '1.00', '1.00', '1.00', '1.00'),
(2601, '16', '1', '38249.000', NULL, '4', '2024', '1', NULL, NULL, '1.00', '0.00', '1.00', '0.00', '1.00', '1.00', '1.00', '1.00'),
(2602, '15', '1', '156522.000', NULL, '4', '2024', '1', NULL, NULL, '1.00', '0.00', '1.00', '0.00', '1.00', '1.00', '1.00', '1.00'),
(2603, '14', '1', '93229.000', NULL, '4', '2024', '1', NULL, NULL, '1.00', '0.00', '1.00', '0.00', '1.00', '1.00', '1.00', '1.00'),
(2604, '13', '1', '689027.000', NULL, '4', '2024', '1', NULL, NULL, '1.00', '0.00', '1.00', '0.00', '1.00', '1.00', '1.00', '1.00'),
(2605, '12', '2', '34722.000', NULL, '4', '2024', '1', NULL, NULL, '1.00', '0.00', '1.00', '0.00', '1.00', '1.00', '1.00', '1.00'),
(2606, '12', '1', '65960.000', NULL, '4', '2024', '1', NULL, NULL, '1.00', '0.00', '1.00', '0.00', '1.00', '1.00', '1.00', '1.00'),
(2607, '11', '1', '33958.000', NULL, '4', '2024', '1', NULL, NULL, '1.00', '0.00', '1.00', '0.00', '1.00', '1.00', '1.00', '1.00'),
(2608, '10', '1', '49721.000', NULL, '4', '2024', '1', NULL, NULL, '1.00', '0.00', '1.00', '0.00', '1.00', '1.00', '1.00', '1.00'),
(2609, '9', '1', '38783.000', NULL, '4', '2024', '1', NULL, NULL, '1.00', '0.00', '1.00', '0.00', '1.00', '1.00', '1.00', '1.00'),
(2610, '8', '1', '846284.000', NULL, '4', '2024', '1', NULL, NULL, '1.00', '0.00', '1.00', '0.00', '1.00', '1.00', '1.00', '1.00'),
(2611, '7', '1', '2180190.000', NULL, '4', '2024', '1', NULL, NULL, '1.00', '0.00', '1.00', '0.00', '1.00', '1.00', '1.00', '1.00'),
(2612, '6', '1', '281610.000', NULL, '4', '2024', '1', NULL, NULL, '1.00', '0.00', '1.00', '0.00', '1.00', '1.00', '1.00', '1.00'),
(2613, '5', '1', '80700.000', NULL, '4', '2024', '1', NULL, NULL, '1.00', '0.00', '1.00', '0.00', '1.00', '1.00', '1.00', '1.00'),
(2614, '4', '1', '503195.000', NULL, '4', '2024', '1', NULL, NULL, '1.00', '0.00', '1.00', '0.00', '1.00', '1.00', '1.00', '1.00'),
(2615, '3', '1', '181902.000', NULL, '4', '2024', '1', NULL, NULL, '1.00', '0.00', '1.00', '0.00', '1.00', '1.00', '1.00', '1.00'),
(2616, '2', '1', '33590.000', NULL, '4', '2024', '1', NULL, NULL, '1.00', '0.00', '1.00', '0.00', '1.00', '1.00', '1.00', '1.00'),
(2617, '1', '1', '83585.000', NULL, '4', '2024', '1', NULL, NULL, '1.00', '0.00', '1.00', '0.00', '1.00', '1.00', '1.00', '1.00');

-- --------------------------------------------------------

--
-- Table structure for table `empmonthsalary`
--

CREATE TABLE `empmonthsalary` (
  `ProcessId` int(11) NOT NULL,
  `EmpId` decimal(18,0) DEFAULT NULL,
  `PensionId` decimal(18,0) DEFAULT NULL,
  `BranchId` decimal(18,0) DEFAULT NULL,
  `DepartmentId` decimal(18,0) DEFAULT NULL,
  `DesignationId` decimal(18,0) DEFAULT NULL,
  `PayrollMonth` decimal(18,0) DEFAULT NULL,
  `PayrollYear` decimal(18,0) DEFAULT NULL,
  `BasicSalary` decimal(15,3) DEFAULT NULL,
  `TotalPayments` decimal(15,3) DEFAULT NULL,
  `TaxPayment` decimal(15,3) DEFAULT NULL,
  `NonTaxPayment` decimal(15,3) DEFAULT NULL,
  `OnlyPensionPay` decimal(15,3) DEFAULT NULL,
  `OnlyPayePay` decimal(15,3) DEFAULT NULL,
  `TotalOT` decimal(15,3) DEFAULT NULL,
  `OTWeekdays` decimal(15,3) DEFAULT NULL,
  `OTSat` decimal(15,3) DEFAULT NULL,
  `OTSun` decimal(15,3) DEFAULT NULL,
  `OTSunHol` decimal(15,3) DEFAULT NULL,
  `LeaveSold` decimal(15,3) DEFAULT NULL,
  `TotalDeductions` decimal(15,3) DEFAULT NULL,
  `PensionAmt` decimal(15,3) DEFAULT NULL,
  `PensionNo` decimal(18,0) DEFAULT NULL,
  `SalaryAdvance` decimal(15,3) DEFAULT NULL,
  `Absent` decimal(15,3) DEFAULT NULL,
  `Late` decimal(15,3) DEFAULT NULL,
  `AbsentDays` decimal(18,0) DEFAULT NULL,
  `LateHrs` decimal(15,3) DEFAULT NULL,
  `TotalLoanAmt` decimal(15,3) DEFAULT NULL,
  `GrossSalary` decimal(15,3) DEFAULT NULL,
  `TotalIncome` decimal(15,3) DEFAULT NULL,
  `PayeAmt` decimal(15,3) DEFAULT NULL,
  `Netpay` decimal(15,3) DEFAULT NULL,
  `CompanyId` decimal(18,0) DEFAULT NULL,
  `SDLper` decimal(15,3) DEFAULT NULL,
  `SDLAmt` decimal(15,3) DEFAULT NULL,
  `Deductions` decimal(15,3) DEFAULT NULL,
  `EmployerContribution` decimal(15,3) DEFAULT NULL,
  `wcfrate` decimal(15,3) DEFAULT NULL,
  `wcfcontribution` decimal(15,3) DEFAULT NULL,
  `NonTaxPayNotSeen` decimal(15,3) DEFAULT NULL,
  `HouseAllowance` decimal(15,3) DEFAULT NULL,
  `NHIFEmployerPer` decimal(15,3) DEFAULT NULL,
  `NHIFEmployeePer` decimal(15,3) DEFAULT NULL,
  `NHIFEmployerAmt` decimal(15,3) DEFAULT NULL,
  `NHIFEmployeeAmt` decimal(15,3) DEFAULT NULL,
  `NHIFBasicSalary` decimal(16,2) DEFAULT NULL,
  `PaymentsEffectOnSDL` int(11) DEFAULT NULL,
  `PaymentsEffectOnWCF` decimal(15,3) DEFAULT NULL,
  `PaymentsDontEffectOnWCF` decimal(15,3) DEFAULT NULL,
  `WCFGrossSalary` decimal(15,3) DEFAULT NULL,
  `PaymentIsBenefit` decimal(16,2) DEFAULT NULL,
  `BranchCode` varchar(50) DEFAULT NULL,
  `BankId` decimal(18,0) DEFAULT NULL,
  `BankCode` varchar(50) DEFAULT NULL,
  `MainDivision` decimal(18,0) DEFAULT NULL,
  `SubDivision` decimal(18,0) DEFAULT NULL,
  `BankAccNo` varchar(100) DEFAULT NULL,
  `OTWeekdaysAmt` decimal(10,0) NOT NULL,
  `OTSatAmt` decimal(10,0) NOT NULL,
  `OTSunAmt` decimal(10,0) NOT NULL,
  `OTSunHolAmt` decimal(10,0) NOT NULL
) ENGINE=InnoDB DEFAULT CHARSET=utf8mb4;

--
-- Dumping data for table `empmonthsalary`
--

INSERT INTO `empmonthsalary` (`ProcessId`, `EmpId`, `PensionId`, `BranchId`, `DepartmentId`, `DesignationId`, `PayrollMonth`, `PayrollYear`, `BasicSalary`, `TotalPayments`, `TaxPayment`, `NonTaxPayment`, `OnlyPensionPay`, `OnlyPayePay`, `TotalOT`, `OTWeekdays`, `OTSat`, `OTSun`, `OTSunHol`, `LeaveSold`, `TotalDeductions`, `PensionAmt`, `PensionNo`, `SalaryAdvance`, `Absent`, `Late`, `AbsentDays`, `LateHrs`, `TotalLoanAmt`, `GrossSalary`, `TotalIncome`, `PayeAmt`, `Netpay`, `CompanyId`, `SDLper`, `SDLAmt`, `Deductions`, `EmployerContribution`, `wcfrate`, `wcfcontribution`, `NonTaxPayNotSeen`, `HouseAllowance`, `NHIFEmployerPer`, `NHIFEmployeePer`, `NHIFEmployerAmt`, `NHIFEmployeeAmt`, `NHIFBasicSalary`, `PaymentsEffectOnSDL`, `PaymentsEffectOnWCF`, `PaymentsDontEffectOnWCF`, `WCFGrossSalary`, `PaymentIsBenefit`, `BranchCode`, `BankId`, `BankCode`, `MainDivision`, `SubDivision`, `BankAccNo`, `OTWeekdaysAmt`, `OTSatAmt`, `OTSunAmt`, `OTSunHolAmt`) VALUES
(1185, '98', '1', '1', '1', '41', '5', '2023', '3370638.000', '505596.000', '505596.000', '0.000', '0.000', '0.000', NULL, NULL, NULL, NULL, NULL, NULL, '1262206.580', '387623.400', '34745165', NULL, '0.000', NULL, '0', NULL, NULL, '3876234.000', '3488610.600', '874583.180', '2614027.420', '1', '4.000', '134825.520', '0.000', '387623.400', '0.500', '19381.170', '0.000', '505596.000', NULL, NULL, NULL, NULL, NULL, 0, '505596.000', '0.000', '3876234.000', '0.00', '001', '1', NULL, '1', '0', '7016549001', '0', '0', '0', '0'),
(1186, '97', '1', '1', '21', '22', '5', '2023', '177293.000', '26594.000', '26594.000', '0.000', '0.000', '0.000', NULL, NULL, NULL, NULL, NULL, NULL, '177952.292', '27952.292', '56938624', '100000.000', '0.000', NULL, '0', NULL, '50000.000', '279522.921', '251570.629', '0.000', '101570.629', '1', '4.000', '10117.157', '0.000', '27952.292', '0.500', '1397.615', '0.000', '26594.000', NULL, NULL, NULL, NULL, NULL, 0, '26594.000', '0.000', '279522.921', '0.00', '001', '1', NULL, '1', '0', '7064684001', '0', '0', '0', '0'),
(1187, '96', '1', '1', '13', '42', '5', '2023', '3676613.000', '551492.000', '551492.000', '0.000', '0.000', '0.000', NULL, NULL, NULL, NULL, NULL, NULL, '1392398.850', '422810.500', '35405902', NULL, '0.000', NULL, '0', NULL, NULL, '4228105.000', '3805294.500', '969588.350', '2835706.150', '1', '4.000', '147064.520', '0.000', '422810.500', '0.500', '21140.525', '0.000', '551492.000', NULL, NULL, NULL, NULL, NULL, 0, '551492.000', '0.000', '4228105.000', '0.00', '001', '1', NULL, '1', '0', '7132560001', '0', '0', '0', '0'),
(1188, '95', NULL, '11', '26', '32', '5', '2023', '509979.000', '76497.000', '76497.000', '0.000', '0.000', '0.000', NULL, NULL, NULL, NULL, NULL, NULL, '173295.200', NULL, NULL, NULL, '0.000', NULL, '0', NULL, '140000.000', '586476.000', '586476.000', '33295.200', '413180.800', '1', '4.000', '20399.160', '0.000', NULL, '0.500', '2932.380', '0.000', '76497.000', NULL, NULL, NULL, NULL, NULL, 0, '76497.000', '0.000', '586476.000', '0.00', '024', '1', NULL, '1', '0', '7129925001', '0', '0', '0', '0'),
(1189, '94', '1', '1', '4', '45', '5', '2023', '331476.000', '49721.000', '49721.000', '0.000', '0.000', '0.000', NULL, NULL, NULL, NULL, NULL, NULL, '164344.689', '49967.842', '34737219', '100000.000', '0.000', NULL, '0', NULL, NULL, '499678.422', '449710.579', '14376.846', '335333.733', '1', '4.000', '17998.297', '0.000', '49967.842', '0.500', '2498.392', '0.000', '49721.000', NULL, NULL, NULL, NULL, NULL, 0, '49721.000', '0.000', '499678.422', '0.00', '001', '1', NULL, '2', '0', '7070546001', '0', '0', '0', '0'),
(1190, '93', '1', '1', '13', '46', '5', '2023', '2523120.000', '378468.000', '378468.000', '0.000', '0.000', '0.000', NULL, NULL, NULL, NULL, NULL, NULL, '901587.560', '290158.800', '46987122', NULL, '0.000', NULL, '0', NULL, NULL, '2901588.000', '2611429.200', '611428.760', '2000000.440', '1', '4.000', '100924.800', '0.000', '290158.800', '0.500', '14507.940', '0.000', '378468.000', NULL, NULL, NULL, NULL, NULL, 0, '378468.000', '0.000', '2901588.000', '0.00', '001', '1', NULL, '1', '0', '5401622006', '0', '0', '0', '0'),
(1191, '92', '1', '0', '24', '4', '5', '2023', '502941.000', '75441.000', '75441.000', '0.000', '0.000', '0.000', NULL, NULL, NULL, NULL, NULL, NULL, '77946.960', '57838.200', '37291874', NULL, '0.000', NULL, '0', NULL, NULL, '578382.000', '520543.800', '20108.760', '500435.040', '1', '4.000', '20117.640', '0.000', '57838.200', '0.500', '2891.910', '0.000', '75441.000', NULL, NULL, NULL, NULL, NULL, 0, '75441.000', '0.000', '578382.000', '0.00', '', '0', NULL, '2', '0', '', '0', '0', '0', '0'),
(1192, '91', '1', '1', '9', '20', '5', '2023', '304370.000', '45656.000', '45656.000', '0.000', '0.000', '0.000', NULL, NULL, NULL, NULL, NULL, NULL, '118604.472', '35002.600', '57343772', NULL, '0.000', NULL, '0', NULL, '80000.000', '350026.000', '315023.400', '3601.872', '231421.528', '1', '4.000', '12174.800', '0.000', '35002.600', '0.500', '1750.130', '0.000', '45656.000', NULL, NULL, NULL, NULL, NULL, 0, '45656.000', '0.000', '350026.000', '0.00', '001', '1', NULL, '1', '0', '7414361001', '0', '0', '0', '0'),
(1193, '90', '1', '7', '21', '34', '5', '2023', '1150749.000', '172612.000', '172612.000', '0.000', '0.000', '0.000', NULL, NULL, NULL, NULL, NULL, NULL, '317643.570', '132336.100', '65966309', NULL, '0.000', NULL, '0', NULL, NULL, '1323361.000', '1191024.900', '185307.470', '1005717.430', '1', '4.000', '46029.960', '0.000', '132336.100', '0.500', '6616.805', '0.000', '172612.000', NULL, NULL, NULL, NULL, NULL, 0, '172612.000', '0.000', '1323361.000', '0.00', '027', '1', NULL, '1', '0', '7199677001', '0', '0', '0', '0'),
(1194, '89', '1', '7', '13', '2', '5', '2023', '10108129.000', '1516219.000', '1516219.000', '0.000', '0.000', '0.000', NULL, NULL, NULL, NULL, NULL, NULL, '4129008.760', '1162434.800', '55668909', NULL, '0.000', NULL, '0', NULL, NULL, '11624348.000', '10461913.200', '2966573.960', '7495339.240', '1', '4.000', '404325.160', '0.000', '1162434.800', '0.500', '58121.740', '0.000', '1516219.000', NULL, NULL, NULL, NULL, NULL, 0, '1516219.000', '0.000', '11624348.000', '0.00', '027', '1', NULL, '1', '0', '7604517201', '0', '0', '0', '0'),
(1195, '88', '1', '1', '10', '13', '5', '2023', '4869565.000', '730435.000', '730435.000', '0.000', '0.000', '0.000', NULL, NULL, NULL, NULL, NULL, NULL, '1900000.000', '560000.000', '57565821', NULL, '0.000', NULL, '0', NULL, NULL, '5600000.000', '5040000.000', '1340000.000', '3700000.000', '1', '4.000', '194782.600', '0.000', '560000.000', '0.500', '28000.000', '0.000', '730435.000', NULL, NULL, NULL, NULL, NULL, 0, '730435.000', '0.000', '5600000.000', '0.00', '001', '1', NULL, '1', '0', '7053023001', '0', '0', '0', '0'),
(1196, '87', '1', '1', '13', '48', '5', '2023', '5664929.000', '849739.000', '849739.000', '0.000', '0.000', '0.000', NULL, NULL, NULL, NULL, NULL, NULL, '2238427.160', '651466.800', '38935368', NULL, '0.000', NULL, '0', NULL, NULL, '6514668.000', '5863201.200', '1586960.360', '4276240.840', '1', '4.000', '226597.160', '0.000', '651466.800', '0.500', '32573.340', '0.000', '849739.000', NULL, NULL, NULL, NULL, NULL, 0, '849739.000', '0.000', '6514668.000', '0.00', '001', '1', NULL, '1', '0', '7405042001', '0', '0', '0', '0'),
(1197, '86', '1', '2', '26', '35', '5', '2023', '2625520.000', '393828.000', '393828.000', '0.000', '0.000', '0.000', NULL, NULL, NULL, NULL, NULL, NULL, '945158.760', '301934.800', '29210062', NULL, '0.000', NULL, '0', NULL, NULL, '3019348.000', '2717413.200', '643223.960', '2074189.240', '1', '4.000', '105020.800', '0.000', '301934.800', '0.500', '15096.740', '0.000', '393828.000', NULL, NULL, NULL, NULL, NULL, 0, '393828.000', '0.000', '3019348.000', '0.00', '002', '1', NULL, '1', '0', '5000382440', '0', '0', '0', '0'),
(1198, '85', '1', '1', '17', '40', '5', '2023', '5567544.000', '835132.000', '835132.000', '0.000', '0.000', '0.000', NULL, NULL, NULL, NULL, NULL, NULL, '2196990.120', '640267.600', '23586842', NULL, '0.000', NULL, '0', NULL, NULL, '6402676.000', '5762408.400', '1556722.520', '4205685.880', '1', '4.000', '222701.760', '0.000', '640267.600', '0.500', '32013.380', '0.000', '835132.000', NULL, NULL, NULL, NULL, NULL, 0, '835132.000', '0.000', '6402676.000', '0.00', '001', '1', NULL, '1', '0', '7405070002', '0', '0', '0', '0'),
(1199, '84', '1', '1', '17', '39', '5', '2023', '2799172.000', '419876.000', '419876.000', '0.000', '0.000', '0.000', NULL, NULL, NULL, NULL, NULL, NULL, '1019047.760', '321904.800', '38201089', NULL, '0.000', NULL, '0', NULL, NULL, '3219048.000', '2897143.200', '697142.960', '2200000.240', '1', '4.000', '111966.880', '0.000', '321904.800', '0.500', '16095.240', '0.000', '419876.000', NULL, NULL, NULL, NULL, NULL, 0, '419876.000', '0.000', '3219048.000', '0.00', '001', '1', NULL, '1', '0', '7273874001', '0', '0', '0', '0'),
(1200, '83', '1', '1', '4', '26', '5', '2023', '293848.000', '44077.000', '44077.000', '0.000', '0.000', '0.000', NULL, NULL, NULL, NULL, NULL, NULL, '224874.170', '38647.773', '36603392', '100000.000', '0.000', NULL, '0', NULL, '80000.000', '386477.731', '347829.958', '6226.397', '161603.561', '1', '4.000', '13696.029', '0.000', '38647.773', '0.500', '1932.389', '0.000', '44077.000', NULL, NULL, NULL, NULL, NULL, 0, '44077.000', '0.000', '386477.731', '0.00', '001', '1', NULL, '2', '0', '7070452001', '0', '0', '0', '0'),
(1201, '82', '1', '1', '4', '18', '5', '2023', '387164.000', '58075.000', '58075.000', '0.000', '0.000', '0.000', NULL, NULL, NULL, NULL, NULL, NULL, '237737.326', '61334.759', '32477376', '100000.000', '0.000', NULL, '0', NULL, '50000.000', '613347.594', '552012.835', '26402.567', '375610.268', '1', '4.000', '22210.904', '0.000', '61334.759', '0.500', '3066.738', '0.000', '58075.000', NULL, NULL, NULL, NULL, NULL, 0, '58075.000', '0.000', '613347.594', '0.00', '001', '1', NULL, '2', '0', '7070543001', '0', '0', '0', '0'),
(1202, '81', '1', '1', '9', '20', '5', '2023', '272330.000', '40850.000', '40850.000', '0.000', '0.000', '0.000', NULL, NULL, NULL, NULL, NULL, NULL, '32266.960', '31318.000', '58532838', NULL, '0.000', NULL, '0', NULL, NULL, '313180.000', '281862.000', '948.960', '280913.040', '1', '4.000', '10893.200', '0.000', '31318.000', '0.500', '1565.900', '0.000', '40850.000', NULL, NULL, NULL, NULL, NULL, 0, '40850.000', '0.000', '313180.000', '0.00', '001', '1', NULL, '1', '0', '7414360001', '0', '0', '0', '0'),
(1203, '80', '1', '1', '24', '27', '5', '2023', '15601375.000', '500000.000', '500000.000', '0.000', '0.000', '0.000', NULL, NULL, NULL, NULL, NULL, NULL, '6100508.750', '1610137.500', '60963808', NULL, '0.000', NULL, '0', NULL, NULL, '16101375.000', '14491237.500', '4175371.250', '10000866.250', '1', '4.000', '624055.000', '315000.000', '1610137.500', '0.500', '80506.875', '0.000', '500000.000', NULL, NULL, NULL, NULL, NULL, 0, '500000.000', '0.000', '16101375.000', '0.00', '001', '1', NULL, '2', '0', '7134742001', '0', '0', '0', '0'),
(1204, '79', '1', '1', '20', '22', '5', '2023', '259360.000', '38904.000', '38904.000', '0.000', '0.000', '0.000', NULL, NULL, NULL, NULL, NULL, NULL, '205878.166', '33417.538', '39172899', '100000.000', '0.000', NULL, '0', NULL, '70000.000', '334175.385', '300757.846', '2460.628', '128297.218', '1', '4.000', '11810.855', '0.000', '33417.538', '0.500', '1670.877', '0.000', '38904.000', NULL, NULL, NULL, NULL, NULL, 0, '38904.000', '0.000', '334175.385', '0.00', '001', '1', NULL, '1', '0', '7064682001', '0', '0', '0', '0'),
(1205, '78', '1', '1', '21', '21', '5', '2023', '365685.000', '54853.000', '54853.000', '0.000', '0.000', '0.000', NULL, NULL, NULL, NULL, NULL, NULL, '50732.536', '42053.800', '63741377', NULL, '0.000', NULL, '0', NULL, NULL, '420538.000', '378484.200', '8678.736', '369805.464', '1', '4.000', '14627.400', '0.000', '42053.800', '0.500', '2102.690', '0.000', '54853.000', NULL, NULL, NULL, NULL, NULL, 0, '54853.000', '0.000', '420538.000', '0.00', '001', '1', NULL, '1', '0', '7204977001', '0', '0', '0', '0'),
(1206, '77', '1', '1', '21', '22', '5', '2023', '302585.000', '45388.000', '45388.000', '0.000', '0.000', '0.000', NULL, NULL, NULL, NULL, NULL, NULL, '153318.941', '43557.524', '39172902', '100000.000', '0.000', NULL, '0', NULL, NULL, '435575.237', '392017.713', '9761.417', '282256.296', '1', '4.000', '15607.489', '0.000', '43557.524', '0.500', '2177.876', '0.000', '45388.000', NULL, NULL, NULL, NULL, NULL, 0, '45388.000', '0.000', '435575.237', '0.00', '001', '1', NULL, '1', '0', '7064722001', '0', '0', '0', '0'),
(1207, '76', '1', '1', '21', '22', '5', '2023', '217281.000', '32592.000', '32592.000', '0.000', '0.000', '0.000', NULL, NULL, NULL, NULL, NULL, NULL, '207168.898', '39981.918', '50408585', '100000.000', '0.000', NULL, '0', NULL, '60000.000', '399819.175', '359837.258', '7186.981', '192650.277', '1', '4.000', '14689.087', '0.000', '39981.918', '0.500', '1999.096', '0.000', '32592.000', NULL, NULL, NULL, NULL, NULL, 0, '32592.000', '0.000', '399819.175', '0.00', '001', '1', NULL, '1', '0', '7064677001', '0', '0', '0', '0'),
(1208, '75', '1', '1', '10', '24', '5', '2023', '16422250.000', '2463333.000', '2463333.000', '0.000', '0.000', '0.000', NULL, NULL, NULL, NULL, NULL, NULL, '6815665.710', '1888558.300', '58260481', NULL, '0.000', NULL, '0', NULL, NULL, '18885583.000', '16997024.700', '4927107.410', '12069917.290', '1', '4.000', '656890.000', '0.000', '1888558.300', '0.500', '94427.915', '0.000', '2463333.000', NULL, NULL, NULL, NULL, NULL, 0, '2463333.000', '0.000', '18885583.000', '0.00', '001', '1', NULL, '1', '0', '7001843001', '0', '0', '0', '0'),
(1209, '74', '1', '1', '24', '25', '5', '2023', '3228871.000', '484331.000', '484331.000', '0.000', '0.000', '0.000', NULL, NULL, NULL, NULL, NULL, NULL, '2121884.740', '371320.200', '36119946', NULL, '0.000', NULL, '0', NULL, '920000.000', '3713202.000', '3341881.800', '830564.540', '1591317.260', '1', '4.000', '129154.840', '0.000', '371320.200', '0.500', '18566.010', '0.000', '484331.000', NULL, NULL, NULL, NULL, NULL, 0, '484331.000', '0.000', '3713202.000', '0.00', '001', '1', NULL, '2', '0', '7069250001', '0', '0', '0', '0'),
(1210, '73', '1', '12', '20', '6', '5', '2023', '2284970.000', '342745.000', '342745.000', '0.000', '0.000', '0.000', NULL, NULL, NULL, NULL, NULL, NULL, '800254.550', '262771.500', '45009147', NULL, '0.000', NULL, '0', NULL, NULL, '2627715.000', '2364943.500', '537483.050', '1827460.450', '1', '4.000', '91398.800', '0.000', '262771.500', '0.500', '13138.575', '0.000', '342745.000', NULL, NULL, NULL, NULL, NULL, 0, '342745.000', '0.000', '2627715.000', '0.00', '023', '1', NULL, '1', '0', '7205074001', '0', '0', '0', '0'),
(1211, '72', '1', '1', '4', '23', '5', '2023', '707139.000', '106071.000', '106071.000', '0.000', '0.000', '0.000', NULL, NULL, NULL, NULL, NULL, NULL, '310331.807', '102255.941', '63306190', '100000.000', '0.000', NULL, '0', NULL, NULL, '1022559.408', '920303.467', '108075.867', '712227.600', '1', '4.000', '36659.536', '0.000', '102255.941', '0.500', '5112.797', '0.000', '106071.000', NULL, NULL, NULL, NULL, NULL, 0, '106071.000', '0.000', '1022559.408', '0.00', '001', '1', NULL, '2', '0', '7106080001', '0', '0', '0', '0'),
(1212, '71', '1', '9', '24', '19', '5', '2023', '130435.000', '19565.000', '19565.000', '0.000', '0.000', '0.000', NULL, NULL, NULL, NULL, NULL, NULL, '15000.000', '15000.000', '46663830', NULL, '0.000', NULL, '0', NULL, NULL, '150000.000', '135000.000', '0.000', '135000.000', '1', '4.000', '5217.400', '0.000', '15000.000', '0.500', '750.000', '0.000', '19565.000', NULL, NULL, NULL, NULL, NULL, 0, '19565.000', '0.000', '150000.000', '0.00', '013', '1', NULL, '2', '0', '7270267001', '0', '0', '0', '0'),
(1213, '70', '1', '1', '9', '20', '5', '2023', '272330.000', '40850.000', '40850.000', '0.000', '0.000', '0.000', NULL, NULL, NULL, NULL, NULL, NULL, '140266.960', '31318.000', '58605053', NULL, '0.000', NULL, '0', NULL, '108000.000', '313180.000', '281862.000', '948.960', '172913.040', '1', '4.000', '10893.200', '0.000', '31318.000', '0.500', '1565.900', '0.000', '40850.000', NULL, NULL, NULL, NULL, NULL, 0, '40850.000', '0.000', '313180.000', '0.00', '001', '1', NULL, '1', '0', '7414356001', '0', '0', '0', '0'),
(1214, '69', '1', '1', '4', '18', '5', '2023', '173913.000', '26087.000', '26087.000', '0.000', '0.000', '0.000', NULL, NULL, NULL, NULL, NULL, NULL, '22866.443', '22866.443', '45140522', NULL, '0.000', NULL, '0', NULL, NULL, '228664.430', '205797.987', '0.000', '205797.987', '1', '4.000', '8103.097', '0.000', '22866.443', '0.500', '1143.322', '0.000', '26087.000', NULL, NULL, NULL, NULL, NULL, 0, '26087.000', '0.000', '228664.430', '0.00', '001', '1', NULL, '2', '0', '7290250001', '0', '0', '0', '0'),
(1215, '68', '1', '1', '13', '24', '5', '2023', '16074000.000', '2595875.000', '2595875.000', '0.000', '0.000', '0.000', NULL, NULL, NULL, NULL, NULL, NULL, '8398353.750', '1866987.500', '60024259', '1662500.000', '0.000', NULL, '0', NULL, NULL, '18669875.000', '16802887.500', '4868866.250', '10271521.250', '1', '4.000', '642960.000', '0.000', '1866987.500', '0.500', '93349.375', '0.000', '2595875.000', NULL, NULL, NULL, NULL, NULL, 0, '2595875.000', '0.000', '18669875.000', '0.00', '001', '1', NULL, '1', '0', '7038638001', '0', '0', '0', '0'),
(1216, '67', '1', '1', '4', '36', '5', '2023', '11031875.000', '0.000', '0.000', '0.000', '0.000', '0.000', NULL, NULL, NULL, NULL, NULL, NULL, '4133989.919', '1067600.806', '56062451', NULL, '355866.935', NULL, '1', NULL, NULL, '11031875.000', '9608407.258', '2710522.177', '6897885.081', '1', '4.000', '427040.323', '0.000', '1067600.806', '0.500', '53380.040', '0.000', NULL, NULL, NULL, NULL, NULL, NULL, 0, '0.000', '0.000', '10676008.065', '0.00', '001', '1', NULL, '2', '0', '7273534001', '0', '0', '0', '0'),
(1217, '66', '1', '1', '21', '22', '5', '2023', '260509.000', '39076.000', '39076.000', '0.000', '0.000', '0.000', NULL, NULL, NULL, NULL, NULL, NULL, '163407.901', '49423.198', '39172880', '100000.000', '0.000', NULL, '0', NULL, NULL, '494231.981', '444808.783', '13984.703', '330824.080', '1', '4.000', '18206.239', '0.000', '49423.198', '0.500', '2471.160', '0.000', '39076.000', NULL, NULL, NULL, NULL, NULL, 0, '39076.000', '0.000', '494231.981', '0.00', '001', '1', NULL, '1', '0', '7064725001', '0', '0', '0', '0'),
(1218, '65', '1', '1', '20', '32', '5', '2023', '355312.000', '53297.000', '53297.000', '0.000', '0.000', '0.000', NULL, NULL, NULL, NULL, NULL, NULL, '256202.430', '45233.971', '39621715', '80000.000', '0.000', NULL, '0', NULL, '120000.000', '452339.708', '407105.737', '10968.459', '196137.278', '1', '4.000', '15961.708', '0.000', '45233.971', '0.500', '2261.699', '0.000', '53297.000', NULL, NULL, NULL, NULL, NULL, 0, '53297.000', '0.000', '452339.708', '0.00', '001', '1', NULL, '1', '0', '7409554001', '0', '0', '0', '0'),
(1219, '64', '1', '5', '11', '49', '5', '2023', '358561.000', '130744.000', '130744.000', '0.000', '0.000', '0.000', NULL, NULL, NULL, NULL, NULL, NULL, '169822.001', '53152.326', '58381376', '100000.000', '0.000', NULL, '0', NULL, NULL, '531523.259', '478370.933', '16669.675', '361701.259', '1', '4.000', '16031.170', '0.000', '53152.326', '0.500', '2657.616', '0.000', '53784.000', NULL, NULL, NULL, NULL, NULL, 0, '130744.000', '0.000', '531523.259', '0.00', '007', '1', NULL, '2', '0', '7100400001', '0', '0', '0', '0'),
(1220, '63', '1', '1', '11', '23', '5', '2023', '439730.000', '100682.000', '100682.000', '0.000', '0.000', '0.000', NULL, NULL, NULL, NULL, NULL, NULL, '285785.094', '52297.935', '62451804', '100000.000', '17432.645', NULL, '1', NULL, '100000.000', '540412.000', '470681.419', '16054.514', '254626.906', '1', '4.000', '16891.894', '0.000', '52297.935', '0.500', '2614.897', '0.000', '65960.000', NULL, NULL, NULL, NULL, NULL, 0, '100682.000', '0.000', '522979.355', '0.00', '001', '1', NULL, '2', '0', '7104432001', '0', '0', '0', '0'),
(1221, '62', '1', '9', '19', '32', '5', '2023', '279604.000', '41941.000', '41941.000', '0.000', '0.000', '0.000', NULL, NULL, NULL, NULL, NULL, NULL, '33705.740', '32154.500', '50266497', NULL, '0.000', NULL, '0', NULL, NULL, '321545.000', '289390.500', '1551.240', '287839.260', '1', '4.000', '11184.160', '0.000', '32154.500', '0.500', '1607.725', '0.000', '41941.000', NULL, NULL, NULL, NULL, NULL, 0, '41941.000', '0.000', '321545.000', '0.00', '013', '1', NULL, '1', '0', '7130048001', '0', '0', '0', '0'),
(1222, '61', '1', '1', '21', '22', '5', '2023', '226387.000', '33958.000', '33958.000', '0.000', '0.000', '0.000', NULL, NULL, NULL, NULL, NULL, NULL, '147529.920', '40191.814', '55656481', '100000.000', '0.000', NULL, '0', NULL, NULL, '401918.142', '361726.328', '7338.106', '254388.222', '1', '4.000', '14718.406', '0.000', '40191.814', '0.500', '2009.591', '0.000', '33958.000', NULL, NULL, NULL, NULL, NULL, 0, '33958.000', '0.000', '401918.142', '0.00', '001', '1', NULL, '1', '0', '7064760001', '0', '0', '0', '0'),
(1223, '60', '1', '1', '13', '25', '5', '2023', '2523478.000', '378522.000', '378522.000', '0.000', '0.000', '0.000', NULL, NULL, NULL, NULL, NULL, NULL, '901740.000', '290200.000', '64691411', NULL, '0.000', NULL, '0', NULL, NULL, '2902000.000', '2611800.000', '611540.000', '2000260.000', '1', '4.000', '100939.120', '0.000', '290200.000', '0.500', '14510.000', '0.000', '378522.000', NULL, NULL, NULL, NULL, NULL, 0, '378522.000', '0.000', '2902000.000', '0.00', '001', '1', NULL, '1', '0', '7135246001', '0', '0', '0', '0'),
(1224, '59', '1', '1', '6', '6', '5', '2023', '3852880.000', '577932.000', '577932.000', '0.000', '0.000', '0.000', NULL, NULL, NULL, NULL, NULL, NULL, '1467400.440', '443081.200', '32026129', NULL, '0.000', NULL, '0', NULL, NULL, '4430812.000', '3987730.800', '1024319.240', '2963411.560', '1', '4.000', '154115.200', '0.000', '443081.200', '0.500', '22154.060', '0.000', '577932.000', NULL, NULL, NULL, NULL, NULL, 0, '577932.000', '0.000', '4430812.000', '0.00', '001', '1', NULL, '1', '0', '7409791001', '0', '0', '0', '0'),
(1225, '58', '1', '1', '16', '16', '5', '2023', '24296250.000', '3645625.000', '3645625.000', '0.000', '0.000', '0.000', NULL, NULL, NULL, NULL, NULL, NULL, '10166493.750', '2794187.500', '56345992', NULL, '0.000', NULL, '0', NULL, NULL, '27941875.000', '25147687.500', '7372306.250', '17775381.250', '1', '4.000', '971850.000', '0.000', '2794187.500', '0.500', '139709.375', '0.000', '3645625.000', NULL, NULL, NULL, NULL, NULL, 0, '3645625.000', '0.000', '27941875.000', '0.00', '001', '1', NULL, '1', '0', '7410338001', '0', '0', '0', '0'),
(1226, '57', '1', '1', '8', '44', '5', '2023', '2501281.000', '375192.000', '375192.000', '0.000', '0.000', '0.000', NULL, NULL, NULL, NULL, NULL, NULL, '1142295.010', '287647.300', '50264427', NULL, '0.000', NULL, '0', NULL, '250000.000', '2876473.000', '2588825.700', '604647.710', '1734177.990', '1', '4.000', '100051.240', '0.000', '287647.300', '0.500', '14382.365', '0.000', '375192.000', NULL, NULL, NULL, NULL, NULL, 0, '375192.000', '0.000', '2876473.000', '0.00', '001', '1', NULL, '1', '0', '7407071001', '0', '0', '0', '0'),
(1227, '56', '1', '9', '24', '19', '5', '2023', '130435.000', '19565.000', '19565.000', '0.000', '0.000', '0.000', NULL, NULL, NULL, NULL, NULL, NULL, '15000.000', '15000.000', '29939968', NULL, '0.000', NULL, '0', NULL, NULL, '150000.000', '135000.000', '0.000', '135000.000', '1', '4.000', '5217.400', '0.000', '15000.000', '0.500', '750.000', '0.000', '19565.000', NULL, NULL, NULL, NULL, NULL, 0, '19565.000', '0.000', '150000.000', '0.00', '013', '1', NULL, '2', '0', '7270236001', '0', '0', '0', '0'),
(1228, '55', '1', '7', '24', '31', '5', '2023', '5973775.000', '896066.000', '896066.000', '0.000', '0.000', '0.000', NULL, NULL, NULL, NULL, NULL, NULL, '3067905.659', '576180.213', '50481851', NULL, '1108038.871', NULL, '5', NULL, NULL, '6869841.000', '5185621.916', '1383686.575', '3801935.341', '1', '4.000', '194629.445', '0.000', '576180.213', '0.500', '28809.011', '0.000', '896066.000', NULL, NULL, NULL, NULL, NULL, 0, '896066.000', '0.000', '5761802.129', '0.00', '027', '1', NULL, '2', '0', '7600282201', '0', '0', '0', '0'),
(1229, '54', '1', '4', '13', '7', '5', '2023', '2700146.000', '405022.000', '405022.000', '0.000', '0.000', '0.000', NULL, NULL, NULL, NULL, NULL, NULL, '976912.160', '310516.800', '59192755', NULL, '0.000', NULL, '0', NULL, NULL, '3105168.000', '2794651.200', '666395.360', '2128255.840', '1', '4.000', '108005.840', '0.000', '310516.800', '0.500', '15525.840', '0.000', '405022.000', NULL, NULL, NULL, NULL, NULL, 0, '405022.000', '0.000', '3105168.000', '0.00', '005', '1', NULL, '1', '0', '7078600001', '0', '0', '0', '0'),
(1230, '53', '1', '1', '4', '26', '5', '2023', '254990.000', '38249.000', '38249.000', '0.000', '0.000', '0.000', NULL, NULL, NULL, NULL, NULL, NULL, '171522.272', '36698.995', '61384968', '100000.000', '0.000', NULL, '0', NULL, '30000.000', '366989.954', '330290.958', '4823.277', '195467.682', '1', '4.000', '13149.638', '0.000', '36698.995', '0.500', '1834.950', '0.000', '38249.000', NULL, NULL, NULL, NULL, NULL, 0, '38249.000', '0.000', '366989.954', '0.00', '001', '1', NULL, '2', '0', '7071856001', '0', '0', '0', '0'),
(1231, '52', '1', '1', '4', '38', '5', '2023', '344885.000', '51733.000', '51733.000', '0.000', '0.000', '0.000', NULL, NULL, NULL, NULL, NULL, NULL, '174220.451', '55709.564', '47404867', '100000.000', '0.000', NULL, '0', NULL, NULL, '557095.643', '501386.079', '18510.886', '382875.193', '1', '4.000', '20214.506', '0.000', '55709.564', '0.500', '2785.478', '0.000', '51733.000', NULL, NULL, NULL, NULL, NULL, 0, '51733.000', '0.000', '557095.643', '0.00', '001', '1', NULL, '2', '0', '7287906001', '0', '0', '0', '0'),
(1232, '51', '1', '1', '4', '18', '5', '2023', '358566.000', '161544.000', '161544.000', '0.000', '0.000', '0.000', NULL, NULL, NULL, NULL, NULL, NULL, '239994.658', '62140.949', '34737235', '100000.000', '0.000', NULL, '0', NULL, '50000.000', '621409.492', '559268.543', '27853.709', '381414.834', '1', '4.000', '18394.620', '0.000', '62140.949', '0.500', '3107.047', '0.000', '53785.000', NULL, NULL, NULL, NULL, NULL, 0, '161544.000', '0.000', '621409.492', '0.00', '001', '1', NULL, '2', '0', '7070379001', '0', '0', '0', '0'),
(1233, '50', '1', '1', '21', '22', '5', '2023', '207028.000', '31054.000', '31054.000', '0.000', '0.000', '0.000', NULL, NULL, NULL, NULL, NULL, NULL, '182938.143', '27938.143', '60114754', '100000.000', '0.000', NULL, '0', NULL, '55000.000', '279381.432', '251443.289', '0.000', '96443.289', '1', '4.000', '9933.097', '0.000', '27938.143', '0.500', '1396.907', '0.000', '31054.000', NULL, NULL, NULL, NULL, NULL, 0, '31054.000', '0.000', '279381.432', '0.00', '001', '1', NULL, '1', '0', '7064679001', '0', '0', '0', '0'),
(1234, '49', NULL, '1', '24', '8', '5', '2023', '217391.000', '32609.000', '32609.000', '0.000', '0.000', '0.000', NULL, NULL, NULL, NULL, NULL, NULL, '0.000', NULL, NULL, NULL, '0.000', NULL, '0', NULL, NULL, '250000.000', '250000.000', '0.000', '250000.000', '1', '4.000', '8695.640', '0.000', NULL, '0.500', '1250.000', '0.000', '32609.000', NULL, NULL, NULL, NULL, NULL, 0, '32609.000', '0.000', '250000.000', '0.00', '001', '1', NULL, '2', '0', '7405660001', '0', '0', '0', '0'),
(1235, '48', '1', '1', '24', '29', '5', '2023', '3689000.000', '553350.000', '553350.000', '0.000', '0.000', '0.000', NULL, NULL, NULL, NULL, NULL, NULL, '2197669.500', '424235.000', '45225349', NULL, '0.000', NULL, '0', NULL, '800000.000', '4242350.000', '3818115.000', '973434.500', '2044680.500', '1', '4.000', '147560.000', '0.000', '424235.000', '0.500', '21211.750', '0.000', '553350.000', NULL, NULL, NULL, NULL, NULL, 0, '553350.000', '0.000', '4242350.000', '0.00', '001', '1', NULL, '2', '0', '7265348001', '0', '0', '0', '0'),
(1236, '47', '1', '1', '4', '37', '5', '2023', '281801.000', '42270.000', '42270.000', '0.000', '0.000', '0.000', NULL, NULL, NULL, NULL, NULL, NULL, '262808.844', '37447.003', '36608343', '100000.000', '0.000', NULL, '0', NULL, '120000.000', '374470.025', '337023.023', '5361.842', '111661.181', '1', '4.000', '13288.001', '0.000', '37447.003', '0.500', '1872.350', '0.000', '42270.000', NULL, NULL, NULL, NULL, NULL, 0, '42270.000', '0.000', '374470.025', '0.00', '001', '1', NULL, '2', '0', '7071858001', '0', '0', '0', '0'),
(1237, '46', '1', '1', '16', '17', '5', '2023', '505704.000', '75856.000', '75856.000', '0.000', '0.000', '0.000', NULL, NULL, NULL, NULL, NULL, NULL, '378836.800', '58156.000', '33090653', '180000.000', '0.000', NULL, '0', NULL, '120000.000', '581560.000', '523404.000', '20680.800', '202723.200', '1', '4.000', '20228.160', '0.000', '58156.000', '0.500', '2907.800', '0.000', '75856.000', NULL, NULL, NULL, NULL, NULL, 0, '75856.000', '0.000', '581560.000', '0.00', '001', '1', NULL, '1', '0', '7407019001', '0', '0', '0', '0'),
(1238, '45', '1', '10', '2', '32', '5', '2023', '159102.000', '23865.000', '23865.000', '0.000', '0.000', '0.000', NULL, NULL, NULL, NULL, NULL, NULL, '18296.700', '18296.700', '61247723', NULL, '0.000', NULL, '0', NULL, NULL, '182967.000', '164670.300', '0.000', '164670.300', '1', '4.000', '6364.080', '0.000', '18296.700', '0.500', '914.835', '0.000', '23865.000', NULL, NULL, NULL, NULL, NULL, 0, '23865.000', '0.000', '182967.000', '0.00', '009', '1', NULL, '1', '0', '7116689001', '0', '0', '0', '0'),
(1239, '44', '1', '1', '24', '28', '5', '2023', '2523120.000', '378468.000', '378468.000', '0.000', '0.000', '0.000', NULL, NULL, NULL, NULL, NULL, NULL, '901587.560', '290158.800', '66057086', NULL, '0.000', NULL, '0', NULL, NULL, '2901588.000', '2611429.200', '611428.760', '2000000.440', '1', '4.000', '100924.800', '0.000', '290158.800', '0.500', '14507.940', '0.000', '378468.000', NULL, NULL, NULL, NULL, NULL, 0, '378468.000', '0.000', '2901588.000', '0.00', '001', '1', NULL, '2', '0', '7178202001', '0', '0', '0', '0'),
(1240, '43', '1', '1', '20', '24', '5', '2023', '11620875.000', '500000.000', '500000.000', '0.000', '0.000', '0.000', NULL, NULL, NULL, NULL, NULL, NULL, '6205500.750', '1212087.500', '36213470', NULL, '0.000', NULL, '0', NULL, '1577777.000', '12120875.000', '10908787.500', '3100636.250', '5915374.250', '1', '4.000', '464835.000', '315000.000', '1212087.500', '0.500', '60604.375', '0.000', '500000.000', NULL, NULL, NULL, NULL, NULL, 0, '500000.000', '0.000', '12120875.000', '0.00', '001', '1', NULL, '1', '0', '7403594001', '0', '0', '0', '0'),
(1241, '42', '1', '1', '4', '18', '5', '2023', '254990.000', '38249.000', '38249.000', '0.000', '0.000', '0.000', NULL, NULL, NULL, NULL, NULL, NULL, '177677.363', '34463.583', '61384984', '100000.000', '0.000', NULL, '0', NULL, '40000.000', '344635.831', '310172.247', '3213.780', '166958.468', '1', '4.000', '12255.473', '0.000', '34463.583', '0.500', '1723.179', '0.000', '38249.000', NULL, NULL, NULL, NULL, NULL, 0, '38249.000', '0.000', '344635.831', '0.00', '001', '1', NULL, '2', '0', '7070883001', '0', '0', '0', '0'),
(1242, '41', '1', '1', '21', '22', '5', '2023', '200000.000', '0.000', '0.000', '0.000', '0.000', '0.000', NULL, NULL, NULL, NULL, NULL, NULL, '20000.000', '20000.000', '47467250', NULL, '0.000', NULL, '0', NULL, NULL, '200000.000', '180000.000', '0.000', '180000.000', '1', '4.000', '8000.000', '0.000', '20000.000', '0.500', '1000.000', '0.000', NULL, NULL, NULL, NULL, NULL, NULL, 0, '0.000', '0.000', '200000.000', '0.00', '001', '1', NULL, '1', '0', '7282469001', '0', '0', '0', '0'),
(1243, '40', '1', '1', '24', '25', '5', '2023', '2523478.000', '378522.000', '378522.000', '0.000', '0.000', '0.000', NULL, NULL, NULL, NULL, NULL, NULL, '1401740.000', '290200.000', '57901511', NULL, '0.000', NULL, '0', NULL, '500000.000', '2902000.000', '2611800.000', '611540.000', '1500260.000', '1', '4.000', '100939.120', '0.000', '290200.000', '0.500', '14510.000', '0.000', '378522.000', NULL, NULL, NULL, NULL, NULL, 0, '378522.000', '0.000', '2902000.000', '0.00', '001', '1', NULL, '2', '0', '7116037001', '0', '0', '0', '0'),
(1244, '39', '1', '1', '6', '32', '5', '2023', '311981.000', '46797.000', '46797.000', '0.000', '0.000', '0.000', NULL, NULL, NULL, NULL, NULL, NULL, '140109.816', '35877.800', '56912358', NULL, '0.000', NULL, '0', NULL, '100000.000', '358778.000', '322900.200', '4232.016', '218668.184', '1', '4.000', '12479.240', '0.000', '35877.800', '0.500', '1793.890', '0.000', '46797.000', NULL, NULL, NULL, NULL, NULL, 0, '46797.000', '0.000', '358778.000', '0.00', '001', '1', NULL, '1', '0', '7409505001', '0', '0', '0', '0'),
(1245, '38', '1', '1', '13', '32', '5', '2023', '420482.000', '63072.000', '63072.000', '0.000', '0.000', '0.000', NULL, NULL, NULL, NULL, NULL, NULL, '182371.288', '48355.400', '29718023', NULL, '0.000', NULL, '0', NULL, '120800.000', '483554.000', '435198.600', '13215.888', '301182.712', '1', '4.000', '16819.280', '0.000', '48355.400', '0.500', '2417.770', '0.000', '63072.000', NULL, NULL, NULL, NULL, NULL, 0, '63072.000', '0.000', '483554.000', '0.00', '001', '1', NULL, '1', '0', '7406058001', '0', '0', '0', '0'),
(1246, '37', '1', '1', '21', '22', '5', '2023', '240000.000', '36000.000', '36000.000', '0.000', '0.000', '0.000', NULL, NULL, NULL, NULL, NULL, NULL, '189895.557', '35753.231', '50084267', '100000.000', '0.000', NULL, '0', NULL, '50000.000', '357532.308', '321779.077', '4142.326', '167636.751', '1', '4.000', '12861.292', '0.000', '35753.231', '0.500', '1787.662', '0.000', '36000.000', NULL, NULL, NULL, NULL, NULL, 0, '36000.000', '0.000', '357532.308', '0.00', '001', '1', NULL, '1', '0', '7064685001', '0', '0', '0', '0'),
(1247, '36', '1', '1', '21', '15', '5', '2023', '2715338.000', '407301.000', '407301.000', '0.000', '0.000', '0.000', NULL, NULL, NULL, NULL, NULL, NULL, '983376.430', '312263.900', '64673936', NULL, '0.000', NULL, '0', NULL, NULL, '3122639.000', '2810375.100', '671112.530', '2139262.570', '1', '4.000', '108613.520', '0.000', '312263.900', '0.500', '15613.195', '0.000', '407301.000', NULL, NULL, NULL, NULL, NULL, 0, '407301.000', '0.000', '3122639.000', '0.00', '001', '1', NULL, '1', '0', '5405442001', '0', '0', '0', '0'),
(1248, '35', '1', '1', '4', '18', '5', '2023', '322447.000', '48367.000', '48367.000', '0.000', '0.000', '0.000', NULL, NULL, NULL, NULL, NULL, NULL, '195005.729', '53259.145', '33174016', '100000.000', '0.000', NULL, '0', NULL, '25000.000', '532591.447', '479332.303', '16746.584', '337585.718', '1', '4.000', '19368.978', '0.000', '53259.145', '0.500', '2662.957', '0.000', '48367.000', NULL, NULL, NULL, NULL, NULL, 0, '48367.000', '0.000', '532591.447', '0.00', '001', '1', NULL, '2', '0', '7070882001', '0', '0', '0', '0'),
(1249, '34', '1', '1', '4', '45', '5', '2023', '345041.000', '51756.000', '51756.000', '0.000', '0.000', '0.000', NULL, NULL, NULL, NULL, NULL, NULL, '327589.549', '86027.554', '33174032', '100000.000', '0.000', NULL, '0', NULL, '70000.000', '860275.535', '774247.982', '71561.995', '532685.986', '1', '4.000', '32340.781', '0.000', '86027.554', '0.500', '4301.378', '0.000', '51756.000', NULL, NULL, NULL, NULL, NULL, 0, '51756.000', '0.000', '860275.535', '0.00', '001', '1', NULL, '2', '0', '7070545001', '0', '0', '0', '0'),
(1250, '33', '1', '1', '4', '18', '5', '2023', '254990.000', '38249.000', '38249.000', '0.000', '0.000', '0.000', NULL, NULL, NULL, NULL, NULL, NULL, '176087.219', '33539.081', '62135686', '100000.000', '0.000', NULL, '0', NULL, '40000.000', '335390.808', '301851.728', '2548.138', '159303.589', '1', '4.000', '11885.672', '0.000', '33539.081', '0.500', '1676.954', '0.000', '38249.000', NULL, NULL, NULL, NULL, NULL, 0, '38249.000', '0.000', '335390.808', '0.00', '001', '1', NULL, '2', '0', '7087693001', '0', '0', '0', '0'),
(1251, '32', '1', '1', '9', '20', '5', '2023', '262703.000', '39405.000', '39405.000', '0.000', '0.000', '0.000', NULL, NULL, NULL, NULL, NULL, NULL, '130362.576', '30210.800', '58473874', NULL, '0.000', NULL, '0', NULL, '100000.000', '302108.000', '271897.200', '151.776', '171745.424', '1', '4.000', '10508.120', '0.000', '30210.800', '0.500', '1510.540', '0.000', '39405.000', NULL, NULL, NULL, NULL, NULL, 0, '39405.000', '0.000', '302108.000', '0.00', '001', '1', NULL, '1', '0', '7037401001', '0', '0', '0', '0'),
(1252, '31', '1', '1', '21', '34', '5', '2023', '1043478.000', '156522.000', '156522.000', '0.000', '0.000', '0.000', NULL, NULL, NULL, NULL, NULL, NULL, '272000.000', '120000.000', '46698144', NULL, '0.000', NULL, '0', NULL, NULL, '1200000.000', '1080000.000', '152000.000', '928000.000', '1', '4.000', '41739.120', '0.000', '120000.000', '0.500', '6000.000', '0.000', '156522.000', NULL, NULL, NULL, NULL, NULL, 0, '156522.000', '0.000', '1200000.000', '0.00', '001', '1', NULL, '1', '0', '7277859001', '0', '0', '0', '0'),
(1253, '30', '1', '1', '21', '22', '5', '2023', '222940.000', '33441.000', '33441.000', '0.000', '0.000', '0.000', NULL, NULL, NULL, NULL, NULL, NULL, '94133.345', '38217.061', '60866497', NULL, '0.000', NULL, '0', NULL, '50000.000', '382170.608', '343953.547', '5916.284', '288037.263', '1', '4.000', '13949.184', '0.000', '38217.061', '0.500', '1910.853', '0.000', '33441.000', NULL, NULL, NULL, NULL, NULL, 0, '33441.000', '0.000', '382170.608', '0.00', '001', '1', NULL, '1', '0', '7064681001', '0', '0', '0', '0'),
(1254, '29', '1', '1', '21', '34', '5', '2023', '950257.000', '142539.000', '142539.000', '0.000', '0.000', '0.000', NULL, NULL, NULL, NULL, NULL, NULL, '386367.825', '129288.601', '39621723', NULL, '0.000', NULL, '0', NULL, '80000.000', '1292886.012', '1163597.411', '177079.223', '906518.188', '1', '4.000', '46013.880', '0.000', '129288.601', '0.500', '6464.430', '0.000', '142539.000', NULL, NULL, NULL, NULL, NULL, 0, '142539.000', '0.000', '1292886.012', '0.00', '001', '1', NULL, '1', '0', '7077053001', '0', '0', '0', '0'),
(1255, '28', '1', '1', '4', '18', '5', '2023', '254990.000', '38249.000', '38249.000', '0.000', '0.000', '0.000', NULL, NULL, NULL, NULL, NULL, NULL, '191452.549', '36658.459', '61384976', '100000.000', '0.000', NULL, '0', NULL, '50000.000', '366584.585', '329926.127', '4794.090', '175132.036', '1', '4.000', '13133.423', '0.000', '36658.459', '0.500', '1832.923', '0.000', '38249.000', NULL, NULL, NULL, NULL, NULL, 0, '38249.000', '0.000', '366584.585', '0.00', '001', '1', NULL, '2', '0', '7070881001', '0', '0', '0', '0'),
(1256, '27', '1', '1', '21', '22', '5', '2023', '240000.000', '36000.000', '36000.000', '0.000', '0.000', '0.000', NULL, NULL, NULL, NULL, NULL, NULL, '40765.612', '36259.077', '55656471', NULL, '0.000', NULL, '0', NULL, NULL, '362590.769', '326331.692', '4506.535', '321825.157', '1', '4.000', '13063.631', '0.000', '36259.077', '0.500', '1812.954', '0.000', '36000.000', NULL, NULL, NULL, NULL, NULL, 0, '36000.000', '0.000', '362590.769', '0.00', '001', '1', NULL, '1', '0', '7237192001', '0', '0', '0', '0'),
(1257, '26', '1', '1', '16', '10', '5', '2023', '3543322.000', '625293.000', '625293.000', '0.000', '0.000', '0.000', NULL, NULL, NULL, NULL, NULL, NULL, '2370387.550', '416861.500', '39157903', NULL, '0.000', NULL, '0', NULL, '1000000.000', '4168615.000', '3751753.500', '953526.050', '1798227.450', '1', '4.000', '141732.880', '0.000', '416861.500', '0.500', '20843.075', '0.000', '625293.000', NULL, NULL, NULL, NULL, NULL, 0, '625293.000', '0.000', '4168615.000', '0.00', '001', '1', NULL, '1', '0', '7198724001', '0', '0', '0', '0'),
(1258, '25', '1', '1', '21', '22', '5', '2023', '173913.000', '26087.000', '26087.000', '0.000', '0.000', '0.000', NULL, NULL, NULL, NULL, NULL, NULL, '20000.000', '20000.000', '46448836', NULL, '0.000', NULL, '0', NULL, NULL, '200000.000', '180000.000', '0.000', '180000.000', '1', '4.000', '6956.520', '0.000', '20000.000', '0.500', '1000.000', '0.000', '26087.000', NULL, NULL, NULL, NULL, NULL, 0, '26087.000', '0.000', '200000.000', '0.00', '001', '1', NULL, '1', '0', '7280867001', '0', '0', '0', '0'),
(1259, '24', '1', '1', '7', '9', '5', '2023', '873430.000', '131015.000', '131015.000', '0.000', '0.000', '0.000', NULL, NULL, NULL, NULL, NULL, NULL, '204444.625', '100444.500', '47173864', NULL, '0.000', NULL, '0', NULL, NULL, '1004445.000', '904000.500', '104000.125', '800000.375', '1', '4.000', '34937.200', '0.000', '100444.500', '0.500', '5022.225', '0.000', '131015.000', NULL, NULL, NULL, NULL, NULL, 0, '131015.000', '0.000', '1004445.000', '0.00', '001', '1', NULL, '1', '0', '7282747001', '0', '0', '0', '0'),
(1260, '23', '1', '1', '16', '32', '5', '2023', '662324.000', '99349.000', '99349.000', '0.000', '0.000', '0.000', NULL, NULL, NULL, NULL, NULL, NULL, '609257.109', '89617.572', '30234697', '250000.000', '0.000', NULL, '0', NULL, '190000.000', '896175.720', '806558.148', '79639.537', '286918.611', '1', '4.000', '31873.069', '0.000', '89617.572', '0.500', '4480.879', '0.000', '99349.000', NULL, NULL, NULL, NULL, NULL, 0, '99349.000', '0.000', '896175.720', '0.00', '001', '1', NULL, '1', '0', '7263952001', '0', '0', '0', '0'),
(1261, '22', '1', '1', '21', '22', '5', '2023', '286770.000', '43016.000', '43016.000', '0.000', '0.000', '0.000', NULL, NULL, NULL, NULL, NULL, NULL, '165001.155', '50349.509', '32500181', '100000.000', '0.000', NULL, '0', NULL, NULL, '503495.089', '453145.580', '14651.646', '338493.934', '1', '4.000', '18419.164', '0.000', '50349.509', '0.500', '2517.475', '0.000', '43016.000', NULL, NULL, NULL, NULL, NULL, 0, '43016.000', '0.000', '503495.089', '0.00', '001', '1', NULL, '1', '0', '7064686001', '0', '0', '0', '0'),
(1262, '21', '1', '1', '1', '1', '5', '2023', '1789193.000', '268379.000', '268379.000', '0.000', '0.000', '0.000', NULL, NULL, NULL, NULL, NULL, NULL, '589301.640', '205757.200', '66028078', NULL, '0.000', NULL, '0', NULL, NULL, '2057572.000', '1851814.800', '383544.440', '1468270.360', '1', '4.000', '71567.720', '0.000', '205757.200', '0.500', '10287.860', '0.000', '268379.000', NULL, NULL, NULL, NULL, NULL, 0, '268379.000', '0.000', '2057572.000', '0.00', '001', '1', NULL, '1', '0', '7185997001', '0', '0', '0', '0'),
(1263, '20', '1', '6', '16', '50', '5', '2023', '6000000.000', '900000.000', '900000.000', '0.000', '0.000', '0.000', NULL, NULL, NULL, NULL, NULL, NULL, '2381000.000', '690000.000', '61859605', NULL, '0.000', NULL, '0', NULL, NULL, '6900000.000', '6210000.000', '1691000.000', '4519000.000', '1', '4.000', '240000.000', '0.000', '690000.000', '0.500', '34500.000', '0.000', '900000.000', NULL, NULL, NULL, NULL, NULL, 0, '900000.000', '0.000', '6900000.000', '0.00', '025', '1', NULL, '1', '0', '7081716001', '0', '0', '0', '0'),
(1264, '19', '1', '1', '1', '33', '5', '2023', '214081.000', '32112.000', '32112.000', '0.000', '0.000', '0.000', NULL, NULL, NULL, NULL, NULL, NULL, '107110.873', '27110.873', '58996419', '50000.000', '0.000', NULL, '0', NULL, '30000.000', '271108.735', '243997.861', '0.000', '163997.861', '1', '4.000', '9559.869', '0.000', '27110.873', '0.500', '1355.544', '0.000', '32112.000', NULL, NULL, NULL, NULL, NULL, 0, '32112.000', '0.000', '271108.735', '0.00', '001', '1', NULL, '1', '0', '7064728002', '0', '0', '0', '0'),
(1265, '18', '1', '1', '4', '18', '5', '2023', '319432.000', '47915.000', '47915.000', '0.000', '0.000', '0.000', NULL, NULL, NULL, NULL, NULL, NULL, '251018.844', '33179.729', '35289740', '100000.000', '35549.710', NULL, '3', NULL, '80000.000', '367347.000', '298617.561', '2289.405', '116328.156', '1', '4.000', '11355.292', '0.000', '33179.729', '0.500', '1658.986', '0.000', '47915.000', NULL, NULL, NULL, NULL, NULL, 0, '47915.000', '0.000', '331797.290', '0.00', '001', '1', NULL, '2', '0', '7073321001', '0', '0', '0', '0'),
(1266, '17', '1', '1', '21', '30', '5', '2023', '391403.000', '58710.000', '58710.000', '0.000', '0.000', '0.000', NULL, NULL, NULL, NULL, NULL, NULL, '167447.036', '51771.532', '55886914', '100000.000', '0.000', NULL, '0', NULL, NULL, '517715.323', '465943.791', '15675.503', '350268.288', '1', '4.000', '18360.213', '0.000', '51771.532', '0.500', '2588.577', '0.000', '58710.000', NULL, NULL, NULL, NULL, NULL, 0, '58710.000', '0.000', '517715.323', '0.00', '001', '1', NULL, '1', '0', '7076653001', '0', '0', '0', '0'),
(1267, '16', '1', '1', '4', '18', '5', '2023', '254990.000', '38249.000', '38249.000', '0.000', '0.000', '0.000', NULL, NULL, NULL, NULL, NULL, NULL, '176381.857', '33710.382', '61384909', '100000.000', '0.000', NULL, '0', NULL, '40000.000', '337103.818', '303393.436', '2671.475', '160721.961', '1', '4.000', '11954.193', '0.000', '33710.382', '0.500', '1685.519', '0.000', '38249.000', NULL, NULL, NULL, NULL, NULL, 0, '38249.000', '0.000', '337103.818', '0.00', '001', '1', NULL, '2', '0', '7070548001', '0', '0', '0', '0'),
(1268, '15', '1', '1', '21', '34', '5', '2023', '1043478.000', '156522.000', '156522.000', '0.000', '0.000', '0.000', NULL, NULL, NULL, NULL, NULL, NULL, '367036.766', '145685.612', '46467156', NULL, '0.000', NULL, '0', NULL, NULL, '1456856.123', '1311170.511', '221351.153', '1089819.358', '1', '4.000', '52013.365', '0.000', '145685.612', '0.500', '7284.281', '0.000', '156522.000', NULL, NULL, NULL, NULL, NULL, 0, '156522.000', '0.000', '1456856.123', '0.00', '001', '1', NULL, '1', '0', '7286985001', '0', '0', '0', '0'),
(1269, '14', '1', '1', '4', '23', '5', '2023', '621527.000', '93229.000', '93229.000', '0.000', '0.000', '0.000', NULL, NULL, NULL, NULL, NULL, NULL, '457618.838', '95267.335', '65157990', '100000.000', '0.000', NULL, '0', NULL, '170000.000', '952673.348', '857406.013', '92351.503', '495054.510', '1', '4.000', '34377.774', '0.000', '95267.335', '0.500', '4763.367', '0.000', '93229.000', NULL, NULL, NULL, NULL, NULL, 0, '93229.000', '0.000', '952673.348', '0.00', '001', '1', NULL, '2', '0', '7160484001', '0', '0', '0', '0'),
(1270, '13', '1', '1', '11', '47', '5', '2023', '4593513.000', '689027.000', '689027.000', '0.000', '0.000', '0.000', NULL, NULL, NULL, NULL, NULL, NULL, '1782539.800', '528254.000', '47509219', NULL, '0.000', NULL, '0', NULL, NULL, '5282540.000', '4754286.000', '1254285.800', '3500000.200', '1', '4.000', '183740.520', '0.000', '528254.000', '0.500', '26412.700', '0.000', '689027.000', NULL, NULL, NULL, NULL, NULL, 0, '689027.000', '0.000', '5282540.000', '0.00', '001', '1', NULL, '2', '0', '7280442001', '0', '0', '0', '0'),
(1271, '12', '1', '1', '11', '38', '5', '2023', '439730.000', '100682.000', '100682.000', '0.000', '0.000', '0.000', NULL, NULL, NULL, NULL, NULL, NULL, '207649.241', '57649.241', '55946771', '100000.000', NULL, NULL, NULL, NULL, '50000.000', '576492.410', '0.000', '0.000', '368843.169', '1', '4.000', '0.000', '0.000', '57649.241', '0.500', '180.402', '0.000', '65960.000', NULL, NULL, NULL, NULL, NULL, 0, '100682.000', '0.000', '36080.410', '0.00', '001', '1', NULL, '2', '0', '7100339001', '0', '0', '0', '0'),
(1272, '11', '1', '1', '21', '22', '5', '2023', '226387.000', '33958.000', '33958.000', '0.000', '0.000', '0.000', NULL, NULL, NULL, NULL, NULL, NULL, '134456.547', '32591.016', '50408321', '100000.000', '0.000', NULL, '0', NULL, NULL, '325910.158', '293319.142', '1865.531', '191453.611', '1', '4.000', '11678.086', '0.000', '32591.016', '0.500', '1629.551', '0.000', '33958.000', NULL, NULL, NULL, NULL, NULL, 0, '33958.000', '0.000', '325910.158', '0.00', '001', '1', NULL, '1', '0', '7064735001', '0', '0', '0', '0'),
(1273, '10', '1', '1', '4', '18', '5', '2023', '331476.000', '49721.000', '49721.000', '0.000', '0.000', '0.000', NULL, NULL, NULL, NULL, NULL, NULL, '233503.281', '43664.699', '33850585', '100000.000', '0.000', NULL, '0', NULL, '80000.000', '436646.985', '392982.287', '9838.583', '203143.704', '1', '4.000', '15477.039', '0.000', '43664.699', '0.500', '2183.235', '0.000', '49721.000', NULL, NULL, NULL, NULL, NULL, 0, '49721.000', '0.000', '436646.985', '0.00', '001', '1', NULL, '2', '0', '7070415001', '0', '0', '0', '0'),
(1274, '9', '1', '1', '21', '12', '5', '2023', '258551.000', '38783.000', '38783.000', '0.000', '0.000', '0.000', NULL, NULL, NULL, NULL, NULL, NULL, '241117.532', '36463.681', '62787950', '100000.000', '0.000', NULL, '0', NULL, '100000.000', '364636.814', '328173.133', '4653.851', '123519.282', '1', '4.000', '13034.153', '0.000', '36463.681', '0.500', '1823.184', '0.000', '38783.000', NULL, NULL, NULL, NULL, NULL, 0, '38783.000', '0.000', '364636.814', '0.00', '001', '1', NULL, '1', '0', '7254364001', '0', '0', '0', '0'),
(1275, '8', '1', '1', '13', '48', '5', '2023', '5641892.000', '846284.000', '846284.000', '0.000', '0.000', '0.000', NULL, NULL, NULL, NULL, NULL, NULL, '2228625.120', '648817.600', '60645059', NULL, '0.000', NULL, '0', NULL, NULL, '6488176.000', '5839358.400', '1579807.520', '4259550.880', '1', '4.000', '225675.680', '0.000', '648817.600', '0.500', '32440.880', '0.000', '846284.000', NULL, NULL, NULL, NULL, NULL, 0, '846284.000', '0.000', '6488176.000', '0.00', '001', '1', NULL, '1', '0', '7408044001', '0', '0', '0', '0'),
(1276, '7', NULL, '1', '18', '43', '5', '2023', '14534600.000', '2180190.000', '2180190.000', '0.000', '0.000', '0.000', NULL, NULL, NULL, NULL, NULL, NULL, '5219867.742', NULL, NULL, NULL, '539186.774', NULL, '1', NULL, NULL, '16714790.000', '16175603.226', '4680680.968', '11494922.258', '1', '4.000', '559816.529', '0.000', NULL, '0.500', '80878.016', '0.000', '2180190.000', NULL, NULL, NULL, NULL, NULL, 0, '2180190.000', '0.000', '16175603.226', '0.00', '001', '1', NULL, '1', '0', '7257704001', '0', '0', '0', '0'),
(1277, '6', '1', '0', '21', '11', '5', '2023', '1877402.000', '281610.000', '281610.000', '0.000', '0.000', '0.000', NULL, NULL, NULL, NULL, NULL, NULL, '626834.440', '215901.200', '64679349', NULL, '0.000', NULL, '0', NULL, NULL, '2159012.000', '1943110.800', '410933.240', '1532177.560', '1', '4.000', '75096.080', '0.000', '215901.200', '0.500', '10795.060', '0.000', '281610.000', NULL, NULL, NULL, NULL, NULL, 0, '281610.000', '0.000', '2159012.000', '0.00', '', '0', NULL, '1', '0', '', '0', '0', '0', '0');
INSERT INTO `empmonthsalary` (`ProcessId`, `EmpId`, `PensionId`, `BranchId`, `DepartmentId`, `DesignationId`, `PayrollMonth`, `PayrollYear`, `BasicSalary`, `TotalPayments`, `TaxPayment`, `NonTaxPayment`, `OnlyPensionPay`, `OnlyPayePay`, `TotalOT`, `OTWeekdays`, `OTSat`, `OTSun`, `OTSunHol`, `LeaveSold`, `TotalDeductions`, `PensionAmt`, `PensionNo`, `SalaryAdvance`, `Absent`, `Late`, `AbsentDays`, `LateHrs`, `TotalLoanAmt`, `GrossSalary`, `TotalIncome`, `PayeAmt`, `Netpay`, `CompanyId`, `SDLper`, `SDLAmt`, `Deductions`, `EmployerContribution`, `wcfrate`, `wcfcontribution`, `NonTaxPayNotSeen`, `HouseAllowance`, `NHIFEmployerPer`, `NHIFEmployeePer`, `NHIFEmployerAmt`, `NHIFEmployeeAmt`, `NHIFBasicSalary`, `PaymentsEffectOnSDL`, `PaymentsEffectOnWCF`, `PaymentsDontEffectOnWCF`, `WCFGrossSalary`, `PaymentIsBenefit`, `BranchCode`, `BankId`, `BankCode`, `MainDivision`, `SubDivision`, `BankAccNo`, `OTWeekdaysAmt`, `OTSatAmt`, `OTSunAmt`, `OTSunHolAmt`) VALUES
(1278, '5', '1', '1', '10', '32', '5', '2023', '537750.000', '80700.000', '80700.000', '0.000', '0.000', '0.000', NULL, NULL, NULL, NULL, NULL, NULL, '389166.000', '61845.000', '33994633', '150000.000', '0.000', NULL, '0', NULL, '150000.000', '618450.000', '556605.000', '27321.000', '229284.000', '1', '4.000', '21510.000', '0.000', '61845.000', '0.500', '3092.250', '0.000', '80700.000', NULL, NULL, NULL, NULL, NULL, 0, '80700.000', '0.000', '618450.000', '0.00', '001', '1', NULL, '1', '0', '7407072001', '0', '0', '0', '0'),
(1279, '4', '1', '1', '11', '14', '5', '2023', '3354633.000', '503195.000', '503195.000', '0.000', '0.000', '0.000', NULL, NULL, NULL, NULL, NULL, NULL, '1255396.360', '385782.800', '64320839', NULL, '0.000', NULL, '0', NULL, NULL, '3857828.000', '3472045.200', '869613.560', '2602431.640', '1', '4.000', '134185.320', '0.000', '385782.800', '0.500', '19289.140', '0.000', '503195.000', NULL, NULL, NULL, NULL, NULL, 0, '503195.000', '0.000', '3857828.000', '0.00', '001', '1', NULL, '2', '0', '7124975001', '0', '0', '0', '0'),
(1280, '3', '1', '12', '13', '48', '5', '2023', '1212677.000', '181902.000', '181902.000', '0.000', '0.000', '0.000', NULL, NULL, NULL, NULL, NULL, NULL, '1394579.000', '0.000', '60511141', NULL, '1394579.000', NULL, '31', NULL, NULL, '1394579.000', '0.000', '0.000', '0.000', '1', '4.000', '-7276.080', '0.000', '0.000', '0.500', '0.000', '0.000', '181902.000', NULL, NULL, NULL, NULL, NULL, 0, '181902.000', '0.000', '0.000', '0.00', '023', '1', NULL, '1', '0', '7055068001', '0', '0', '0', '0'),
(1281, '2', '1', '1', '13', '32', '5', '2023', '223930.000', '33590.000', '33590.000', '0.000', '0.000', '0.000', NULL, NULL, NULL, NULL, NULL, NULL, '85752.000', '25752.000', '62746057', NULL, '0.000', NULL, '0', NULL, '60000.000', '257520.000', '231768.000', '0.000', '171768.000', '1', '4.000', '8957.200', '0.000', '25752.000', '0.500', '1287.600', '0.000', '33590.000', NULL, NULL, NULL, NULL, NULL, 0, '33590.000', '0.000', '257520.000', '0.00', '001', '1', NULL, '1', '0', '7098878001', '0', '0', '0', '0'),
(1282, '1', '1', '8', '19', '5', '5', '2023', '557234.000', '83585.000', '83585.000', '0.000', '0.000', '0.000', NULL, NULL, NULL, NULL, NULL, NULL, '95429.320', '64081.900', '57903204', NULL, '0.000', NULL, '0', NULL, NULL, '640819.000', '576737.100', '31347.420', '545389.680', '1', '4.000', '22289.360', '0.000', '64081.900', '0.500', '3204.095', '0.000', '83585.000', NULL, NULL, NULL, NULL, NULL, 0, '83585.000', '0.000', '640819.000', '0.00', '008', '1', NULL, '1', '0', '7130301001', '0', '0', '0', '0'),
(1477, '98', '1', '1', '1', '41', '6', '2023', '3370638.000', '505596.000', '505596.000', '0.000', '0.000', '0.000', NULL, NULL, NULL, NULL, NULL, NULL, '2506511.880', '387623.400', '34745165', NULL, NULL, NULL, NULL, NULL, NULL, '3876234.000', '3488610.600', '2118888.480', '1369722.120', '1', '3.500', '117972.330', '0.000', '387623.400', '0.500', '19381.170', '0.000', '505596.000', NULL, NULL, NULL, NULL, NULL, 0, '505596.000', '0.000', '3876234.000', '0.00', '001', '1', NULL, '1', '0', '7016549001', '0', '0', '0', '0'),
(1478, '97', '1', '1', '21', '22', '6', '2023', '177293.000', '26594.000', '26594.000', '0.000', '0.000', '0.000', NULL, NULL, NULL, NULL, NULL, NULL, '70388.700', '20388.700', '56938624', NULL, NULL, NULL, NULL, NULL, '50000.000', '203887.000', '183498.300', '0.000', '133498.300', '1', '3.500', '6205.255', '0.000', '20388.700', '0.500', '1019.435', '0.000', '26594.000', NULL, NULL, NULL, NULL, NULL, 0, '26594.000', '0.000', '203887.000', '0.00', '001', '1', NULL, '1', '0', '7064684001', '0', '0', '0', '0'),
(1479, '96', '1', '1', '13', '42', '6', '2023', '3676613.000', '551492.000', '551492.000', '0.000', '0.000', '0.000', NULL, NULL, NULL, NULL, NULL, NULL, '2795046.100', '422810.500', '35405902', NULL, NULL, NULL, NULL, NULL, NULL, '4228105.000', '3805294.500', '2372235.600', '1433058.900', '1', '3.500', '128681.455', '0.000', '422810.500', '0.500', '21140.525', '0.000', '551492.000', NULL, NULL, NULL, NULL, NULL, 0, '551492.000', '0.000', '4228105.000', '0.00', '001', '1', NULL, '1', '0', '7132560001', '0', '0', '0', '0'),
(1480, '95', NULL, '11', '26', '32', '6', '2023', '509979.000', '76497.000', '76497.000', '0.000', '0.000', '0.000', NULL, NULL, NULL, NULL, NULL, NULL, '173295.200', NULL, NULL, NULL, NULL, NULL, NULL, NULL, '140000.000', '586476.000', '586476.000', '33295.200', '413180.800', '1', '3.500', '17849.265', '0.000', NULL, '0.500', '2932.380', '0.000', '76497.000', NULL, NULL, NULL, NULL, NULL, 0, '76497.000', '0.000', '586476.000', '0.00', '024', '1', NULL, '1', '0', '7129925001', '0', '0', '0', '0'),
(1481, '94', '1', '1', '4', '45', '6', '2023', '331476.000', '49721.000', '49721.000', '0.000', '0.000', '0.000', NULL, NULL, NULL, NULL, NULL, NULL, '43965.884', '38119.700', '34737219', NULL, NULL, NULL, NULL, NULL, NULL, '381197.000', '343077.300', '5846.184', '337231.116', '1', '3.500', '11601.660', '0.000', '38119.700', '0.500', '1905.985', '0.000', '49721.000', NULL, NULL, NULL, NULL, NULL, 0, '49721.000', '0.000', '381197.000', '0.00', '001', '1', NULL, '2', '0', '7070546001', '0', '0', '0', '0'),
(1482, '93', '1', '1', '13', '46', '6', '2023', '2523120.000', '378468.000', '378468.000', '0.000', '0.000', '0.000', NULL, NULL, NULL, NULL, NULL, NULL, '1707302.160', '290158.800', '46987122', NULL, NULL, NULL, NULL, NULL, NULL, '2901588.000', '2611429.200', '1417143.360', '1194285.840', '1', '3.500', '88309.200', '0.000', '290158.800', '0.500', '14507.940', '0.000', '378468.000', NULL, NULL, NULL, NULL, NULL, 0, '378468.000', '0.000', '2901588.000', '0.00', '001', '1', NULL, '1', '0', '5401622006', '0', '0', '0', '0'),
(1483, '92', '1', '0', '24', '4', '6', '2023', '502941.000', '75441.000', '75441.000', '0.000', '0.000', '0.000', NULL, NULL, NULL, NULL, NULL, NULL, '77946.960', '57838.200', '37291874', NULL, NULL, NULL, NULL, NULL, NULL, '578382.000', '520543.800', '20108.760', '500435.040', '1', '3.500', '17602.935', '0.000', '57838.200', '0.500', '2891.910', '0.000', '75441.000', NULL, NULL, NULL, NULL, NULL, 0, '75441.000', '0.000', '578382.000', '0.00', '', '0', NULL, '2', '0', '', '0', '0', '0', '0'),
(1484, '91', '1', '1', '9', '20', '6', '2023', '304370.000', '45656.000', '45656.000', '0.000', '0.000', '0.000', NULL, NULL, NULL, NULL, NULL, NULL, '118604.472', '35002.600', '57343772', NULL, NULL, NULL, NULL, NULL, '80000.000', '350026.000', '315023.400', '3601.872', '231421.528', '1', '3.500', '10652.950', '0.000', '35002.600', '0.500', '1750.130', '0.000', '45656.000', NULL, NULL, NULL, NULL, NULL, 0, '45656.000', '0.000', '350026.000', '0.00', '001', '1', NULL, '1', '0', '7414361001', '0', '0', '0', '0'),
(1485, '90', '1', '7', '21', '34', '6', '2023', '1150749.000', '172612.000', '172612.000', '0.000', '0.000', '0.000', NULL, NULL, NULL, NULL, NULL, NULL, '413156.020', '132336.100', '65966309', NULL, NULL, NULL, NULL, NULL, NULL, '1323361.000', '1191024.900', '280819.920', '910204.980', '1', '3.500', '40276.215', '0.000', '132336.100', '0.500', '6616.805', '0.000', '172612.000', NULL, NULL, NULL, NULL, NULL, 0, '172612.000', '0.000', '1323361.000', '0.00', '027', '1', NULL, '1', '0', '7199677001', '0', '0', '0', '0'),
(1486, '89', '1', '7', '13', '2', '6', '2023', '10108129.000', '1516219.000', '1516219.000', '0.000', '0.000', '0.000', NULL, NULL, NULL, NULL, NULL, NULL, '8859965.360', '1162434.800', '55668909', NULL, NULL, NULL, NULL, NULL, NULL, '11624348.000', '10461913.200', '7697530.560', '2764382.640', '1', '3.500', '353784.515', '0.000', '1162434.800', '0.500', '58121.740', '0.000', '1516219.000', NULL, NULL, NULL, NULL, NULL, 0, '1516219.000', '0.000', '11624348.000', '0.00', '027', '1', NULL, '1', '0', '7604517201', '0', '0', '0', '0'),
(1487, '88', '1', '1', '10', '13', '6', '2023', '4869565.000', '730435.000', '730435.000', '0.000', '0.000', '0.000', NULL, NULL, NULL, NULL, NULL, NULL, '3920000.000', '560000.000', '57565821', NULL, NULL, NULL, NULL, NULL, NULL, '5600000.000', '5040000.000', '3360000.000', '1680000.000', '1', '3.500', '170434.775', '0.000', '560000.000', '0.500', '28000.000', '0.000', '730435.000', NULL, NULL, NULL, NULL, NULL, 0, '730435.000', '0.000', '5600000.000', '0.00', '001', '1', NULL, '1', '0', '7053023001', '0', '0', '0', '0'),
(1488, '87', '1', '1', '13', '48', '6', '2023', '5664929.000', '849739.000', '849739.000', '0.000', '0.000', '0.000', NULL, NULL, NULL, NULL, NULL, NULL, '4670027.760', '651466.800', '38935368', NULL, NULL, NULL, NULL, NULL, NULL, '6514668.000', '5863201.200', '4018560.960', '1844640.240', '1', '3.500', '198272.515', '0.000', '651466.800', '0.500', '32573.340', '0.000', '849739.000', NULL, NULL, NULL, NULL, NULL, 0, '849739.000', '0.000', '6514668.000', '0.00', '001', '1', NULL, '1', '0', '7405042001', '0', '0', '0', '0'),
(1489, '86', '1', '2', '26', '35', '6', '2023', '2625520.000', '393828.000', '393828.000', '0.000', '0.000', '0.000', NULL, NULL, NULL, NULL, NULL, NULL, '1803865.360', '301934.800', '29210062', NULL, NULL, NULL, NULL, NULL, NULL, '3019348.000', '2717413.200', '1501930.560', '1215482.640', '1', '3.500', '91893.200', '0.000', '301934.800', '0.500', '15096.740', '0.000', '393828.000', NULL, NULL, NULL, NULL, NULL, 0, '393828.000', '0.000', '3019348.000', '0.00', '002', '1', NULL, '1', '0', '5000382440', '0', '0', '0', '0'),
(1490, '85', '1', '1', '17', '40', '6', '2023', '5567544.000', '835132.000', '835132.000', '0.000', '0.000', '0.000', NULL, NULL, NULL, NULL, NULL, NULL, '4578194.320', '640267.600', '23586842', NULL, NULL, NULL, NULL, NULL, NULL, '6402676.000', '5762408.400', '3937926.720', '1824481.680', '1', '3.500', '194864.040', '0.000', '640267.600', '0.500', '32013.380', '0.000', '835132.000', NULL, NULL, NULL, NULL, NULL, 0, '835132.000', '0.000', '6402676.000', '0.00', '001', '1', NULL, '1', '0', '7405070002', '0', '0', '0', '0'),
(1491, '84', '1', '1', '17', '39', '6', '2023', '2799172.000', '419876.000', '419876.000', '0.000', '0.000', '0.000', NULL, NULL, NULL, NULL, NULL, NULL, '1967619.360', '321904.800', '38201089', NULL, NULL, NULL, NULL, NULL, NULL, '3219048.000', '2897143.200', '1645714.560', '1251428.640', '1', '3.500', '97971.020', '0.000', '321904.800', '0.500', '16095.240', '0.000', '419876.000', NULL, NULL, NULL, NULL, NULL, 0, '419876.000', '0.000', '3219048.000', '0.00', '001', '1', NULL, '1', '0', '7273874001', '0', '0', '0', '0'),
(1492, '83', '1', '1', '4', '26', '6', '2023', '293848.000', '44077.000', '44077.000', '0.000', '0.000', '0.000', NULL, NULL, NULL, NULL, NULL, NULL, '116523.100', '33792.500', '36603392', NULL, NULL, NULL, NULL, NULL, '80000.000', '337925.000', '304132.500', '2730.600', '221401.900', '1', '3.500', '10284.680', '0.000', '33792.500', '0.500', '1689.625', '0.000', '44077.000', NULL, NULL, NULL, NULL, NULL, 0, '44077.000', '0.000', '337925.000', '0.00', '001', '1', NULL, '2', '0', '7070452001', '0', '0', '0', '0'),
(1493, '82', '1', '1', '4', '18', '6', '2023', '387164.000', '58075.000', '58075.000', '0.000', '0.000', '0.000', NULL, NULL, NULL, NULL, NULL, NULL, '104981.108', '44523.900', '32477376', NULL, NULL, NULL, NULL, NULL, '50000.000', '445239.000', '400715.100', '10457.208', '340257.892', '1', '3.500', '13550.740', '0.000', '44523.900', '0.500', '2226.195', '0.000', '58075.000', NULL, NULL, NULL, NULL, NULL, 0, '58075.000', '0.000', '445239.000', '0.00', '001', '1', NULL, '2', '0', '7070543001', '0', '0', '0', '0'),
(1494, '81', '1', '1', '9', '20', '6', '2023', '272330.000', '40850.000', '40850.000', '0.000', '0.000', '0.000', NULL, NULL, NULL, NULL, NULL, NULL, '32266.960', '31318.000', '58532838', NULL, NULL, NULL, NULL, NULL, NULL, '313180.000', '281862.000', '948.960', '280913.040', '1', '3.500', '9531.550', '0.000', '31318.000', '0.500', '1565.900', '0.000', '40850.000', NULL, NULL, NULL, NULL, NULL, 0, '40850.000', '0.000', '313180.000', '0.00', '001', '1', NULL, '1', '0', '7414360001', '0', '0', '0', '0'),
(1495, '80', '1', '1', '24', '27', '6', '2023', '15601375.000', '500000.000', '500000.000', '0.000', '0.000', '0.000', NULL, NULL, NULL, NULL, NULL, NULL, '12846127.500', '1610137.500', '60963808', NULL, NULL, NULL, NULL, NULL, NULL, '16101375.000', '14491237.500', '10920990.000', '3255247.500', '1', '3.500', '546048.125', '315000.000', '1610137.500', '0.500', '80506.875', '0.000', '500000.000', NULL, NULL, NULL, NULL, NULL, 0, '500000.000', '0.000', '16101375.000', '0.00', '001', '1', NULL, '2', '0', '7134742001', '0', '0', '0', '0'),
(1496, '79', '1', '1', '20', '22', '6', '2023', '259360.000', '38904.000', '38904.000', '0.000', '0.000', '0.000', NULL, NULL, NULL, NULL, NULL, NULL, '99826.400', '29826.400', '39172899', NULL, NULL, NULL, NULL, NULL, '70000.000', '298264.000', '268437.600', '0.000', '198437.600', '1', '3.500', '9077.600', '0.000', '29826.400', '0.500', '1491.320', '0.000', '38904.000', NULL, NULL, NULL, NULL, NULL, 0, '38904.000', '0.000', '298264.000', '0.00', '001', '1', NULL, '1', '0', '7064682001', '0', '0', '0', '0'),
(1497, '78', '1', '1', '21', '21', '6', '2023', '365685.000', '54853.000', '54853.000', '0.000', '0.000', '0.000', NULL, NULL, NULL, NULL, NULL, NULL, '50732.536', '42053.800', '63741377', NULL, NULL, NULL, NULL, NULL, NULL, '420538.000', '378484.200', '8678.736', '369805.464', '1', '3.500', '12798.975', '0.000', '42053.800', '0.500', '2102.690', '0.000', '54853.000', NULL, NULL, NULL, NULL, NULL, 0, '54853.000', '0.000', '420538.000', '0.00', '001', '1', NULL, '1', '0', '7204977001', '0', '0', '0', '0'),
(1498, '77', '1', '1', '21', '22', '6', '2023', '302585.000', '45388.000', '45388.000', '0.000', '0.000', '0.000', NULL, NULL, NULL, NULL, NULL, NULL, '38251.356', '34797.300', '39172902', NULL, NULL, NULL, NULL, NULL, NULL, '347973.000', '313175.700', '3454.056', '309721.644', '1', '3.500', '10590.475', '0.000', '34797.300', '0.500', '1739.865', '0.000', '45388.000', NULL, NULL, NULL, NULL, NULL, 0, '45388.000', '0.000', '347973.000', '0.00', '001', '1', NULL, '1', '0', '7064722001', '0', '0', '0', '0'),
(1499, '76', '1', '1', '21', '22', '6', '2023', '217281.000', '32592.000', '32592.000', '0.000', '0.000', '0.000', NULL, NULL, NULL, NULL, NULL, NULL, '84987.300', '24987.300', '50408585', NULL, NULL, NULL, NULL, NULL, '60000.000', '249873.000', '224885.700', '0.000', '164885.700', '1', '3.500', '7604.835', '0.000', '24987.300', '0.500', '1249.365', '0.000', '32592.000', NULL, NULL, NULL, NULL, NULL, 0, '32592.000', '0.000', '249873.000', '0.00', '001', '1', NULL, '1', '0', '7064677001', '0', '0', '0', '0'),
(1500, '75', '1', '1', '10', '24', '6', '2023', '16422250.000', '2463333.000', '2463333.000', '0.000', '0.000', '0.000', NULL, NULL, NULL, NULL, NULL, NULL, '14814178.060', '1888558.300', '58260481', NULL, NULL, NULL, NULL, NULL, NULL, '18885583.000', '16997024.700', '12925619.760', '4071404.940', '1', '3.500', '574778.750', '0.000', '1888558.300', '0.500', '94427.915', '0.000', '2463333.000', NULL, NULL, NULL, NULL, NULL, 0, '2463333.000', '0.000', '18885583.000', '0.00', '001', '1', NULL, '1', '0', '7001843001', '0', '0', '0', '0'),
(1501, '74', '1', '1', '24', '25', '6', '2023', '3228871.000', '484331.000', '484331.000', '0.000', '0.000', '0.000', NULL, NULL, NULL, NULL, NULL, NULL, '3292825.640', '371320.200', '36119946', NULL, NULL, NULL, NULL, NULL, '920000.000', '3713202.000', '3341881.800', '2001505.440', '420376.360', '1', '3.500', '113010.485', '0.000', '371320.200', '0.500', '18566.010', '0.000', '484331.000', NULL, NULL, NULL, NULL, NULL, 0, '484331.000', '0.000', '3713202.000', '0.00', '001', '1', NULL, '2', '0', '7069250001', '0', '0', '0', '0'),
(1502, '73', '1', '12', '20', '6', '6', '2023', '2284970.000', '342745.000', '342745.000', '0.000', '0.000', '0.000', NULL, NULL, NULL, NULL, NULL, NULL, '1482726.300', '262771.500', '45009147', NULL, NULL, NULL, NULL, NULL, NULL, '2627715.000', '2364943.500', '1219954.800', '1144988.700', '1', '3.500', '79973.950', '0.000', '262771.500', '0.500', '13138.575', '0.000', '342745.000', NULL, NULL, NULL, NULL, NULL, 0, '342745.000', '0.000', '2627715.000', '0.00', '023', '1', NULL, '1', '0', '7205074001', '0', '0', '0', '0'),
(1503, '72', '1', '1', '4', '23', '6', '2023', '707139.000', '106071.000', '106071.000', '0.000', '0.000', '0.000', NULL, NULL, NULL, NULL, NULL, NULL, '143698.800', '81321.000', '63306190', NULL, NULL, NULL, NULL, NULL, NULL, '813210.000', '731889.000', '62377.800', '669511.200', '1', '3.500', '24749.865', '0.000', '81321.000', '0.500', '4066.050', '0.000', '106071.000', NULL, NULL, NULL, NULL, NULL, 0, '106071.000', '0.000', '813210.000', '0.00', '001', '1', NULL, '2', '0', '7106080001', '0', '0', '0', '0'),
(1504, '71', '1', '9', '24', '19', '6', '2023', '130435.000', '19565.000', '19565.000', '0.000', '0.000', '0.000', NULL, NULL, NULL, NULL, NULL, NULL, '15000.000', '15000.000', '46663830', NULL, NULL, NULL, NULL, NULL, NULL, '150000.000', '135000.000', '0.000', '135000.000', '1', '3.500', '4565.225', '0.000', '15000.000', '0.500', '750.000', '0.000', '19565.000', NULL, NULL, NULL, NULL, NULL, 0, '19565.000', '0.000', '150000.000', '0.00', '013', '1', NULL, '2', '0', '7270267001', '0', '0', '0', '0'),
(1505, '70', '1', '1', '9', '20', '6', '2023', '272330.000', '40850.000', '40850.000', '0.000', '0.000', '0.000', NULL, NULL, NULL, NULL, NULL, NULL, '140266.960', '31318.000', '58605053', NULL, NULL, NULL, NULL, NULL, '108000.000', '313180.000', '281862.000', '948.960', '172913.040', '1', '3.500', '9531.550', '0.000', '31318.000', '0.500', '1565.900', '0.000', '40850.000', NULL, NULL, NULL, NULL, NULL, 0, '40850.000', '0.000', '313180.000', '0.00', '001', '1', NULL, '1', '0', '7414356001', '0', '0', '0', '0'),
(1506, '69', '1', '1', '4', '18', '6', '2023', '173913.000', '26087.000', '26087.000', '0.000', '0.000', '0.000', NULL, NULL, NULL, NULL, NULL, NULL, '20000.000', '20000.000', '45140522', NULL, NULL, NULL, NULL, NULL, NULL, '200000.000', '180000.000', '0.000', '180000.000', '1', '3.500', '6086.955', '0.000', '20000.000', '0.500', '1000.000', '0.000', '26087.000', NULL, NULL, NULL, NULL, NULL, 0, '26087.000', '0.000', '200000.000', '0.00', '001', '1', NULL, '2', '0', '7290250001', '0', '0', '0', '0'),
(1507, '68', '1', '1', '13', '24', '6', '2023', '16074000.000', '2595875.000', '2595875.000', '0.000', '0.000', '0.000', NULL, NULL, NULL, NULL, NULL, NULL, '14637297.500', '1866987.500', '60024259', NULL, NULL, NULL, NULL, NULL, NULL, '18669875.000', '16802887.500', '12770310.000', '4032577.500', '1', '3.500', '562590.000', '0.000', '1866987.500', '0.500', '93349.375', '0.000', '2595875.000', NULL, NULL, NULL, NULL, NULL, 0, '2595875.000', '0.000', '18669875.000', '0.00', '001', '1', NULL, '1', '0', '7038638001', '0', '0', '0', '0'),
(1508, '67', '1', '1', '4', '36', '6', '2023', '11031875.000', '0.000', '0.000', '0.000', '0.000', '0.000', NULL, NULL, NULL, NULL, NULL, NULL, '8374137.500', '1103187.500', '56062451', NULL, NULL, NULL, NULL, NULL, NULL, '11031875.000', '9928687.500', '7270950.000', '2657737.500', '1', '3.500', '386115.625', '0.000', '1103187.500', '0.500', '55159.375', '0.000', NULL, NULL, NULL, NULL, NULL, NULL, 0, '0.000', '0.000', '11031875.000', '0.00', '001', '1', NULL, '2', '0', '7273534001', '0', '0', '0', '0'),
(1509, '66', '1', '1', '21', '22', '6', '2023', '260509.000', '39076.000', '39076.000', '0.000', '0.000', '0.000', NULL, NULL, NULL, NULL, NULL, NULL, '29958.500', '29958.500', '39172880', NULL, NULL, NULL, NULL, NULL, NULL, '299585.000', '269626.500', '0.000', '269626.500', '1', '3.500', '9117.815', '0.000', '29958.500', '0.500', '1497.925', '0.000', '39076.000', NULL, NULL, NULL, NULL, NULL, 0, '39076.000', '0.000', '299585.000', '0.00', '001', '1', NULL, '1', '0', '7064725001', '0', '0', '0', '0'),
(1510, '65', '1', '1', '20', '32', '6', '2023', '355312.000', '53297.000', '53297.000', '0.000', '0.000', '0.000', NULL, NULL, NULL, NULL, NULL, NULL, '168680.748', '40860.900', '39621715', NULL, NULL, NULL, NULL, NULL, '120000.000', '408609.000', '367748.100', '7819.848', '239928.252', '1', '3.500', '12435.920', '0.000', '40860.900', '0.500', '2043.045', '0.000', '53297.000', NULL, NULL, NULL, NULL, NULL, 0, '53297.000', '0.000', '408609.000', '0.00', '001', '1', NULL, '1', '0', '7409554001', '0', '0', '0', '0'),
(1511, '64', '1', '5', '11', '49', '6', '2023', '358561.000', '130744.000', '130744.000', '0.000', '0.000', '0.000', NULL, NULL, NULL, NULL, NULL, NULL, '62560.460', '48930.500', '58381376', NULL, NULL, NULL, NULL, NULL, NULL, '489305.000', '440374.500', '13629.960', '426744.540', '1', '3.500', '12549.635', '0.000', '48930.500', '0.500', '2446.525', '0.000', '53784.000', NULL, NULL, NULL, NULL, NULL, 0, '130744.000', '0.000', '489305.000', '0.00', '007', '1', NULL, '2', '0', '7100400001', '0', '0', '0', '0'),
(1512, '63', '1', '1', '11', '23', '6', '2023', '439730.000', '100682.000', '100682.000', '0.000', '0.000', '0.000', NULL, NULL, NULL, NULL, NULL, NULL, '171350.864', '54041.200', '62451804', NULL, NULL, NULL, NULL, NULL, '100000.000', '540412.000', '486370.800', '17309.664', '369061.136', '1', '3.500', '15390.550', '0.000', '54041.200', '0.500', '2702.060', '0.000', '65960.000', NULL, NULL, NULL, NULL, NULL, 0, '100682.000', '0.000', '540412.000', '0.00', '001', '1', NULL, '2', '0', '7104432001', '0', '0', '0', '0'),
(1513, '62', '1', '9', '19', '32', '6', '2023', '279604.000', '41941.000', '41941.000', '0.000', '0.000', '0.000', NULL, NULL, NULL, NULL, NULL, NULL, '33705.740', '32154.500', '50266497', NULL, NULL, NULL, NULL, NULL, NULL, '321545.000', '289390.500', '1551.240', '287839.260', '1', '3.500', '9786.140', '0.000', '32154.500', '0.500', '1607.725', '0.000', '41941.000', NULL, NULL, NULL, NULL, NULL, 0, '41941.000', '0.000', '321545.000', '0.00', '013', '1', NULL, '1', '0', '7130048001', '0', '0', '0', '0'),
(1514, '61', '1', '1', '21', '22', '6', '2023', '226387.000', '33958.000', '33958.000', '0.000', '0.000', '0.000', NULL, NULL, NULL, NULL, NULL, NULL, '26034.500', '26034.500', '55656481', NULL, NULL, NULL, NULL, NULL, NULL, '260345.000', '234310.500', '0.000', '234310.500', '1', '3.500', '7923.545', '0.000', '26034.500', '0.500', '1301.725', '0.000', '33958.000', NULL, NULL, NULL, NULL, NULL, 0, '33958.000', '0.000', '260345.000', '0.00', '001', '1', NULL, '1', '0', '7064760001', '0', '0', '0', '0'),
(1515, '60', '1', '1', '13', '25', '6', '2023', '2523478.000', '378522.000', '378522.000', '0.000', '0.000', '0.000', NULL, NULL, NULL, NULL, NULL, NULL, '1707640.000', '290200.000', '64691411', NULL, NULL, NULL, NULL, NULL, NULL, '2902000.000', '2611800.000', '1417440.000', '1194360.000', '1', '3.500', '88321.730', '0.000', '290200.000', '0.500', '14510.000', '0.000', '378522.000', NULL, NULL, NULL, NULL, NULL, 0, '378522.000', '0.000', '2902000.000', '0.00', '001', '1', NULL, '1', '0', '7135246001', '0', '0', '0', '0'),
(1516, '59', '1', '1', '6', '6', '6', '2023', '3852880.000', '577932.000', '577932.000', '0.000', '0.000', '0.000', NULL, NULL, NULL, NULL, NULL, NULL, '2961265.840', '443081.200', '32026129', NULL, NULL, NULL, NULL, NULL, NULL, '4430812.000', '3987730.800', '2518184.640', '1469546.160', '1', '3.500', '134850.800', '0.000', '443081.200', '0.500', '22154.060', '0.000', '577932.000', NULL, NULL, NULL, NULL, NULL, 0, '577932.000', '0.000', '4430812.000', '0.00', '001', '1', NULL, '1', '0', '7409791001', '0', '0', '0', '0'),
(1517, '58', '1', '1', '16', '16', '6', '2023', '24296250.000', '3645625.000', '3645625.000', '0.000', '0.000', '0.000', NULL, NULL, NULL, NULL, NULL, NULL, '22240337.500', '2794187.500', '56345992', NULL, NULL, NULL, NULL, NULL, NULL, '27941875.000', '25147687.500', '19446150.000', '5701537.500', '1', '3.500', '850368.750', '0.000', '2794187.500', '0.500', '139709.375', '0.000', '3645625.000', NULL, NULL, NULL, NULL, NULL, 0, '3645625.000', '0.000', '27941875.000', '0.00', '001', '1', NULL, '1', '0', '7410338001', '0', '0', '0', '0'),
(1518, '57', '1', '1', '8', '44', '6', '2023', '2501281.000', '375192.000', '375192.000', '0.000', '0.000', '0.000', NULL, NULL, NULL, NULL, NULL, NULL, '1686707.860', '287647.300', '50264427', NULL, NULL, NULL, NULL, NULL, NULL, '2876473.000', '2588825.700', '1399060.560', '1189765.140', '1', '3.500', '87544.835', '0.000', '287647.300', '0.500', '14382.365', '0.000', '375192.000', NULL, NULL, NULL, NULL, NULL, 0, '375192.000', '0.000', '2876473.000', '0.00', '001', '1', NULL, '1', '0', '7407071001', '0', '0', '0', '0'),
(1519, '56', '1', '9', '24', '19', '6', '2023', '130435.000', '19565.000', '19565.000', '0.000', '0.000', '0.000', NULL, NULL, NULL, NULL, NULL, NULL, '15000.000', '15000.000', '29939968', NULL, NULL, NULL, NULL, NULL, NULL, '150000.000', '135000.000', '0.000', '135000.000', '1', '3.500', '4565.225', '0.000', '15000.000', '0.500', '750.000', '0.000', '19565.000', NULL, NULL, NULL, NULL, NULL, 0, '19565.000', '0.000', '150000.000', '0.00', '013', '1', NULL, '2', '0', '7270236001', '0', '0', '0', '0'),
(1520, '55', '1', '7', '24', '31', '6', '2023', '5973775.000', '896066.000', '896066.000', '0.000', '0.000', '0.000', NULL, NULL, NULL, NULL, NULL, NULL, '4961269.620', '686984.100', '50481851', NULL, NULL, NULL, NULL, NULL, NULL, '6869841.000', '6182856.900', '4274285.520', '1908571.380', '1', '3.500', '209082.125', '0.000', '686984.100', '0.500', '34349.205', '0.000', '896066.000', NULL, NULL, NULL, NULL, NULL, 0, '896066.000', '0.000', '6869841.000', '0.00', '027', '1', NULL, '2', '0', '7600282201', '0', '0', '0', '0'),
(1521, '54', '1', '4', '13', '7', '6', '2023', '2700146.000', '405022.000', '405022.000', '0.000', '0.000', '0.000', NULL, NULL, NULL, NULL, NULL, NULL, '1874237.760', '310516.800', '59192755', NULL, NULL, NULL, NULL, NULL, NULL, '3105168.000', '2794651.200', '1563720.960', '1230930.240', '1', '3.500', '94505.110', '0.000', '310516.800', '0.500', '15525.840', '0.000', '405022.000', NULL, NULL, NULL, NULL, NULL, 0, '405022.000', '0.000', '3105168.000', '0.00', '005', '1', NULL, '1', '0', '7078600001', '0', '0', '0', '0'),
(1522, '53', '1', '1', '4', '26', '6', '2023', '254990.000', '38249.000', '38249.000', '0.000', '0.000', '0.000', NULL, NULL, NULL, NULL, NULL, NULL, '59323.900', '29323.900', '61384968', NULL, NULL, NULL, NULL, NULL, '30000.000', '293239.000', '263915.100', '0.000', '233915.100', '1', '3.500', '8924.650', '0.000', '29323.900', '0.500', '1466.195', '0.000', '38249.000', NULL, NULL, NULL, NULL, NULL, 0, '38249.000', '0.000', '293239.000', '0.00', '001', '1', NULL, '2', '0', '7071856001', '0', '0', '0', '0'),
(1523, '52', '1', '1', '4', '38', '6', '2023', '344885.000', '51733.000', '51733.000', '0.000', '0.000', '0.000', NULL, NULL, NULL, NULL, NULL, NULL, '46618.296', '39661.800', '47404867', NULL, NULL, NULL, NULL, NULL, NULL, '396618.000', '356956.200', '6956.496', '349999.704', '1', '3.500', '12070.975', '0.000', '39661.800', '0.500', '1983.090', '0.000', '51733.000', NULL, NULL, NULL, NULL, NULL, 0, '51733.000', '0.000', '396618.000', '0.00', '001', '1', NULL, '2', '0', '7287906001', '0', '0', '0', '0'),
(1524, '51', '1', '1', '4', '18', '6', '2023', '358566.000', '161544.000', '161544.000', '0.000', '0.000', '0.000', NULL, NULL, NULL, NULL, NULL, NULL, '117858.920', '52011.000', '34737235', NULL, NULL, NULL, NULL, NULL, '50000.000', '520110.000', '468099.000', '15847.920', '402251.080', '1', '3.500', '12549.810', '0.000', '52011.000', '0.500', '2600.550', '0.000', '53785.000', NULL, NULL, NULL, NULL, NULL, 0, '161544.000', '0.000', '520110.000', '0.00', '001', '1', NULL, '2', '0', '7070379001', '0', '0', '0', '0'),
(1525, '50', '1', '1', '21', '22', '6', '2023', '207028.000', '31054.000', '31054.000', '0.000', '0.000', '0.000', NULL, NULL, NULL, NULL, NULL, NULL, '78808.200', '23808.200', '60114754', NULL, NULL, NULL, NULL, NULL, '55000.000', '238082.000', '214273.800', '0.000', '159273.800', '1', '3.500', '7245.980', '0.000', '23808.200', '0.500', '1190.410', '0.000', '31054.000', NULL, NULL, NULL, NULL, NULL, 0, '31054.000', '0.000', '238082.000', '0.00', '001', '1', NULL, '1', '0', '7064679001', '0', '0', '0', '0'),
(1526, '49', NULL, '1', '24', '8', '6', '2023', '217391.000', '32609.000', '32609.000', '0.000', '0.000', '0.000', NULL, NULL, NULL, NULL, NULL, NULL, '0.000', NULL, NULL, NULL, NULL, NULL, NULL, NULL, NULL, '250000.000', '250000.000', '0.000', '250000.000', '1', '3.500', '7608.685', '0.000', NULL, '0.500', '1250.000', '0.000', '32609.000', NULL, NULL, NULL, NULL, NULL, 0, '32609.000', '0.000', '250000.000', '0.00', '001', '1', NULL, '2', '0', '7405660001', '0', '0', '0', '0'),
(1527, '48', '1', '1', '24', '29', '6', '2023', '3689000.000', '553350.000', '553350.000', '0.000', '0.000', '0.000', NULL, NULL, NULL, NULL, NULL, NULL, '3606727.000', '424235.000', '45225349', NULL, NULL, NULL, NULL, NULL, '800000.000', '4242350.000', '3818115.000', '2382492.000', '635623.000', '1', '3.500', '129115.000', '0.000', '424235.000', '0.500', '21211.750', '0.000', '553350.000', NULL, NULL, NULL, NULL, NULL, 0, '553350.000', '0.000', '4242350.000', '0.00', '001', '1', NULL, '2', '0', '7265348001', '0', '0', '0', '0'),
(1528, '47', '1', '1', '4', '37', '6', '2023', '281801.000', '42270.000', '42270.000', '0.000', '0.000', '0.000', NULL, NULL, NULL, NULL, NULL, NULL, '154140.212', '32407.100', '36608343', NULL, NULL, NULL, NULL, NULL, '120000.000', '324071.000', '291663.900', '1733.112', '169930.788', '1', '3.500', '9863.035', '0.000', '32407.100', '0.500', '1620.355', '0.000', '42270.000', NULL, NULL, NULL, NULL, NULL, 0, '42270.000', '0.000', '324071.000', '0.00', '001', '1', NULL, '2', '0', '7071858001', '0', '0', '0', '0'),
(1529, '46', '1', '1', '16', '17', '6', '2023', '505704.000', '75856.000', '75856.000', '0.000', '0.000', '0.000', NULL, NULL, NULL, NULL, NULL, NULL, '126581.488', '52340.400', '33090653', NULL, '58156.000', NULL, '3', NULL, NULL, '581560.000', '471063.600', '16085.088', '454978.512', '1', '3.500', '15664.180', '0.000', '52340.400', '0.500', '2617.020', '0.000', '75856.000', NULL, NULL, NULL, NULL, NULL, 0, '75856.000', '0.000', '523404.000', '0.00', '001', '1', NULL, '1', '0', '7407019001', '0', '0', '0', '0'),
(1530, '45', '1', '10', '2', '32', '6', '2023', '159102.000', '23865.000', '23865.000', '0.000', '0.000', '0.000', NULL, NULL, NULL, NULL, NULL, NULL, '18296.700', '18296.700', '61247723', NULL, NULL, NULL, NULL, NULL, NULL, '182967.000', '164670.300', '0.000', '164670.300', '1', '3.500', '5568.570', '0.000', '18296.700', '0.500', '914.835', '0.000', '23865.000', NULL, NULL, NULL, NULL, NULL, 0, '23865.000', '0.000', '182967.000', '0.00', '009', '1', NULL, '1', '0', '7116689001', '0', '0', '0', '0'),
(1531, '44', '1', '1', '24', '28', '6', '2023', '2523120.000', '378468.000', '378468.000', '0.000', '0.000', '0.000', NULL, NULL, NULL, NULL, NULL, NULL, '1707302.160', '290158.800', '66057086', NULL, NULL, NULL, NULL, NULL, NULL, '2901588.000', '2611429.200', '1417143.360', '1194285.840', '1', '3.500', '88309.200', '0.000', '290158.800', '0.500', '14507.940', '0.000', '378468.000', NULL, NULL, NULL, NULL, NULL, 0, '378468.000', '0.000', '2901588.000', '0.00', '001', '1', NULL, '2', '0', '7178202001', '0', '0', '0', '0'),
(1532, '43', '1', '1', '20', '24', '6', '2023', '11620875.000', '500000.000', '500000.000', '0.000', '0.000', '0.000', NULL, NULL, NULL, NULL, NULL, NULL, '11159894.500', '1212087.500', '36213470', NULL, NULL, NULL, NULL, NULL, '1577777.000', '12120875.000', '10908787.500', '8055030.000', '960980.500', '1', '3.500', '406730.625', '315000.000', '1212087.500', '0.500', '60604.375', '0.000', '500000.000', NULL, NULL, NULL, NULL, NULL, 0, '500000.000', '0.000', '12120875.000', '0.00', '001', '1', NULL, '1', '0', '7403594001', '0', '0', '0', '0'),
(1533, '42', '1', '1', '4', '18', '6', '2023', '254990.000', '38249.000', '38249.000', '0.000', '0.000', '0.000', NULL, NULL, NULL, NULL, NULL, NULL, '69323.900', '29323.900', '61384984', NULL, NULL, NULL, NULL, NULL, '40000.000', '293239.000', '263915.100', '0.000', '223915.100', '1', '3.500', '8924.650', '0.000', '29323.900', '0.500', '1466.195', '0.000', '38249.000', NULL, NULL, NULL, NULL, NULL, 0, '38249.000', '0.000', '293239.000', '0.00', '001', '1', NULL, '2', '0', '7070883001', '0', '0', '0', '0'),
(1534, '41', '1', '1', '21', '22', '6', '2023', '200000.000', '0.000', '0.000', '0.000', '0.000', '0.000', NULL, NULL, NULL, NULL, NULL, NULL, '20000.000', '20000.000', '47467250', NULL, NULL, NULL, NULL, NULL, NULL, '200000.000', '180000.000', '0.000', '180000.000', '1', '3.500', '7000.000', '0.000', '20000.000', '0.500', '1000.000', '0.000', NULL, NULL, NULL, NULL, NULL, NULL, 0, '0.000', '0.000', '200000.000', '0.00', '001', '1', NULL, '1', '0', '7282469001', '0', '0', '0', '0'),
(1535, '40', '1', '1', '24', '25', '6', '2023', '2523478.000', '378522.000', '378522.000', '0.000', '0.000', '0.000', NULL, NULL, NULL, NULL, NULL, NULL, '2207640.000', '290200.000', '57901511', NULL, NULL, NULL, NULL, NULL, '500000.000', '2902000.000', '2611800.000', '1417440.000', '694360.000', '1', '3.500', '88321.730', '0.000', '290200.000', '0.500', '14510.000', '0.000', '378522.000', NULL, NULL, NULL, NULL, NULL, 0, '378522.000', '0.000', '2902000.000', '0.00', '001', '1', NULL, '2', '0', '7116037001', '0', '0', '0', '0'),
(1536, '39', '1', '1', '6', '32', '6', '2023', '311981.000', '46797.000', '46797.000', '0.000', '0.000', '0.000', NULL, NULL, NULL, NULL, NULL, NULL, '140109.816', '35877.800', '56912358', NULL, NULL, NULL, NULL, NULL, '100000.000', '358778.000', '322900.200', '4232.016', '218668.184', '1', '3.500', '10919.335', '0.000', '35877.800', '0.500', '1793.890', '0.000', '46797.000', NULL, NULL, NULL, NULL, NULL, 0, '46797.000', '0.000', '358778.000', '0.00', '001', '1', NULL, '1', '0', '7409505001', '0', '0', '0', '0'),
(1537, '38', '1', '1', '13', '32', '6', '2023', '420482.000', '63072.000', '63072.000', '0.000', '0.000', '0.000', NULL, NULL, NULL, NULL, NULL, NULL, '182371.288', '48355.400', '29718023', NULL, NULL, NULL, NULL, NULL, '120800.000', '483554.000', '435198.600', '13215.888', '301182.712', '1', '3.500', '14716.870', '0.000', '48355.400', '0.500', '2417.770', '0.000', '63072.000', NULL, NULL, NULL, NULL, NULL, 0, '63072.000', '0.000', '483554.000', '0.00', '001', '1', NULL, '1', '0', '7406058001', '0', '0', '0', '0'),
(1538, '37', '1', '1', '21', '22', '6', '2023', '240000.000', '36000.000', '36000.000', '0.000', '0.000', '0.000', NULL, NULL, NULL, NULL, NULL, NULL, '27600.000', '27600.000', '50084267', NULL, NULL, NULL, NULL, NULL, NULL, '276000.000', '248400.000', '0.000', '248400.000', '1', '3.500', '8400.000', '0.000', '27600.000', '0.500', '1380.000', '0.000', '36000.000', NULL, NULL, NULL, NULL, NULL, 0, '36000.000', '0.000', '276000.000', '0.00', '001', '1', NULL, '1', '0', '7064685001', '0', '0', '0', '0'),
(1539, '36', '1', '1', '21', '15', '6', '2023', '2715338.000', '407301.000', '407301.000', '0.000', '0.000', '0.000', NULL, NULL, NULL, NULL, NULL, NULL, '1888563.980', '312263.900', '64673936', NULL, NULL, NULL, NULL, NULL, NULL, '3122639.000', '2810375.100', '1576300.080', '1234075.020', '1', '3.500', '95036.830', '0.000', '312263.900', '0.500', '15613.195', '0.000', '407301.000', NULL, NULL, NULL, NULL, NULL, 0, '407301.000', '0.000', '3122639.000', '0.00', '001', '1', NULL, '1', '0', '5405442001', '0', '0', '0', '0'),
(1540, '35', '1', '1', '4', '18', '6', '2023', '322447.000', '48367.000', '48367.000', '0.000', '0.000', '0.000', NULL, NULL, NULL, NULL, NULL, NULL, '67180.008', '37081.400', '33174016', NULL, NULL, NULL, NULL, NULL, '25000.000', '370814.000', '333732.600', '5098.608', '303633.992', '1', '3.500', '11285.645', '0.000', '37081.400', '0.500', '1854.070', '0.000', '48367.000', NULL, NULL, NULL, NULL, NULL, 0, '48367.000', '0.000', '370814.000', '0.00', '001', '1', NULL, '2', '0', '7070882001', '0', '0', '0', '0'),
(1541, '34', '1', '1', '4', '45', '6', '2023', '345041.000', '51756.000', '51756.000', '0.000', '0.000', '0.000', NULL, NULL, NULL, NULL, NULL, NULL, '116649.084', '39679.700', '33174032', NULL, NULL, NULL, NULL, NULL, '70000.000', '396797.000', '357117.300', '6969.384', '280147.916', '1', '3.500', '12076.435', '0.000', '39679.700', '0.500', '1983.985', '0.000', '51756.000', NULL, NULL, NULL, NULL, NULL, 0, '51756.000', '0.000', '396797.000', '0.00', '001', '1', NULL, '2', '0', '7070545001', '0', '0', '0', '0'),
(1542, '33', '1', '1', '4', '18', '6', '2023', '254990.000', '38249.000', '38249.000', '0.000', '0.000', '0.000', NULL, NULL, NULL, NULL, NULL, NULL, '69323.900', '29323.900', '62135686', NULL, NULL, NULL, NULL, NULL, '40000.000', '293239.000', '263915.100', '0.000', '223915.100', '1', '3.500', '8924.650', '0.000', '29323.900', '0.500', '1466.195', '0.000', '38249.000', NULL, NULL, NULL, NULL, NULL, 0, '38249.000', '0.000', '293239.000', '0.00', '001', '1', NULL, '2', '0', '7087693001', '0', '0', '0', '0'),
(1543, '32', '1', '1', '9', '20', '6', '2023', '262703.000', '39405.000', '39405.000', '0.000', '0.000', '0.000', NULL, NULL, NULL, NULL, NULL, NULL, '130362.576', '30210.800', '58473874', NULL, NULL, NULL, NULL, NULL, '100000.000', '302108.000', '271897.200', '151.776', '171745.424', '1', '3.500', '9194.605', '0.000', '30210.800', '0.500', '1510.540', '0.000', '39405.000', NULL, NULL, NULL, NULL, NULL, 0, '39405.000', '0.000', '302108.000', '0.00', '001', '1', NULL, '1', '0', '7037401001', '0', '0', '0', '0'),
(1544, '31', '1', '1', '21', '34', '6', '2023', '1043478.000', '156522.000', '156522.000', '0.000', '0.000', '0.000', NULL, NULL, NULL, NULL, NULL, NULL, '312000.000', '120000.000', '46698144', NULL, NULL, NULL, NULL, NULL, NULL, '1200000.000', '1080000.000', '192000.000', '888000.000', '1', '3.500', '36521.730', '0.000', '120000.000', '0.500', '6000.000', '0.000', '156522.000', NULL, NULL, NULL, NULL, NULL, 0, '156522.000', '0.000', '1200000.000', '0.00', '001', '1', NULL, '1', '0', '7277859001', '0', '0', '0', '0'),
(1545, '30', '1', '1', '21', '22', '6', '2023', '222940.000', '33441.000', '33441.000', '0.000', '0.000', '0.000', NULL, NULL, NULL, NULL, NULL, NULL, '25638.100', '25638.100', '60866497', NULL, NULL, NULL, NULL, NULL, NULL, '256381.000', '230742.900', '0.000', '230742.900', '1', '3.500', '7802.900', '0.000', '25638.100', '0.500', '1281.905', '0.000', '33441.000', NULL, NULL, NULL, NULL, NULL, 0, '33441.000', '0.000', '256381.000', '0.00', '001', '1', NULL, '1', '0', '7064681001', '0', '0', '0', '0'),
(1546, '29', '1', '1', '21', '34', '6', '2023', '950257.000', '142539.000', '142539.000', '0.000', '0.000', '0.000', NULL, NULL, NULL, NULL, NULL, NULL, '233158.700', '109279.600', '39621723', NULL, NULL, NULL, NULL, NULL, NULL, '1092796.000', '983516.400', '123879.100', '859637.300', '1', '3.500', '33258.995', '0.000', '109279.600', '0.500', '5463.980', '0.000', '142539.000', NULL, NULL, NULL, NULL, NULL, 0, '142539.000', '0.000', '1092796.000', '0.00', '001', '1', NULL, '1', '0', '7077053001', '0', '0', '0', '0'),
(1547, '28', '1', '1', '4', '18', '6', '2023', '254990.000', '38249.000', '38249.000', '0.000', '0.000', '0.000', NULL, NULL, NULL, NULL, NULL, NULL, '79323.900', '29323.900', '61384976', NULL, NULL, NULL, NULL, NULL, '50000.000', '293239.000', '263915.100', '0.000', '213915.100', '1', '3.500', '8924.650', '0.000', '29323.900', '0.500', '1466.195', '0.000', '38249.000', NULL, NULL, NULL, NULL, NULL, 0, '38249.000', '0.000', '293239.000', '0.00', '001', '1', NULL, '2', '0', '7070881001', '0', '0', '0', '0'),
(1548, '27', '1', '1', '21', '22', '6', '2023', '240000.000', '36000.000', '36000.000', '0.000', '0.000', '0.000', NULL, NULL, NULL, NULL, NULL, NULL, '27600.000', '27600.000', '55656471', NULL, NULL, NULL, NULL, NULL, NULL, '276000.000', '248400.000', '0.000', '248400.000', '1', '3.500', '8400.000', '0.000', '27600.000', '0.500', '1380.000', '0.000', '36000.000', NULL, NULL, NULL, NULL, NULL, 0, '36000.000', '0.000', '276000.000', '0.00', '001', '1', NULL, '1', '0', '7237192001', '0', '0', '0', '0'),
(1549, '26', '1', '1', '16', '10', '6', '2023', '3543322.000', '625293.000', '625293.000', '0.000', '0.000', '0.000', NULL, NULL, NULL, NULL, NULL, NULL, '2746264.300', '416861.500', '39157903', NULL, NULL, NULL, NULL, NULL, NULL, '4168615.000', '3751753.500', '2329402.800', '1422350.700', '1', '3.500', '124016.270', '0.000', '416861.500', '0.500', '20843.075', '0.000', '625293.000', NULL, NULL, NULL, NULL, NULL, 0, '625293.000', '0.000', '4168615.000', '0.00', '001', '1', NULL, '1', '0', '7198724001', '0', '0', '0', '0'),
(1550, '25', '1', '1', '21', '22', '6', '2023', '173913.000', '26087.000', '26087.000', '0.000', '0.000', '0.000', NULL, NULL, NULL, NULL, NULL, NULL, '20000.000', '20000.000', '46448836', NULL, NULL, NULL, NULL, NULL, NULL, '200000.000', '180000.000', '0.000', '180000.000', '1', '3.500', '6086.955', '0.000', '20000.000', '0.500', '1000.000', '0.000', '26087.000', NULL, NULL, NULL, NULL, NULL, 0, '26087.000', '0.000', '200000.000', '0.00', '001', '1', NULL, '1', '0', '7280867001', '0', '0', '0', '0'),
(1551, '24', '1', '1', '7', '9', '6', '2023', '873430.000', '131015.000', '131015.000', '0.000', '0.000', '0.000', NULL, NULL, NULL, NULL, NULL, NULL, '204444.625', '100444.500', '47173864', NULL, NULL, NULL, NULL, NULL, NULL, '1004445.000', '904000.500', '104000.125', '800000.375', '1', '3.500', '30570.050', '0.000', '100444.500', '0.500', '5022.225', '0.000', '131015.000', NULL, NULL, NULL, NULL, NULL, 0, '131015.000', '0.000', '1004445.000', '0.00', '001', '1', NULL, '1', '0', '7282747001', '0', '0', '0', '0'),
(1552, '23', '1', '1', '16', '32', '6', '2023', '662324.000', '99349.000', '99349.000', '0.000', '0.000', '0.000', NULL, NULL, NULL, NULL, NULL, NULL, '319268.440', '76167.300', '30234697', NULL, NULL, NULL, NULL, NULL, '190000.000', '761673.000', '685505.700', '53101.140', '442404.560', '1', '3.500', '23181.340', '0.000', '76167.300', '0.500', '3808.365', '0.000', '99349.000', NULL, NULL, NULL, NULL, NULL, 0, '99349.000', '0.000', '761673.000', '0.00', '001', '1', NULL, '1', '0', '7263952001', '0', '0', '0', '0'),
(1553, '22', '1', '1', '21', '22', '6', '2023', '286770.000', '43016.000', '43016.000', '0.000', '0.000', '0.000', NULL, NULL, NULL, NULL, NULL, NULL, '35345.192', '32978.600', '32500181', NULL, NULL, NULL, NULL, NULL, NULL, '329786.000', '296807.400', '2144.592', '294440.808', '1', '3.500', '10036.950', '222.000', '32978.600', '0.500', '1648.930', '0.000', '43016.000', NULL, NULL, NULL, NULL, NULL, 0, '43016.000', '0.000', '329786.000', '0.00', '001', '1', NULL, '1', '0', '7064686001', '0', '0', '0', '0'),
(1554, '21', '1', '1', '1', '1', '6', '2023', '1789193.000', '268379.000', '268379.000', '0.000', '0.000', '0.000', NULL, NULL, NULL, NULL, NULL, NULL, '1015209.040', '205757.200', '66028078', NULL, NULL, NULL, NULL, NULL, NULL, '2057572.000', '1851814.800', '809451.840', '1042362.960', '1', '3.500', '62621.755', '0.000', '205757.200', '0.500', '10287.860', '0.000', '268379.000', NULL, NULL, NULL, NULL, NULL, 0, '268379.000', '0.000', '2057572.000', '0.00', '001', '1', NULL, '1', '0', '7185997001', '0', '0', '0', '0'),
(1555, '20', '1', '6', '16', '50', '6', '2023', '6000000.000', '900000.000', '900000.000', '0.000', '0.000', '0.000', NULL, NULL, NULL, NULL, NULL, NULL, '4986000.000', '690000.000', '61859605', NULL, NULL, NULL, NULL, NULL, NULL, '6900000.000', '6210000.000', '4296000.000', '1914000.000', '1', '3.500', '210000.000', '0.000', '690000.000', '0.500', '34500.000', '0.000', '900000.000', NULL, NULL, NULL, NULL, NULL, 0, '900000.000', '0.000', '6900000.000', '0.00', '025', '1', NULL, '1', '0', '7081716001', '0', '0', '0', '0'),
(1556, '19', '1', '1', '1', '33', '6', '2023', '214081.000', '32112.000', '32112.000', '0.000', '0.000', '0.000', NULL, NULL, NULL, NULL, NULL, NULL, '54621.300', '24619.300', '58996419', NULL, NULL, NULL, NULL, NULL, '30000.000', '246193.000', '221573.700', '0.000', '191571.700', '1', '3.500', '7492.835', '2.000', '24619.300', '0.500', '1230.965', '0.000', '32112.000', NULL, NULL, NULL, NULL, NULL, 0, '32112.000', '0.000', '246193.000', '0.00', '001', '1', NULL, '1', '0', '7064728002', '0', '0', '0', '0'),
(1557, '18', '1', '1', '4', '18', '6', '2023', '319432.000', '47915.000', '47915.000', '0.000', '0.000', '0.000', NULL, NULL, NULL, NULL, NULL, NULL, '121585.684', '36734.700', '35289740', NULL, NULL, NULL, NULL, NULL, '80000.000', '367347.000', '330612.300', '4848.984', '245761.316', '1', '3.500', '11180.120', '2.000', '36734.700', '0.500', '1836.735', '0.000', '47915.000', NULL, NULL, NULL, NULL, NULL, 0, '47915.000', '0.000', '367347.000', '0.00', '001', '1', NULL, '2', '0', '7073321001', '0', '0', '0', '0'),
(1558, '17', '1', '1', '21', '30', '6', '2023', '391403.000', '58710.000', '58710.000', '0.000', '0.000', '0.000', NULL, NULL, NULL, NULL, NULL, NULL, '55821.436', '45011.300', '55886914', NULL, NULL, NULL, NULL, NULL, NULL, '450113.000', '405101.700', '10808.136', '394291.564', '1', '3.500', '13699.105', '2.000', '45011.300', '0.500', '2250.565', '0.000', '58710.000', NULL, NULL, NULL, NULL, NULL, 0, '58710.000', '0.000', '450113.000', '0.00', '001', '1', NULL, '1', '0', '7076653001', '0', '0', '0', '0'),
(1559, '16', '1', '1', '4', '18', '6', '2023', '254990.000', '38249.000', '38249.000', '0.000', '0.000', '0.000', NULL, NULL, NULL, NULL, NULL, NULL, '69325.900', '29323.900', '61384909', NULL, NULL, NULL, NULL, NULL, '40000.000', '293239.000', '263915.100', '0.000', '223913.100', '1', '3.500', '8924.650', '2.000', '29323.900', '0.500', '1466.195', '0.000', '38249.000', NULL, NULL, NULL, NULL, NULL, 0, '38249.000', '0.000', '293239.000', '0.00', '001', '1', NULL, '2', '0', '7070548001', '0', '0', '0', '0'),
(1560, '15', '1', '1', '21', '34', '6', '2023', '1043478.000', '156522.000', '156522.000', '0.000', '0.000', '0.000', NULL, NULL, NULL, NULL, NULL, NULL, '312000.000', '120000.000', '46467156', NULL, NULL, NULL, NULL, NULL, NULL, '1200000.000', '1080000.000', '192000.000', '888000.000', '1', '3.500', '36521.730', '0.000', '120000.000', '0.500', '6000.000', '0.000', '156522.000', NULL, NULL, NULL, NULL, NULL, 0, '156522.000', '0.000', '1200000.000', '0.00', '001', '1', NULL, '1', '0', '7286985001', '0', '0', '0', '0'),
(1561, '14', '1', '1', '4', '23', '6', '2023', '621527.000', '93229.000', '93229.000', '0.000', '0.000', '0.000', NULL, NULL, NULL, NULL, NULL, NULL, '120149.701', '72909.893', '65157990', NULL, NULL, NULL, NULL, NULL, NULL, '729098.931', '656189.038', '47237.808', '608949.230', '1', '3.500', '22255.448', '2.000', '72909.893', '0.500', '3645.495', '0.000', '93229.000', NULL, NULL, NULL, NULL, NULL, 0, '93229.000', '0.000', '729098.931', '0.00', '001', '1', NULL, '2', '0', '7160484001', '0', '0', '0', '0'),
(1562, '13', '1', '1', '11', '47', '6', '2023', '4593513.000', '689027.000', '689027.000', '0.000', '0.000', '0.000', NULL, NULL, NULL, NULL, NULL, NULL, '3659682.800', '528254.000', '47509219', NULL, NULL, NULL, NULL, NULL, NULL, '5282540.000', '4754286.000', '3131428.800', '1622857.200', '1', '3.500', '160772.955', '0.000', '528254.000', '0.500', '26412.700', '0.000', '689027.000', NULL, NULL, NULL, NULL, NULL, 0, '689027.000', '0.000', '5282540.000', '0.00', '001', '1', NULL, '2', '0', '7280442001', '0', '0', '0', '0'),
(1563, '12', '1', '1', '11', '38', '6', '2023', '439730.000', '100682.000', '100682.000', '0.000', '0.000', '0.000', NULL, NULL, NULL, NULL, NULL, NULL, '104043.200', '54041.200', '55946771', NULL, NULL, NULL, NULL, NULL, '50000.000', '540412.000', '0.000', '0.000', '436368.800', '1', '3.500', '0.000', '2.000', '54041.200', '0.500', '0.000', '0.000', '65960.000', NULL, NULL, NULL, NULL, NULL, 0, '100682.000', '0.000', '0.000', '0.00', '001', '1', NULL, '2', '0', '7100339001', '0', '0', '0', '0'),
(1564, '11', '1', '1', '21', '22', '6', '2023', '226387.000', '33958.000', '33958.000', '0.000', '0.000', '0.000', NULL, NULL, NULL, NULL, NULL, NULL, '26036.500', '26034.500', '50408321', NULL, NULL, NULL, NULL, NULL, NULL, '260345.000', '234310.500', '0.000', '234308.500', '1', '3.500', '7923.545', '2.000', '26034.500', '0.500', '1301.725', '0.000', '33958.000', NULL, NULL, NULL, NULL, NULL, 0, '33958.000', '0.000', '260345.000', '0.00', '001', '1', NULL, '1', '0', '7064735001', '0', '0', '0', '0'),
(1565, '10', '1', '1', '4', '18', '6', '2023', '331476.000', '49721.000', '49721.000', '0.000', '0.000', '0.000', NULL, NULL, NULL, NULL, NULL, NULL, '126326.915', '39479.602', '33850585', NULL, NULL, NULL, NULL, NULL, '80000.000', '394796.015', '355316.414', '6825.313', '268469.101', '1', '3.500', '12077.626', '22.000', '39479.602', '0.500', '1973.980', '0.000', '49721.000', NULL, NULL, NULL, NULL, NULL, 0, '49721.000', '0.000', '394796.015', '0.00', '001', '1', NULL, '2', '0', '7070415001', '0', '0', '0', '0');
INSERT INTO `empmonthsalary` (`ProcessId`, `EmpId`, `PensionId`, `BranchId`, `DepartmentId`, `DesignationId`, `PayrollMonth`, `PayrollYear`, `BasicSalary`, `TotalPayments`, `TaxPayment`, `NonTaxPayment`, `OnlyPensionPay`, `OnlyPayePay`, `TotalOT`, `OTWeekdays`, `OTSat`, `OTSun`, `OTSunHol`, `LeaveSold`, `TotalDeductions`, `PensionAmt`, `PensionNo`, `SalaryAdvance`, `Absent`, `Late`, `AbsentDays`, `LateHrs`, `TotalLoanAmt`, `GrossSalary`, `TotalIncome`, `PayeAmt`, `Netpay`, `CompanyId`, `SDLper`, `SDLAmt`, `Deductions`, `EmployerContribution`, `wcfrate`, `wcfcontribution`, `NonTaxPayNotSeen`, `HouseAllowance`, `NHIFEmployerPer`, `NHIFEmployeePer`, `NHIFEmployerAmt`, `NHIFEmployeeAmt`, `NHIFBasicSalary`, `PaymentsEffectOnSDL`, `PaymentsEffectOnWCF`, `PaymentsDontEffectOnWCF`, `WCFGrossSalary`, `PaymentIsBenefit`, `BranchCode`, `BankId`, `BankCode`, `MainDivision`, `SubDivision`, `BankAccNo`, `OTWeekdaysAmt`, `OTSatAmt`, `OTSunAmt`, `OTSunHolAmt`) VALUES
(1566, '9', '1', '1', '21', '12', '6', '2023', '258551.000', '38783.000', '38783.000', '0.000', '0.000', '0.000', NULL, NULL, NULL, NULL, NULL, NULL, '129735.400', '29733.400', '62787950', NULL, NULL, NULL, NULL, NULL, '100000.000', '297334.000', '267600.600', '0.000', '167598.600', '1', '3.500', '9049.285', '2.000', '29733.400', '0.500', '1486.670', '0.000', '38783.000', NULL, NULL, NULL, NULL, NULL, 0, '38783.000', '0.000', '297334.000', '0.00', '001', '1', NULL, '1', '0', '7254364001', '0', '0', '0', '0'),
(1567, '8', '1', '1', '13', '48', '6', '2023', '5641892.000', '846284.000', '846284.000', '0.000', '0.000', '0.000', NULL, NULL, NULL, NULL, NULL, NULL, '4648304.320', '648817.600', '60645059', NULL, NULL, NULL, NULL, NULL, NULL, '6488176.000', '5839358.400', '3999486.720', '1839871.680', '1', '3.500', '197466.220', '0.000', '648817.600', '0.500', '32440.880', '0.000', '846284.000', NULL, NULL, NULL, NULL, NULL, 0, '846284.000', '0.000', '6488176.000', '0.00', '001', '1', NULL, '1', '0', '7408044001', '0', '0', '0', '0'),
(1568, '7', NULL, '1', '18', '43', '6', '2023', '14534600.000', '2180190.000', '2180190.000', '0.000', '0.000', '0.000', NULL, NULL, NULL, NULL, NULL, NULL, '12699832.000', NULL, NULL, NULL, NULL, NULL, NULL, NULL, NULL, '16714790.000', '16714790.000', '12699832.000', '4014958.000', '1', '3.500', '508711.000', '0.000', NULL, '0.500', '83573.950', '0.000', '2180190.000', NULL, NULL, NULL, NULL, NULL, 0, '2180190.000', '0.000', '16714790.000', '0.00', '001', '1', NULL, '1', '0', '7257704001', '0', '0', '0', '0'),
(1569, '6', '1', '0', '21', '11', '6', '2023', '1877402.000', '281610.000', '281610.000', '0.000', '0.000', '0.000', NULL, NULL, NULL, NULL, NULL, NULL, '1098389.840', '215901.200', '64679349', NULL, NULL, NULL, NULL, NULL, NULL, '2159012.000', '1943110.800', '882488.640', '1060622.160', '1', '3.500', '65709.070', '0.000', '215901.200', '0.500', '10795.060', '0.000', '281610.000', NULL, NULL, NULL, NULL, NULL, 0, '281610.000', '0.000', '2159012.000', '0.00', '', '0', NULL, '1', '0', '', '0', '0', '0', '0'),
(1570, '5', '1', '1', '10', '32', '6', '2023', '537750.000', '82290.000', '82290.000', '0.000', '0.000', '0.000', NULL, NULL, NULL, NULL, NULL, NULL, '239712.200', '62004.000', '33994633', NULL, NULL, NULL, NULL, NULL, '150000.000', '620040.000', '558036.000', '27607.200', '380327.800', '1', '3.500', '18876.900', '101.000', '62004.000', '0.500', '3100.200', '0.000', '80700.000', NULL, NULL, NULL, NULL, NULL, 1590, '82290.000', '0.000', '620040.000', '0.00', '001', '1', NULL, '1', '0', '7407072001', '0', '0', '0', '0'),
(1571, '4', '1', '1', '11', '14', '6', '2023', '3354633.000', '503195.000', '503195.000', '0.000', '0.000', '0.000', NULL, NULL, NULL, NULL, NULL, NULL, '2491418.960', '385782.800', '64320839', NULL, NULL, NULL, NULL, NULL, NULL, '3857828.000', '3472045.200', '2105636.160', '1366409.040', '1', '3.500', '117412.155', '0.000', '385782.800', '0.500', '19289.140', '0.000', '503195.000', NULL, NULL, NULL, NULL, NULL, 0, '503195.000', '0.000', '3857828.000', '0.00', '001', '1', NULL, '2', '0', '7124975001', '0', '0', '0', '0'),
(1572, '3', '1', '12', '13', '48', '6', '2023', '1212677.000', '181902.000', '181902.000', '0.000', '0.000', '0.000', NULL, NULL, NULL, NULL, NULL, NULL, '482506.861', '133378.966', '60511141', NULL, '46485.967', '14303.374', '1', '2.000', NULL, '1394579.000', '1200410.693', '288328.554', '912072.139', '1', '3.500', '40316.068', '10.000', '133378.966', '0.500', '6668.948', '0.000', '181902.000', NULL, NULL, NULL, NULL, NULL, 0, '181902.000', '0.000', '1333789.659', '0.00', '023', '1', NULL, '1', '0', '7055068001', '0', '0', '0', '0'),
(1573, '2', '1', '1', '13', '32', '6', '2023', '223930.000', '258590.000', '258590.000', '0.000', '0.000', '0.000', NULL, NULL, NULL, NULL, NULL, NULL, '121593.440', '48252.000', '62746057', NULL, NULL, NULL, NULL, NULL, '60000.000', '482520.000', '434268.000', '13141.440', '360926.560', '1', '3.500', '15712.550', '200.000', '48252.000', '0.500', '2412.600', '0.000', '33590.000', NULL, NULL, NULL, NULL, NULL, 225000, '258590.000', '0.000', '482520.000', '0.00', '001', '1', NULL, '1', '0', '7098878001', '0', '0', '0', '0'),
(1574, '1', '1', '8', '19', '5', '6', '2023', '557234.000', '97155.000', '97155.000', '0.000', '0.000', '0.000', NULL, NULL, NULL, NULL, NULL, NULL, '131539.592', '61076.307', '57903204', NULL, '43625.933', NULL, '2', NULL, NULL, '654389.000', '549686.760', '25937.352', '522849.408', '1', '3.500', '18451.232', '900.000', '61076.307', '0.500', '3053.815', '0.000', '83585.000', NULL, NULL, NULL, NULL, NULL, 13570, '97155.000', '0.000', '610763.067', '0.00', '008', '1', NULL, '1', '0', '7130301001', '0', '0', '0', '0'),
(1961, '99', '1', '1', '3', '3', '2', '2024', '2500000.000', '450000.000', '450000.000', '0.000', '0.000', '0.000', NULL, NULL, NULL, NULL, NULL, NULL, '1749000.000', '295000.000', '897887676', NULL, NULL, NULL, NULL, NULL, NULL, '2950000.000', '2655000.000', '1452000.000', '751000.000', '1', '3.500', '103250.000', '2000.000', '295000.000', '0.500', '14750.000', '0.000', '450000.000', NULL, NULL, NULL, NULL, NULL, 450000, '450000.000', '0.000', '2950000.000', '450000.00', NULL, '1', NULL, NULL, NULL, '3456789876543223456', '0', '0', '0', '0'),
(1962, '98', '1', '1', '1', '41', '2', '2024', '3370638.000', '505596.000', '505596.000', '0.000', '0.000', '0.000', NULL, NULL, NULL, NULL, NULL, NULL, '2506511.880', '387623.400', '34745165', NULL, NULL, NULL, NULL, NULL, NULL, '3876234.000', '3488610.600', '2118888.480', '1369722.120', '1', '3.500', '117972.330', '0.000', '387623.400', '0.500', '19381.170', '0.000', '505596.000', NULL, NULL, NULL, NULL, NULL, 0, '505596.000', '0.000', '3876234.000', '0.00', '001', '1', NULL, '1', '0', '7016549001', '0', '0', '0', '0'),
(1963, '97', '1', '1', '21', '22', '2', '2024', '177293.000', '26594.000', '26594.000', '0.000', '0.000', '0.000', NULL, NULL, NULL, NULL, NULL, NULL, '20388.700', '20388.700', '56938624', NULL, NULL, NULL, NULL, NULL, NULL, '203887.000', '183498.300', '0.000', '183498.300', '1', '3.500', '6205.255', '0.000', '20388.700', '0.500', '1019.435', '0.000', '26594.000', NULL, NULL, NULL, NULL, NULL, 0, '26594.000', '0.000', '203887.000', '0.00', '001', '1', NULL, '1', '0', '7064684001', '0', '0', '0', '0'),
(1964, '96', '1', '1', '13', '42', '2', '2024', '3676613.000', '551492.000', '551492.000', '0.000', '0.000', '0.000', NULL, NULL, NULL, NULL, NULL, NULL, '2795046.100', '422810.500', '35405902', NULL, NULL, NULL, NULL, NULL, NULL, '4228105.000', '3805294.500', '2372235.600', '1433058.900', '1', '3.500', '128681.455', '0.000', '422810.500', '0.500', '21140.525', '0.000', '551492.000', NULL, NULL, NULL, NULL, NULL, 0, '551492.000', '0.000', '4228105.000', '0.00', '001', '1', NULL, '1', '0', '7132560001', '0', '0', '0', '0'),
(1965, '95', NULL, '11', '26', '32', '2', '2024', '509979.000', '76497.000', '76497.000', '0.000', '0.000', '0.000', NULL, NULL, NULL, NULL, NULL, NULL, '33295.200', NULL, NULL, NULL, NULL, NULL, NULL, NULL, NULL, '586476.000', '586476.000', '33295.200', '553180.800', '1', '3.500', '17849.265', '0.000', NULL, '0.500', '2932.380', '0.000', '76497.000', NULL, NULL, NULL, NULL, NULL, 0, '76497.000', '0.000', '586476.000', '0.00', '024', '1', NULL, '1', '0', '7129925001', '0', '0', '0', '0'),
(1966, '94', '1', '1', '4', '45', '2', '2024', '331476.000', '49721.000', '49721.000', '0.000', '0.000', '0.000', NULL, NULL, NULL, NULL, NULL, NULL, '43965.884', '38119.700', '34737219', NULL, NULL, NULL, NULL, NULL, NULL, '381197.000', '343077.300', '5846.184', '337231.116', '1', '3.500', '11601.660', '0.000', '38119.700', '0.500', '1905.985', '0.000', '49721.000', NULL, NULL, NULL, NULL, NULL, 0, '49721.000', '0.000', '381197.000', '0.00', '001', '1', NULL, '2', '0', '7070546001', '0', '0', '0', '0'),
(1967, '93', '1', '1', '13', '46', '2', '2024', '2523120.000', '378468.000', '378468.000', '0.000', '0.000', '0.000', NULL, NULL, NULL, NULL, NULL, NULL, '1707302.160', '290158.800', '46987122', NULL, NULL, NULL, NULL, NULL, NULL, '2901588.000', '2611429.200', '1417143.360', '1194285.840', '1', '3.500', '88309.200', '0.000', '290158.800', '0.500', '14507.940', '0.000', '378468.000', NULL, NULL, NULL, NULL, NULL, 0, '378468.000', '0.000', '2901588.000', '0.00', '001', '1', NULL, '1', '0', '5401622006', '0', '0', '0', '0'),
(1968, '92', '1', '0', '24', '4', '2', '2024', '502941.000', '75441.000', '75441.000', '0.000', '0.000', '0.000', NULL, NULL, NULL, NULL, NULL, NULL, '77946.960', '57838.200', '37291874', NULL, NULL, NULL, NULL, NULL, NULL, '578382.000', '520543.800', '20108.760', '500435.040', '1', '3.500', '17602.935', '0.000', '57838.200', '0.500', '2891.910', '0.000', '75441.000', NULL, NULL, NULL, NULL, NULL, 0, '75441.000', '0.000', '578382.000', '0.00', '', '0', NULL, '2', '0', '', '0', '0', '0', '0'),
(1969, '91', '1', '1', '9', '20', '2', '2024', '304370.000', '45656.000', '45656.000', '0.000', '0.000', '0.000', NULL, NULL, NULL, NULL, NULL, NULL, '38604.472', '35002.600', '57343772', NULL, NULL, NULL, NULL, NULL, NULL, '350026.000', '315023.400', '3601.872', '311421.528', '1', '3.500', '10652.950', '0.000', '35002.600', '0.500', '1750.130', '0.000', '45656.000', NULL, NULL, NULL, NULL, NULL, 0, '45656.000', '0.000', '350026.000', '0.00', '001', '1', NULL, '1', '0', '7414361001', '0', '0', '0', '0'),
(1970, '90', '1', '7', '21', '34', '2', '2024', '1150749.000', '172612.000', '172612.000', '0.000', '0.000', '0.000', NULL, NULL, NULL, NULL, NULL, NULL, '413156.020', '132336.100', '65966309', NULL, NULL, NULL, NULL, NULL, NULL, '1323361.000', '1191024.900', '280819.920', '910204.980', '1', '3.500', '40276.215', '0.000', '132336.100', '0.500', '6616.805', '0.000', '172612.000', NULL, NULL, NULL, NULL, NULL, 0, '172612.000', '0.000', '1323361.000', '0.00', '027', '1', NULL, '1', '0', '7199677001', '0', '0', '0', '0'),
(1971, '89', '1', '7', '13', '2', '2', '2024', '10108129.000', '1516219.000', '1516219.000', '0.000', '0.000', '0.000', NULL, NULL, NULL, NULL, NULL, NULL, '8859965.360', '1162434.800', '55668909', NULL, NULL, NULL, NULL, NULL, NULL, '11624348.000', '10461913.200', '7697530.560', '2764382.640', '1', '3.500', '353784.515', '0.000', '1162434.800', '0.500', '58121.740', '0.000', '1516219.000', NULL, NULL, NULL, NULL, NULL, 0, '1516219.000', '0.000', '11624348.000', '0.00', '027', '1', NULL, '1', '0', '7604517201', '0', '0', '0', '0'),
(1972, '88', '1', '1', '10', '13', '2', '2024', '4869565.000', '730435.000', '730435.000', '0.000', '0.000', '0.000', NULL, NULL, NULL, NULL, NULL, NULL, '3920000.000', '560000.000', '57565821', NULL, NULL, NULL, NULL, NULL, NULL, '5600000.000', '5040000.000', '3360000.000', '1680000.000', '1', '3.500', '170434.775', '0.000', '560000.000', '0.500', '28000.000', '0.000', '730435.000', NULL, NULL, NULL, NULL, NULL, 0, '730435.000', '0.000', '5600000.000', '0.00', '001', '1', NULL, '1', '0', '7053023001', '0', '0', '0', '0'),
(1973, '87', '1', '1', '13', '48', '2', '2024', '5664929.000', '849739.000', '849739.000', '0.000', '0.000', '0.000', NULL, NULL, NULL, NULL, NULL, NULL, '4670027.760', '651466.800', '38935368', NULL, NULL, NULL, NULL, NULL, NULL, '6514668.000', '5863201.200', '4018560.960', '1844640.240', '1', '3.500', '198272.515', '0.000', '651466.800', '0.500', '32573.340', '0.000', '849739.000', NULL, NULL, NULL, NULL, NULL, 0, '849739.000', '0.000', '6514668.000', '0.00', '001', '1', NULL, '1', '0', '7405042001', '0', '0', '0', '0'),
(1974, '86', '1', '2', '26', '35', '2', '2024', '2625520.000', '393828.000', '393828.000', '0.000', '0.000', '0.000', NULL, NULL, NULL, NULL, NULL, NULL, '1803865.360', '301934.800', '29210062', NULL, NULL, NULL, NULL, NULL, NULL, '3019348.000', '2717413.200', '1501930.560', '1215482.640', '1', '3.500', '91893.200', '0.000', '301934.800', '0.500', '15096.740', '0.000', '393828.000', NULL, NULL, NULL, NULL, NULL, 0, '393828.000', '0.000', '3019348.000', '0.00', '002', '1', NULL, '1', '0', '5000382440', '0', '0', '0', '0'),
(1975, '85', '1', '1', '17', '40', '2', '2024', '5567544.000', '835132.000', '835132.000', '0.000', '0.000', '0.000', NULL, NULL, NULL, NULL, NULL, NULL, '4578194.320', '640267.600', '23586842', NULL, NULL, NULL, NULL, NULL, NULL, '6402676.000', '5762408.400', '3937926.720', '1824481.680', '1', '3.500', '194864.040', '0.000', '640267.600', '0.500', '32013.380', '0.000', '835132.000', NULL, NULL, NULL, NULL, NULL, 0, '835132.000', '0.000', '6402676.000', '0.00', '001', '1', NULL, '1', '0', '7405070002', '0', '0', '0', '0'),
(1976, '84', '1', '1', '17', '39', '2', '2024', '2799172.000', '419876.000', '419876.000', '0.000', '0.000', '0.000', NULL, NULL, NULL, NULL, NULL, NULL, '1967619.360', '321904.800', '38201089', NULL, NULL, NULL, NULL, NULL, NULL, '3219048.000', '2897143.200', '1645714.560', '1251428.640', '1', '3.500', '97971.020', '0.000', '321904.800', '0.500', '16095.240', '0.000', '419876.000', NULL, NULL, NULL, NULL, NULL, 0, '419876.000', '0.000', '3219048.000', '0.00', '001', '1', NULL, '1', '0', '7273874001', '0', '0', '0', '0'),
(1977, '83', '1', '1', '4', '26', '2', '2024', '293848.000', '44077.000', '44077.000', '0.000', '0.000', '0.000', NULL, NULL, NULL, NULL, NULL, NULL, '36523.100', '33792.500', '36603392', NULL, NULL, NULL, NULL, NULL, NULL, '337925.000', '304132.500', '2730.600', '301401.900', '1', '3.500', '10284.680', '0.000', '33792.500', '0.500', '1689.625', '0.000', '44077.000', NULL, NULL, NULL, NULL, NULL, 0, '44077.000', '0.000', '337925.000', '0.00', '001', '1', NULL, '2', '0', '7070452001', '0', '0', '0', '0'),
(1978, '82', '1', '1', '4', '18', '2', '2024', '387164.000', '58075.000', '58075.000', '0.000', '0.000', '0.000', NULL, NULL, NULL, NULL, NULL, NULL, '104981.108', '44523.900', '32477376', NULL, NULL, NULL, NULL, NULL, '50000.000', '445239.000', '400715.100', '10457.208', '340257.892', '1', '3.500', '13550.740', '0.000', '44523.900', '0.500', '2226.195', '0.000', '58075.000', NULL, NULL, NULL, NULL, NULL, 0, '58075.000', '0.000', '445239.000', '0.00', '001', '1', NULL, '2', '0', '7070543001', '0', '0', '0', '0'),
(1979, '81', '1', '1', '9', '20', '2', '2024', '272330.000', '40850.000', '40850.000', '0.000', '0.000', '0.000', NULL, NULL, NULL, NULL, NULL, NULL, '32266.960', '31318.000', '58532838', NULL, NULL, NULL, NULL, NULL, NULL, '313180.000', '281862.000', '948.960', '280913.040', '1', '3.500', '9531.550', '0.000', '31318.000', '0.500', '1565.900', '0.000', '40850.000', NULL, NULL, NULL, NULL, NULL, 0, '40850.000', '0.000', '313180.000', '0.00', '001', '1', NULL, '1', '0', '7414360001', '0', '0', '0', '0'),
(1980, '80', '1', '1', '24', '27', '2', '2024', '15601375.000', '500000.000', '500000.000', '0.000', '0.000', '0.000', NULL, NULL, NULL, NULL, NULL, NULL, '12846127.500', '1610137.500', '60963808', NULL, NULL, NULL, NULL, NULL, NULL, '16101375.000', '14491237.500', '10920990.000', '3255247.500', '1', '3.500', '546048.125', '315000.000', '1610137.500', '0.500', '80506.875', '0.000', '500000.000', NULL, NULL, NULL, NULL, NULL, 0, '500000.000', '0.000', '16101375.000', '0.00', '001', '1', NULL, '2', '0', '7134742001', '0', '0', '0', '0'),
(1981, '79', '1', '1', '20', '22', '2', '2024', '259360.000', '38904.000', '38904.000', '0.000', '0.000', '0.000', NULL, NULL, NULL, NULL, NULL, NULL, '29826.400', '29826.400', '39172899', NULL, NULL, NULL, NULL, NULL, NULL, '298264.000', '268437.600', '0.000', '268437.600', '1', '3.500', '9077.600', '0.000', '29826.400', '0.500', '1491.320', '0.000', '38904.000', NULL, NULL, NULL, NULL, NULL, 0, '38904.000', '0.000', '298264.000', '0.00', '001', '1', NULL, '1', '0', '7064682001', '0', '0', '0', '0'),
(1982, '78', '1', '1', '21', '21', '2', '2024', '365685.000', '54853.000', '54853.000', '0.000', '0.000', '0.000', NULL, NULL, NULL, NULL, NULL, NULL, '50732.536', '42053.800', '63741377', NULL, NULL, NULL, NULL, NULL, NULL, '420538.000', '378484.200', '8678.736', '369805.464', '1', '3.500', '12798.975', '0.000', '42053.800', '0.500', '2102.690', '0.000', '54853.000', NULL, NULL, NULL, NULL, NULL, 0, '54853.000', '0.000', '420538.000', '0.00', '001', '1', NULL, '1', '0', '7204977001', '0', '0', '0', '0'),
(1983, '77', '1', '1', '21', '22', '2', '2024', '302585.000', '45388.000', '45388.000', '0.000', '0.000', '0.000', NULL, NULL, NULL, NULL, NULL, NULL, '38251.356', '34797.300', '39172902', NULL, NULL, NULL, NULL, NULL, NULL, '347973.000', '313175.700', '3454.056', '309721.644', '1', '3.500', '10590.475', '0.000', '34797.300', '0.500', '1739.865', '0.000', '45388.000', NULL, NULL, NULL, NULL, NULL, 0, '45388.000', '0.000', '347973.000', '0.00', '001', '1', NULL, '1', '0', '7064722001', '0', '0', '0', '0'),
(1984, '76', '1', '1', '21', '22', '2', '2024', '217281.000', '32592.000', '32592.000', '0.000', '0.000', '0.000', NULL, NULL, NULL, NULL, NULL, NULL, '24987.300', '24987.300', '50408585', NULL, NULL, NULL, NULL, NULL, NULL, '249873.000', '224885.700', '0.000', '224885.700', '1', '3.500', '7604.835', '0.000', '24987.300', '0.500', '1249.365', '0.000', '32592.000', NULL, NULL, NULL, NULL, NULL, 0, '32592.000', '0.000', '249873.000', '0.00', '001', '1', NULL, '1', '0', '7064677001', '0', '0', '0', '0'),
(1985, '75', '1', '1', '10', '24', '2', '2024', '16422250.000', '2463333.000', '2463333.000', '0.000', '0.000', '0.000', NULL, NULL, NULL, NULL, NULL, NULL, '14814178.060', '1888558.300', '58260481', NULL, NULL, NULL, NULL, NULL, NULL, '18885583.000', '16997024.700', '12925619.760', '4071404.940', '1', '3.500', '574778.750', '0.000', '1888558.300', '0.500', '94427.915', '0.000', '2463333.000', NULL, NULL, NULL, NULL, NULL, 0, '2463333.000', '0.000', '18885583.000', '0.00', '001', '1', NULL, '1', '0', '7001843001', '0', '0', '0', '0'),
(1986, '74', '1', '1', '24', '25', '2', '2024', '3228871.000', '484331.000', '484331.000', '0.000', '0.000', '0.000', NULL, NULL, NULL, NULL, NULL, NULL, '2372825.640', '371320.200', '36119946', NULL, NULL, NULL, NULL, NULL, NULL, '3713202.000', '3341881.800', '2001505.440', '1340376.360', '1', '3.500', '113010.485', '0.000', '371320.200', '0.500', '18566.010', '0.000', '484331.000', NULL, NULL, NULL, NULL, NULL, 0, '484331.000', '0.000', '3713202.000', '0.00', '001', '1', NULL, '2', '0', '7069250001', '0', '0', '0', '0'),
(1987, '73', '1', '12', '20', '6', '2', '2024', '2284970.000', '342745.000', '342745.000', '0.000', '0.000', '0.000', NULL, NULL, NULL, NULL, NULL, NULL, '1482726.300', '262771.500', '45009147', NULL, NULL, NULL, NULL, NULL, NULL, '2627715.000', '2364943.500', '1219954.800', '1144988.700', '1', '3.500', '79973.950', '0.000', '262771.500', '0.500', '13138.575', '0.000', '342745.000', NULL, NULL, NULL, NULL, NULL, 0, '342745.000', '0.000', '2627715.000', '0.00', '023', '1', NULL, '1', '0', '7205074001', '0', '0', '0', '0'),
(1988, '72', '1', '1', '4', '23', '2', '2024', '707139.000', '106071.000', '106071.000', '0.000', '0.000', '0.000', NULL, NULL, NULL, NULL, NULL, NULL, '143698.800', '81321.000', '63306190', NULL, NULL, NULL, NULL, NULL, NULL, '813210.000', '731889.000', '62377.800', '669511.200', '1', '3.500', '24749.865', '0.000', '81321.000', '0.500', '4066.050', '0.000', '106071.000', NULL, NULL, NULL, NULL, NULL, 0, '106071.000', '0.000', '813210.000', '0.00', '001', '1', NULL, '2', '0', '7106080001', '0', '0', '0', '0'),
(1989, '71', '1', '9', '24', '19', '2', '2024', '130435.000', '19565.000', '19565.000', '0.000', '0.000', '0.000', NULL, NULL, NULL, NULL, NULL, NULL, '15000.000', '15000.000', '46663830', NULL, NULL, NULL, NULL, NULL, NULL, '150000.000', '135000.000', '0.000', '135000.000', '1', '3.500', '4565.225', '0.000', '15000.000', '0.500', '750.000', '0.000', '19565.000', NULL, NULL, NULL, NULL, NULL, 0, '19565.000', '0.000', '150000.000', '0.00', '013', '1', NULL, '2', '0', '7270267001', '0', '0', '0', '0'),
(1990, '70', '1', '1', '9', '20', '2', '2024', '272330.000', '40850.000', '40850.000', '0.000', '0.000', '0.000', NULL, NULL, NULL, NULL, NULL, NULL, '32266.960', '31318.000', '58605053', NULL, NULL, NULL, NULL, NULL, NULL, '313180.000', '281862.000', '948.960', '280913.040', '1', '3.500', '9531.550', '0.000', '31318.000', '0.500', '1565.900', '0.000', '40850.000', NULL, NULL, NULL, NULL, NULL, 0, '40850.000', '0.000', '313180.000', '0.00', '001', '1', NULL, '1', '0', '7414356001', '0', '0', '0', '0'),
(1991, '69', '1', '1', '4', '18', '2', '2024', '173913.000', '26087.000', '26087.000', '0.000', '0.000', '0.000', NULL, NULL, NULL, NULL, NULL, NULL, '20000.000', '20000.000', '45140522', NULL, NULL, NULL, NULL, NULL, NULL, '200000.000', '180000.000', '0.000', '180000.000', '1', '3.500', '6086.955', '0.000', '20000.000', '0.500', '1000.000', '0.000', '26087.000', NULL, NULL, NULL, NULL, NULL, 0, '26087.000', '0.000', '200000.000', '0.00', '001', '1', NULL, '2', '0', '7290250001', '0', '0', '0', '0'),
(1992, '68', '1', '1', '13', '24', '2', '2024', '16074000.000', '2595875.000', '2595875.000', '0.000', '0.000', '0.000', NULL, NULL, NULL, NULL, NULL, NULL, '14637297.500', '1866987.500', '60024259', NULL, NULL, NULL, NULL, NULL, NULL, '18669875.000', '16802887.500', '12770310.000', '4032577.500', '1', '3.500', '562590.000', '0.000', '1866987.500', '0.500', '93349.375', '0.000', '2595875.000', NULL, NULL, NULL, NULL, NULL, 0, '2595875.000', '0.000', '18669875.000', '0.00', '001', '1', NULL, '1', '0', '7038638001', '0', '0', '0', '0'),
(1993, '67', '1', '1', '4', '36', '2', '2024', '11031875.000', '0.000', '0.000', '0.000', '0.000', '0.000', NULL, NULL, NULL, NULL, NULL, NULL, '8374137.500', '1103187.500', '56062451', NULL, NULL, NULL, NULL, NULL, NULL, '11031875.000', '9928687.500', '7270950.000', '2657737.500', '1', '3.500', '386115.625', '0.000', '1103187.500', '0.500', '55159.375', '0.000', NULL, NULL, NULL, NULL, NULL, NULL, 0, '0.000', '0.000', '11031875.000', '0.00', '001', '1', NULL, '2', '0', '7273534001', '0', '0', '0', '0'),
(1994, '66', '1', '1', '21', '22', '2', '2024', '260509.000', '39076.000', '39076.000', '0.000', '0.000', '0.000', NULL, NULL, NULL, NULL, NULL, NULL, '29958.500', '29958.500', '39172880', NULL, NULL, NULL, NULL, NULL, NULL, '299585.000', '269626.500', '0.000', '269626.500', '1', '3.500', '9117.815', '0.000', '29958.500', '0.500', '1497.925', '0.000', '39076.000', NULL, NULL, NULL, NULL, NULL, 0, '39076.000', '0.000', '299585.000', '0.00', '001', '1', NULL, '1', '0', '7064725001', '0', '0', '0', '0'),
(1995, '65', '1', '1', '20', '32', '2', '2024', '355312.000', '53297.000', '53297.000', '0.000', '0.000', '0.000', NULL, NULL, NULL, NULL, NULL, NULL, '48680.748', '40860.900', '39621715', NULL, NULL, NULL, NULL, NULL, NULL, '408609.000', '367748.100', '7819.848', '359928.252', '1', '3.500', '12435.920', '0.000', '40860.900', '0.500', '2043.045', '0.000', '53297.000', NULL, NULL, NULL, NULL, NULL, 0, '53297.000', '0.000', '408609.000', '0.00', '001', '1', NULL, '1', '0', '7409554001', '0', '0', '0', '0'),
(1996, '64', '1', '5', '11', '49', '2', '2024', '358561.000', '130744.000', '130744.000', '0.000', '0.000', '0.000', NULL, NULL, NULL, NULL, NULL, NULL, '62560.460', '48930.500', '58381376', NULL, NULL, NULL, NULL, NULL, NULL, '489305.000', '440374.500', '13629.960', '426744.540', '1', '3.500', '12549.635', '0.000', '48930.500', '0.500', '2446.525', '0.000', '53784.000', NULL, NULL, NULL, NULL, NULL, 0, '130744.000', '0.000', '489305.000', '0.00', '007', '1', NULL, '2', '0', '7100400001', '0', '0', '0', '0'),
(1997, '63', '1', '1', '11', '23', '2', '2024', '439730.000', '100682.000', '100682.000', '0.000', '0.000', '0.000', NULL, NULL, NULL, NULL, NULL, NULL, '71350.864', '54041.200', '62451804', NULL, NULL, NULL, NULL, NULL, NULL, '540412.000', '486370.800', '17309.664', '469061.136', '1', '3.500', '15390.550', '0.000', '54041.200', '0.500', '2702.060', '0.000', '65960.000', NULL, NULL, NULL, NULL, NULL, 0, '100682.000', '0.000', '540412.000', '0.00', '001', '1', NULL, '2', '0', '7104432001', '0', '0', '0', '0'),
(1998, '62', '1', '9', '19', '32', '2', '2024', '279604.000', '41941.000', '41941.000', '0.000', '0.000', '0.000', NULL, NULL, NULL, NULL, NULL, NULL, '33705.740', '32154.500', '50266497', NULL, NULL, NULL, NULL, NULL, NULL, '321545.000', '289390.500', '1551.240', '287839.260', '1', '3.500', '9786.140', '0.000', '32154.500', '0.500', '1607.725', '0.000', '41941.000', NULL, NULL, NULL, NULL, NULL, 0, '41941.000', '0.000', '321545.000', '0.00', '013', '1', NULL, '1', '0', '7130048001', '0', '0', '0', '0'),
(1999, '61', '1', '1', '21', '22', '2', '2024', '226387.000', '33958.000', '33958.000', '0.000', '0.000', '0.000', NULL, NULL, NULL, NULL, NULL, NULL, '26034.500', '26034.500', '55656481', NULL, NULL, NULL, NULL, NULL, NULL, '260345.000', '234310.500', '0.000', '234310.500', '1', '3.500', '7923.545', '0.000', '26034.500', '0.500', '1301.725', '0.000', '33958.000', NULL, NULL, NULL, NULL, NULL, 0, '33958.000', '0.000', '260345.000', '0.00', '001', '1', NULL, '1', '0', '7064760001', '0', '0', '0', '0'),
(2000, '60', '1', '1', '13', '25', '2', '2024', '2523478.000', '378522.000', '378522.000', '0.000', '0.000', '0.000', NULL, NULL, NULL, NULL, NULL, NULL, '1707640.000', '290200.000', '64691411', NULL, NULL, NULL, NULL, NULL, NULL, '2902000.000', '2611800.000', '1417440.000', '1194360.000', '1', '3.500', '88321.730', '0.000', '290200.000', '0.500', '14510.000', '0.000', '378522.000', NULL, NULL, NULL, NULL, NULL, 0, '378522.000', '0.000', '2902000.000', '0.00', '001', '1', NULL, '1', '0', '7135246001', '0', '0', '0', '0'),
(2001, '59', '1', '1', '6', '6', '2', '2024', '3852880.000', '577932.000', '577932.000', '0.000', '0.000', '0.000', NULL, NULL, NULL, NULL, NULL, NULL, '2961265.840', '443081.200', '32026129', NULL, NULL, NULL, NULL, NULL, NULL, '4430812.000', '3987730.800', '2518184.640', '1469546.160', '1', '3.500', '134850.800', '0.000', '443081.200', '0.500', '22154.060', '0.000', '577932.000', NULL, NULL, NULL, NULL, NULL, 0, '577932.000', '0.000', '4430812.000', '0.00', '001', '1', NULL, '1', '0', '7409791001', '0', '0', '0', '0'),
(2002, '58', '1', '1', '16', '16', '2', '2024', '24296250.000', '3645625.000', '3645625.000', '0.000', '0.000', '0.000', NULL, NULL, NULL, NULL, NULL, NULL, '22240337.500', '2794187.500', '56345992', NULL, NULL, NULL, NULL, NULL, NULL, '27941875.000', '25147687.500', '19446150.000', '5701537.500', '1', '3.500', '850368.750', '0.000', '2794187.500', '0.500', '139709.375', '0.000', '3645625.000', NULL, NULL, NULL, NULL, NULL, 0, '3645625.000', '0.000', '27941875.000', '0.00', '001', '1', NULL, '1', '0', '7410338001', '0', '0', '0', '0'),
(2003, '57', '1', '1', '8', '44', '2', '2024', '2501281.000', '375192.000', '375192.000', '0.000', '0.000', '0.000', NULL, NULL, NULL, NULL, NULL, NULL, '1686707.860', '287647.300', '50264427', NULL, NULL, NULL, NULL, NULL, NULL, '2876473.000', '2588825.700', '1399060.560', '1189765.140', '1', '3.500', '87544.835', '0.000', '287647.300', '0.500', '14382.365', '0.000', '375192.000', NULL, NULL, NULL, NULL, NULL, 0, '375192.000', '0.000', '2876473.000', '0.00', '001', '1', NULL, '1', '0', '7407071001', '0', '0', '0', '0'),
(2004, '56', '1', '9', '24', '19', '2', '2024', '130435.000', '19565.000', '19565.000', '0.000', '0.000', '0.000', NULL, NULL, NULL, NULL, NULL, NULL, '15000.000', '15000.000', '29939968', NULL, NULL, NULL, NULL, NULL, NULL, '150000.000', '135000.000', '0.000', '135000.000', '1', '3.500', '4565.225', '0.000', '15000.000', '0.500', '750.000', '0.000', '19565.000', NULL, NULL, NULL, NULL, NULL, 0, '19565.000', '0.000', '150000.000', '0.00', '013', '1', NULL, '2', '0', '7270236001', '0', '0', '0', '0'),
(2005, '55', '1', '7', '24', '31', '2', '2024', '5973775.000', '896066.000', '896066.000', '0.000', '0.000', '0.000', NULL, NULL, NULL, NULL, NULL, NULL, '4961269.620', '686984.100', '50481851', NULL, NULL, NULL, NULL, NULL, NULL, '6869841.000', '6182856.900', '4274285.520', '1908571.380', '1', '3.500', '209082.125', '0.000', '686984.100', '0.500', '34349.205', '0.000', '896066.000', NULL, NULL, NULL, NULL, NULL, 0, '896066.000', '0.000', '6869841.000', '0.00', '027', '1', NULL, '2', '0', '7600282201', '0', '0', '0', '0'),
(2006, '54', '1', '4', '13', '7', '2', '2024', '2700146.000', '405022.000', '405022.000', '0.000', '0.000', '0.000', NULL, NULL, NULL, NULL, NULL, NULL, '1874237.760', '310516.800', '59192755', NULL, NULL, NULL, NULL, NULL, NULL, '3105168.000', '2794651.200', '1563720.960', '1230930.240', '1', '3.500', '94505.110', '0.000', '310516.800', '0.500', '15525.840', '0.000', '405022.000', NULL, NULL, NULL, NULL, NULL, 0, '405022.000', '0.000', '3105168.000', '0.00', '005', '1', NULL, '1', '0', '7078600001', '0', '0', '0', '0'),
(2007, '53', '1', '1', '4', '26', '2', '2024', '254990.000', '38249.000', '38249.000', '0.000', '0.000', '0.000', NULL, NULL, NULL, NULL, NULL, NULL, '29323.900', '29323.900', '61384968', NULL, NULL, NULL, NULL, NULL, NULL, '293239.000', '263915.100', '0.000', '263915.100', '1', '3.500', '8924.650', '0.000', '29323.900', '0.500', '1466.195', '0.000', '38249.000', NULL, NULL, NULL, NULL, NULL, 0, '38249.000', '0.000', '293239.000', '0.00', '001', '1', NULL, '2', '0', '7071856001', '0', '0', '0', '0'),
(2008, '52', '1', '1', '4', '38', '2', '2024', '344885.000', '51733.000', '51733.000', '0.000', '0.000', '0.000', NULL, NULL, NULL, NULL, NULL, NULL, '46618.296', '39661.800', '47404867', NULL, NULL, NULL, NULL, NULL, NULL, '396618.000', '356956.200', '6956.496', '349999.704', '1', '3.500', '12070.975', '0.000', '39661.800', '0.500', '1983.090', '0.000', '51733.000', NULL, NULL, NULL, NULL, NULL, 0, '51733.000', '0.000', '396618.000', '0.00', '001', '1', NULL, '2', '0', '7287906001', '0', '0', '0', '0'),
(2009, '51', '1', '1', '4', '18', '2', '2024', '358566.000', '161544.000', '161544.000', '0.000', '0.000', '0.000', NULL, NULL, NULL, NULL, NULL, NULL, '117858.920', '52011.000', '34737235', NULL, NULL, NULL, NULL, NULL, '50000.000', '520110.000', '468099.000', '15847.920', '402251.080', '1', '3.500', '12549.810', '0.000', '52011.000', '0.500', '2600.550', '0.000', '53785.000', NULL, NULL, NULL, NULL, NULL, 0, '161544.000', '0.000', '520110.000', '0.00', '001', '1', NULL, '2', '0', '7070379001', '0', '0', '0', '0'),
(2010, '50', '1', '1', '21', '22', '2', '2024', '207028.000', '31054.000', '31054.000', '0.000', '0.000', '0.000', NULL, NULL, NULL, NULL, NULL, NULL, '23808.200', '23808.200', '60114754', NULL, NULL, NULL, NULL, NULL, NULL, '238082.000', '214273.800', '0.000', '214273.800', '1', '3.500', '7245.980', '0.000', '23808.200', '0.500', '1190.410', '0.000', '31054.000', NULL, NULL, NULL, NULL, NULL, 0, '31054.000', '0.000', '238082.000', '0.00', '001', '1', NULL, '1', '0', '7064679001', '0', '0', '0', '0'),
(2011, '49', NULL, '1', '24', '8', '2', '2024', '217391.000', '32609.000', '32609.000', '0.000', '0.000', '0.000', NULL, NULL, NULL, NULL, NULL, NULL, '0.000', NULL, NULL, NULL, NULL, NULL, NULL, NULL, NULL, '250000.000', '250000.000', '0.000', '250000.000', '1', '3.500', '7608.685', '0.000', NULL, '0.500', '1250.000', '0.000', '32609.000', NULL, NULL, NULL, NULL, NULL, 0, '32609.000', '0.000', '250000.000', '0.00', '001', '1', NULL, '2', '0', '7405660001', '0', '0', '0', '0'),
(2012, '48', '1', '1', '24', '29', '2', '2024', '3689000.000', '553350.000', '553350.000', '0.000', '0.000', '0.000', NULL, NULL, NULL, NULL, NULL, NULL, '2806727.000', '424235.000', '45225349', NULL, NULL, NULL, NULL, NULL, NULL, '4242350.000', '3818115.000', '2382492.000', '1435623.000', '1', '3.500', '129115.000', '0.000', '424235.000', '0.500', '21211.750', '0.000', '553350.000', NULL, NULL, NULL, NULL, NULL, 0, '553350.000', '0.000', '4242350.000', '0.00', '001', '1', NULL, '2', '0', '7265348001', '0', '0', '0', '0'),
(2013, '47', '1', '1', '4', '37', '2', '2024', '281801.000', '42270.000', '42270.000', '0.000', '0.000', '0.000', NULL, NULL, NULL, NULL, NULL, NULL, '34140.212', '32407.100', '36608343', NULL, NULL, NULL, NULL, NULL, NULL, '324071.000', '291663.900', '1733.112', '289930.788', '1', '3.500', '9863.035', '0.000', '32407.100', '0.500', '1620.355', '0.000', '42270.000', NULL, NULL, NULL, NULL, NULL, 0, '42270.000', '0.000', '324071.000', '0.00', '001', '1', NULL, '2', '0', '7071858001', '0', '0', '0', '0'),
(2014, '46', '1', '1', '16', '17', '2', '2024', '505704.000', '75856.000', '75856.000', '0.000', '0.000', '0.000', NULL, NULL, NULL, NULL, NULL, NULL, '78836.800', '58156.000', '33090653', NULL, NULL, NULL, NULL, NULL, NULL, '581560.000', '523404.000', '20680.800', '502723.200', '1', '3.500', '17699.640', '0.000', '58156.000', '0.500', '2907.800', '0.000', '75856.000', NULL, NULL, NULL, NULL, NULL, 0, '75856.000', '0.000', '581560.000', '0.00', '001', '1', NULL, '1', '0', '7407019001', '0', '0', '0', '0'),
(2015, '45', '1', '10', '2', '32', '2', '2024', '159102.000', '23865.000', '23865.000', '0.000', '0.000', '0.000', NULL, NULL, NULL, NULL, NULL, NULL, '18296.700', '18296.700', '61247723', NULL, NULL, NULL, NULL, NULL, NULL, '182967.000', '164670.300', '0.000', '164670.300', '1', '3.500', '5568.570', '0.000', '18296.700', '0.500', '914.835', '0.000', '23865.000', NULL, NULL, NULL, NULL, NULL, 0, '23865.000', '0.000', '182967.000', '0.00', '009', '1', NULL, '1', '0', '7116689001', '0', '0', '0', '0'),
(2016, '44', '1', '1', '24', '28', '2', '2024', '2523120.000', '378468.000', '378468.000', '0.000', '0.000', '0.000', NULL, NULL, NULL, NULL, NULL, NULL, '1707302.160', '290158.800', '66057086', NULL, NULL, NULL, NULL, NULL, NULL, '2901588.000', '2611429.200', '1417143.360', '1194285.840', '1', '3.500', '88309.200', '0.000', '290158.800', '0.500', '14507.940', '0.000', '378468.000', NULL, NULL, NULL, NULL, NULL, 0, '378468.000', '0.000', '2901588.000', '0.00', '001', '1', NULL, '2', '0', '7178202001', '0', '0', '0', '0'),
(2017, '43', '1', '1', '20', '24', '2', '2024', '11620875.000', '500000.000', '500000.000', '0.000', '0.000', '0.000', NULL, NULL, NULL, NULL, NULL, NULL, '9582117.500', '1212087.500', '36213470', NULL, NULL, NULL, NULL, NULL, NULL, '12120875.000', '10908787.500', '8055030.000', '2538757.500', '1', '3.500', '406730.625', '315000.000', '1212087.500', '0.500', '60604.375', '0.000', '500000.000', NULL, NULL, NULL, NULL, NULL, 0, '500000.000', '0.000', '12120875.000', '0.00', '001', '1', NULL, '1', '0', '7403594001', '0', '0', '0', '0'),
(2018, '42', '1', '1', '4', '18', '2', '2024', '254990.000', '38249.000', '38249.000', '0.000', '0.000', '0.000', NULL, NULL, NULL, NULL, NULL, NULL, '29323.900', '29323.900', '61384984', NULL, NULL, NULL, NULL, NULL, NULL, '293239.000', '263915.100', '0.000', '263915.100', '1', '3.500', '8924.650', '0.000', '29323.900', '0.500', '1466.195', '0.000', '38249.000', NULL, NULL, NULL, NULL, NULL, 0, '38249.000', '0.000', '293239.000', '0.00', '001', '1', NULL, '2', '0', '7070883001', '0', '0', '0', '0'),
(2019, '41', '1', '1', '21', '22', '2', '2024', '200000.000', '0.000', '0.000', '0.000', '0.000', '0.000', NULL, NULL, NULL, NULL, NULL, NULL, '20000.000', '20000.000', '47467250', NULL, NULL, NULL, NULL, NULL, NULL, '200000.000', '180000.000', '0.000', '180000.000', '1', '3.500', '7000.000', '0.000', '20000.000', '0.500', '1000.000', '0.000', NULL, NULL, NULL, NULL, NULL, NULL, 0, '0.000', '0.000', '200000.000', '0.00', '001', '1', NULL, '1', '0', '7282469001', '0', '0', '0', '0'),
(2020, '40', '1', '1', '24', '25', '2', '2024', '2523478.000', '378522.000', '378522.000', '0.000', '0.000', '0.000', NULL, NULL, NULL, NULL, NULL, NULL, '1707640.000', '290200.000', '57901511', NULL, NULL, NULL, NULL, NULL, NULL, '2902000.000', '2611800.000', '1417440.000', '1194360.000', '1', '3.500', '88321.730', '0.000', '290200.000', '0.500', '14510.000', '0.000', '378522.000', NULL, NULL, NULL, NULL, NULL, 0, '378522.000', '0.000', '2902000.000', '0.00', '001', '1', NULL, '2', '0', '7116037001', '0', '0', '0', '0'),
(2021, '39', '1', '1', '6', '32', '2', '2024', '311981.000', '46797.000', '46797.000', '0.000', '0.000', '0.000', NULL, NULL, NULL, NULL, NULL, NULL, '40109.816', '35877.800', '56912358', NULL, NULL, NULL, NULL, NULL, NULL, '358778.000', '322900.200', '4232.016', '318668.184', '1', '3.500', '10919.335', '0.000', '35877.800', '0.500', '1793.890', '0.000', '46797.000', NULL, NULL, NULL, NULL, NULL, 0, '46797.000', '0.000', '358778.000', '0.00', '001', '1', NULL, '1', '0', '7409505001', '0', '0', '0', '0'),
(2022, '38', '1', '1', '13', '32', '2', '2024', '420482.000', '63072.000', '63072.000', '0.000', '0.000', '0.000', NULL, NULL, NULL, NULL, NULL, NULL, '61571.288', '48355.400', '29718023', NULL, NULL, NULL, NULL, NULL, NULL, '483554.000', '435198.600', '13215.888', '421982.712', '1', '3.500', '14716.870', '0.000', '48355.400', '0.500', '2417.770', '0.000', '63072.000', NULL, NULL, NULL, NULL, NULL, 0, '63072.000', '0.000', '483554.000', '0.00', '001', '1', NULL, '1', '0', '7406058001', '0', '0', '0', '0'),
(2023, '37', '1', '1', '21', '22', '2', '2024', '240000.000', '36000.000', '36000.000', '0.000', '0.000', '0.000', NULL, NULL, NULL, NULL, NULL, NULL, '27600.000', '27600.000', '50084267', NULL, NULL, NULL, NULL, NULL, NULL, '276000.000', '248400.000', '0.000', '248400.000', '1', '3.500', '8400.000', '0.000', '27600.000', '0.500', '1380.000', '0.000', '36000.000', NULL, NULL, NULL, NULL, NULL, 0, '36000.000', '0.000', '276000.000', '0.00', '001', '1', NULL, '1', '0', '7064685001', '0', '0', '0', '0'),
(2024, '36', '1', '1', '21', '15', '2', '2024', '2715338.000', '407301.000', '407301.000', '0.000', '0.000', '0.000', NULL, NULL, NULL, NULL, NULL, NULL, '1888563.980', '312263.900', '64673936', NULL, NULL, NULL, NULL, NULL, NULL, '3122639.000', '2810375.100', '1576300.080', '1234075.020', '1', '3.500', '95036.830', '0.000', '312263.900', '0.500', '15613.195', '0.000', '407301.000', NULL, NULL, NULL, NULL, NULL, 0, '407301.000', '0.000', '3122639.000', '0.00', '001', '1', NULL, '1', '0', '5405442001', '0', '0', '0', '0'),
(2025, '35', '1', '1', '4', '18', '2', '2024', '322447.000', '48367.000', '48367.000', '0.000', '0.000', '0.000', NULL, NULL, NULL, NULL, NULL, NULL, '67180.008', '37081.400', '33174016', NULL, NULL, NULL, NULL, NULL, '25000.000', '370814.000', '333732.600', '5098.608', '303633.992', '1', '3.500', '11285.645', '0.000', '37081.400', '0.500', '1854.070', '0.000', '48367.000', NULL, NULL, NULL, NULL, NULL, 0, '48367.000', '0.000', '370814.000', '0.00', '001', '1', NULL, '2', '0', '7070882001', '0', '0', '0', '0'),
(2026, '34', '1', '1', '4', '45', '2', '2024', '345041.000', '51756.000', '51756.000', '0.000', '0.000', '0.000', NULL, NULL, NULL, NULL, NULL, NULL, '46649.084', '39679.700', '33174032', NULL, NULL, NULL, NULL, NULL, NULL, '396797.000', '357117.300', '6969.384', '350147.916', '1', '3.500', '12076.435', '0.000', '39679.700', '0.500', '1983.985', '0.000', '51756.000', NULL, NULL, NULL, NULL, NULL, 0, '51756.000', '0.000', '396797.000', '0.00', '001', '1', NULL, '2', '0', '7070545001', '0', '0', '0', '0'),
(2027, '33', '1', '1', '4', '18', '2', '2024', '254990.000', '38249.000', '38249.000', '0.000', '0.000', '0.000', NULL, NULL, NULL, NULL, NULL, NULL, '29323.900', '29323.900', '62135686', NULL, NULL, NULL, NULL, NULL, NULL, '293239.000', '263915.100', '0.000', '263915.100', '1', '3.500', '8924.650', '0.000', '29323.900', '0.500', '1466.195', '0.000', '38249.000', NULL, NULL, NULL, NULL, NULL, 0, '38249.000', '0.000', '293239.000', '0.00', '001', '1', NULL, '2', '0', '7087693001', '0', '0', '0', '0'),
(2028, '32', '1', '1', '9', '20', '2', '2024', '262703.000', '39405.000', '39405.000', '0.000', '0.000', '0.000', NULL, NULL, NULL, NULL, NULL, NULL, '30362.576', '30210.800', '58473874', NULL, NULL, NULL, NULL, NULL, NULL, '302108.000', '271897.200', '151.776', '271745.424', '1', '3.500', '9194.605', '0.000', '30210.800', '0.500', '1510.540', '0.000', '39405.000', NULL, NULL, NULL, NULL, NULL, 0, '39405.000', '0.000', '302108.000', '0.00', '001', '1', NULL, '1', '0', '7037401001', '0', '0', '0', '0'),
(2029, '31', '1', '1', '21', '34', '2', '2024', '1043478.000', '156522.000', '156522.000', '0.000', '0.000', '0.000', NULL, NULL, NULL, NULL, NULL, NULL, '312000.000', '120000.000', '46698144', NULL, NULL, NULL, NULL, NULL, NULL, '1200000.000', '1080000.000', '192000.000', '888000.000', '1', '3.500', '36521.730', '0.000', '120000.000', '0.500', '6000.000', '0.000', '156522.000', NULL, NULL, NULL, NULL, NULL, 0, '156522.000', '0.000', '1200000.000', '0.00', '001', '1', NULL, '1', '0', '7277859001', '0', '0', '0', '0'),
(2030, '30', '1', '1', '21', '22', '2', '2024', '222940.000', '33441.000', '33441.000', '0.000', '0.000', '0.000', NULL, NULL, NULL, NULL, NULL, NULL, '25638.100', '25638.100', '60866497', NULL, NULL, NULL, NULL, NULL, NULL, '256381.000', '230742.900', '0.000', '230742.900', '1', '3.500', '7802.900', '0.000', '25638.100', '0.500', '1281.905', '0.000', '33441.000', NULL, NULL, NULL, NULL, NULL, 0, '33441.000', '0.000', '256381.000', '0.00', '001', '1', NULL, '1', '0', '7064681001', '0', '0', '0', '0'),
(2031, '29', '1', '1', '21', '34', '2', '2024', '950257.000', '142539.000', '142539.000', '0.000', '0.000', '0.000', NULL, NULL, NULL, NULL, NULL, NULL, '233158.700', '109279.600', '39621723', NULL, NULL, NULL, NULL, NULL, NULL, '1092796.000', '983516.400', '123879.100', '859637.300', '1', '3.500', '33258.995', '0.000', '109279.600', '0.500', '5463.980', '0.000', '142539.000', NULL, NULL, NULL, NULL, NULL, 0, '142539.000', '0.000', '1092796.000', '0.00', '001', '1', NULL, '1', '0', '7077053001', '0', '0', '0', '0'),
(2032, '28', '1', '1', '4', '18', '2', '2024', '254990.000', '38249.000', '38249.000', '0.000', '0.000', '0.000', NULL, NULL, NULL, NULL, NULL, NULL, '29323.900', '29323.900', '61384976', NULL, NULL, NULL, NULL, NULL, NULL, '293239.000', '263915.100', '0.000', '263915.100', '1', '3.500', '8924.650', '0.000', '29323.900', '0.500', '1466.195', '0.000', '38249.000', NULL, NULL, NULL, NULL, NULL, 0, '38249.000', '0.000', '293239.000', '0.00', '001', '1', NULL, '2', '0', '7070881001', '0', '0', '0', '0'),
(2033, '27', '1', '1', '21', '22', '2', '2024', '240000.000', '36000.000', '36000.000', '0.000', '0.000', '0.000', NULL, NULL, NULL, NULL, NULL, NULL, '27600.000', '27600.000', '55656471', NULL, NULL, NULL, NULL, NULL, NULL, '276000.000', '248400.000', '0.000', '248400.000', '1', '3.500', '8400.000', '0.000', '27600.000', '0.500', '1380.000', '0.000', '36000.000', NULL, NULL, NULL, NULL, NULL, 0, '36000.000', '0.000', '276000.000', '0.00', '001', '1', NULL, '1', '0', '7237192001', '0', '0', '0', '0'),
(2034, '26', '1', '1', '16', '10', '2', '2024', '3543322.000', '625293.000', '625293.000', '0.000', '0.000', '0.000', NULL, NULL, NULL, NULL, NULL, NULL, '2746264.300', '416861.500', '39157903', NULL, NULL, NULL, NULL, NULL, NULL, '4168615.000', '3751753.500', '2329402.800', '1422350.700', '1', '3.500', '124016.270', '0.000', '416861.500', '0.500', '20843.075', '0.000', '625293.000', NULL, NULL, NULL, NULL, NULL, 0, '625293.000', '0.000', '4168615.000', '0.00', '001', '1', NULL, '1', '0', '7198724001', '0', '0', '0', '0'),
(2035, '25', '1', '1', '21', '22', '2', '2024', '173913.000', '26087.000', '26087.000', '0.000', '0.000', '0.000', NULL, NULL, NULL, NULL, NULL, NULL, '20000.000', '20000.000', '46448836', NULL, NULL, NULL, NULL, NULL, NULL, '200000.000', '180000.000', '0.000', '180000.000', '1', '3.500', '6086.955', '0.000', '20000.000', '0.500', '1000.000', '0.000', '26087.000', NULL, NULL, NULL, NULL, NULL, 0, '26087.000', '0.000', '200000.000', '0.00', '001', '1', NULL, '1', '0', '7280867001', '0', '0', '0', '0'),
(2036, '24', '1', '1', '7', '9', '2', '2024', '873430.000', '131015.000', '131015.000', '0.000', '0.000', '0.000', NULL, NULL, NULL, NULL, NULL, NULL, '204444.625', '100444.500', '47173864', NULL, NULL, NULL, NULL, NULL, NULL, '1004445.000', '904000.500', '104000.125', '800000.375', '1', '3.500', '30570.050', '0.000', '100444.500', '0.500', '5022.225', '0.000', '131015.000', NULL, NULL, NULL, NULL, NULL, 0, '131015.000', '0.000', '1004445.000', '0.00', '001', '1', NULL, '1', '0', '7282747001', '0', '0', '0', '0'),
(2037, '23', '1', '1', '16', '32', '2', '2024', '662324.000', '99349.000', '99349.000', '0.000', '0.000', '0.000', NULL, NULL, NULL, NULL, NULL, NULL, '129268.440', '76167.300', '30234697', NULL, NULL, NULL, NULL, NULL, NULL, '761673.000', '685505.700', '53101.140', '632404.560', '1', '3.500', '23181.340', '0.000', '76167.300', '0.500', '3808.365', '0.000', '99349.000', NULL, NULL, NULL, NULL, NULL, 0, '99349.000', '0.000', '761673.000', '0.00', '001', '1', NULL, '1', '0', '7263952001', '0', '0', '0', '0'),
(2038, '22', '1', '1', '21', '22', '2', '2024', '286770.000', '43016.000', '43016.000', '0.000', '0.000', '0.000', NULL, NULL, NULL, NULL, NULL, NULL, '35123.192', '32978.600', '32500181', NULL, NULL, NULL, NULL, NULL, NULL, '329786.000', '296807.400', '2144.592', '294662.808', '1', '3.500', '10036.950', '0.000', '32978.600', '0.500', '1648.930', '0.000', '43016.000', NULL, NULL, NULL, NULL, NULL, 0, '43016.000', '0.000', '329786.000', '0.00', '001', '1', NULL, '1', '0', '7064686001', '0', '0', '0', '0'),
(2039, '21', '1', '1', '1', '1', '2', '2024', '1789193.000', '268379.000', '268379.000', '0.000', '0.000', '0.000', NULL, NULL, NULL, NULL, NULL, NULL, '1015209.040', '205757.200', '66028078', NULL, NULL, NULL, NULL, NULL, NULL, '2057572.000', '1851814.800', '809451.840', '1042362.960', '1', '3.500', '62621.755', '0.000', '205757.200', '0.500', '10287.860', '0.000', '268379.000', NULL, NULL, NULL, NULL, NULL, 0, '268379.000', '0.000', '2057572.000', '0.00', '001', '1', NULL, '1', '0', '7185997001', '0', '0', '0', '0'),
(2040, '20', '1', '6', '16', '50', '2', '2024', '6000000.000', '900000.000', '900000.000', '0.000', '0.000', '0.000', NULL, NULL, NULL, NULL, NULL, NULL, '4986000.000', '690000.000', '61859605', NULL, NULL, NULL, NULL, NULL, NULL, '6900000.000', '6210000.000', '4296000.000', '1914000.000', '1', '3.500', '210000.000', '0.000', '690000.000', '0.500', '34500.000', '0.000', '900000.000', NULL, NULL, NULL, NULL, NULL, 0, '900000.000', '0.000', '6900000.000', '0.00', '025', '1', NULL, '1', '0', '7081716001', '0', '0', '0', '0'),
(2041, '19', '1', '1', '1', '33', '2', '2024', '214081.000', '32112.000', '32112.000', '0.000', '0.000', '0.000', NULL, NULL, NULL, NULL, NULL, NULL, '24619.300', '24619.300', '58996419', NULL, NULL, NULL, NULL, NULL, NULL, '246193.000', '221573.700', '0.000', '221573.700', '1', '3.500', '7492.835', '0.000', '24619.300', '0.500', '1230.965', '0.000', '32112.000', NULL, NULL, NULL, NULL, NULL, 0, '32112.000', '0.000', '246193.000', '0.00', '001', '1', NULL, '1', '0', '7064728002', '0', '0', '0', '0'),
(2042, '18', '1', '1', '4', '18', '2', '2024', '319432.000', '47915.000', '47915.000', '0.000', '0.000', '0.000', NULL, NULL, NULL, NULL, NULL, NULL, '41583.684', '36734.700', '35289740', NULL, NULL, NULL, NULL, NULL, NULL, '367347.000', '330612.300', '4848.984', '325763.316', '1', '3.500', '11180.120', '0.000', '36734.700', '0.500', '1836.735', '0.000', '47915.000', NULL, NULL, NULL, NULL, NULL, 0, '47915.000', '0.000', '367347.000', '0.00', '001', '1', NULL, '2', '0', '7073321001', '0', '0', '0', '0'),
(2043, '17', '1', '1', '21', '30', '2', '2024', '391403.000', '58710.000', '58710.000', '0.000', '0.000', '0.000', NULL, NULL, NULL, NULL, NULL, NULL, '55819.436', '45011.300', '55886914', NULL, NULL, NULL, NULL, NULL, NULL, '450113.000', '405101.700', '10808.136', '394293.564', '1', '3.500', '13699.105', '0.000', '45011.300', '0.500', '2250.565', '0.000', '58710.000', NULL, NULL, NULL, NULL, NULL, 0, '58710.000', '0.000', '450113.000', '0.00', '001', '1', NULL, '1', '0', '7076653001', '0', '0', '0', '0'),
(2044, '16', '1', '1', '4', '18', '2', '2024', '254990.000', '38249.000', '38249.000', '0.000', '0.000', '0.000', NULL, NULL, NULL, NULL, NULL, NULL, '29323.900', '29323.900', '61384909', NULL, NULL, NULL, NULL, NULL, NULL, '293239.000', '263915.100', '0.000', '263915.100', '1', '3.500', '8924.650', '0.000', '29323.900', '0.500', '1466.195', '0.000', '38249.000', NULL, NULL, NULL, NULL, NULL, 0, '38249.000', '0.000', '293239.000', '0.00', '001', '1', NULL, '2', '0', '7070548001', '0', '0', '0', '0'),
(2045, '15', '1', '1', '21', '34', '2', '2024', '1043478.000', '156522.000', '156522.000', '0.000', '0.000', '0.000', NULL, NULL, NULL, NULL, NULL, NULL, '312000.000', '120000.000', '46467156', NULL, NULL, NULL, NULL, NULL, NULL, '1200000.000', '1080000.000', '192000.000', '888000.000', '1', '3.500', '36521.730', '0.000', '120000.000', '0.500', '6000.000', '0.000', '156522.000', NULL, NULL, NULL, NULL, NULL, 0, '156522.000', '0.000', '1200000.000', '0.00', '001', '1', NULL, '1', '0', '7286985001', '0', '0', '0', '0'),
(2046, '14', '1', '1', '4', '23', '2', '2024', '621527.000', '93229.000', '93229.000', '0.000', '0.000', '0.000', NULL, NULL, NULL, NULL, NULL, NULL, '116131.680', '71475.600', '65157990', NULL, NULL, NULL, NULL, NULL, NULL, '714756.000', '643280.400', '44656.080', '598624.320', '1', '3.500', '21753.445', '0.000', '71475.600', '0.500', '3573.780', '0.000', '93229.000', NULL, NULL, NULL, NULL, NULL, 0, '93229.000', '0.000', '714756.000', '0.00', '001', '1', NULL, '2', '0', '7160484001', '0', '0', '0', '0');
INSERT INTO `empmonthsalary` (`ProcessId`, `EmpId`, `PensionId`, `BranchId`, `DepartmentId`, `DesignationId`, `PayrollMonth`, `PayrollYear`, `BasicSalary`, `TotalPayments`, `TaxPayment`, `NonTaxPayment`, `OnlyPensionPay`, `OnlyPayePay`, `TotalOT`, `OTWeekdays`, `OTSat`, `OTSun`, `OTSunHol`, `LeaveSold`, `TotalDeductions`, `PensionAmt`, `PensionNo`, `SalaryAdvance`, `Absent`, `Late`, `AbsentDays`, `LateHrs`, `TotalLoanAmt`, `GrossSalary`, `TotalIncome`, `PayeAmt`, `Netpay`, `CompanyId`, `SDLper`, `SDLAmt`, `Deductions`, `EmployerContribution`, `wcfrate`, `wcfcontribution`, `NonTaxPayNotSeen`, `HouseAllowance`, `NHIFEmployerPer`, `NHIFEmployeePer`, `NHIFEmployerAmt`, `NHIFEmployeeAmt`, `NHIFBasicSalary`, `PaymentsEffectOnSDL`, `PaymentsEffectOnWCF`, `PaymentsDontEffectOnWCF`, `WCFGrossSalary`, `PaymentIsBenefit`, `BranchCode`, `BankId`, `BankCode`, `MainDivision`, `SubDivision`, `BankAccNo`, `OTWeekdaysAmt`, `OTSatAmt`, `OTSunAmt`, `OTSunHolAmt`) VALUES
(2047, '13', '1', '1', '11', '47', '2', '2024', '4593513.000', '689027.000', '689027.000', '0.000', '0.000', '0.000', NULL, NULL, NULL, NULL, NULL, NULL, '3659682.800', '528254.000', '47509219', NULL, NULL, NULL, NULL, NULL, NULL, '5282540.000', '4754286.000', '3131428.800', '1622857.200', '1', '3.500', '160772.955', '0.000', '528254.000', '0.500', '26412.700', '0.000', '689027.000', NULL, NULL, NULL, NULL, NULL, 0, '689027.000', '0.000', '5282540.000', '0.00', '001', '1', NULL, '2', '0', '7280442001', '0', '0', '0', '0'),
(2048, '12', '1', '1', '11', '38', '2', '2024', '439730.000', '100682.000', '100682.000', '0.000', '0.000', '0.000', NULL, NULL, NULL, NULL, NULL, NULL, '54041.200', '54041.200', '55946771', NULL, NULL, NULL, NULL, NULL, NULL, '540412.000', '0.000', '0.000', '486370.800', '1', '3.500', '0.000', '0.000', '54041.200', '0.500', '0.000', '0.000', '65960.000', NULL, NULL, NULL, NULL, NULL, 0, '100682.000', '0.000', '0.000', '0.00', '001', '1', NULL, '2', '0', '7100339001', '0', '0', '0', '0'),
(2049, '11', '1', '1', '21', '22', '2', '2024', '226387.000', '33958.000', '33958.000', '0.000', '0.000', '0.000', NULL, NULL, NULL, NULL, NULL, NULL, '26034.500', '26034.500', '50408321', NULL, NULL, NULL, NULL, NULL, NULL, '260345.000', '234310.500', '0.000', '234310.500', '1', '3.500', '7923.545', '0.000', '26034.500', '0.500', '1301.725', '0.000', '33958.000', NULL, NULL, NULL, NULL, NULL, 0, '33958.000', '0.000', '260345.000', '0.00', '001', '1', NULL, '1', '0', '7064735001', '0', '0', '0', '0'),
(2050, '10', '1', '1', '4', '18', '2', '2024', '331476.000', '49721.000', '49721.000', '0.000', '0.000', '0.000', NULL, NULL, NULL, NULL, NULL, NULL, '43965.884', '38119.700', '33850585', NULL, NULL, NULL, NULL, NULL, NULL, '381197.000', '343077.300', '5846.184', '337231.116', '1', '3.500', '11601.660', '0.000', '38119.700', '0.500', '1905.985', '0.000', '49721.000', NULL, NULL, NULL, NULL, NULL, 0, '49721.000', '0.000', '381197.000', '0.00', '001', '1', NULL, '2', '0', '7070415001', '0', '0', '0', '0'),
(2051, '9', '1', '1', '21', '12', '2', '2024', '258551.000', '38783.000', '38783.000', '0.000', '0.000', '0.000', NULL, NULL, NULL, NULL, NULL, NULL, '29733.400', '29733.400', '62787950', NULL, NULL, NULL, NULL, NULL, NULL, '297334.000', '267600.600', '0.000', '267600.600', '1', '3.500', '9049.285', '0.000', '29733.400', '0.500', '1486.670', '0.000', '38783.000', NULL, NULL, NULL, NULL, NULL, 0, '38783.000', '0.000', '297334.000', '0.00', '001', '1', NULL, '1', '0', '7254364001', '0', '0', '0', '0'),
(2052, '8', '1', '1', '13', '48', '2', '2024', '5641892.000', '846284.000', '846284.000', '0.000', '0.000', '0.000', NULL, NULL, NULL, NULL, NULL, NULL, '4648304.320', '648817.600', '60645059', NULL, NULL, NULL, NULL, NULL, NULL, '6488176.000', '5839358.400', '3999486.720', '1839871.680', '1', '3.500', '197466.220', '0.000', '648817.600', '0.500', '32440.880', '0.000', '846284.000', NULL, NULL, NULL, NULL, NULL, 0, '846284.000', '0.000', '6488176.000', '0.00', '001', '1', NULL, '1', '0', '7408044001', '0', '0', '0', '0'),
(2053, '7', NULL, '1', '18', '43', '2', '2024', '14534600.000', '2180190.000', '2180190.000', '0.000', '0.000', '0.000', NULL, NULL, NULL, NULL, NULL, NULL, '12699832.000', NULL, NULL, NULL, NULL, NULL, NULL, NULL, NULL, '16714790.000', '16714790.000', '12699832.000', '4014958.000', '1', '3.500', '508711.000', '0.000', NULL, '0.500', '83573.950', '0.000', '2180190.000', NULL, NULL, NULL, NULL, NULL, 0, '2180190.000', '0.000', '16714790.000', '0.00', '001', '1', NULL, '1', '0', '7257704001', '0', '0', '0', '0'),
(2054, '6', '1', '0', '21', '11', '2', '2024', '1877402.000', '281610.000', '281610.000', '0.000', '0.000', '0.000', NULL, NULL, NULL, NULL, NULL, NULL, '1098389.840', '215901.200', '64679349', NULL, NULL, NULL, NULL, NULL, NULL, '2159012.000', '1943110.800', '882488.640', '1060622.160', '1', '3.500', '65709.070', '0.000', '215901.200', '0.500', '10795.060', '0.000', '281610.000', NULL, NULL, NULL, NULL, NULL, 0, '281610.000', '0.000', '2159012.000', '0.00', '', '0', NULL, '1', '0', '', '0', '0', '0', '0'),
(2055, '5', '1', '1', '10', '32', '2', '2024', '537750.000', '80700.000', '80700.000', '0.000', '0.000', '0.000', NULL, NULL, NULL, NULL, NULL, NULL, '89166.000', '61845.000', '33994633', NULL, NULL, NULL, NULL, NULL, NULL, '618450.000', '556605.000', '27321.000', '529284.000', '1', '3.500', '18821.250', '0.000', '61845.000', '0.500', '3092.250', '0.000', '80700.000', NULL, NULL, NULL, NULL, NULL, 0, '80700.000', '0.000', '618450.000', '0.00', '001', '1', NULL, '1', '0', '7407072001', '0', '0', '0', '0'),
(2056, '4', '1', '1', '11', '14', '2', '2024', '3354633.000', '503195.000', '503195.000', '0.000', '0.000', '0.000', NULL, NULL, NULL, NULL, NULL, NULL, '2491418.960', '385782.800', '64320839', NULL, NULL, NULL, NULL, NULL, NULL, '3857828.000', '3472045.200', '2105636.160', '1366409.040', '1', '3.500', '117412.155', '0.000', '385782.800', '0.500', '19289.140', '0.000', '503195.000', NULL, NULL, NULL, NULL, NULL, 0, '503195.000', '0.000', '3857828.000', '0.00', '001', '1', NULL, '2', '0', '7124975001', '0', '0', '0', '0'),
(2057, '3', '1', '12', '13', '48', '2', '2024', '1212677.000', '181902.000', '181902.000', '0.000', '0.000', '0.000', NULL, NULL, NULL, NULL, NULL, NULL, '471554.780', '139457.900', '60511141', NULL, NULL, NULL, NULL, NULL, NULL, '1394579.000', '1255121.100', '332096.880', '923024.220', '1', '3.500', '42443.695', '0.000', '139457.900', '0.500', '6972.895', '0.000', '181902.000', NULL, NULL, NULL, NULL, NULL, 0, '181902.000', '0.000', '1394579.000', '0.00', '023', '1', NULL, '1', '0', '7055068001', '0', '0', '0', '0'),
(2058, '2', '1', '1', '13', '32', '2', '2024', '223930.000', '33590.000', '33590.000', '0.000', '0.000', '0.000', NULL, NULL, NULL, NULL, NULL, NULL, '25752.000', '25752.000', '62746057', NULL, NULL, NULL, NULL, NULL, NULL, '257520.000', '231768.000', '0.000', '231768.000', '1', '3.500', '7837.550', '0.000', '25752.000', '0.500', '1287.600', '0.000', '33590.000', NULL, NULL, NULL, NULL, NULL, 0, '33590.000', '0.000', '257520.000', '0.00', '001', '1', NULL, '1', '0', '7098878001', '0', '0', '0', '0'),
(2059, '1', '1', '8', '19', '5', '2', '2024', '557234.000', '83585.000', '83585.000', '0.000', '0.000', '0.000', NULL, NULL, NULL, NULL, NULL, NULL, '95429.320', '64081.900', '57903204', NULL, NULL, NULL, NULL, NULL, NULL, '640819.000', '576737.100', '31347.420', '545389.680', '1', '3.500', '19503.190', '0.000', '64081.900', '0.500', '3204.095', '0.000', '83585.000', NULL, NULL, NULL, NULL, NULL, 0, '83585.000', '0.000', '640819.000', '0.00', '008', '1', NULL, '1', '0', '7130301001', '0', '0', '0', '0'),
(2460, '100', NULL, NULL, '2', '17', '4', '2024', NULL, '0.000', '0.000', '0.000', '0.000', '0.000', NULL, NULL, NULL, NULL, NULL, NULL, '0.000', NULL, NULL, NULL, NULL, NULL, NULL, NULL, NULL, '0.000', NULL, NULL, '0.000', '1', NULL, NULL, '0.000', NULL, NULL, NULL, '0.000', NULL, NULL, NULL, NULL, NULL, NULL, 0, '0.000', '0.000', NULL, '0.00', NULL, NULL, NULL, NULL, NULL, NULL, '0', '0', '0', '0'),
(2461, '99', '1', '1', '3', '3', '4', '2024', '2500000.000', '450000.000', '450000.000', '0.000', '0.000', '0.000', NULL, NULL, NULL, NULL, NULL, NULL, '1749000.000', '295000.000', '897887676', NULL, NULL, NULL, NULL, NULL, NULL, '2950000.000', '2655000.000', '1452000.000', '751000.000', '1', '3.500', '103250.000', '2000.000', '295000.000', '0.500', '14750.000', '0.000', '450000.000', NULL, NULL, NULL, NULL, NULL, 450000, '450000.000', '0.000', '2950000.000', '450000.00', NULL, '1', NULL, NULL, NULL, '3456789876543223456', '0', '0', '0', '0'),
(2462, '98', '1', '1', '1', '41', '4', '2024', '3370638.000', '505596.000', '505596.000', '0.000', '0.000', '0.000', NULL, NULL, NULL, NULL, NULL, NULL, '2506511.880', '387623.400', '34745165', NULL, NULL, NULL, NULL, NULL, NULL, '3876234.000', '3488610.600', '2118888.480', '1369722.120', '1', '3.500', '117972.330', '0.000', '387623.400', '0.500', '19381.170', '0.000', '505596.000', NULL, NULL, NULL, NULL, NULL, 0, '505596.000', '0.000', '3876234.000', '0.00', '001', '1', NULL, '1', '0', '7016549001', '0', '0', '0', '0'),
(2463, '97', '1', '1', '21', '22', '4', '2024', '177293.000', '26594.000', '26594.000', '0.000', '0.000', '0.000', NULL, NULL, NULL, NULL, NULL, NULL, '20388.700', '20388.700', '56938624', NULL, NULL, NULL, NULL, NULL, NULL, '203887.000', '183498.300', '0.000', '183498.300', '1', '3.500', '6205.255', '0.000', '20388.700', '0.500', '1019.435', '0.000', '26594.000', NULL, NULL, NULL, NULL, NULL, 0, '26594.000', '0.000', '203887.000', '0.00', '001', '1', NULL, '1', '0', '7064684001', '0', '0', '0', '0'),
(2464, '96', '1', '1', '13', '42', '4', '2024', '3676613.000', '551492.000', '551492.000', '0.000', '0.000', '0.000', NULL, NULL, NULL, NULL, NULL, NULL, '2795046.100', '422810.500', '35405902', NULL, NULL, NULL, NULL, NULL, NULL, '4228105.000', '3805294.500', '2372235.600', '1433058.900', '1', '3.500', '128681.455', '0.000', '422810.500', '0.500', '21140.525', '0.000', '551492.000', NULL, NULL, NULL, NULL, NULL, 0, '551492.000', '0.000', '4228105.000', '0.00', '001', '1', NULL, '1', '0', '7132560001', '0', '0', '0', '0'),
(2465, '95', NULL, '11', '26', '32', '4', '2024', '509979.000', '76497.000', '76497.000', '0.000', '0.000', '0.000', NULL, NULL, NULL, NULL, NULL, NULL, '33295.200', NULL, NULL, NULL, NULL, NULL, NULL, NULL, NULL, '586476.000', '586476.000', '33295.200', '553180.800', '1', '3.500', '17849.265', '0.000', NULL, '0.500', '2932.380', '0.000', '76497.000', NULL, NULL, NULL, NULL, NULL, 0, '76497.000', '0.000', '586476.000', '0.00', '024', '1', NULL, '1', '0', '7129925001', '0', '0', '0', '0'),
(2466, '94', '1', '1', '4', '45', '4', '2024', '331476.000', '49721.000', '49721.000', '0.000', '0.000', '0.000', NULL, NULL, NULL, NULL, NULL, NULL, '43965.884', '38119.700', '34737219', NULL, NULL, NULL, NULL, NULL, NULL, '381197.000', '343077.300', '5846.184', '337231.116', '1', '3.500', '11601.660', '0.000', '38119.700', '0.500', '1905.985', '0.000', '49721.000', NULL, NULL, NULL, NULL, NULL, 0, '49721.000', '0.000', '381197.000', '0.00', '001', '1', NULL, '2', '0', '7070546001', '0', '0', '0', '0'),
(2467, '93', '1', '1', '13', '46', '4', '2024', '2523120.000', '378468.000', '378468.000', '0.000', '0.000', '0.000', NULL, NULL, NULL, NULL, NULL, NULL, '1707302.160', '290158.800', '46987122', NULL, NULL, NULL, NULL, NULL, NULL, '2901588.000', '2611429.200', '1417143.360', '1194285.840', '1', '3.500', '88309.200', '0.000', '290158.800', '0.500', '14507.940', '0.000', '378468.000', NULL, NULL, NULL, NULL, NULL, 0, '378468.000', '0.000', '2901588.000', '0.00', '001', '1', NULL, '1', '0', '5401622006', '0', '0', '0', '0'),
(2468, '92', '1', '0', '24', '4', '4', '2024', '502941.000', '75441.000', '75441.000', '0.000', '0.000', '0.000', NULL, NULL, NULL, NULL, NULL, NULL, '77946.960', '57838.200', '37291874', NULL, NULL, NULL, NULL, NULL, NULL, '578382.000', '520543.800', '20108.760', '500435.040', '1', '3.500', '17602.935', '0.000', '57838.200', '0.500', '2891.910', '0.000', '75441.000', NULL, NULL, NULL, NULL, NULL, 0, '75441.000', '0.000', '578382.000', '0.00', '', '0', NULL, '2', '0', '', '0', '0', '0', '0'),
(2469, '91', '1', '1', '9', '20', '4', '2024', '304370.000', '45656.000', '45656.000', '0.000', '0.000', '0.000', NULL, NULL, NULL, NULL, NULL, NULL, '38604.472', '35002.600', '57343772', NULL, NULL, NULL, NULL, NULL, NULL, '350026.000', '315023.400', '3601.872', '311421.528', '1', '3.500', '10652.950', '0.000', '35002.600', '0.500', '1750.130', '0.000', '45656.000', NULL, NULL, NULL, NULL, NULL, 0, '45656.000', '0.000', '350026.000', '0.00', '001', '1', NULL, '1', '0', '7414361001', '0', '0', '0', '0'),
(2470, '90', '1', '7', '21', '34', '4', '2024', '1150749.000', '172612.000', '172612.000', '0.000', '0.000', '0.000', NULL, NULL, NULL, NULL, NULL, NULL, '413156.020', '132336.100', '65966309', NULL, NULL, NULL, NULL, NULL, NULL, '1323361.000', '1191024.900', '280819.920', '910204.980', '1', '3.500', '40276.215', '0.000', '132336.100', '0.500', '6616.805', '0.000', '172612.000', NULL, NULL, NULL, NULL, NULL, 0, '172612.000', '0.000', '1323361.000', '0.00', '027', '1', NULL, '1', '0', '7199677001', '0', '0', '0', '0'),
(2471, '89', '1', '7', '13', '2', '4', '2024', '10108129.000', '1516219.000', '1516219.000', '0.000', '0.000', '0.000', NULL, NULL, NULL, NULL, NULL, NULL, '8859965.360', '1162434.800', '55668909', NULL, NULL, NULL, NULL, NULL, NULL, '11624348.000', '10461913.200', '7697530.560', '2764382.640', '1', '3.500', '353784.515', '0.000', '1162434.800', '0.500', '58121.740', '0.000', '1516219.000', NULL, NULL, NULL, NULL, NULL, 0, '1516219.000', '0.000', '11624348.000', '0.00', '027', '1', NULL, '1', '0', '7604517201', '0', '0', '0', '0'),
(2472, '88', '1', '1', '10', '13', '4', '2024', '4869565.000', '730435.000', '730435.000', '0.000', '0.000', '0.000', NULL, NULL, NULL, NULL, NULL, NULL, '3920000.000', '560000.000', '57565821', NULL, NULL, NULL, NULL, NULL, NULL, '5600000.000', '5040000.000', '3360000.000', '1680000.000', '1', '3.500', '170434.775', '0.000', '560000.000', '0.500', '28000.000', '0.000', '730435.000', NULL, NULL, NULL, NULL, NULL, 0, '730435.000', '0.000', '5600000.000', '0.00', '001', '1', NULL, '1', '0', '7053023001', '0', '0', '0', '0'),
(2473, '87', '1', '1', '13', '48', '4', '2024', '5664929.000', '849739.000', '849739.000', '0.000', '0.000', '0.000', NULL, NULL, NULL, NULL, NULL, NULL, '4670027.760', '651466.800', '38935368', NULL, NULL, NULL, NULL, NULL, NULL, '6514668.000', '5863201.200', '4018560.960', '1844640.240', '1', '3.500', '198272.515', '0.000', '651466.800', '0.500', '32573.340', '0.000', '849739.000', NULL, NULL, NULL, NULL, NULL, 0, '849739.000', '0.000', '6514668.000', '0.00', '001', '1', NULL, '1', '0', '7405042001', '0', '0', '0', '0'),
(2474, '86', '1', '2', '26', '35', '4', '2024', '2625520.000', '393828.000', '393828.000', '0.000', '0.000', '0.000', NULL, NULL, NULL, NULL, NULL, NULL, '1803865.360', '301934.800', '29210062', NULL, NULL, NULL, NULL, NULL, NULL, '3019348.000', '2717413.200', '1501930.560', '1215482.640', '1', '3.500', '91893.200', '0.000', '301934.800', '0.500', '15096.740', '0.000', '393828.000', NULL, NULL, NULL, NULL, NULL, 0, '393828.000', '0.000', '3019348.000', '0.00', '002', '1', NULL, '1', '0', '5000382440', '0', '0', '0', '0'),
(2475, '85', '1', '1', '17', '40', '4', '2024', '5567544.000', '835132.000', '835132.000', '0.000', '0.000', '0.000', NULL, NULL, NULL, NULL, NULL, NULL, '4578194.320', '640267.600', '23586842', NULL, NULL, NULL, NULL, NULL, NULL, '6402676.000', '5762408.400', '3937926.720', '1824481.680', '1', '3.500', '194864.040', '0.000', '640267.600', '0.500', '32013.380', '0.000', '835132.000', NULL, NULL, NULL, NULL, NULL, 0, '835132.000', '0.000', '6402676.000', '0.00', '001', '1', NULL, '1', '0', '7405070002', '0', '0', '0', '0'),
(2476, '84', '1', '1', '17', '39', '4', '2024', '2799172.000', '419876.000', '419876.000', '0.000', '0.000', '0.000', NULL, NULL, NULL, NULL, NULL, NULL, '1967619.360', '321904.800', '38201089', NULL, NULL, NULL, NULL, NULL, NULL, '3219048.000', '2897143.200', '1645714.560', '1251428.640', '1', '3.500', '97971.020', '0.000', '321904.800', '0.500', '16095.240', '0.000', '419876.000', NULL, NULL, NULL, NULL, NULL, 0, '419876.000', '0.000', '3219048.000', '0.00', '001', '1', NULL, '1', '0', '7273874001', '0', '0', '0', '0'),
(2477, '83', '1', '1', '4', '26', '4', '2024', '293848.000', '44077.000', '44077.000', '0.000', '0.000', '0.000', NULL, NULL, NULL, NULL, NULL, NULL, '36523.100', '33792.500', '36603392', NULL, NULL, NULL, NULL, NULL, NULL, '337925.000', '304132.500', '2730.600', '301401.900', '1', '3.500', '10284.680', '0.000', '33792.500', '0.500', '1689.625', '0.000', '44077.000', NULL, NULL, NULL, NULL, NULL, 0, '44077.000', '0.000', '337925.000', '0.00', '001', '1', NULL, '2', '0', '7070452001', '0', '0', '0', '0'),
(2478, '82', '1', '1', '4', '18', '4', '2024', '387164.000', '58075.000', '58075.000', '0.000', '0.000', '0.000', NULL, NULL, NULL, NULL, NULL, NULL, '54981.108', '44523.900', '32477376', NULL, NULL, NULL, NULL, NULL, NULL, '445239.000', '400715.100', '10457.208', '390257.892', '1', '3.500', '13550.740', '0.000', '44523.900', '0.500', '2226.195', '0.000', '58075.000', NULL, NULL, NULL, NULL, NULL, 0, '58075.000', '0.000', '445239.000', '0.00', '001', '1', NULL, '2', '0', '7070543001', '0', '0', '0', '0'),
(2479, '81', '1', '1', '9', '20', '4', '2024', '272330.000', '40850.000', '40850.000', '0.000', '0.000', '0.000', NULL, NULL, NULL, NULL, NULL, NULL, '32266.960', '31318.000', '58532838', NULL, NULL, NULL, NULL, NULL, NULL, '313180.000', '281862.000', '948.960', '280913.040', '1', '3.500', '9531.550', '0.000', '31318.000', '0.500', '1565.900', '0.000', '40850.000', NULL, NULL, NULL, NULL, NULL, 0, '40850.000', '0.000', '313180.000', '0.00', '001', '1', NULL, '1', '0', '7414360001', '0', '0', '0', '0'),
(2480, '80', '1', '1', '24', '27', '4', '2024', '15601375.000', '500000.000', '500000.000', '0.000', '0.000', '0.000', NULL, NULL, NULL, NULL, NULL, NULL, '12846127.500', '1610137.500', '60963808', NULL, NULL, NULL, NULL, NULL, NULL, '16101375.000', '14491237.500', '10920990.000', '3255247.500', '1', '3.500', '546048.125', '315000.000', '1610137.500', '0.500', '80506.875', '0.000', '500000.000', NULL, NULL, NULL, NULL, NULL, 0, '500000.000', '0.000', '16101375.000', '0.00', '001', '1', NULL, '2', '0', '7134742001', '0', '0', '0', '0'),
(2481, '79', '1', '1', '20', '22', '4', '2024', '259360.000', '38904.000', '38904.000', '0.000', '0.000', '0.000', NULL, NULL, NULL, NULL, NULL, NULL, '29826.400', '29826.400', '39172899', NULL, NULL, NULL, NULL, NULL, NULL, '298264.000', '268437.600', '0.000', '268437.600', '1', '3.500', '9077.600', '0.000', '29826.400', '0.500', '1491.320', '0.000', '38904.000', NULL, NULL, NULL, NULL, NULL, 0, '38904.000', '0.000', '298264.000', '0.00', '001', '1', NULL, '1', '0', '7064682001', '0', '0', '0', '0'),
(2482, '78', '1', '1', '21', '21', '4', '2024', '365685.000', '54853.000', '54853.000', '0.000', '0.000', '0.000', NULL, NULL, NULL, NULL, NULL, NULL, '50732.536', '42053.800', '63741377', NULL, NULL, NULL, NULL, NULL, NULL, '420538.000', '378484.200', '8678.736', '369805.464', '1', '3.500', '12798.975', '0.000', '42053.800', '0.500', '2102.690', '0.000', '54853.000', NULL, NULL, NULL, NULL, NULL, 0, '54853.000', '0.000', '420538.000', '0.00', '001', '1', NULL, '1', '0', '7204977001', '0', '0', '0', '0'),
(2483, '77', '1', '1', '21', '22', '4', '2024', '302585.000', '45388.000', '45388.000', '0.000', '0.000', '0.000', NULL, NULL, NULL, NULL, NULL, NULL, '38251.356', '34797.300', '39172902', NULL, NULL, NULL, NULL, NULL, NULL, '347973.000', '313175.700', '3454.056', '309721.644', '1', '3.500', '10590.475', '0.000', '34797.300', '0.500', '1739.865', '0.000', '45388.000', NULL, NULL, NULL, NULL, NULL, 0, '45388.000', '0.000', '347973.000', '0.00', '001', '1', NULL, '1', '0', '7064722001', '0', '0', '0', '0'),
(2484, '76', '1', '1', '21', '22', '4', '2024', '217281.000', '32592.000', '32592.000', '0.000', '0.000', '0.000', NULL, NULL, NULL, NULL, NULL, NULL, '24987.300', '24987.300', '50408585', NULL, NULL, NULL, NULL, NULL, NULL, '249873.000', '224885.700', '0.000', '224885.700', '1', '3.500', '7604.835', '0.000', '24987.300', '0.500', '1249.365', '0.000', '32592.000', NULL, NULL, NULL, NULL, NULL, 0, '32592.000', '0.000', '249873.000', '0.00', '001', '1', NULL, '1', '0', '7064677001', '0', '0', '0', '0'),
(2485, '75', '1', '1', '10', '24', '4', '2024', '16422250.000', '2463333.000', '2463333.000', '0.000', '0.000', '0.000', NULL, NULL, NULL, NULL, NULL, NULL, '14814178.060', '1888558.300', '58260481', NULL, NULL, NULL, NULL, NULL, NULL, '18885583.000', '16997024.700', '12925619.760', '4071404.940', '1', '3.500', '574778.750', '0.000', '1888558.300', '0.500', '94427.915', '0.000', '2463333.000', NULL, NULL, NULL, NULL, NULL, 0, '2463333.000', '0.000', '18885583.000', '0.00', '001', '1', NULL, '1', '0', '7001843001', '0', '0', '0', '0'),
(2486, '74', '1', '1', '24', '25', '4', '2024', '3228871.000', '484331.000', '484331.000', '0.000', '0.000', '0.000', NULL, NULL, NULL, NULL, NULL, NULL, '2372825.640', '371320.200', '36119946', NULL, NULL, NULL, NULL, NULL, NULL, '3713202.000', '3341881.800', '2001505.440', '1340376.360', '1', '3.500', '113010.485', '0.000', '371320.200', '0.500', '18566.010', '0.000', '484331.000', NULL, NULL, NULL, NULL, NULL, 0, '484331.000', '0.000', '3713202.000', '0.00', '001', '1', NULL, '2', '0', '7069250001', '0', '0', '0', '0'),
(2487, '73', '1', '12', '20', '6', '4', '2024', '2284970.000', '342745.000', '342745.000', '0.000', '0.000', '0.000', NULL, NULL, NULL, NULL, NULL, NULL, '1482726.300', '262771.500', '45009147', NULL, NULL, NULL, NULL, NULL, NULL, '2627715.000', '2364943.500', '1219954.800', '1144988.700', '1', '3.500', '79973.950', '0.000', '262771.500', '0.500', '13138.575', '0.000', '342745.000', NULL, NULL, NULL, NULL, NULL, 0, '342745.000', '0.000', '2627715.000', '0.00', '023', '1', NULL, '1', '0', '7205074001', '0', '0', '0', '0'),
(2488, '72', '1', '1', '4', '23', '4', '2024', '707139.000', '106071.000', '106071.000', '0.000', '0.000', '0.000', NULL, NULL, NULL, NULL, NULL, NULL, '143698.800', '81321.000', '63306190', NULL, NULL, NULL, NULL, NULL, NULL, '813210.000', '731889.000', '62377.800', '669511.200', '1', '3.500', '24749.865', '0.000', '81321.000', '0.500', '4066.050', '0.000', '106071.000', NULL, NULL, NULL, NULL, NULL, 0, '106071.000', '0.000', '813210.000', '0.00', '001', '1', NULL, '2', '0', '7106080001', '0', '0', '0', '0'),
(2489, '71', '1', '9', '24', '19', '4', '2024', '130435.000', '19565.000', '19565.000', '0.000', '0.000', '0.000', NULL, NULL, NULL, NULL, NULL, NULL, '15000.000', '15000.000', '46663830', NULL, NULL, NULL, NULL, NULL, NULL, '150000.000', '135000.000', '0.000', '135000.000', '1', '3.500', '4565.225', '0.000', '15000.000', '0.500', '750.000', '0.000', '19565.000', NULL, NULL, NULL, NULL, NULL, 0, '19565.000', '0.000', '150000.000', '0.00', '013', '1', NULL, '2', '0', '7270267001', '0', '0', '0', '0'),
(2490, '70', '1', '1', '9', '20', '4', '2024', '272330.000', '40850.000', '40850.000', '0.000', '0.000', '0.000', NULL, NULL, NULL, NULL, NULL, NULL, '32266.960', '31318.000', '58605053', NULL, NULL, NULL, NULL, NULL, NULL, '313180.000', '281862.000', '948.960', '280913.040', '1', '3.500', '9531.550', '0.000', '31318.000', '0.500', '1565.900', '0.000', '40850.000', NULL, NULL, NULL, NULL, NULL, 0, '40850.000', '0.000', '313180.000', '0.00', '001', '1', NULL, '1', '0', '7414356001', '0', '0', '0', '0'),
(2491, '69', '1', '1', '4', '18', '4', '2024', '173913.000', '26087.000', '26087.000', '0.000', '0.000', '0.000', NULL, NULL, NULL, NULL, NULL, NULL, '20000.000', '20000.000', '45140522', NULL, NULL, NULL, NULL, NULL, NULL, '200000.000', '180000.000', '0.000', '180000.000', '1', '3.500', '6086.955', '0.000', '20000.000', '0.500', '1000.000', '0.000', '26087.000', NULL, NULL, NULL, NULL, NULL, 0, '26087.000', '0.000', '200000.000', '0.00', '001', '1', NULL, '2', '0', '7290250001', '0', '0', '0', '0'),
(2492, '68', '1', '1', '13', '24', '4', '2024', '16074000.000', '2595875.000', '2595875.000', '0.000', '0.000', '0.000', NULL, NULL, NULL, NULL, NULL, NULL, '14637297.500', '1866987.500', '60024259', NULL, NULL, NULL, NULL, NULL, NULL, '18669875.000', '16802887.500', '12770310.000', '4032577.500', '1', '3.500', '562590.000', '0.000', '1866987.500', '0.500', '93349.375', '0.000', '2595875.000', NULL, NULL, NULL, NULL, NULL, 0, '2595875.000', '0.000', '18669875.000', '0.00', '001', '1', NULL, '1', '0', '7038638001', '0', '0', '0', '0'),
(2493, '67', '1', '1', '4', '36', '4', '2024', '11031875.000', '0.000', '0.000', '0.000', '0.000', '0.000', NULL, NULL, NULL, NULL, NULL, NULL, '8374137.500', '1103187.500', '56062451', NULL, NULL, NULL, NULL, NULL, NULL, '11031875.000', '9928687.500', '7270950.000', '2657737.500', '1', '3.500', '386115.625', '0.000', '1103187.500', '0.500', '55159.375', '0.000', NULL, NULL, NULL, NULL, NULL, NULL, 0, '0.000', '0.000', '11031875.000', '0.00', '001', '1', NULL, '2', '0', '7273534001', '0', '0', '0', '0'),
(2494, '66', '1', '1', '21', '22', '4', '2024', '260509.000', '39076.000', '39076.000', '0.000', '0.000', '0.000', NULL, NULL, NULL, NULL, NULL, NULL, '29958.500', '29958.500', '39172880', NULL, NULL, NULL, NULL, NULL, NULL, '299585.000', '269626.500', '0.000', '269626.500', '1', '3.500', '9117.815', '0.000', '29958.500', '0.500', '1497.925', '0.000', '39076.000', NULL, NULL, NULL, NULL, NULL, 0, '39076.000', '0.000', '299585.000', '0.00', '001', '1', NULL, '1', '0', '7064725001', '0', '0', '0', '0'),
(2495, '65', '1', '1', '20', '32', '4', '2024', '355312.000', '53297.000', '53297.000', '0.000', '0.000', '0.000', NULL, NULL, NULL, NULL, NULL, NULL, '48680.748', '40860.900', '39621715', NULL, NULL, NULL, NULL, NULL, NULL, '408609.000', '367748.100', '7819.848', '359928.252', '1', '3.500', '12435.920', '0.000', '40860.900', '0.500', '2043.045', '0.000', '53297.000', NULL, NULL, NULL, NULL, NULL, 0, '53297.000', '0.000', '408609.000', '0.00', '001', '1', NULL, '1', '0', '7409554001', '0', '0', '0', '0'),
(2496, '64', '1', '5', '11', '49', '4', '2024', '358561.000', '130744.000', '130744.000', '0.000', '0.000', '0.000', NULL, NULL, NULL, NULL, NULL, NULL, '62560.460', '48930.500', '58381376', NULL, NULL, NULL, NULL, NULL, NULL, '489305.000', '440374.500', '13629.960', '426744.540', '1', '3.500', '12549.635', '0.000', '48930.500', '0.500', '2446.525', '0.000', '53784.000', NULL, NULL, NULL, NULL, NULL, 0, '130744.000', '0.000', '489305.000', '0.00', '007', '1', NULL, '2', '0', '7100400001', '0', '0', '0', '0'),
(2497, '63', '1', '1', '11', '23', '4', '2024', '439730.000', '100682.000', '100682.000', '0.000', '0.000', '0.000', NULL, NULL, NULL, NULL, NULL, NULL, '71350.864', '54041.200', '62451804', NULL, NULL, NULL, NULL, NULL, NULL, '540412.000', '486370.800', '17309.664', '469061.136', '1', '3.500', '15390.550', '0.000', '54041.200', '0.500', '2702.060', '0.000', '65960.000', NULL, NULL, NULL, NULL, NULL, 0, '100682.000', '0.000', '540412.000', '0.00', '001', '1', NULL, '2', '0', '7104432001', '0', '0', '0', '0'),
(2498, '62', '1', '9', '19', '32', '4', '2024', '279604.000', '41941.000', '41941.000', '0.000', '0.000', '0.000', NULL, NULL, NULL, NULL, NULL, NULL, '33705.740', '32154.500', '50266497', NULL, NULL, NULL, NULL, NULL, NULL, '321545.000', '289390.500', '1551.240', '287839.260', '1', '3.500', '9786.140', '0.000', '32154.500', '0.500', '1607.725', '0.000', '41941.000', NULL, NULL, NULL, NULL, NULL, 0, '41941.000', '0.000', '321545.000', '0.00', '013', '1', NULL, '1', '0', '7130048001', '0', '0', '0', '0'),
(2499, '61', '1', '1', '21', '22', '4', '2024', '226387.000', '33958.000', '33958.000', '0.000', '0.000', '0.000', NULL, NULL, NULL, NULL, NULL, NULL, '26034.500', '26034.500', '55656481', NULL, NULL, NULL, NULL, NULL, NULL, '260345.000', '234310.500', '0.000', '234310.500', '1', '3.500', '7923.545', '0.000', '26034.500', '0.500', '1301.725', '0.000', '33958.000', NULL, NULL, NULL, NULL, NULL, 0, '33958.000', '0.000', '260345.000', '0.00', '001', '1', NULL, '1', '0', '7064760001', '0', '0', '0', '0'),
(2500, '60', '1', '1', '13', '25', '4', '2024', '2523478.000', '378522.000', '378522.000', '0.000', '0.000', '0.000', NULL, NULL, NULL, NULL, NULL, NULL, '1707640.000', '290200.000', '64691411', NULL, NULL, NULL, NULL, NULL, NULL, '2902000.000', '2611800.000', '1417440.000', '1194360.000', '1', '3.500', '88321.730', '0.000', '290200.000', '0.500', '14510.000', '0.000', '378522.000', NULL, NULL, NULL, NULL, NULL, 0, '378522.000', '0.000', '2902000.000', '0.00', '001', '1', NULL, '1', '0', '7135246001', '0', '0', '0', '0'),
(2501, '59', '1', '1', '6', '6', '4', '2024', '3852880.000', '577932.000', '577932.000', '0.000', '0.000', '0.000', NULL, NULL, NULL, NULL, NULL, NULL, '2961265.840', '443081.200', '32026129', NULL, NULL, NULL, NULL, NULL, NULL, '4430812.000', '3987730.800', '2518184.640', '1469546.160', '1', '3.500', '134850.800', '0.000', '443081.200', '0.500', '22154.060', '0.000', '577932.000', NULL, NULL, NULL, NULL, NULL, 0, '577932.000', '0.000', '4430812.000', '0.00', '001', '1', NULL, '1', '0', '7409791001', '0', '0', '0', '0'),
(2502, '58', '1', '1', '16', '16', '4', '2024', '24296250.000', '3645625.000', '3645625.000', '0.000', '0.000', '0.000', NULL, NULL, NULL, NULL, NULL, NULL, '22240337.500', '2794187.500', '56345992', NULL, NULL, NULL, NULL, NULL, NULL, '27941875.000', '25147687.500', '19446150.000', '5701537.500', '1', '3.500', '850368.750', '0.000', '2794187.500', '0.500', '139709.375', '0.000', '3645625.000', NULL, NULL, NULL, NULL, NULL, 0, '3645625.000', '0.000', '27941875.000', '0.00', '001', '1', NULL, '1', '0', '7410338001', '0', '0', '0', '0'),
(2503, '57', '1', '1', '8', '44', '4', '2024', '2501281.000', '375192.000', '375192.000', '0.000', '0.000', '0.000', NULL, NULL, NULL, NULL, NULL, NULL, '1686707.860', '287647.300', '50264427', NULL, NULL, NULL, NULL, NULL, NULL, '2876473.000', '2588825.700', '1399060.560', '1189765.140', '1', '3.500', '87544.835', '0.000', '287647.300', '0.500', '14382.365', '0.000', '375192.000', NULL, NULL, NULL, NULL, NULL, 0, '375192.000', '0.000', '2876473.000', '0.00', '001', '1', NULL, '1', '0', '7407071001', '0', '0', '0', '0'),
(2504, '56', '1', '9', '24', '19', '4', '2024', '130435.000', '19565.000', '19565.000', '0.000', '0.000', '0.000', NULL, NULL, NULL, NULL, NULL, NULL, '15000.000', '15000.000', '29939968', NULL, NULL, NULL, NULL, NULL, NULL, '150000.000', '135000.000', '0.000', '135000.000', '1', '3.500', '4565.225', '0.000', '15000.000', '0.500', '750.000', '0.000', '19565.000', NULL, NULL, NULL, NULL, NULL, 0, '19565.000', '0.000', '150000.000', '0.00', '013', '1', NULL, '2', '0', '7270236001', '0', '0', '0', '0'),
(2505, '55', '1', '7', '24', '31', '4', '2024', '5973775.000', '896066.000', '896066.000', '0.000', '0.000', '0.000', NULL, NULL, NULL, NULL, NULL, NULL, '4961269.620', '686984.100', '50481851', NULL, NULL, NULL, NULL, NULL, NULL, '6869841.000', '6182856.900', '4274285.520', '1908571.380', '1', '3.500', '209082.125', '0.000', '686984.100', '0.500', '34349.205', '0.000', '896066.000', NULL, NULL, NULL, NULL, NULL, 0, '896066.000', '0.000', '6869841.000', '0.00', '027', '1', NULL, '2', '0', '7600282201', '0', '0', '0', '0'),
(2506, '54', '1', '4', '13', '7', '4', '2024', '2700146.000', '405022.000', '405022.000', '0.000', '0.000', '0.000', NULL, NULL, NULL, NULL, NULL, NULL, '1874237.760', '310516.800', '59192755', NULL, NULL, NULL, NULL, NULL, NULL, '3105168.000', '2794651.200', '1563720.960', '1230930.240', '1', '3.500', '94505.110', '0.000', '310516.800', '0.500', '15525.840', '0.000', '405022.000', NULL, NULL, NULL, NULL, NULL, 0, '405022.000', '0.000', '3105168.000', '0.00', '005', '1', NULL, '1', '0', '7078600001', '0', '0', '0', '0'),
(2507, '53', '1', '1', '4', '26', '4', '2024', '254990.000', '38249.000', '38249.000', '0.000', '0.000', '0.000', NULL, NULL, NULL, NULL, NULL, NULL, '29323.900', '29323.900', '61384968', NULL, NULL, NULL, NULL, NULL, NULL, '293239.000', '263915.100', '0.000', '263915.100', '1', '3.500', '8924.650', '0.000', '29323.900', '0.500', '1466.195', '0.000', '38249.000', NULL, NULL, NULL, NULL, NULL, 0, '38249.000', '0.000', '293239.000', '0.00', '001', '1', NULL, '2', '0', '7071856001', '0', '0', '0', '0'),
(2508, '52', '1', '1', '4', '38', '4', '2024', '344885.000', '51733.000', '51733.000', '0.000', '0.000', '0.000', NULL, NULL, NULL, NULL, NULL, NULL, '46618.296', '39661.800', '47404867', NULL, NULL, NULL, NULL, NULL, NULL, '396618.000', '356956.200', '6956.496', '349999.704', '1', '3.500', '12070.975', '0.000', '39661.800', '0.500', '1983.090', '0.000', '51733.000', NULL, NULL, NULL, NULL, NULL, 0, '51733.000', '0.000', '396618.000', '0.00', '001', '1', NULL, '2', '0', '7287906001', '0', '0', '0', '0'),
(2509, '51', '1', '1', '4', '18', '4', '2024', '358566.000', '161544.000', '161544.000', '0.000', '0.000', '0.000', NULL, NULL, NULL, NULL, NULL, NULL, '67858.920', '52011.000', '34737235', NULL, NULL, NULL, NULL, NULL, NULL, '520110.000', '468099.000', '15847.920', '452251.080', '1', '3.500', '12549.810', '0.000', '52011.000', '0.500', '2600.550', '0.000', '53785.000', NULL, NULL, NULL, NULL, NULL, 0, '161544.000', '0.000', '520110.000', '0.00', '001', '1', NULL, '2', '0', '7070379001', '0', '0', '0', '0'),
(2510, '50', '1', '1', '21', '22', '4', '2024', '207028.000', '31054.000', '31054.000', '0.000', '0.000', '0.000', NULL, NULL, NULL, NULL, NULL, NULL, '23808.200', '23808.200', '60114754', NULL, NULL, NULL, NULL, NULL, NULL, '238082.000', '214273.800', '0.000', '214273.800', '1', '3.500', '7245.980', '0.000', '23808.200', '0.500', '1190.410', '0.000', '31054.000', NULL, NULL, NULL, NULL, NULL, 0, '31054.000', '0.000', '238082.000', '0.00', '001', '1', NULL, '1', '0', '7064679001', '0', '0', '0', '0'),
(2511, '49', NULL, '1', '24', '8', '4', '2024', '217391.000', '32609.000', '32609.000', '0.000', '0.000', '0.000', NULL, NULL, NULL, NULL, NULL, NULL, '0.000', NULL, NULL, NULL, NULL, NULL, NULL, NULL, NULL, '250000.000', '250000.000', '0.000', '250000.000', '1', '3.500', '7608.685', '0.000', NULL, '0.500', '1250.000', '0.000', '32609.000', NULL, NULL, NULL, NULL, NULL, 0, '32609.000', '0.000', '250000.000', '0.00', '001', '1', NULL, '2', '0', '7405660001', '0', '0', '0', '0'),
(2512, '48', '1', '1', '24', '29', '4', '2024', '3689000.000', '553350.000', '553350.000', '0.000', '0.000', '0.000', NULL, NULL, NULL, NULL, NULL, NULL, '2806727.000', '424235.000', '45225349', NULL, NULL, NULL, NULL, NULL, NULL, '4242350.000', '3818115.000', '2382492.000', '1435623.000', '1', '3.500', '129115.000', '0.000', '424235.000', '0.500', '21211.750', '0.000', '553350.000', NULL, NULL, NULL, NULL, NULL, 0, '553350.000', '0.000', '4242350.000', '0.00', '001', '1', NULL, '2', '0', '7265348001', '0', '0', '0', '0'),
(2513, '47', '1', '1', '4', '37', '4', '2024', '281801.000', '42270.000', '42270.000', '0.000', '0.000', '0.000', NULL, NULL, NULL, NULL, NULL, NULL, '34140.212', '32407.100', '36608343', NULL, NULL, NULL, NULL, NULL, NULL, '324071.000', '291663.900', '1733.112', '289930.788', '1', '3.500', '9863.035', '0.000', '32407.100', '0.500', '1620.355', '0.000', '42270.000', NULL, NULL, NULL, NULL, NULL, 0, '42270.000', '0.000', '324071.000', '0.00', '001', '1', NULL, '2', '0', '7071858001', '0', '0', '0', '0'),
(2514, '46', '1', '1', '16', '17', '4', '2024', '505704.000', '75856.000', '75856.000', '0.000', '0.000', '0.000', NULL, NULL, NULL, NULL, NULL, NULL, '78836.800', '58156.000', '33090653', NULL, NULL, NULL, NULL, NULL, NULL, '581560.000', '523404.000', '20680.800', '502723.200', '1', '3.500', '17699.640', '0.000', '58156.000', '0.500', '2907.800', '0.000', '75856.000', NULL, NULL, NULL, NULL, NULL, 0, '75856.000', '0.000', '581560.000', '0.00', '001', '1', NULL, '1', '0', '7407019001', '0', '0', '0', '0'),
(2515, '45', '1', '10', '2', '32', '4', '2024', '159102.000', '23865.000', '23865.000', '0.000', '0.000', '0.000', NULL, NULL, NULL, NULL, NULL, NULL, '18296.700', '18296.700', '61247723', NULL, NULL, NULL, NULL, NULL, NULL, '182967.000', '164670.300', '0.000', '164670.300', '1', '3.500', '5568.570', '0.000', '18296.700', '0.500', '914.835', '0.000', '23865.000', NULL, NULL, NULL, NULL, NULL, 0, '23865.000', '0.000', '182967.000', '0.00', '009', '1', NULL, '1', '0', '7116689001', '0', '0', '0', '0'),
(2516, '44', '1', '1', '24', '28', '4', '2024', '2523120.000', '378468.000', '378468.000', '0.000', '0.000', '0.000', NULL, NULL, NULL, NULL, NULL, NULL, '1707302.160', '290158.800', '66057086', NULL, NULL, NULL, NULL, NULL, NULL, '2901588.000', '2611429.200', '1417143.360', '1194285.840', '1', '3.500', '88309.200', '0.000', '290158.800', '0.500', '14507.940', '0.000', '378468.000', NULL, NULL, NULL, NULL, NULL, 0, '378468.000', '0.000', '2901588.000', '0.00', '001', '1', NULL, '2', '0', '7178202001', '0', '0', '0', '0'),
(2517, '43', '1', '1', '20', '24', '4', '2024', '11620875.000', '500000.000', '500000.000', '0.000', '0.000', '0.000', NULL, NULL, NULL, NULL, NULL, NULL, '9582117.500', '1212087.500', '36213470', NULL, NULL, NULL, NULL, NULL, NULL, '12120875.000', '10908787.500', '8055030.000', '2538757.500', '1', '3.500', '406730.625', '315000.000', '1212087.500', '0.500', '60604.375', '0.000', '500000.000', NULL, NULL, NULL, NULL, NULL, 0, '500000.000', '0.000', '12120875.000', '0.00', '001', '1', NULL, '1', '0', '7403594001', '0', '0', '0', '0'),
(2518, '42', '1', '1', '4', '18', '4', '2024', '254990.000', '38249.000', '38249.000', '0.000', '0.000', '0.000', NULL, NULL, NULL, NULL, NULL, NULL, '29323.900', '29323.900', '61384984', NULL, NULL, NULL, NULL, NULL, NULL, '293239.000', '263915.100', '0.000', '263915.100', '1', '3.500', '8924.650', '0.000', '29323.900', '0.500', '1466.195', '0.000', '38249.000', NULL, NULL, NULL, NULL, NULL, 0, '38249.000', '0.000', '293239.000', '0.00', '001', '1', NULL, '2', '0', '7070883001', '0', '0', '0', '0'),
(2519, '41', '1', '1', '21', '22', '4', '2024', '200000.000', '0.000', '0.000', '0.000', '0.000', '0.000', NULL, NULL, NULL, NULL, NULL, NULL, '20000.000', '20000.000', '47467250', NULL, NULL, NULL, NULL, NULL, NULL, '200000.000', '180000.000', '0.000', '180000.000', '1', '3.500', '7000.000', '0.000', '20000.000', '0.500', '1000.000', '0.000', NULL, NULL, NULL, NULL, NULL, NULL, 0, '0.000', '0.000', '200000.000', '0.00', '001', '1', NULL, '1', '0', '7282469001', '0', '0', '0', '0'),
(2520, '40', '1', '1', '24', '25', '4', '2024', '2523478.000', '378522.000', '378522.000', '0.000', '0.000', '0.000', NULL, NULL, NULL, NULL, NULL, NULL, '1707640.000', '290200.000', '57901511', NULL, NULL, NULL, NULL, NULL, NULL, '2902000.000', '2611800.000', '1417440.000', '1194360.000', '1', '3.500', '88321.730', '0.000', '290200.000', '0.500', '14510.000', '0.000', '378522.000', NULL, NULL, NULL, NULL, NULL, 0, '378522.000', '0.000', '2902000.000', '0.00', '001', '1', NULL, '2', '0', '7116037001', '0', '0', '0', '0'),
(2521, '39', '1', '1', '6', '32', '4', '2024', '311981.000', '46797.000', '46797.000', '0.000', '0.000', '0.000', NULL, NULL, NULL, NULL, NULL, NULL, '40109.816', '35877.800', '56912358', NULL, NULL, NULL, NULL, NULL, NULL, '358778.000', '322900.200', '4232.016', '318668.184', '1', '3.500', '10919.335', '0.000', '35877.800', '0.500', '1793.890', '0.000', '46797.000', NULL, NULL, NULL, NULL, NULL, 0, '46797.000', '0.000', '358778.000', '0.00', '001', '1', NULL, '1', '0', '7409505001', '0', '0', '0', '0'),
(2522, '38', '1', '1', '13', '32', '4', '2024', '420482.000', '63072.000', '63072.000', '0.000', '0.000', '0.000', NULL, NULL, NULL, NULL, NULL, NULL, '61571.288', '48355.400', '29718023', NULL, NULL, NULL, NULL, NULL, NULL, '483554.000', '435198.600', '13215.888', '421982.712', '1', '3.500', '14716.870', '0.000', '48355.400', '0.500', '2417.770', '0.000', '63072.000', NULL, NULL, NULL, NULL, NULL, 0, '63072.000', '0.000', '483554.000', '0.00', '001', '1', NULL, '1', '0', '7406058001', '0', '0', '0', '0'),
(2523, '37', '1', '1', '21', '22', '4', '2024', '240000.000', '36000.000', '36000.000', '0.000', '0.000', '0.000', NULL, NULL, NULL, NULL, NULL, NULL, '27600.000', '27600.000', '50084267', NULL, NULL, NULL, NULL, NULL, NULL, '276000.000', '248400.000', '0.000', '248400.000', '1', '3.500', '8400.000', '0.000', '27600.000', '0.500', '1380.000', '0.000', '36000.000', NULL, NULL, NULL, NULL, NULL, 0, '36000.000', '0.000', '276000.000', '0.00', '001', '1', NULL, '1', '0', '7064685001', '0', '0', '0', '0'),
(2524, '36', '1', '1', '21', '15', '4', '2024', '2715338.000', '407301.000', '407301.000', '0.000', '0.000', '0.000', NULL, NULL, NULL, NULL, NULL, NULL, '1888563.980', '312263.900', '64673936', NULL, NULL, NULL, NULL, NULL, NULL, '3122639.000', '2810375.100', '1576300.080', '1234075.020', '1', '3.500', '95036.830', '0.000', '312263.900', '0.500', '15613.195', '0.000', '407301.000', NULL, NULL, NULL, NULL, NULL, 0, '407301.000', '0.000', '3122639.000', '0.00', '001', '1', NULL, '1', '0', '5405442001', '0', '0', '0', '0'),
(2525, '35', '1', '1', '4', '18', '4', '2024', '322447.000', '48367.000', '48367.000', '0.000', '0.000', '0.000', NULL, NULL, NULL, NULL, NULL, NULL, '42180.008', '37081.400', '33174016', NULL, NULL, NULL, NULL, NULL, NULL, '370814.000', '333732.600', '5098.608', '328633.992', '1', '3.500', '11285.645', '0.000', '37081.400', '0.500', '1854.070', '0.000', '48367.000', NULL, NULL, NULL, NULL, NULL, 0, '48367.000', '0.000', '370814.000', '0.00', '001', '1', NULL, '2', '0', '7070882001', '0', '0', '0', '0'),
(2526, '34', '1', '1', '4', '45', '4', '2024', '345041.000', '51756.000', '51756.000', '0.000', '0.000', '0.000', NULL, NULL, NULL, NULL, NULL, NULL, '46649.084', '39679.700', '33174032', NULL, NULL, NULL, NULL, NULL, NULL, '396797.000', '357117.300', '6969.384', '350147.916', '1', '3.500', '12076.435', '0.000', '39679.700', '0.500', '1983.985', '0.000', '51756.000', NULL, NULL, NULL, NULL, NULL, 0, '51756.000', '0.000', '396797.000', '0.00', '001', '1', NULL, '2', '0', '7070545001', '0', '0', '0', '0'),
(2527, '33', '1', '1', '4', '18', '4', '2024', '254990.000', '38249.000', '38249.000', '0.000', '0.000', '0.000', NULL, NULL, NULL, NULL, NULL, NULL, '29323.900', '29323.900', '62135686', NULL, NULL, NULL, NULL, NULL, NULL, '293239.000', '263915.100', '0.000', '263915.100', '1', '3.500', '8924.650', '0.000', '29323.900', '0.500', '1466.195', '0.000', '38249.000', NULL, NULL, NULL, NULL, NULL, 0, '38249.000', '0.000', '293239.000', '0.00', '001', '1', NULL, '2', '0', '7087693001', '0', '0', '0', '0'),
(2528, '32', '1', '1', '9', '20', '4', '2024', '262703.000', '39405.000', '39405.000', '0.000', '0.000', '0.000', NULL, NULL, NULL, NULL, NULL, NULL, '30362.576', '30210.800', '58473874', NULL, NULL, NULL, NULL, NULL, NULL, '302108.000', '271897.200', '151.776', '271745.424', '1', '3.500', '9194.605', '0.000', '30210.800', '0.500', '1510.540', '0.000', '39405.000', NULL, NULL, NULL, NULL, NULL, 0, '39405.000', '0.000', '302108.000', '0.00', '001', '1', NULL, '1', '0', '7037401001', '0', '0', '0', '0'),
(2529, '31', '1', '1', '21', '34', '4', '2024', '1043478.000', '156522.000', '156522.000', '0.000', '0.000', '0.000', NULL, NULL, NULL, NULL, NULL, NULL, '312000.000', '120000.000', '46698144', NULL, NULL, NULL, NULL, NULL, NULL, '1200000.000', '1080000.000', '192000.000', '888000.000', '1', '3.500', '36521.730', '0.000', '120000.000', '0.500', '6000.000', '0.000', '156522.000', NULL, NULL, NULL, NULL, NULL, 0, '156522.000', '0.000', '1200000.000', '0.00', '001', '1', NULL, '1', '0', '7277859001', '0', '0', '0', '0'),
(2530, '30', '1', '1', '21', '22', '4', '2024', '222940.000', '33441.000', '33441.000', '0.000', '0.000', '0.000', NULL, NULL, NULL, NULL, NULL, NULL, '25638.100', '25638.100', '60866497', NULL, NULL, NULL, NULL, NULL, NULL, '256381.000', '230742.900', '0.000', '230742.900', '1', '3.500', '7802.900', '0.000', '25638.100', '0.500', '1281.905', '0.000', '33441.000', NULL, NULL, NULL, NULL, NULL, 0, '33441.000', '0.000', '256381.000', '0.00', '001', '1', NULL, '1', '0', '7064681001', '0', '0', '0', '0'),
(2531, '29', '1', '1', '21', '34', '4', '2024', '950257.000', '142539.000', '142539.000', '0.000', '0.000', '0.000', NULL, NULL, NULL, NULL, NULL, NULL, '233158.700', '109279.600', '39621723', NULL, NULL, NULL, NULL, NULL, NULL, '1092796.000', '983516.400', '123879.100', '859637.300', '1', '3.500', '33258.995', '0.000', '109279.600', '0.500', '5463.980', '0.000', '142539.000', NULL, NULL, NULL, NULL, NULL, 0, '142539.000', '0.000', '1092796.000', '0.00', '001', '1', NULL, '1', '0', '7077053001', '0', '0', '0', '0'),
(2532, '28', '1', '1', '4', '18', '4', '2024', '254990.000', '38249.000', '38249.000', '0.000', '0.000', '0.000', NULL, NULL, NULL, NULL, NULL, NULL, '29323.900', '29323.900', '61384976', NULL, NULL, NULL, NULL, NULL, NULL, '293239.000', '263915.100', '0.000', '263915.100', '1', '3.500', '8924.650', '0.000', '29323.900', '0.500', '1466.195', '0.000', '38249.000', NULL, NULL, NULL, NULL, NULL, 0, '38249.000', '0.000', '293239.000', '0.00', '001', '1', NULL, '2', '0', '7070881001', '0', '0', '0', '0'),
(2533, '27', '1', '1', '21', '22', '4', '2024', '240000.000', '36000.000', '36000.000', '0.000', '0.000', '0.000', NULL, NULL, NULL, NULL, NULL, NULL, '27600.000', '27600.000', '55656471', NULL, NULL, NULL, NULL, NULL, NULL, '276000.000', '248400.000', '0.000', '248400.000', '1', '3.500', '8400.000', '0.000', '27600.000', '0.500', '1380.000', '0.000', '36000.000', NULL, NULL, NULL, NULL, NULL, 0, '36000.000', '0.000', '276000.000', '0.00', '001', '1', NULL, '1', '0', '7237192001', '0', '0', '0', '0'),
(2534, '26', '1', '1', '16', '10', '4', '2024', '3543322.000', '625293.000', '625293.000', '0.000', '0.000', '0.000', NULL, NULL, NULL, NULL, NULL, NULL, '2746264.300', '416861.500', '39157903', NULL, NULL, NULL, NULL, NULL, NULL, '4168615.000', '3751753.500', '2329402.800', '1422350.700', '1', '3.500', '124016.270', '0.000', '416861.500', '0.500', '20843.075', '0.000', '625293.000', NULL, NULL, NULL, NULL, NULL, 0, '625293.000', '0.000', '4168615.000', '0.00', '001', '1', NULL, '1', '0', '7198724001', '0', '0', '0', '0'),
(2535, '25', '1', '1', '21', '22', '4', '2024', '173913.000', '26087.000', '26087.000', '0.000', '0.000', '0.000', NULL, NULL, NULL, NULL, NULL, NULL, '20000.000', '20000.000', '46448836', NULL, NULL, NULL, NULL, NULL, NULL, '200000.000', '180000.000', '0.000', '180000.000', '1', '3.500', '6086.955', '0.000', '20000.000', '0.500', '1000.000', '0.000', '26087.000', NULL, NULL, NULL, NULL, NULL, 0, '26087.000', '0.000', '200000.000', '0.00', '001', '1', NULL, '1', '0', '7280867001', '0', '0', '0', '0'),
(2536, '24', '1', '1', '7', '9', '4', '2024', '873430.000', '131015.000', '131015.000', '0.000', '0.000', '0.000', NULL, NULL, NULL, NULL, NULL, NULL, '204444.625', '100444.500', '47173864', NULL, NULL, NULL, NULL, NULL, NULL, '1004445.000', '904000.500', '104000.125', '800000.375', '1', '3.500', '30570.050', '0.000', '100444.500', '0.500', '5022.225', '0.000', '131015.000', NULL, NULL, NULL, NULL, NULL, 0, '131015.000', '0.000', '1004445.000', '0.00', '001', '1', NULL, '1', '0', '7282747001', '0', '0', '0', '0'),
(2537, '23', '1', '1', '16', '32', '4', '2024', '662324.000', '99349.000', '99349.000', '0.000', '0.000', '0.000', NULL, NULL, NULL, NULL, NULL, NULL, '129268.440', '76167.300', '30234697', NULL, NULL, NULL, NULL, NULL, NULL, '761673.000', '685505.700', '53101.140', '632404.560', '1', '3.500', '23181.340', '0.000', '76167.300', '0.500', '3808.365', '0.000', '99349.000', NULL, NULL, NULL, NULL, NULL, 0, '99349.000', '0.000', '761673.000', '0.00', '001', '1', NULL, '1', '0', '7263952001', '0', '0', '0', '0'),
(2538, '22', '1', '1', '21', '22', '4', '2024', '286770.000', '43016.000', '43016.000', '0.000', '0.000', '0.000', NULL, NULL, NULL, NULL, NULL, NULL, '35123.192', '32978.600', '32500181', NULL, NULL, NULL, NULL, NULL, NULL, '329786.000', '296807.400', '2144.592', '294662.808', '1', '3.500', '10036.950', '0.000', '32978.600', '0.500', '1648.930', '0.000', '43016.000', NULL, NULL, NULL, NULL, NULL, 0, '43016.000', '0.000', '329786.000', '0.00', '001', '1', NULL, '1', '0', '7064686001', '0', '0', '0', '0'),
(2539, '21', '1', '1', '1', '1', '4', '2024', '1789193.000', '268379.000', '268379.000', '0.000', '0.000', '0.000', NULL, NULL, NULL, NULL, NULL, NULL, '1015209.040', '205757.200', '66028078', NULL, NULL, NULL, NULL, NULL, NULL, '2057572.000', '1851814.800', '809451.840', '1042362.960', '1', '3.500', '62621.755', '0.000', '205757.200', '0.500', '10287.860', '0.000', '268379.000', NULL, NULL, NULL, NULL, NULL, 0, '268379.000', '0.000', '2057572.000', '0.00', '001', '1', NULL, '1', '0', '7185997001', '0', '0', '0', '0'),
(2540, '20', '1', '6', '16', '50', '4', '2024', '6000000.000', '900000.000', '900000.000', '0.000', '0.000', '0.000', NULL, NULL, NULL, NULL, NULL, NULL, '4986000.000', '690000.000', '61859605', NULL, NULL, NULL, NULL, NULL, NULL, '6900000.000', '6210000.000', '4296000.000', '1914000.000', '1', '3.500', '210000.000', '0.000', '690000.000', '0.500', '34500.000', '0.000', '900000.000', NULL, NULL, NULL, NULL, NULL, 0, '900000.000', '0.000', '6900000.000', '0.00', '025', '1', NULL, '1', '0', '7081716001', '0', '0', '0', '0'),
(2541, '19', '1', '1', '1', '33', '4', '2024', '214081.000', '32112.000', '32112.000', '0.000', '0.000', '0.000', NULL, NULL, NULL, NULL, NULL, NULL, '24619.300', '24619.300', '58996419', NULL, NULL, NULL, NULL, NULL, NULL, '246193.000', '221573.700', '0.000', '221573.700', '1', '3.500', '7492.835', '0.000', '24619.300', '0.500', '1230.965', '0.000', '32112.000', NULL, NULL, NULL, NULL, NULL, 0, '32112.000', '0.000', '246193.000', '0.00', '001', '1', NULL, '1', '0', '7064728002', '0', '0', '0', '0');
INSERT INTO `empmonthsalary` (`ProcessId`, `EmpId`, `PensionId`, `BranchId`, `DepartmentId`, `DesignationId`, `PayrollMonth`, `PayrollYear`, `BasicSalary`, `TotalPayments`, `TaxPayment`, `NonTaxPayment`, `OnlyPensionPay`, `OnlyPayePay`, `TotalOT`, `OTWeekdays`, `OTSat`, `OTSun`, `OTSunHol`, `LeaveSold`, `TotalDeductions`, `PensionAmt`, `PensionNo`, `SalaryAdvance`, `Absent`, `Late`, `AbsentDays`, `LateHrs`, `TotalLoanAmt`, `GrossSalary`, `TotalIncome`, `PayeAmt`, `Netpay`, `CompanyId`, `SDLper`, `SDLAmt`, `Deductions`, `EmployerContribution`, `wcfrate`, `wcfcontribution`, `NonTaxPayNotSeen`, `HouseAllowance`, `NHIFEmployerPer`, `NHIFEmployeePer`, `NHIFEmployerAmt`, `NHIFEmployeeAmt`, `NHIFBasicSalary`, `PaymentsEffectOnSDL`, `PaymentsEffectOnWCF`, `PaymentsDontEffectOnWCF`, `WCFGrossSalary`, `PaymentIsBenefit`, `BranchCode`, `BankId`, `BankCode`, `MainDivision`, `SubDivision`, `BankAccNo`, `OTWeekdaysAmt`, `OTSatAmt`, `OTSunAmt`, `OTSunHolAmt`) VALUES
(2542, '18', '1', '1', '4', '18', '4', '2024', '319432.000', '47915.000', '47915.000', '0.000', '0.000', '0.000', NULL, NULL, NULL, NULL, NULL, NULL, '41583.684', '36734.700', '35289740', NULL, NULL, NULL, NULL, NULL, NULL, '367347.000', '330612.300', '4848.984', '325763.316', '1', '3.500', '11180.120', '0.000', '36734.700', '0.500', '1836.735', '0.000', '47915.000', NULL, NULL, NULL, NULL, NULL, 0, '47915.000', '0.000', '367347.000', '0.00', '001', '1', NULL, '2', '0', '7073321001', '0', '0', '0', '0'),
(2543, '17', '1', '1', '21', '30', '4', '2024', '391403.000', '58710.000', '58710.000', '0.000', '0.000', '0.000', NULL, NULL, NULL, NULL, NULL, NULL, '55819.436', '45011.300', '55886914', NULL, NULL, NULL, NULL, NULL, NULL, '450113.000', '405101.700', '10808.136', '394293.564', '1', '3.500', '13699.105', '0.000', '45011.300', '0.500', '2250.565', '0.000', '58710.000', NULL, NULL, NULL, NULL, NULL, 0, '58710.000', '0.000', '450113.000', '0.00', '001', '1', NULL, '1', '0', '7076653001', '0', '0', '0', '0'),
(2544, '16', '1', '1', '4', '18', '4', '2024', '254990.000', '38249.000', '38249.000', '0.000', '0.000', '0.000', NULL, NULL, NULL, NULL, NULL, NULL, '29323.900', '29323.900', '61384909', NULL, NULL, NULL, NULL, NULL, NULL, '293239.000', '263915.100', '0.000', '263915.100', '1', '3.500', '8924.650', '0.000', '29323.900', '0.500', '1466.195', '0.000', '38249.000', NULL, NULL, NULL, NULL, NULL, 0, '38249.000', '0.000', '293239.000', '0.00', '001', '1', NULL, '2', '0', '7070548001', '0', '0', '0', '0'),
(2545, '15', '1', '1', '21', '34', '4', '2024', '1043478.000', '156522.000', '156522.000', '0.000', '0.000', '0.000', NULL, NULL, NULL, NULL, NULL, NULL, '312000.000', '120000.000', '46467156', NULL, NULL, NULL, NULL, NULL, NULL, '1200000.000', '1080000.000', '192000.000', '888000.000', '1', '3.500', '36521.730', '0.000', '120000.000', '0.500', '6000.000', '0.000', '156522.000', NULL, NULL, NULL, NULL, NULL, 0, '156522.000', '0.000', '1200000.000', '0.00', '001', '1', NULL, '1', '0', '7286985001', '0', '0', '0', '0'),
(2546, '14', '1', '1', '4', '23', '4', '2024', '621527.000', '93229.000', '93229.000', '0.000', '0.000', '0.000', NULL, NULL, NULL, NULL, NULL, NULL, '116131.680', '71475.600', '65157990', NULL, NULL, NULL, NULL, NULL, NULL, '714756.000', '643280.400', '44656.080', '598624.320', '1', '3.500', '21753.445', '0.000', '71475.600', '0.500', '3573.780', '0.000', '93229.000', NULL, NULL, NULL, NULL, NULL, 0, '93229.000', '0.000', '714756.000', '0.00', '001', '1', NULL, '2', '0', '7160484001', '0', '0', '0', '0'),
(2547, '13', '1', '1', '11', '47', '4', '2024', '4593513.000', '689027.000', '689027.000', '0.000', '0.000', '0.000', NULL, NULL, NULL, NULL, NULL, NULL, '3659682.800', '528254.000', '47509219', NULL, NULL, NULL, NULL, NULL, NULL, '5282540.000', '4754286.000', '3131428.800', '1622857.200', '1', '3.500', '160772.955', '0.000', '528254.000', '0.500', '26412.700', '0.000', '689027.000', NULL, NULL, NULL, NULL, NULL, 0, '689027.000', '0.000', '5282540.000', '0.00', '001', '1', NULL, '2', '0', '7280442001', '0', '0', '0', '0'),
(2548, '12', '1', '1', '11', '38', '4', '2024', '439730.000', '100682.000', '100682.000', '0.000', '0.000', '0.000', NULL, NULL, NULL, NULL, NULL, NULL, '54041.200', '54041.200', '55946771', NULL, NULL, NULL, NULL, NULL, NULL, '540412.000', '0.000', '0.000', '486370.800', '1', '3.500', '0.000', '0.000', '54041.200', '0.500', '0.000', '0.000', '65960.000', NULL, NULL, NULL, NULL, NULL, 0, '100682.000', '0.000', '0.000', '0.00', '001', '1', NULL, '2', '0', '7100339001', '0', '0', '0', '0'),
(2549, '11', '1', '1', '21', '22', '4', '2024', '226387.000', '33958.000', '33958.000', '0.000', '0.000', '0.000', NULL, NULL, NULL, NULL, NULL, NULL, '26034.500', '26034.500', '50408321', NULL, NULL, NULL, NULL, NULL, NULL, '260345.000', '234310.500', '0.000', '234310.500', '1', '3.500', '7923.545', '0.000', '26034.500', '0.500', '1301.725', '0.000', '33958.000', NULL, NULL, NULL, NULL, NULL, 0, '33958.000', '0.000', '260345.000', '0.00', '001', '1', NULL, '1', '0', '7064735001', '0', '0', '0', '0'),
(2550, '10', '1', '1', '4', '18', '4', '2024', '331476.000', '49721.000', '49721.000', '0.000', '0.000', '0.000', NULL, NULL, NULL, NULL, NULL, NULL, '43965.884', '38119.700', '33850585', NULL, NULL, NULL, NULL, NULL, NULL, '381197.000', '343077.300', '5846.184', '337231.116', '1', '3.500', '11601.660', '0.000', '38119.700', '0.500', '1905.985', '0.000', '49721.000', NULL, NULL, NULL, NULL, NULL, 0, '49721.000', '0.000', '381197.000', '0.00', '001', '1', NULL, '2', '0', '7070415001', '0', '0', '0', '0'),
(2551, '9', '1', '1', '21', '12', '4', '2024', '258551.000', '38783.000', '38783.000', '0.000', '0.000', '0.000', NULL, NULL, NULL, NULL, NULL, NULL, '29733.400', '29733.400', '62787950', NULL, NULL, NULL, NULL, NULL, NULL, '297334.000', '267600.600', '0.000', '267600.600', '1', '3.500', '9049.285', '0.000', '29733.400', '0.500', '1486.670', '0.000', '38783.000', NULL, NULL, NULL, NULL, NULL, 0, '38783.000', '0.000', '297334.000', '0.00', '001', '1', NULL, '1', '0', '7254364001', '0', '0', '0', '0'),
(2552, '8', '1', '1', '13', '48', '4', '2024', '5641892.000', '846284.000', '846284.000', '0.000', '0.000', '0.000', NULL, NULL, NULL, NULL, NULL, NULL, '4648304.320', '648817.600', '60645059', NULL, NULL, NULL, NULL, NULL, NULL, '6488176.000', '5839358.400', '3999486.720', '1839871.680', '1', '3.500', '197466.220', '0.000', '648817.600', '0.500', '32440.880', '0.000', '846284.000', NULL, NULL, NULL, NULL, NULL, 0, '846284.000', '0.000', '6488176.000', '0.00', '001', '1', NULL, '1', '0', '7408044001', '0', '0', '0', '0'),
(2553, '7', NULL, '1', '18', '43', '4', '2024', '14534600.000', '2180190.000', '2180190.000', '0.000', '0.000', '0.000', NULL, NULL, NULL, NULL, NULL, NULL, '12699832.000', NULL, NULL, NULL, NULL, NULL, NULL, NULL, NULL, '16714790.000', '16714790.000', '12699832.000', '4014958.000', '1', '3.500', '508711.000', '0.000', NULL, '0.500', '83573.950', '0.000', '2180190.000', NULL, NULL, NULL, NULL, NULL, 0, '2180190.000', '0.000', '16714790.000', '0.00', '001', '1', NULL, '1', '0', '7257704001', '0', '0', '0', '0'),
(2554, '6', '1', '0', '21', '11', '4', '2024', '1877402.000', '281610.000', '281610.000', '0.000', '0.000', '0.000', NULL, NULL, NULL, NULL, NULL, NULL, '1098389.840', '215901.200', '64679349', NULL, NULL, NULL, NULL, NULL, NULL, '2159012.000', '1943110.800', '882488.640', '1060622.160', '1', '3.500', '65709.070', '0.000', '215901.200', '0.500', '10795.060', '0.000', '281610.000', NULL, NULL, NULL, NULL, NULL, 0, '281610.000', '0.000', '2159012.000', '0.00', '', '0', NULL, '1', '0', '', '0', '0', '0', '0'),
(2555, '5', '1', '1', '10', '32', '4', '2024', '537750.000', '80700.000', '80700.000', '0.000', '0.000', '0.000', NULL, NULL, NULL, NULL, NULL, NULL, '89166.000', '61845.000', '33994633', NULL, NULL, NULL, NULL, NULL, NULL, '618450.000', '556605.000', '27321.000', '529284.000', '1', '3.500', '18821.250', '0.000', '61845.000', '0.500', '3092.250', '0.000', '80700.000', NULL, NULL, NULL, NULL, NULL, 0, '80700.000', '0.000', '618450.000', '0.00', '001', '1', NULL, '1', '0', '7407072001', '0', '0', '0', '0'),
(2556, '4', '1', '1', '11', '14', '4', '2024', '3354633.000', '503195.000', '503195.000', '0.000', '0.000', '0.000', NULL, NULL, NULL, NULL, NULL, NULL, '2491418.960', '385782.800', '64320839', NULL, NULL, NULL, NULL, NULL, NULL, '3857828.000', '3472045.200', '2105636.160', '1366409.040', '1', '3.500', '117412.155', '0.000', '385782.800', '0.500', '19289.140', '0.000', '503195.000', NULL, NULL, NULL, NULL, NULL, 0, '503195.000', '0.000', '3857828.000', '0.00', '001', '1', NULL, '2', '0', '7124975001', '0', '0', '0', '0'),
(2557, '3', '1', '12', '13', '48', '4', '2024', '1212677.000', '181902.000', '181902.000', '0.000', '0.000', '0.000', NULL, NULL, NULL, NULL, NULL, NULL, '471554.780', '139457.900', '60511141', NULL, NULL, NULL, NULL, NULL, '0.000', '1394579.000', '1255121.100', '332096.880', '923024.220', '1', '3.500', '42443.695', '0.000', '139457.900', '0.500', '6972.895', '0.000', '181902.000', NULL, NULL, NULL, NULL, NULL, 0, '181902.000', '0.000', '1394579.000', '0.00', '023', '1', NULL, '1', '0', '7055068001', '0', '0', '0', '0'),
(2558, '2', '1', '1', '13', '32', '4', '2024', '223930.000', '33590.000', '33590.000', '0.000', '0.000', '0.000', NULL, NULL, NULL, NULL, NULL, NULL, '25752.000', '25752.000', '62746057', NULL, NULL, NULL, NULL, NULL, NULL, '257520.000', '231768.000', '0.000', '231768.000', '1', '3.500', '7837.550', '0.000', '25752.000', '0.500', '1287.600', '0.000', '33590.000', NULL, NULL, NULL, NULL, NULL, 0, '33590.000', '0.000', '257520.000', '0.00', '001', '1', NULL, '1', '0', '7098878001', '0', '0', '0', '0'),
(2559, '1', '1', '8', '19', '5', '4', '2024', '557234.000', '83585.000', '83585.000', '0.000', '0.000', '0.000', NULL, NULL, NULL, NULL, NULL, NULL, '95429.320', '64081.900', '57903204', NULL, NULL, NULL, NULL, NULL, NULL, '640819.000', '576737.100', '31347.420', '545389.680', '1', '3.500', '19503.190', '0.000', '64081.900', '0.500', '3204.095', '0.000', '83585.000', NULL, NULL, NULL, NULL, NULL, 0, '83585.000', '0.000', '640819.000', '0.00', '008', '1', NULL, '1', '0', '7130301001', '0', '0', '0', '0');

-- --------------------------------------------------------

--
