-- https://www.phpmyadmin.net/
--

START TRANSACTION;



--
-- Database: `payroll_mysql`
--

-- --------------------------------------------------------

--
-- Table structure for table `absent`
--

CREATE TABLE `absent` (
  `absentid` decimal(18,0) NOT NULL,
  `absenttype` int(11) DEFAULT NULL,
  `absentdedfrom` int(11) DEFAULT NULL,
  `CompanyId` decimal(18,0) DEFAULT NULL
) ENGINE=InnoDB DEFAULT CHARSET=utf8mb4;

-- --------------------------------------------------------

--
-- Table structure for table `absent_late`
--

CREATE TABLE `absent_late` (
  `AbId` int(11) NOT NULL,
  `EmpId` decimal(18,0) DEFAULT NULL,
  `AbYear` decimal(18,0) DEFAULT NULL,
  `AbMonth` decimal(18,0) DEFAULT NULL,
  `AbDays` decimal(18,0) DEFAULT NULL,
  `LateHours` double DEFAULT NULL,
  `CompanyId` decimal(18,0) NOT NULL
) ENGINE=InnoDB DEFAULT CHARSET=utf8mb4;

--
-- Dumping data for table `absent_late`
--

INSERT INTO `absent_late` (`AbId`, `EmpId`, `AbYear`, `AbMonth`, `AbDays`, `LateHours`, `CompanyId`) VALUES
(1, '1', '2023', '5', '0', 0, '1'),
(2, '2', '2023', '5', '0', 0, '1'),
(3, '3', '2023', '5', '31', 0, '1'),
(4, '4', '2023', '5', '0', 0, '1'),
(5, '6', '2023', '5', '0', 0, '1'),
(6, '7', '2023', '5', '1', 0, '1'),
(7, '8', '2023', '5', '0', 0, '1'),
(8, '9', '2023', '5', '0', 0, '1'),
(9, '10', '2023', '5', '0', 0, '1'),
(10, '11', '2023', '5', '0', 0, '1'),
(11, '12', '2023', '5', '0', 0, '1'),
(12, '13', '2023', '5', '0', 0, '1'),
(13, '14', '2023', '5', '0', 0, '1'),
(14, '15', '2023', '5', '0', 0, '1'),
(15, '16', '2023', '5', '0', 0, '1'),
(16, '17', '2023', '5', '0', 0, '1'),
(17, '18', '2023', '5', '3', 0, '1'),
(18, '19', '2023', '5', '0', 0, '1'),
(19, '20', '2023', '5', '0', 0, '1'),
(20, '21', '2023', '5', '0', 0, '1'),
(21, '22', '2023', '5', '0', 0, '1'),
(22, '23', '2023', '5', '0', 0, '1'),
(23, '24', '2023', '5', '0', 0, '1'),
(24, '25', '2023', '5', '0', 0, '1'),
(25, '26', '2023', '5', '0', 0, '1'),
(26, '28', '2023', '5', '0', 0, '1'),
(27, '27', '2023', '5', '0', 0, '1'),
(28, '29', '2023', '5', '0', 0, '1'),
(29, '30', '2023', '5', '0', 0, '1'),
(30, '31', '2023', '5', '0', 0, '1'),
(31, '32', '2023', '5', '0', 0, '1'),
(32, '33', '2023', '5', '0', 0, '1'),
(33, '34', '2023', '5', '0', 0, '1'),
(34, '35', '2023', '5', '0', 0, '1'),
(35, '36', '2023', '5', '0', 0, '1'),
(36, '37', '2023', '5', '0', 0, '1'),
(37, '38', '2023', '5', '0', 0, '1'),
(38, '39', '2023', '5', '0', 0, '1'),
(39, '40', '2023', '5', '0', 0, '1'),
(40, '41', '2023', '5', '0', 0, '1'),
(41, '42', '2023', '5', '0', 0, '1'),
(42, '43', '2023', '5', '0', 0, '1'),
(43, '44', '2023', '5', '0', 0, '1'),
(44, '45', '2023', '5', '0', 0, '1'),
(45, '46', '2023', '5', '0', 0, '1'),
(46, '47', '2023', '5', '0', 0, '1'),
(47, '48', '2023', '5', '0', 0, '1'),
(48, '49', '2023', '5', '0', 0, '1'),
(49, '50', '2023', '5', '0', 0, '1'),
(50, '51', '2023', '5', '0', 0, '1'),
(51, '52', '2023', '5', '0', 0, '1'),
(52, '53', '2023', '5', '0', 0, '1'),
(53, '5', '2023', '5', '0', 0, '1'),
(54, '54', '2023', '5', '0', 0, '1'),
(55, '55', '2023', '5', '5', 0, '1'),
(56, '56', '2023', '5', '0', 0, '1'),
(57, '57', '2023', '5', '0', 0, '1'),
(58, '58', '2023', '5', '0', 0, '1'),
(59, '59', '2023', '5', '0', 0, '1'),
(60, '60', '2023', '5', '0', 0, '1'),
(61, '62', '2023', '5', '0', 0, '1'),
(62, '61', '2023', '5', '0', 0, '1'),
(63, '63', '2023', '5', '1', 0, '1'),
(64, '64', '2023', '5', '0', 0, '1'),
(65, '65', '2023', '5', '0', 0, '1'),
(66, '66', '2023', '5', '0', 0, '1'),
(67, '67', '2023', '5', '1', 0, '1'),
(68, '68', '2023', '5', '0', 0, '1'),
(69, '69', '2023', '5', '0', 0, '1'),
(70, '70', '2023', '5', '0', 0, '1'),
(71, '71', '2023', '5', '0', 0, '1'),
(72, '72', '2023', '5', '0', 0, '1'),
(73, '73', '2023', '5', '0', 0, '1'),
(74, '74', '2023', '5', '0', 0, '1'),
(75, '76', '2023', '5', '0', 0, '1'),
(76, '77', '2023', '5', '0', 0, '1'),
(77, '75', '2023', '5', '0', 0, '1'),
(78, '78', '2023', '5', '0', 0, '1'),
(79, '79', '2023', '5', '0', 0, '1'),
(80, '80', '2023', '5', '0', 0, '1'),
(81, '81', '2023', '5', '0', 0, '1'),
(82, '82', '2023', '5', '0', 0, '1'),
(83, '83', '2023', '5', '0', 0, '1'),
(84, '84', '2023', '5', '0', 0, '1'),
(85, '85', '2023', '5', '0', 0, '1'),
(86, '86', '2023', '5', '0', 0, '1'),
(87, '87', '2023', '5', '0', 0, '1'),
(88, '88', '2023', '5', '0', 0, '1'),
(89, '89', '2023', '5', '0', 0, '1'),
(90, '90', '2023', '5', '0', 0, '1'),
(91, '91', '2023', '5', '0', 0, '1'),
(92, '92', '2023', '5', '0', 0, '1'),
(93, '93', '2023', '5', '0', 0, '1'),
(94, '94', '2023', '5', '0', 0, '1'),
(95, '95', '2023', '5', '0', 0, '1'),
(96, '96', '2023', '5', '0', 0, '1'),
(97, '97', '2023', '5', '0', 0, '1'),
(98, '98', '2023', '5', '0', 0, '1'),
(99, '1', '2023', '6', '2', 10, '1'),
(100, '3', '2023', '6', '1', 2, '1'),
(101, '46', '2023', '6', '3', 2, '1');

-- --------------------------------------------------------

--
-- Table structure for table `adminportalemail`
--

CREATE TABLE `adminportalemail` (
  `AdminPortalId` decimal(18,0) NOT NULL,
  `AdminPortalGMEmail` varchar(199) DEFAULT NULL,
  `AdminPortalHREmail` varchar(199) DEFAULT NULL,
  `CompanyId` decimal(18,0) DEFAULT NULL
) ENGINE=InnoDB DEFAULT CHARSET=utf8mb4;

-- --------------------------------------------------------

--
-- Table structure for table `advancerequest`
--

CREATE TABLE `advancerequest` (
  `AdvanceId` int(11) NOT NULL,
  `AdvanceNo` decimal(18,0) DEFAULT NULL,
  `EmpId` decimal(18,0) DEFAULT NULL,
  `AdvanceReqDate` date DEFAULT NULL,
  `AdvanceApprovalDate` date DEFAULT NULL,
  `Amount` decimal(18,0) DEFAULT NULL,
  `Remarks` varchar(50) DEFAULT NULL,
  `Status` decimal(18,0) DEFAULT NULL,
  `CompanyId` decimal(18,0) DEFAULT NULL,
  `CreatedBy` decimal(18,0) DEFAULT NULL,
  `CreatedDate` date DEFAULT NULL,
  `ModifiedBy` decimal(18,0) DEFAULT NULL,
  `ModifiedDate` date DEFAULT NULL
) ENGINE=InnoDB DEFAULT CHARSET=utf8mb4;

--
-- Dumping data for table `advancerequest`
--

INSERT INTO `advancerequest` (`AdvanceId`, `AdvanceNo`, `EmpId`, `AdvanceReqDate`, `AdvanceApprovalDate`, `Amount`, `Remarks`, `Status`, `CompanyId`, `CreatedBy`, `CreatedDate`, `ModifiedBy`, `ModifiedDate`) VALUES
(1, '1', '12', '2023-05-15', '2023-05-15', '100000', '', '1', '1', '0', '0001-01-01', '1', '2023-07-18'),
(2, '2', '63', '2023-05-15', '2023-05-15', '100000', '', '1', '1', '0', '0001-01-01', '1', '2023-07-18'),
(3, '3', '64', '2023-05-15', '2023-05-15', '100000', '', '1', '1', '0', '0001-01-01', '1', '2023-07-18'),
(4, '4', '34', '2023-05-01', '2023-05-01', '100000', '', '1', '1', '1', '2023-05-01', '1', '2023-08-12'),
(5, '5', '94', '2023-05-01', '2023-05-01', '100000', '', '1', '1', '1', '2023-05-01', '1', '2023-08-12'),
(6, '6', '18', '2023-05-01', '2023-05-01', '100000', '', '1', '1', '1', '2023-05-01', '1', '2023-08-12'),
(7, '7', '47', '2023-05-01', '2023-05-01', '100000', '', '1', '1', '1', '2023-05-01', '1', '2023-08-12'),
(8, '8', '83', '2023-05-01', '2023-05-01', '100000', '', '1', '1', '1', '2023-05-01', '1', '2023-08-12'),
(9, '9', '82', '2023-05-01', '2023-05-01', '100000', '', '1', '1', '1', '2023-05-01', '1', '2023-08-12'),
(10, '10', '35', '2023-05-01', '2023-05-01', '100000', '', '1', '1', '1', '2023-05-01', '1', '2023-08-12'),
(11, '11', '51', '2023-05-01', '2023-05-01', '100000', '', '1', '1', '1', '2023-05-01', '1', '2023-08-12'),
(12, '12', '53', '2023-05-01', '2023-05-01', '100000', '', '1', '1', '1', '2023-05-01', '1', '2023-08-12'),
(13, '13', '10', '2023-05-01', '2023-05-01', '100000', '', '2', '1', '0', '2023-05-01', '1', '2023-08-31'),
(14, '14', '16', '2023-05-01', '2023-05-01', '100000', '', '1', '1', '0', '2023-05-01', '1', '2023-08-31'),
(15, '15', '42', '2023-05-01', '2023-05-01', '100000', '', '1', '1', '1', '2023-05-01', '1', '2023-08-12'),
(16, '16', '28', '2023-05-01', '2023-05-01', '100000', '', '1', '1', '0', '2023-05-01', '1', '2023-08-31'),
(17, '17', '33', '2023-05-01', '2023-05-01', '100000', '', '1', '1', '1', '2023-05-01', '1', '2023-08-12'),
(18, '18', '72', '2023-05-01', '2023-05-01', '100000', '', '1', '1', '1', '2023-05-01', '1', '2023-08-12'),
(19, '19', '14', '2023-05-01', '2023-05-01', '100000', '', '1', '1', '0', '2023-05-01', '1', '2023-08-31'),
(20, '20', '52', '2023-05-01', '2023-05-01', '100000', '', '1', '1', '1', '2023-05-01', '1', '2023-08-12'),
(21, '13', '10', '2023-05-01', '2023-05-01', '100000', '', '1', '1', '0', '2023-05-01', '1', '2023-08-31'),
(22, '21', '19', '2023-05-01', '2023-05-02', '50000', '', '1', '1', '0', '0001-01-01', '1', '2023-10-09'),
(23, '22', '5', '2023-05-01', '2023-05-02', '150000', '', '1', '1', '0', '2023-05-01', '1', '2023-10-09'),
(24, '23', '23', '2023-05-01', '2023-05-02', '250000', '', '1', '1', '1', '2023-05-01', '1', '2023-10-09'),
(25, '24', '46', '2023-05-01', '2023-05-02', '180000', '', '1', '1', '1', '2023-05-01', '1', '2023-10-09'),
(26, '25', '11', '2023-05-01', '2023-05-02', '100000', '', '1', '1', '0', '0001-01-01', '1', '2023-10-09'),
(27, '26', '17', '2023-05-01', '2023-05-02', '100000', '', '1', '1', '1', '2023-05-01', '1', '2023-10-09'),
(28, '27', '22', '2023-05-01', '2023-05-02', '100000', '', '1', '1', '0', '0001-01-01', '1', '2023-10-09'),
(29, '28', '37', '2023-05-01', '2023-05-02', '100000', '', '1', '1', '0', '0001-01-01', '1', '2023-10-09'),
(30, '29', '50', '2023-05-01', '2023-05-02', '100000', '', '1', '1', '0', '0001-01-01', '1', '2023-10-09'),
(31, '30', '61', '2023-05-01', '2023-05-02', '100000', '', '1', '1', '1', '2023-05-01', '1', '2023-10-09'),
(32, '31', '66', '2023-05-01', '2023-05-02', '100000', '', '1', '1', '0', '0001-01-01', '1', '2023-10-09'),
(33, '32', '65', '2023-05-01', '2023-05-02', '80000', '', '1', '1', '0', '0001-01-01', '1', '2023-10-09'),
(34, '33', '77', '2023-05-01', '2023-05-02', '100000', '', '1', '1', '1', '2023-05-01', '1', '2023-10-09'),
(35, '34', '76', '2023-05-01', '2023-05-02', '100000', '', '1', '1', '1', '2023-05-01', '1', '2023-10-09'),
(36, '35', '79', '2023-05-01', '2023-05-02', '100000', '', '1', '1', '0', '0001-01-01', '1', '2023-10-09'),
(37, '36', '97', '2023-05-01', '2023-05-02', '100000', '', '1', '1', '0', '0001-01-01', '1', '2023-10-09'),
(38, '37', '9', '2023-05-01', '2023-05-02', '100000', '', '1', '1', '1', '2023-05-01', '1', '2023-10-09'),
(39, '38', '52', '2023-05-01', '2023-05-02', '100000', '', '2', '1', '0', '2023-05-01', '1', '2023-10-12'),
(40, '39', '72', '2023-05-01', '2023-05-01', '100000', '', '0', '1', '1', '2023-05-01', '0', '2023-05-01'),
(41, '40', '94', '2023-05-01', '2023-05-01', '100000', '', '0', '1', '1', '2023-05-01', '0', '2023-05-01'),
(10022, '41', '68', '2023-05-01', '2023-05-02', '1662500', '', '1', '1', '0', '0001-01-01', '1', '2023-10-12'),
(10023, NULL, '3', '2024-01-26', NULL, '80000', '', '0', '1', '1', '2024-01-26', NULL, NULL),
(10024, '44', '5', '2024-02-21', NULL, '150000', '', '0', '1', '1', '2024-02-21', NULL, NULL),
(10025, '45', '9', '2024-02-21', NULL, '100000', '', '0', '1', '1', '2024-02-21', NULL, NULL),
(10026, '45', '9', '2024-02-21', NULL, '100000', '', '0', '1', '1', '2024-02-21', NULL, NULL),
(10027, '45', '9', '2024-02-21', NULL, '100000', '', '0', '1', '1', '2024-02-21', NULL, NULL),
(10028, '45', '9', '2024-02-21', NULL, '100000', '', '0', '1', '1', '2024-02-21', NULL, NULL),
(10029, '45', '9', '2024-02-21', NULL, '100000', '', '0', '1', '1', '2024-02-21', NULL, NULL),
(10030, '45', '9', '2024-02-21', NULL, '100000', '', '0', '1', '1', '2024-02-21', NULL, NULL),
(10031, '45', '9', '2024-02-21', NULL, '100000', '', '0', '1', '1', '2024-02-21', NULL, NULL),
(10032, '45', '9', '2024-02-21', NULL, '100000', '', '0', '1', '1', '2024-02-21', NULL, NULL),
(10033, '45', '9', '2024-02-21', NULL, '100000', '', '0', '1', '1', '2024-02-21', NULL, NULL),
(10034, '45', '9', '2024-02-21', NULL, '100000', '', '0', '1', '1', '2024-02-21', NULL, NULL),
(10035, '45', '9', '2024-02-21', NULL, '100000', '', '0', '1', '1', '2024-02-21', NULL, NULL),
(10036, '45', '9', '2024-02-21', NULL, '100000', '', '0', '1', '1', '2024-02-21', NULL, NULL),
(10037, '45', '9', '2024-02-21', NULL, '100000', '', '0', '1', '1', '2024-02-21', NULL, NULL),
(10038, '45', '9', '2024-02-21', NULL, '100000', '', '0', '1', '1', '2024-02-21', NULL, NULL),
(10039, '45', '9', '2024-02-21', NULL, '100000', '', '0', '1', '1', '2024-02-21', NULL, NULL),
(10040, '45', '9', '2024-02-21', NULL, '100000', '', '0', '1', '1', '2024-02-21', NULL, NULL),
(10041, '45', '9', '2024-02-21', NULL, '100000', '', '0', '1', '1', '2024-02-21', NULL, NULL),
(10042, '45', '9', '2024-02-21', NULL, '100000', '', '0', '1', '1', '2024-02-21', NULL, NULL),
(10043, '45', '9', '2024-02-21', NULL, '100000', '', '0', '1', '1', '2024-02-21', NULL, NULL),
(10044, '45', '9', '2024-02-21', NULL, '100000', '', '0', '1', '1', '2024-02-21', NULL, NULL),
(10045, '45', '9', '2024-02-21', NULL, '100000', '', '0', '1', '1', '2024-02-21', NULL, NULL),
(10046, '45', '9', '2024-02-21', NULL, '100000', '', '0', '1', '1', '2024-02-21', NULL, NULL),
(10047, '45', '9', '2024-02-21', NULL, '100000', '', '0', '1', '1', '2024-02-21', NULL, NULL),
(10048, '45', '9', '2024-02-21', NULL, '100000', '', '0', '1', '1', '2024-02-21', NULL, NULL),
(10049, '45', '9', '2024-02-21', NULL, '100000', '', '0', '1', '1', '2024-02-21', NULL, NULL),
(10050, '45', '9', '2024-02-21', NULL, '100000', '', '0', '1', '1', '2024-02-21', NULL, NULL),
(10051, '45', '9', '2024-02-21', NULL, '100000', '', '0', '1', '1', '2024-02-21', NULL, NULL),
(10052, '45', '9', '2024-02-21', NULL, '100000', '', '0', '1', '1', '2024-02-21', NULL, NULL),
(10053, '45', '9', '2024-02-21', NULL, '100000', '', '0', '1', '1', '2024-02-21', NULL, NULL),
(10054, '45', '9', '2024-02-21', NULL, '100000', '', '0', '1', '1', '2024-02-21', NULL, NULL),
(10055, '45', '9', '2024-02-21', NULL, '100000', '', '0', '1', '1', '2024-02-21', NULL, NULL),
(10056, '45', '9', '2024-02-21', NULL, '100000', '', '0', '1', '1', '2024-02-21', NULL, NULL),
(10057, '45', '9', '2024-02-21', NULL, '100000', '', '0', '1', '1', '2024-02-21', NULL, NULL),
(10058, '45', '9', '2024-02-21', NULL, '100000', '', '0', '1', '1', '2024-02-21', NULL, NULL),
(10059, '45', '9', '2024-02-21', NULL, '100000', '', '0', '1', '1', '2024-02-21', NULL, NULL),
(10060, '45', '9', '2024-02-21', NULL, '100000', '', '0', '1', '1', '2024-02-21', NULL, NULL),
(10061, '45', '9', '2024-02-21', NULL, '100000', '', '0', '1', '1', '2024-02-21', NULL, NULL),
(10062, '45', '9', '2024-02-21', NULL, '100000', '', '0', '1', '1', '2024-02-21', NULL, NULL),
(10063, '45', '9', '2024-02-21', NULL, '100000', '', '0', '1', '1', '2024-02-21', NULL, NULL),
(10064, '45', '9', '2024-02-21', NULL, '100000', '', '0', '1', '1', '2024-02-21', NULL, NULL),
(10065, '45', '9', '2024-02-21', NULL, '100000', '', '0', '1', '1', '2024-02-21', NULL, NULL),
(10066, '45', '9', '2024-02-21', NULL, '100000', '', '0', '1', '1', '2024-02-21', NULL, NULL),
(10067, '45', '9', '2024-02-21', NULL, '100000', '', '0', '1', '1', '2024-02-21', NULL, NULL),
(10068, '45', '9', '2024-02-21', NULL, '100000', '', '0', '1', '1', '2024-02-21', NULL, NULL),
(10069, '45', '9', '2024-02-21', NULL, '100000', '', '0', '1', '1', '2024-02-21', NULL, NULL),
(10070, '45', '9', '2024-02-21', NULL, '100000', '', '0', '1', '1', '2024-02-21', NULL, NULL);

-- --------------------------------------------------------

--
-- Table structure for table `attendance`
--

CREATE TABLE `attendance` (
  `AttendanceId` decimal(18,0) NOT NULL,
  `AttendanceDate` date DEFAULT NULL,
  `EmpId` decimal(18,0) DEFAULT NULL,
  `ShiftId` decimal(18,0) DEFAULT NULL,
  `ChkNextDay` decimal(18,0) DEFAULT NULL,
  `Status` varchar(5) DEFAULT NULL,
  `DateIn` date DEFAULT NULL,
  `TimeIn` time DEFAULT NULL,
  `Dateout` date DEFAULT NULL,
  `TimeOut` time DEFAULT NULL,
  `BreakTime` double DEFAULT NULL,
  `WorkingHrs` double DEFAULT NULL,
  `HrsWorked` double DEFAULT NULL,
  `Overtime` double DEFAULT NULL,
  `CompanyId` decimal(18,0) DEFAULT NULL
) ENGINE=InnoDB DEFAULT CHARSET=utf8mb4;

-- --------------------------------------------------------

--
-- Table structure for table `attendancedownload`
--

CREATE TABLE `attendancedownload` (
  `AttDLoadId` decimal(18,0) NOT NULL,
  `AttDate` varchar(50) DEFAULT NULL,
  `EmpId` decimal(18,0) DEFAULT NULL,
  `TimeInOut` varchar(50) DEFAULT NULL,
  `AttTime` varchar(50) DEFAULT NULL,
  `AttDateTime` varchar(50) DEFAULT NULL,
  `CompanyId` decimal(18,0) DEFAULT NULL,
  `DeviceIP` varchar(150) DEFAULT NULL
) ENGINE=InnoDB DEFAULT CHARSET=utf8mb4;

-- --------------------------------------------------------

--
-- Table structure for table `attendancehistory`
--

CREATE TABLE `attendancehistory` (
  `Id` decimal(18,0) NOT NULL,
  `AttendanceDate` date DEFAULT NULL,
  `EmpId` decimal(18,0) DEFAULT NULL,
  `ShiftId` decimal(18,0) DEFAULT NULL,
  `ChkNextDay` decimal(18,0) DEFAULT NULL,
  `Status` varchar(5) DEFAULT NULL,
  `DateIn` date DEFAULT NULL,
  `TimeIn` time DEFAULT NULL,
  `Dateout` date DEFAULT NULL,
  `TimeOut` time DEFAULT NULL,
  `BreakTime` double DEFAULT NULL,
  `WorkingHrs` double DEFAULT NULL,
  `HrsWorked` double DEFAULT NULL,
  `Overtime` double DEFAULT NULL,
  `CompanyId` decimal(18,0) DEFAULT NULL
) ENGINE=InnoDB DEFAULT CHARSET=utf8mb4;

-- --------------------------------------------------------

--
-- Table structure for table `bank`
--

CREATE TABLE `bank` (
  `BankId` int(11) NOT NULL,
  `BankName` varchar(150) DEFAULT NULL,
  `CompanyId` decimal(18,0) DEFAULT NULL,
  `BankCode` varchar(50) DEFAULT NULL,
  `Status` decimal(18,0) DEFAULT NULL
) ENGINE=InnoDB DEFAULT CHARSET=utf8mb4;

--
-- Dumping data for table `bank`
--

INSERT INTO `bank` (`BankId`, `BankName`, `CompanyId`, `BankCode`, `Status`) VALUES
(1, 'DTB', '1', '001', '1'),
(2, 'no bank name', '1', '', '0'),
(3, 'DTB NYERERE ROAD BRANCH', '1', '', NULL),
(4, 'DTB UHURU BRANCH', '1', '027', '1'),
(5, 'testing mysql', '1', '005', '1'),
(6, 'CRDB', '1', '', '1');

-- --------------------------------------------------------

--
-- Table structure for table `branch`
--

CREATE TABLE `branch` (
  `BranchId` int(11) NOT NULL,
  `BranchName` varchar(150) DEFAULT NULL,
  `Address` varchar(150) DEFAULT NULL,
  `City` varchar(150) DEFAULT NULL,
  `Country` varchar(150) DEFAULT NULL,
  `ContactPerson` varchar(150) DEFAULT NULL,
  `BankId` decimal(18,0) DEFAULT NULL,
  `CompanyId` decimal(18,0) DEFAULT NULL,
  `Status` decimal(18,0) DEFAULT NULL
) ENGINE=InnoDB DEFAULT CHARSET=utf8mb4;

--
-- Dumping data for table `branch`
--

INSERT INTO `branch` (`BranchId`, `BranchName`, `Address`, `City`, `Country`, `ContactPerson`, `BankId`, `CompanyId`, `Status`) VALUES
(1, 'MAIN BRANCH', '', '', '', '', '1', '1', '1'),
(2, 'MWANZA BRANCH', '', 'MWANZA', 'TANZANIA', '', '1', '1', '1'),
(3, 'ARUSHA BRANCH', '', 'ARUSHA', 'TANZANIA', '', '1', '1', '1'),
(4, 'NYERERE ROAD BRANCH', '', '', '', '', '1', '1', '1'),
(5, 'MAGOMENI BRANCH', '', '', '', '', '1', '1', '1'),
(6, 'CBD BRANCH', '', '', '', '', '1', '1', '1'),
(7, 'UHURU BRANCH', '', '', '', '', '1', '1', '1'),
(8, 'ZANZIBAR BRANCH', '', '', '', '', '1', '1', '1'),
(9, 'MBEYA BRANCH', '', '', '', '', '1', '1', '1'),
(10, 'DODOMA BRANCH', '', '', '', '', '1', '1', '1'),
(11, 'MWANZA MAIN BRANCH', '', '', '', '', '1', '1', '1'),
(12, 'Upanga Branch', 'Azikiwe\r\nPlot 21', 'Dar Es Salaam', 'Tanzania', 'fatma razahussein', '1', '1', '1'),
(13, 'holland', '', '', '', '', '6', '1', '1');

-- --------------------------------------------------------

--
-- Table structure for table `casualprocessdates`
--

CREATE TABLE `casualprocessdates` (
  `CasualProcessId` decimal(18,0) NOT NULL,
  `Empid` decimal(18,0) DEFAULT NULL,
  `CasualProcessDate` date DEFAULT NULL,
  `PayrollMonth` decimal(18,0) DEFAULT NULL,
  `PayrollYear` decimal(18,0) DEFAULT NULL,
  `GrossAmt` decimal(16,2) DEFAULT NULL,
  `FromDate` date DEFAULT NULL,
  `ToDate` date DEFAULT NULL,
  `Companyid` decimal(18,0) DEFAULT NULL
) ENGINE=InnoDB DEFAULT CHARSET=utf8mb4;

-- --------------------------------------------------------

--
-- Table structure for table `casualtransaction`
--

CREATE TABLE `casualtransaction` (
  `CasualTrid` int(11) NOT NULL,
  `Empid` decimal(18,0) DEFAULT NULL,
  `CasualTrDate` date DEFAULT NULL,
  `PayrollMonth` decimal(18,0) DEFAULT NULL,
  `PayrollYear` decimal(18,0) DEFAULT NULL,
  `RatePerDay` decimal(16,2) DEFAULT NULL,
  `RatePerHour` decimal(16,2) DEFAULT NULL,
  `DaysWorked` decimal(16,2) DEFAULT NULL,
  `HoursWorked` decimal(16,2) DEFAULT NULL,
  `Amount` decimal(16,2) DEFAULT NULL,
  `chkPaid` int(11) DEFAULT NULL,
  `PaidDate` date DEFAULT NULL,
  `Companyid` decimal(18,0) DEFAULT NULL
) ENGINE=InnoDB DEFAULT CHARSET=utf8mb4;

-- --------------------------------------------------------

--
-- Table structure for table `company`
--

CREATE TABLE `company` (
  `CompanyId` int(11) NOT NULL,
  `CompanyName` varchar(150) DEFAULT NULL,
  `ContactPerson` varchar(150) DEFAULT NULL,
  `City` varchar(50) DEFAULT NULL,
  `Country` varchar(50) DEFAULT NULL,
  `Address` varchar(200) DEFAULT NULL,
  `PhoneNo` varchar(50) DEFAULT NULL,
  `FaxNo` varchar(50) DEFAULT NULL,
  `Email` varchar(50) DEFAULT NULL,
  `Website` varchar(50) DEFAULT NULL,
  `TinNo` varchar(50) DEFAULT NULL,
  `DistrictNo` varchar(50) DEFAULT NULL,
  `VATNo` varchar(50) DEFAULT NULL,
  `StartMonth` decimal(18,0) DEFAULT NULL,
  `StartYear` decimal(18,0) DEFAULT NULL,
  `WCFRegNo` varchar(150) DEFAULT NULL,
  `PlotNo` longtext DEFAULT NULL,
  `BlockNo` longtext DEFAULT NULL,
  `StreetLocation` longtext DEFAULT NULL,
  `AuthorisedPersonTitle` int(11) DEFAULT NULL,
  `AuthorisedPersonDesignation` decimal(18,0) DEFAULT NULL,
  `AuthorisedPersonName` varchar(190) DEFAULT NULL,
  `chkMaxAccumulation` int(11) DEFAULT NULL,
  `MaxLeaveAccumulationDays` decimal(18,0) DEFAULT NULL,
  `ControlNumber` varchar(150) DEFAULT NULL,
  `CompanyBankNo` varchar(150) DEFAULT NULL,
  `CityCode` varchar(50) DEFAULT NULL,
  `CountryCode` varchar(50) DEFAULT NULL,
  `chkOmitSundays` int(11) DEFAULT NULL,
  `chkOmitHolidays` int(11) DEFAULT NULL,
  `chkAliasCompanyName` int(11) DEFAULT NULL,
  `AliasCompanyName` varchar(199) DEFAULT NULL,
  `CompanyShortName` varchar(199) DEFAULT NULL,
  `HODApproval` int(11) DEFAULT NULL,
  `status` decimal(18,0) DEFAULT NULL
) ENGINE=InnoDB DEFAULT CHARSET=utf8mb4;

--
-- Dumping data for table `company`
--

INSERT INTO `company` (`CompanyId`, `CompanyName`, `ContactPerson`, `City`, `Country`, `Address`, `PhoneNo`, `FaxNo`, `Email`, `Website`, `TinNo`, `DistrictNo`, `VATNo`, `StartMonth`, `StartYear`, `WCFRegNo`, `PlotNo`, `BlockNo`, `StreetLocation`, `AuthorisedPersonTitle`, `AuthorisedPersonDesignation`, `AuthorisedPersonName`, `chkMaxAccumulation`, `MaxLeaveAccumulationDays`, `ControlNumber`, `CompanyBankNo`, `CityCode`, `CountryCode`, `chkOmitSundays`, `chkOmitHolidays`, `chkAliasCompanyName`, `AliasCompanyName`, `CompanyShortName`, `HODApproval`, `status`) VALUES
(1, 'THE REGISTERED TRUSTEES OF THE ISMAILI MUSLIMS CHARITABLE TRUST', 'A', 'Dar es Salaam', 'TANZANIA', 'P.O BOX 7750', '(+255 22) 211 5227 – 8', '', 'imct@aktz.org', '', '106-920-435', '', '', '5', '2023', '', '', '', '', 0, '0', '', NULL, '0', '1005733', '', '', '', 0, 0, 0, '', 'TIMCT', 0, '0');

-- --------------------------------------------------------

--
-- Table structure for table `companypaymentdetails`
--

CREATE TABLE `companypaymentdetails` (
  `PaymentDetailId` int(11) NOT NULL,
  `PaymentId` decimal(18,0) DEFAULT NULL,
  `PayTaxable` decimal(18,0) DEFAULT NULL,
  `PayPensionOnly` decimal(18,0) DEFAULT NULL,
  `PayPAYEOnly` decimal(18,0) DEFAULT NULL,
  `IsInReport` decimal(18,0) DEFAULT NULL,
  `IsInPayslip` decimal(18,0) DEFAULT NULL,
  `CompanyId` decimal(18,0) DEFAULT NULL,
  `EffectOnSDL` int(11) DEFAULT NULL,
  `EffectOnWCF` int(11) DEFAULT NULL,
  `IsBenefit` int(11) DEFAULT NULL,
  `status` decimal(18,0) DEFAULT NULL
) ENGINE=InnoDB DEFAULT CHARSET=utf8mb4;

--
-- Dumping data for table `companypaymentdetails`
--

INSERT INTO `companypaymentdetails` (`PaymentDetailId`, `PaymentId`, `PayTaxable`, `PayPensionOnly`, `PayPAYEOnly`, `IsInReport`, `IsInPayslip`, `CompanyId`, `EffectOnSDL`, `EffectOnWCF`, `IsBenefit`, `status`) VALUES
(2, '2', '1', '1', '1', '1', '1', '1', 0, 1, 0, NULL),
(3, '1', '1', '1', '1', '1', '1', '1', 0, 1, 0, NULL),
(4, '10003', '1', '1', '1', '1', '1', '1', 1, 1, 0, NULL),
(5, '10004', '1', '1', '1', '1', '1', '1', 1, 1, 0, NULL),
(6, '10005', '1', '1', '1', '1', '1', '1', 1, 1, 0, NULL);

-- --------------------------------------------------------

--
-- Table structure for table `companypension`
--

CREATE TABLE `companypension`(
  `CompanyPensionId` int(11) NOT NULL,
  `PensionId` decimal(18,0) DEFAULT NULL,
  `PensionNo` decimal(18,0) DEFAULT NULL,
  `Employerper` decimal(18,0) DEFAULT NULL,
  `Employeeper` decimal(18,0) DEFAULT NULL,
  `CompanyId` char(10) DEFAULT NULL
) ENGINE=InnoDB DEFAULT CHARSET=utf8mb4;

--
-- Dumping data for table `companypension`
--

INSERT INTO `companypension` (`CompanyPensionId`, `PensionId`, `PensionNo`, `Employerper`, `Employeeper`, `CompanyId`) VALUES
(5, '1', '0', '10', '10', '1');

-- --------------------------------------------------------

--
-- Table structure for table `contractclauses`
--

CREATE TABLE `contractclauses` (
  `ContractTrId` int(11) NOT NULL,
  `ContractClauseNo` decimal(18,0) DEFAULT NULL,
  `Sequence` decimal(18,0) DEFAULT NULL,
  `Language` int(11) DEFAULT NULL,
  `Clause` longtext DEFAULT NULL,
  `CompanyId` decimal(18,0) DEFAULT NULL,
  `status` decimal(18,0) DEFAULT NULL
) ENGINE=InnoDB DEFAULT CHARSET=utf8mb4;

--
-- Dumping data for table `contractclauses`
--

INSERT INTO `contractclauses` (`ContractTrId`, `ContractClauseNo`, `Sequence`, `Language`, `Clause`, `CompanyId`, `status`) VALUES
(1, '1', '0', 1, 'This agreement is BETWEEN ', '1', NULL),
(2, '2', '0', 1, 'AND Employee Details', '1', NULL),
(3, '3', '1', 1, 'COMMENCEMENT\nThis contract shall commence on .................\n\nThis contract is of .. year (s) starting from to ..201...\n', '1', NULL),
(4, '4', '2', 1, 'PLACE OF RECUIRTMENT\nPlace of recuitment: DAR ES S SALAAM', '1', NULL),
(5, '5', '3', 1, 'PLACE OF WORK\n DAR ES S SALAAM or any other duty station(Branch) in Tanzania belonging to .\r\n', '1', NULL),
(6, '6', '4', 1, 'JOB DESCRIPTION\n\nInput Employee Designation and Job Desciption', '1', NULL),
(7, '7', '5', 1, 'PROBATION\nThis contract is subjected to probationary period of  _______weeks/months, starting from the commencement date of employement. Thr purpose of this probationary period is to assess whether the employee has campatability for the job . Where the contract is terminated during the first month of employment ,seven days written notice is required.\n\n', '1', NULL),
(8, '8', '6', 1, 'RENUMIRATION\n6.1 Employees basic wage shall be...................per month.\n\n6.2 The employee shall be entitled to the following allowances/Payments : ......................................\n\n6.3 The remuneration shall be ....month\n\n6.4 The wage perriod is monthly and wage shall be paid as:\n', '1', NULL),
(9, '9', '7', 1, 'HOURS OF WORK\n\n7.1 The ordinary daily working period shall be from 8.30 am to 5pm. Monday to Friday and from 9 a.m. to 1.30 on Saturday.\n\n7.2 The timing can be scheduled as addendum timing attached form.\n\n7.3 The ordinary work week commences on Monday and ends on Saturday\n\n7.4 Overtime  may be worked when agreed with approval from Head of Department.\n\n7.5 The employee shall be paid ovetime at the following rate: 1000tsh per hr.\n', '1', NULL),
(10, '10', '8', 1, 'WORK ON REST PERIODS\nWhere the employee works during weekly rest period, employee shall be paid double the basic wages for period worked\n', '1', NULL),
(11, '11', '9', 1, 'PUBLIC HOLIDAYS\n\n9.1 The employee shall be entitled to basic pay for each paid public holiday\n\n9.2  Work on paid holiday shall be agreed.\n\n9.3 Whenever the employee works on public holiday, the employee shall be paid normal basic wage for each hour worked on that day\n\n9.4 Staff are not allowed to work on holiday unless of manager/head of Department has given.\n', '1', NULL),
(12, '12', '10', 1, 'LEAVE\n\n10.1 ANNUAL LEAVE\n        10.1.1 The  employee is entitiled to 28 day sof paid leave during each leave cycle. These days shall be inclusive of any public holidays falling within the leave period.\n        10.1.2 The employee’s leave shall be at other time determined by the employer after consultation with employee.\n        10.1.3 The Employer shall not require nor permit an employee to work for the employer during any period of annual leave.\n        10.1.4 Three months (in advance)in written has to request for leave application\n\n10.2 SICK LEAVE\n        10.2.1 Subject to section 32 of the Act,if supported by medical certificate      \n        10.2.2 For the purposes of sick leave, a leave cycle means a period of 36 months consecutive employment from the                    commencement of date of employment or the completion of the last 36 months leave circle \n         10.2.3 The employee shall notify the employer as soon as possible in the event of absence from work through illness.\n\n10.3 MATERNITY AND PATERNITY LEAVE\n        10.3.1 The employee shall have right to maternity of 84 days for birth of one child and 100 days for multiple birth.\n        10.3.2 The Employee shall have right to Paternity leave of three days. The employee seeking for paternity leave shall notify the                           employer within 7 days after his wife has given birth of the child\n\n10.4 COMPASSIONATE LEAVE\n       10.4.1 Employee is entitiled for compassionate leave attending to a sick child or to the burial of a deceased child. It also gives time for an employee to attend the burial of their spouse, parent (immediate family member).\n       10.4.2 Compassionate leave is four days in a thirty six month period', '1', NULL),
(13, '13', '11', 1, 'TERMINATION OF EMPLOYMENT\n11.1 This contract may be terminated by either party giving the other one month/ notice explaining reason for termination.\n11.2 In case of theft the employee can be terminated instantly without notice\n11.3 After getting 3 written warning letters by Employer, employee can be terminated instantly without notice.\n11.4 In office hours employee is not allowed to do any private work, doing so termination without notice will be given\n', '1', NULL),
(14, '14', '12', 1, '12 APPLICATION OF ACT\n12.1 This agreement shall be interpreted and applied in accordance with provisions of Act\n12.2 Where any conflict arises between this Agreement and the Act,the provisions of the act shall apply as if it is a term of this agreement.\n12.3 The employee shall be entitled to any other benefits stipulated by the Act even if not stated in this Agreement or as agreed between the parties.\n', '1', NULL),
(15, '15', '0', 2, 'Bwana/ Bibi _______________\nS.L.P_____________\nDar Es Salaam.\n\nTunayo furaha kukupatia ajira katika Kampuni ya  ............. kwa masharti na vigezo vifuatavyo:-', '1', NULL),
(16, '16', '1', 2, 'MAELEZO YA KAZI\n\nNafasi yako ya kazi itakuwa____________________________\n     \nMajukumu yako ya kazi yataainishwa na viongozi wako wa kazi lakini yanaweza kubadilika wakati   kwa wakati kwa kutegemea mahitaji ya Kampuni.\n', '1', NULL),
(17, '17', '2', 2, 'MWANZO WA MKATABA\n       Mkataba huu utaanza tarehe __________________\n       Mkataba huu ni wa miezi___________kuanzia tarehe _____________hadi tarehe ____________\n\n', '1', NULL),
(18, '18', '3', 2, 'MAHALI PA KUAJIRIWA\n       Mahali pa kuajiriwa:  Dar Es Salaam\n', '1', NULL),
(19, '19', '4', 2, 'MALIPO\n\n       Mshahara wako utakuwa Tshs_____________/= kwa mwezi na kutakuwa na makato ya kisheria.\n', '1', NULL),
(20, '20', '5', 2, 'MUDA WA MAJARIBIO\n\nMkataba huu umewekwa kwa majaribio kwa kipindi cha wiki/miezi____________, kuanzia tarehe    ya mkataba wa ajira.\nMadhumuni ya kipindi hiki cha majaribio ni kumpima mfanyakazi kama anao uelewa wa kazi.  Mkataba unapositishwa katika mwezi wa kwanza wa ajira taarifa ya siku saba itatolewa kwa maandishi.\n', '1', NULL),
(21, '21', '6', 2, 'SAA ZA KAZI\nSaa za kawaida za kazi zitakuwa ni saa 45 kwa juma.  Ingawaje saa hizi za kazi zinaweza   kurekebishwa wakati kwa wakati kutegemea mahitaji ya uendeshaji na matakwa ya Kampuni\n', '1', NULL),
(22, '22', '7', 2, 'KANUNI NA TARATIBU\n\n      Unatakiwa kujizoesha mwenyewe na Kanuni na taratibu za Kampuni.\n\n      Ni sharti la ajira kwamba hairuhusiwi kutoa taarifa ya siri kuhusu shughuli za Kampuni kwa  Kampuni nyingine au vyombo vya habari au kwa mtu yeyote pasipo idhini au kibali cha Kampuni.\n\n   Ukiwa katika ajira na Kampuni hii hairuhusiwi kufanya kazi yenye ushindani wa kibiashara na  Kampuni hii wala ajira nyingine bila idhini au kibali cha Kampuni.\n\n', '1', NULL),
(23, '23', '8', 2, 'Mwajiriwa anastahili kupewa siku 28 za likizo pamoja na malipo ya likizo kwa kipindi cha kila\nmzunguko wa likizo.  Siku hizi zitajumisha sikukuu zote za kitaifa zinazoangukia kipindi cha   likizo.\n\nLikizo ya muajiriwa wakati mwingine itaamuriwa na muajiri baada ya kufikia muafaka na muajiriwa.\n\nTaarifa ya miezi mitatu inatakiwa itolewe kwa ombi la likizo.\n\nKila likizo fupi kwa jambo la dharura, unahitajika kuitaarifu Idara ya Rasilimali Watu na Utawala na kujaza fomu zinazohitajika\n', '1', NULL),
(24, '24', '9', 2, 'MAFAO\n\nHakuna mafao mengine mbali na mshahara wala marupurupu na kuhusu utoro utakatwa kwenye  mshahara wako.\n', '1', NULL),
(25, '25', '10', 2, 'MAHITAJI\n\nUnatakiwa wakati kwa wakati kuwafunza wafanyakazi wengine katika kitengo chako cha kazi    na wewe  ukiwa unafunzwa pia.\n\nUnatakiwa kujaza fomu ya kumbukumbu yako binafsi.  Ni lazima kuiarifu Kampuni kuhusu mabadiliko ya anwani yako na mengineyo kama yatakuwepo.\n\nMasharti mengine ya kazi yatakuwapo kulingana na Sheria ya Kazi ya nchi na taratibu za Kampuni.\n\n', '1', NULL),
(26, '26', '11', 2, 'HITIMISHO LA AJIRA\n\n Mkataba huu wa ajira unaweza kusitishwa kwa upande wo wote kwa kutoa taarifa ya maandishi ya mwezi mmoja na kuelezea sababu za kusitisha mkataba.\n\nKwa kosa la wizi wa mali ya Kampuni mwajiriwa atasitishiwa mkataba wake mara moja bila taarifa ya maandishi\n\nBaada ya kupatiwa barua tatu za onyo kwa maandishi, muajiriwa anaweza kusimamishwa kazi papo hapo pasipo taarifa ya maandishi.\n\nNdani ya saa za kazi huruhusiwi kufanya kazi au biashara ya aina yo yote binafsi.  Kwa kosa hilo mkataba wako utasitishwa bila taarifa ya maandishi.\n\n', '1', NULL),
(27, '27', '12', 2, 'MAKUBALIANO\n\nTafadhali weka sahihi yako chini kuthibitisha kwamba umekubali kupatiwa ajira na Kampuni yetu\n', '1', NULL);

-- --------------------------------------------------------

--
-- Table structure for table `deductions`
--

CREATE TABLE `deductions` (
  `DeductionId` int(11) NOT NULL,
  `Deductions` varchar(150) DEFAULT NULL,
  `DeductionType` varchar(50) DEFAULT NULL,
  `CompanyId` decimal(18,0) DEFAULT NULL,
  `chkPercentage` int(11) DEFAULT NULL,
  `DeductionPercentage` decimal(16,2) DEFAULT NULL,
  `chkEmployerContribution` int(11) DEFAULT NULL,
  `chkEffectByAbsent` int(11) DEFAULT NULL,
  `status` decimal(18,0) DEFAULT NULL
) ENGINE=InnoDB DEFAULT CHARSET=utf8mb4;

--
-- Dumping data for table `deductions`
--

INSERT INTO `deductions` (`DeductionId`, `Deductions`, `DeductionType`, `CompanyId`, `chkPercentage`, `DeductionPercentage`, `chkEmployerContribution`, `chkEffectByAbsent`, `status`) VALUES
(1, 'Loan', 'Dynamic', '1', 0, '0.00', 0, 0, NULL),
(2, 'Other', 'Static', '1', 0, '0.00', 0, 0, '1'),
(3, 'penalty', 'Dynamic', '1', 0, '0.00', 0, 0, '1'),
(4, 'for funeral contribution', 'Static', '1', 0, '0.00', 0, 0, '1'),
(5, 'HESLB', 'Static', '1', 1, '15.00', 0, 0, '1');

-- --------------------------------------------------------

--
-- Table structure for table `department`
--

CREATE TABLE `department` (
  `DeptId` int(11) NOT NULL,
  `DeptName` varchar(50) DEFAULT NULL,
  `CompanyId` decimal(18,0) DEFAULT NULL,
  `HODEmail` varchar(190) DEFAULT NULL,
  `DeptCode` varchar(150) DEFAULT NULL,
  `Status` decimal(18,0) DEFAULT NULL
) ENGINE=InnoDB DEFAULT CHARSET=utf8mb4;

--
-- Dumping data for table `department`
--

INSERT INTO `department` (`DeptId`, `DeptName`, `CompanyId`, `HODEmail`, `DeptCode`, `Status`) VALUES
(1, 'AKEB', '1', '', '', NULL),
(2, 'CENTRAL COMMITTEE', '1', '', '', NULL),
(3, 'CST OFFICE', '1', '', '', NULL),
(4, 'DJ HALL', '1', '', '', NULL),
(5, 'DODOMA', '1', '', '', NULL),
(6, 'EASTERN COMMITTEE', '1', '', '', NULL),
(7, 'ECDC', '1', '', '', NULL),
(8, 'EPB', '1', '', '', NULL),
(9, 'GHUSAL', '1', '', '', NULL),
(10, 'GRB', '1', '', '', NULL),
(11, 'HOUSING', '1', '', '', NULL),
(12, 'HOUSING OFFICE', '1', '', '', NULL),
(13, 'ITREB', '1', '', '', NULL),
(14, 'ITREB OFFICE', '1', '', '', NULL),
(15, 'JT- BUILDING', '1', '', '', NULL),
(16, 'NC', '1', '', '', NULL),
(17, 'QOL', '1', '', '', NULL),
(18, 'QOL- OFFICE', '1', '', '', NULL),
(19, 'SOUTHERN COMMITTEE', '1', '', '', NULL),
(20, 'SWB', '1', '', '', NULL),
(21, 'SWB - JT', '1', '', '', NULL),
(22, 'SWB - OFFICE', '1', '', '', NULL),
(23, 'SWB -JT', '1', '', '', NULL),
(24, 'TRUST', '1', '', '', NULL),
(25, 'TRUST OFFICE', '1', '', '', NULL),
(26, 'WESTERN COMMITTEE', '1', '', '', NULL),
(27, 'SALES', '1', '', '009', '1'),
(28, 'test department', '1', 'fatmarazahussein@gmail.com', '005', '1'),
(29, 'test id', '1', '', '', '1');

-- --------------------------------------------------------

--
-- Table structure for table `designation`
--

CREATE TABLE `designation` (
  `DesignationId` int(11) NOT NULL,
  `DesignationName` varchar(199) DEFAULT NULL,
  `CompanyId` decimal(18,0) DEFAULT NULL,
  `status` decimal(18,0) DEFAULT NULL
) ENGINE=InnoDB DEFAULT CHARSET=utf8mb4;

--
-- Dumping data for table `designation`
--

INSERT INTO `designation` (`DesignationId`, `DesignationName`, `CompanyId`, `status`) VALUES
(1, 'ACADEMIC ADMINISTRATOR', '1', NULL),
(2, 'ACADEMIC DIRECTOR', '1', NULL),
(3, 'ACCOUNTS & ADMIN OFFICER', '1', NULL),
(4, 'ADMIN ASSISTANT (PT)', '1', NULL),
(5, 'ADMIN SECRETARY', '1', NULL),
(6, 'ADMINISTATIVE OFFICER', '1', NULL),
(7, 'ADMINISTATIVE SECRETARY', '1', NULL),
(8, 'ADMINISTRATIVE ASSISTANT (PART TIME)', '1', NULL),
(9, 'ADMINISTRATIVE ASSISTANT (PT)', '1', NULL),
(10, 'ADMINISTRATIVE COORDINATOR', '1', NULL),
(11, 'ASSISTANT CARETAKER - JT', '1', NULL),
(12, 'ASSISTANT COOK', '1', NULL),
(13, 'AUDIT OFFICER', '1', NULL),
(14, 'BUILDING MAINTENANCE MANAGER', '1', NULL),
(15, 'CARETAKER - JT', '1', NULL),
(16, 'CHIEF EXECUTIVE OFFICER', '1', NULL),
(17, 'CLEANER', '1', NULL),
(18, 'CLEANER / HELPER', '1', NULL),
(19, 'CLEANER/ WATCHMAN', '1', NULL),
(20, 'CLEANER/CARETAKER', '1', NULL),
(21, 'COOK', '1', NULL),
(22, 'DOMESTIC WORKER', '1', NULL),
(23, 'ELECTRICIAN', '1', NULL),
(24, 'EXECUTIVE OFFICER', '1', NULL),
(25, 'FINANCE OFFICER', '1', NULL),
(26, 'GARDENER', '1', NULL),
(27, 'GENERAL MANAGER', '1', NULL),
(28, 'HOUSING OFFICER', '1', NULL),
(29, 'HUMAN RESOURCE OFFICER', '1', NULL),
(30, 'LAUNDRY MAN', '1', NULL),
(31, 'LIVELIHOODS DEVELOPMENT COORDINATOR', '1', NULL),
(32, 'MESSENGER', '1', NULL),
(33, 'MESSENGER/CLEANER', '1', NULL),
(34, 'NURSE', '1', NULL),
(35, 'OFFICE SECRETARY', '1', NULL),
(36, 'OPERATIONS MANAGER', '1', NULL),
(37, 'PAINTER', '1', NULL),
(38, 'PLUMBER', '1', NULL),
(39, 'PROGRAM CASE MANAGER', '1', NULL),
(40, 'PROGRAM MANAGER', '1', NULL),
(41, 'PROGRAM OFFICER', '1', NULL),
(42, 'PROGRAM OFFICER - RELIGIOUS EDUCATION', '1', NULL),
(43, 'PROJECT DIRECTOR', '1', NULL),
(44, 'RESOURCE OFFICER edit', '1', '1'),
(45, 'SECURITY GUARD', '1', NULL),
(46, 'SENIOR ADMINISTRATIVE SECRETARY (PT)', '1', NULL),
(47, 'SENIOR FINANCE OFFICER', '1', NULL),
(48, 'STEP TEACHER', '1', NULL),
(49, 'SUPERVISOR', '1', NULL),
(50, 'HEAD OF FINANCE', '1', NULL),
(51, 'test mysql designation', '1', '0'),
(52, 'tech admin', '1', '1'),
(53, 'Test', '1', '1');

-- --------------------------------------------------------

--
-- Table structure for table `emailsetting`
--

CREATE TABLE `emailsetting` (
  `SMTPid` decimal(18,0) NOT NULL,
  `SMTPClient` varchar(150) DEFAULT NULL,
  `SMTPHost` varchar(150) DEFAULT NULL,
  `SMTPPort` decimal(18,0) DEFAULT NULL,
  `SMTPEmail` varchar(190) DEFAULT NULL,
  `SMTPPassword` varchar(190) DEFAULT NULL,
  `CompanyId` decimal(18,0) DEFAULT NULL
) ENGINE=InnoDB DEFAULT CHARSET=utf8mb4;

-- --------------------------------------------------------

--
-- Table structure for table `empbankdetails`
--

CREATE TABLE `empbankdetails` (
  `EmpBankId` int(11) NOT NULL,
  `EmpId` decimal(18,0) DEFAULT NULL,
  `BankId` decimal(18,0) DEFAULT NULL,
  `BranchId` decimal(18,0) DEFAULT NULL,
  `BankAccNo` varchar(150) DEFAULT NULL,
  `Amount` decimal(16,2) DEFAULT NULL,
  `Type` int(11) DEFAULT NULL,
  `CompanyId` decimal(18,0) DEFAULT NULL,
  `BranchCode` varchar(50) DEFAULT NULL
) ENGINE=InnoDB DEFAULT CHARSET=utf8mb4;

--
-- Dumping data for table `empbankdetails`
--

INSERT INTO `empbankdetails` (`EmpBankId`, `EmpId`, `BankId`, `BranchId`, `BankAccNo`, `Amount`, `Type`, `CompanyId`, `BranchCode`) VALUES
(3, '99', '1', '1', '35646578678', '1800000.00', 1, '1', ''),
(4, '99', '6', '13', '123456', '67000.00', 2, '1', '');

-- --------------------------------------------------------

--
-- Table structure for table `empbankverification`
--

CREATE TABLE `empbankverification` (
  `EmpBankVerifyId` decimal(18,0) NOT NULL,
  `EmpId` decimal(18,0) DEFAULT NULL,
  `BankId` decimal(18,0) DEFAULT NULL,
  `BranchId` decimal(18,0) DEFAULT NULL,
  `BankAccNo` varchar(150) DEFAULT NULL,
  `Amount` decimal(16,2) DEFAULT NULL,
  `PayrollMonth` decimal(18,0) DEFAULT NULL,
  `PayrollYear` decimal(18,0) DEFAULT NULL,
  `CompanyId` decimal(18,0) DEFAULT NULL
) ENGINE=InnoDB DEFAULT CHARSET=utf8mb4;

-- --------------------------------------------------------

--
-- Table structure for table `empcontract`
--

CREATE TABLE `empcontract` (
  `EmpContractId` decimal(18,0) NOT NULL,
  `EmpContractNo` varchar(150) DEFAULT NULL,
  `EmpId` decimal(18,0) DEFAULT NULL,
  `EmpContractDate` date DEFAULT NULL,
  `EmpContractExpiryDate` date DEFAULT NULL,
  `CompanyId` decimal(18,0) DEFAULT NULL
) ENGINE=InnoDB DEFAULT CHARSET=utf8mb4;

-- --------------------------------------------------------

--
-- Table structure for table `empcontractdetails`
--

CREATE TABLE `empcontractdetails` (
  `EmpContractDetailsId` decimal(18,0) NOT NULL,
  `EmpContractNo` varchar(150) DEFAULT NULL,
  `EmpId` decimal(18,0) DEFAULT NULL,
  `CompanyId` decimal(18,0) DEFAULT NULL,
  `Clause` longtext DEFAULT NULL,
  `Sequence` decimal(18,0) DEFAULT NULL
) ENGINE=InnoDB DEFAULT CHARSET=utf8mb4;

-- --------------------------------------------------------

--
-- Table structure for table `empdeductionsdetails`
--

CREATE TABLE `empdeductionsdetails` (
  `EmpDedId` int(11) NOT NULL,
  `EmpId` decimal(18,0) DEFAULT NULL,
  `DeductionId` decimal(18,0) DEFAULT NULL,
  `Amount` decimal(18,0) DEFAULT NULL,
  `CompanyId` decimal(18,0) DEFAULT NULL,
  `chkPercentage` int(11) DEFAULT NULL,
  `DeductionPercentage` decimal(18,0) DEFAULT NULL,
  `chkEmployerContribution` int(11) DEFAULT NULL,
  `chkEffectByAbsent` int(11) DEFAULT NULL,
  `PaidByEmployer` int(11) DEFAULT NULL
) ENGINE=InnoDB DEFAULT CHARSET=utf8mb4;

--
-- Dumping data for table `empdeductionsdetails`
--

INSERT INTO `empdeductionsdetails` (`EmpDedId`, `EmpId`, `DeductionId`, `Amount`, `CompanyId`, `chkPercentage`, `DeductionPercentage`, `chkEmployerContribution`, `chkEffectByAbsent`, `PaidByEmployer`) VALUES
(2, '80', '2', '315000', '1', 0, '0', 0, 0, 0),
(3, '43', '2', '315000', '1', 0, '0', 0, 0, 0),
(4, '99', '4', '2000', '1', NULL, '0', NULL, NULL, 0);

-- --------------------------------------------------------

--
-- Table structure for table `empdeductionshistory`
--

CREATE TABLE `empdeductionshistory` (
  `Id` decimal(18,0) NOT NULL,
  `EmpId` decimal(18,0) DEFAULT NULL,
  `DeductionId` decimal(18,0) DEFAULT NULL,
  `Amount` decimal(18,0) DEFAULT NULL,
  `CompanyId` decimal(18,0) DEFAULT NULL,
  `CreatedBy` decimal(18,0) DEFAULT NULL,
  `CreatedDate` datetime DEFAULT NULL,
  `chkPercentage` int(11) DEFAULT NULL,
  `DeductionPercentage` decimal(18,0) DEFAULT NULL
) ENGINE=InnoDB DEFAULT CHARSET=utf8mb4;

--
-- Dumping data for table `empdeductionshistory`
--

INSERT INTO `empdeductionshistory` (`Id`, `EmpId`, `DeductionId`, `Amount`, `CompanyId`, `CreatedBy`, `CreatedDate`, `chkPercentage`, `DeductionPercentage`) VALUES
('1', '80', '2', '315000', '1', '1', '2023-08-18 00:00:00', 0, '0'),
('2', '80', '2', '315000', '1', '1', '2023-10-12 00:00:00', 0, '0'),
('3', '43', '2', '315000', '1', '1', '2023-10-12 00:00:00', 0, '0');

-- --------------------------------------------------------

--
-- Table structure for table `empdynamicdeductions`
--

CREATE TABLE `empdynamicdeductions` (
  `EmpDynamicDeductionId` int(11) NOT NULL,
  `EmpId` decimal(18,0) DEFAULT NULL,
  `DeductionId` decimal(18,0) DEFAULT NULL,
  `Amount` decimal(18,0) DEFAULT NULL,
  `PayrollMonth` decimal(18,0) DEFAULT NULL,
  `PayrollYear` decimal(18,0) DEFAULT NULL,
  `CompanyId` decimal(18,0) DEFAULT NULL
) ENGINE=InnoDB DEFAULT CHARSET=utf8mb4;

--
-- Dumping data for table `empdynamicdeductions`
--

INSERT INTO `empdynamicdeductions` (`EmpDynamicDeductionId`, `EmpId`, `DeductionId`, `Amount`, `PayrollMonth`, `PayrollYear`, `CompanyId`) VALUES
(2, '1', '3', '900', '6', '2023', '1'),
(3, '2', '3', '200', '6', '2023', '1'),
(4, '3', '3', '10', '6', '2023', '1'),
(5, '5', '3', '101', '6', '2023', '1'),
(6, '9', '3', '2', '6', '2023', '1'),
(7, '10', '3', '22', '6', '2023', '1'),
(8, '11', '3', '2', '6', '2023', '1'),
(9, '12', '3', '2', '6', '2023', '1'),
(10, '14', '3', '2', '6', '2023', '1'),
(11, '16', '3', '2', '6', '2023', '1'),
(12, '17', '3', '2', '6', '2023', '1'),
(13, '18', '3', '2', '6', '2023', '1'),
(14, '19', '3', '2', '6', '2023', '1'),
(15, '22', '3', '222', '6', '2023', '1'),
(16, '23', '3', NULL, '6', '2023', '1'),
(17, '27', '3', NULL, '6', '2023', '1'),
(18, '28', '3', NULL, '6', '2023', '1'),
(19, '29', '3', NULL, '6', '2023', '1'),
(20, '30', '3', NULL, '6', '2023', '1'),
(21, '33', '3', NULL, '6', '2023', '1'),
(22, '34', '3', NULL, '6', '2023', '1'),
(23, '35', '3', NULL, '6', '2023', '1'),
(24, '37', '3', NULL, '6', '2023', '1'),
(25, '39', '3', NULL, '6', '2023', '1'),
(26, '42', '3', NULL, '6', '2023', '1'),
(27, '46', '3', NULL, '6', '2023', '1'),
(28, '47', '3', NULL, '6', '2023', '1'),
(29, '50', '3', NULL, '6', '2023', '1'),
(30, '51', '3', NULL, '6', '2023', '1'),
(31, '52', '3', NULL, '6', '2023', '1'),
(32, '53', '3', NULL, '6', '2023', '1'),
(33, '61', '3', NULL, '6', '2023', '1'),
(34, '63', '3', NULL, '6', '2023', '1'),
(35, '64', '3', NULL, '6', '2023', '1'),
(36, '65', '3', NULL, '6', '2023', '1'),
(37, '66', '3', NULL, '6', '2023', '1'),
(38, '68', '3', NULL, '6', '2023', '1'),
(39, '69', '3', NULL, '6', '2023', '1'),
(40, '70', '3', NULL, '6', '2023', '1'),
(41, '72', '3', NULL, '6', '2023', '1'),
(42, '76', '3', NULL, '6', '2023', '1'),
(43, '77', '3', NULL, '6', '2023', '1'),
(44, '78', '3', NULL, '6', '2023', '1'),
(45, '79', '3', NULL, '6', '2023', '1'),
(46, '81', '3', NULL, '6', '2023', '1'),
(47, '82', '3', NULL, '6', '2023', '1'),
(48, '83', '3', NULL, '6', '2023', '1'),
(49, '91', '3', NULL, '6', '2023', '1'),
(50, '94', '3', NULL, '6', '2023', '1'),
(51, '97', '3', NULL, '6', '2023', '1');

-- --------------------------------------------------------

--
-- Table structure for table `empdynamicpayments`
--

CREATE TABLE `empdynamicpayments` (
  `EmpDynamicPaymentId` int(11) NOT NULL,
  `EmpId` decimal(18,0) DEFAULT NULL,
  `PaymentId` decimal(18,0) DEFAULT NULL,
  `Amount` decimal(18,0) DEFAULT NULL,
  `PayTaxable` decimal(18,0) DEFAULT NULL,
  `PayPensionOnly` decimal(18,0) DEFAULT NULL,
  `PayPAYEOnly` decimal(18,0) DEFAULT NULL,
  `IsInReport` decimal(18,0) DEFAULT NULL,
  `IsInPayslip` decimal(18,0) DEFAULT NULL,
  `Remarks` longtext DEFAULT NULL,
  `PayrollMonth` decimal(18,0) DEFAULT NULL,
  `PayrollYear` decimal(18,0) DEFAULT NULL,
  `CompanyId` decimal(18,0) DEFAULT NULL,
  `EffectOnSDL` int(11) DEFAULT NULL,
  `EffectOnWCF` int(11) DEFAULT NULL,
  `IsBenefit` int(11) DEFAULT NULL,
  `Rate` decimal(16,2) DEFAULT NULL,
  `Qty` decimal(16,2) DEFAULT NULL,
  `ChkRate` int(11) DEFAULT NULL
) ENGINE=InnoDB DEFAULT CHARSET=utf8mb4;

--
-- Dumping data for table `empdynamicpayments`
--

INSERT INTO `empdynamicpayments` (`EmpDynamicPaymentId`, `EmpId`, `PaymentId`, `Amount`, `PayTaxable`, `PayPensionOnly`, `PayPAYEOnly`, `IsInReport`, `IsInPayslip`, `Remarks`, `PayrollMonth`, `PayrollYear`, `CompanyId`, `EffectOnSDL`, `EffectOnWCF`, `IsBenefit`, `Rate`, `Qty`, `ChkRate`) VALUES
(10, '2', '10005', '135000', '1', '1', '1', '1', '1', '', '6', '2023', '1', 1, 1, 0, '150.00', '900.00', 1),
(11, '2', '10004', '90000', '1', '1', '1', '1', '1', NULL, '6', '2023', '1', 1, 1, 0, '0.00', '0.00', 1),
(12, '5', '10004', '90', '1', '1', '1', '1', '1', '', '6', '2023', '1', 1, 1, 0, '0.00', '0.00', 0),
(13, '5', '10005', '1500', '1', '1', '1', '1', '1', '', '6', '2023', '1', 1, 1, 0, '150.00', '10.00', 1),
(14, '1', '10005', '13500', '1', '1', '1', '1', '1', '', '6', '2023', '1', 1, 1, 0, '150.00', '90.00', 1),
(15, '1', '10004', '70', '1', '1', '1', '1', '1', '', '6', '2023', '1', 1, 1, 0, '0.00', '0.00', 0);

-- --------------------------------------------------------

--
-- Table structure for table `empguarantors`
--

CREATE TABLE `empguarantors` (
  `Id` int(11) NOT NULL,
  `CompanyId` decimal(18,0) DEFAULT NULL,
  `EmpId` decimal(18,0) DEFAULT NULL,
  `GuarantorName` varchar(50) DEFAULT NULL,
  `Mobile` varchar(50) DEFAULT NULL,
  `Address` varchar(50) DEFAULT NULL,
  `Relation` varchar(50) DEFAULT NULL
) ENGINE=InnoDB DEFAULT CHARSET=utf8mb4;

--
-- Dumping data for table `empguarantors`
--

INSERT INTO `empguarantors` (`Id`, `CompanyId`, `EmpId`, `GuarantorName`, `Mobile`, `Address`, `Relation`) VALUES
(1, '1', '99', 'Test 1', '546877897', 'dfbfwuencioworewcryetu yui', NULL);

-- --------------------------------------------------------

--
-- Table structure for table `empkins`
--

CREATE TABLE `empkins` (
  `Id` int(11) NOT NULL,
  `CompanyId` bigint(20) DEFAULT NULL,
  `EmpId` bigint(20) DEFAULT NULL,
  `Name` varchar(50) DEFAULT NULL,
  `Mobile` varchar(50) DEFAULT NULL,
  `Address` longtext DEFAULT NULL,
  `Relation` varchar(50) DEFAULT NULL
) ENGINE=InnoDB DEFAULT CHARSET=utf8mb4;

--
-- Dumping data for table `empkins`
--

INSERT INTO `empkins` (`Id`, `CompanyId`, `EmpId`, `Name`, `Mobile`, `Address`, `Relation`) VALUES
(1, 1, 99, 'qwertyui', '123456789', '', 'asdfh');

-- --------------------------------------------------------

--
-- Table structure for table `empleavedetails`
--

CREATE TABLE `empleavedetails` (
  `EmpLeaveId` int(11) NOT NULL,
  `EmpId` decimal(18,0) DEFAULT NULL,
  `LeaveId` decimal(18,0) DEFAULT NULL,
  `NoofDays` decimal(18,0) DEFAULT NULL,
  `BalanceLeaveDays` decimal(18,0) DEFAULT NULL,
  `CompanyId` decimal(18,0) DEFAULT NULL
) ENGINE=InnoDB DEFAULT CHARSET=utf8mb4;

--
-- Dumping data for table `empleavedetails`
--

INSERT INTO `empleavedetails` (`EmpLeaveId`, `EmpId`, `LeaveId`, `NoofDays`, `BalanceLeaveDays`, `CompanyId`) VALUES
(1, '12', '1', '0', '0', '1'),
(2, '12', '4', '4', '0', '1'),
(3, '12', '3', '3', '0', '1'),
(4, '99', '1', '28', '0', '1');

-- --------------------------------------------------------

--
-- Table structure for table `empleavedetailshistory`
--

CREATE TABLE `empleavedetailshistory` (
  `Id` decimal(18,0) NOT NULL,
  `EmpId` decimal(18,0) DEFAULT NULL,
  `LeaveId` decimal(18,0) DEFAULT NULL,
  `NoofDays` decimal(18,0) DEFAULT NULL,
  `BalanceLeaveDays` decimal(18,0) DEFAULT NULL,
  `CompanyId` decimal(18,0) DEFAULT NULL
) ENGINE=InnoDB DEFAULT CHARSET=utf8mb4;

--
-- Dumping data for table `empleavedetailshistory`
--

INSERT INTO `empleavedetailshistory` (`Id`, `EmpId`, `LeaveId`, `NoofDays`, `BalanceLeaveDays`, `CompanyId`) VALUES
('1', '12', '1', '0', '0', '1'),
('2', '12', '4', '4', '0', '1'),
('3', '12', '3', '3', '0', '1');

-- --------------------------------------------------------

--
-- Table structure for table `employee`
--

CREATE TABLE `employee` (
  `Id` int(11) NOT NULL,
  `EmpId` decimal(18,0) DEFAULT NULL,
  `EmpBiometricId` decimal(18,0) DEFAULT NULL,
  `DeptId` decimal(18,0) DEFAULT NULL,
  `DesignationId` decimal(18,0) DEFAULT NULL,
  `EmpFname` varchar(50) DEFAULT NULL,
  `Nationality` decimal(18,0) DEFAULT NULL,
  `Religion` decimal(18,0) DEFAULT NULL,
  `DOB` datetime DEFAULT NULL,
  `Gender` decimal(18,0) DEFAULT NULL,
  `Status` decimal(18,0) DEFAULT NULL,
  `Address` varchar(150) DEFAULT NULL,
  `MobileNo` varchar(50) DEFAULT NULL,
  `TelNo` varchar(50) DEFAULT NULL,
  `EmpEmail` varchar(150) DEFAULT NULL,
  `EmpType` int(11) DEFAULT NULL,
  `EmpStatus` int(11) DEFAULT NULL,
  `InActiveReason` varchar(150) DEFAULT NULL,
  `DateOfJoining` datetime DEFAULT NULL,
  `JobDescription` longtext DEFAULT NULL,
  `Bankchk` int(11) DEFAULT NULL,
  `BankId` decimal(18,0) DEFAULT NULL,
  `BranchId` decimal(18,0) DEFAULT NULL,
  `BankNo` longtext DEFAULT NULL,
  `Pensionchk` int(11) DEFAULT NULL,
  `PensionId` decimal(18,0) DEFAULT NULL,
  `EmpPensionNo` decimal(18,0) DEFAULT NULL,
  `EmpEmployerper` decimal(18,0) DEFAULT NULL,
  `EmpEmployeeper` decimal(18,0) DEFAULT NULL,
  `PreviousPensionAmountchk` int(11) DEFAULT NULL,
  `PreviousPensionAmount` decimal(18,0) DEFAULT NULL,
  `DateforCalc` date DEFAULT NULL,
  `BalanceDays` decimal(18,0) DEFAULT NULL,
  `Absentchk` int(11) DEFAULT NULL,
  `AbsentDedType` decimal(18,0) DEFAULT NULL,
  `AbsentDedFrom` decimal(18,0) DEFAULT NULL,
  `Latechk` int(11) DEFAULT NULL,
  `LateDedFrom` decimal(18,0) DEFAULT NULL,
  `OTRateDay` decimal(16,2) DEFAULT NULL,
  `OTRateSat` decimal(16,2) DEFAULT NULL,
  `OTRateSunHol` decimal(16,2) DEFAULT NULL,
  `StartOTchk` int(11) DEFAULT NULL,
  `StartOTDay` decimal(18,0) DEFAULT NULL,
  `StartOTSat` decimal(18,0) DEFAULT NULL,
  `StartOTSunHol` decimal(18,0) DEFAULT NULL,
  `AdvanceSalarychk` int(11) DEFAULT NULL,
  `AdvanceSalaryAmount` decimal(18,0) DEFAULT NULL,
  `BasicSalary` decimal(18,0) DEFAULT NULL,
  `EmpTimingType` int(11) DEFAULT NULL,
  `ShiftType` decimal(18,0) DEFAULT NULL,
  `WeekShiftId` decimal(18,0) DEFAULT NULL,
  `SatShiftId` decimal(18,0) DEFAULT NULL,
  `Password` varchar(50) DEFAULT NULL,
  `UploadStatus` decimal(18,0) DEFAULT NULL,
  `CompanyId` decimal(18,0) DEFAULT NULL,
  `CreatedBy` decimal(18,0) DEFAULT NULL,
  `ModifiedBy` decimal(18,0) DEFAULT NULL,
  `CreatedDate` datetime DEFAULT NULL,
  `ModifiedDate` datetime DEFAULT NULL,
  `PayeExemptChk` int(11) DEFAULT NULL,
  `OTGivenChk` int(11) DEFAULT NULL,
  `EndDate` date DEFAULT NULL,
  `HouseAllowanceChk` int(11) DEFAULT NULL,
  `HousingRate` decimal(16,2) DEFAULT NULL,
  `CardId` longtext DEFAULT NULL,
  `CurrentContractDate` date DEFAULT NULL,
  `NHIFChk` int(11) DEFAULT NULL,
  `NHIFDate` date DEFAULT NULL,
  `NHIFEmployerPer` decimal(16,2) DEFAULT NULL,
  `NHIFEmployeePer` decimal(16,2) DEFAULT NULL,
  `NHIFRegNo` decimal(18,0) DEFAULT NULL,
  `NHIFAmtChk` int(11) DEFAULT NULL,
  `NHIFEmployerAmt` decimal(16,2) DEFAULT NULL,
  `NHIFEmployeeAmt` decimal(16,2) DEFAULT NULL,
  `NHIFBasicSalary` decimal(16,2) DEFAULT NULL,
  `WCFNo` varchar(190) DEFAULT NULL,
  `ContractLanguage` int(11) DEFAULT NULL,
  `NationalID` varchar(190) DEFAULT NULL,
  `Image` text DEFAULT NULL,
  `HELSBIndexNo` varchar(190) DEFAULT NULL,
  `HELSBNameUsed` varchar(190) DEFAULT NULL,
  `BranchCode` varchar(50) DEFAULT NULL,
  `Guarantorschk` int(11) DEFAULT NULL,
  `EmpGuarantorName1` varchar(150) DEFAULT NULL,
  `EmpGuarantorTel1` varchar(150) DEFAULT NULL,
  `EmpGuarantorAdd1` varchar(199) DEFAULT NULL,
  `EmpGuarantorName2` varchar(150) DEFAULT NULL,
  `EmpGuarantorTel2` varchar(150) DEFAULT NULL,
  `EmpGuarantorAdd2` varchar(199) DEFAULT NULL,
  `EmpTin` varchar(150) DEFAULT NULL,
  `ResidentialStatus` int(11) DEFAULT NULL,
  `TaxType` int(11) DEFAULT NULL,
  `InactiveType` decimal(18,0) DEFAULT NULL,
  `InactiveDate` date DEFAULT NULL,
  `MainDivision` decimal(18,0) DEFAULT NULL,
  `SubDivision` decimal(18,0) DEFAULT NULL,
  `chkPaymentbyRate` int(11) DEFAULT NULL,
  `NextToKinchk` int(11) DEFAULT NULL,
  `NextToKinName1` varchar(199) DEFAULT NULL,
  `NextToKinTel1` varchar(199) DEFAULT NULL,
  `NextToKinAdd1` longtext DEFAULT NULL,
  `NextToKinRelation1` varchar(199) DEFAULT NULL,
  `NextToKinName2` varchar(199) DEFAULT NULL,
  `NextToKinTel2` varchar(199) DEFAULT NULL,
  `NextToKinAdd2` longtext DEFAULT NULL,
  `NextToKinRelation2` varchar(199) DEFAULT NULL,
  `chkCasualPayRateType` int(11) DEFAULT NULL,
  `CasualDailyRate` decimal(16,2) DEFAULT NULL,
  `CasualHourlyRate` decimal(16,2) DEFAULT NULL,
  `UserName` varchar(150) DEFAULT NULL,
  `IsHOD` int(11) DEFAULT NULL,
  `chkAnotherHOD` int(11) DEFAULT NULL,
  `AnotherHODId` varchar(150) DEFAULT NULL
) ENGINE=InnoDB DEFAULT CHARSET=utf8mb4;

--
-- Dumping data for table `employee`
--

INSERT INTO `employee` (`Id`, `EmpId`, `EmpBiometricId`, `DeptId`, `DesignationId`, `EmpFname`, `Nationality`, `Religion`, `DOB`, `Gender`, `Status`, `Address`, `MobileNo`, `TelNo`, `EmpEmail`, `EmpType`, `EmpStatus`, `InActiveReason`, `DateOfJoining`, `JobDescription`, `Bankchk`, `BankId`, `BranchId`, `BankNo`, `Pensionchk`, `PensionId`, `EmpPensionNo`, `EmpEmployerper`, `EmpEmployeeper`, `PreviousPensionAmountchk`, `PreviousPensionAmount`, `DateforCalc`, `BalanceDays`, `Absentchk`, `AbsentDedType`, `AbsentDedFrom`, `Latechk`, `LateDedFrom`, `OTRateDay`, `OTRateSat`, `OTRateSunHol`, `StartOTchk`, `StartOTDay`, `StartOTSat`, `StartOTSunHol`, `AdvanceSalarychk`, `AdvanceSalaryAmount`, `BasicSalary`, `EmpTimingType`, `ShiftType`, `WeekShiftId`, `SatShiftId`, `Password`, `UploadStatus`, `CompanyId`, `CreatedBy`, `ModifiedBy`, `CreatedDate`, `ModifiedDate`, `PayeExemptChk`, `OTGivenChk`, `EndDate`, `HouseAllowanceChk`, `HousingRate`, `CardId`, `CurrentContractDate`, `NHIFChk`, `NHIFDate`, `NHIFEmployerPer`, `NHIFEmployeePer`, `NHIFRegNo`, `NHIFAmtChk`, `NHIFEmployerAmt`, `NHIFEmployeeAmt`, `NHIFBasicSalary`, `WCFNo`, `ContractLanguage`, `NationalID`, `Image`, `HELSBIndexNo`, `HELSBNameUsed`, `BranchCode`, `Guarantorschk`, `EmpGuarantorName1`, `EmpGuarantorTel1`, `EmpGuarantorAdd1`, `EmpGuarantorName2`, `EmpGuarantorTel2`, `EmpGuarantorAdd2`, `EmpTin`, `ResidentialStatus`, `TaxType`, `InactiveType`, `InactiveDate`, `MainDivision`, `SubDivision`, `chkPaymentbyRate`, `NextToKinchk`, `NextToKinName1`, `NextToKinTel1`, `NextToKinAdd1`, `NextToKinRelation1`, `NextToKinName2`, `NextToKinTel2`, `NextToKinAdd2`, `NextToKinRelation2`, `chkCasualPayRateType`, `CasualDailyRate`, `CasualHourlyRate`, `UserName`, `IsHOD`, `chkAnotherHOD`, `AnotherHODId`) VALUES
(1, '1', '10040', '19', '5', 'AFZAL ALNASHIR BHOJANI', '1', '1', '1992-12-06 00:00:00', '1', '1', 'LUPAWAY MBEYA', '0654896986', '0654896986', 'afzalbhojani@hotmail.com', 3, 1, '', '2016-07-01 00:00:00', '', 1, '1', '8', '7130301001', 1, '1', '57903204', '10', '10', 2, '0', '2023-05-01', '0', 1, '2', '2', 2, '0', '1.50', '1.50', '2.00', 2, '0', '0', '0', 2, '0', '557234', 3, '0', '0', '0', '', '0', '1', '0', '1', '2023-05-17 00:00:00', '2023-06-10 00:00:00', 1, 0, '2023-07-31', 1, '15.00', '10040', '2022-08-01', 0, '2023-06-10', '0.00', '0.00', '0', 0, '0.00', '0.00', '0.00', '500801999', 1, '19921206-53103-00001-25', NULL, '', '', '008', 0, '', '', '', '', '', '', '142618419', 1, 1, '0', '2023-06-10', '1', '0', 0, 1, 'AL-NASHIR BHOJANI', '0713 446 868', 'MBEYA', 'FATHER', '', '', '', '', 0, '0.00', '0.00', '', 0, 0, '0'),
(2, '2', '10080', '13', '32', 'ALEX HANSON ZUBERY', '1', '2', '1981-11-07 00:00:00', '1', '1', 'TEMEKE', '0787 008 416 / 0715 020 276', '', 'alexzuberi@93gmail.com', 1, 1, '', '2020-08-01 00:00:00', '', 1, '1', '1', '7098878001', 1, '1', '62746057', '10', '10', 2, '0', '2023-05-01', '0', 1, '2', '2', 2, '0', '1.50', '1.50', '2.00', 2, '0', '0', '0', 2, '0', '223930', 1, '0', '0', '0', '', '0', '1', '0', '1', '2023-05-17 00:00:00', '2023-06-05 00:00:00', 1, 1, '2023-06-05', 1, '15.00', '10080', '2020-08-01', 0, '2023-06-05', '0.00', '0.00', '0', 0, '0.00', '0.00', '0.00', '500729442', 0, '19811107-11103-00001-14', NULL, '', '', '001', 0, '', '', '', '', '', '', '130444873', 1, 1, '0', '2023-06-05', '1', '0', 0, 1, 'AMINA SHABANI KOMBO', '0675 666 069', 'KISEMVULE', 'WIFE', '', '', '', '', 0, '0.00', '0.00', '', 0, 0, '0'),
(3, '3', '10174', '13', '48', 'ALISHA ESMAIL', '1', '1', '1992-09-21 00:00:00', '2', '2', '', '', '', '', 1, 1, '', '2021-09-01 00:00:00', '', 1, '1', '12', '7055068001', 1, '1', '60511141', '10', '10', 1, '0', '2023-05-01', '0', 1, '2', '2', 1, '2', '1.50', '1.50', '2.00', 2, '0', '0', '0', 1, '0', '1212677', 1, '0', '0', '0', '', '0', '1', '0', '1', '2023-05-17 00:00:00', '2023-07-17 00:00:00', 1, 0, '2023-07-17', 1, '15.00', '10174', '2021-09-01', 0, '2023-07-17', '0.00', '0.00', '0', 0, '0.00', '0.00', '0.00', '300966730', 0, '19920921-11102-00001-16', NULL, '', '', '023', 0, '', '', '', '', '', '', '107103236', 1, 1, '0', '2023-07-17', '1', '0', 0, 1, '', '', '', '', '', '', '', '', 0, '0.00', '0.00', '', 0, 0, '0'),
(4, '4', '4', '11', '14', 'ALKARIM RAMJI', '1', '1', '1963-03-13 00:00:00', '1', '2', 'KENSINGTON TOWER', '0754 282 829', '', 'alkarim.english@gmail.com', 3, 1, '', '2018-04-16 00:00:00', '', 1, '1', '1', '7124975001', 1, '1', '64320839', '10', '10', 2, '0', '2023-05-01', '0', 1, '2', '2', 2, '0', '1.50', '1.50', '2.00', 2, '0', '0', '0', 2, '0', '3354633', 1, '0', '0', '0', '', '0', '1', '0', '1', '2023-05-17 00:00:00', '2023-06-03 00:00:00', 1, 0, '2025-04-15', 1, '15.00', '10055', '2023-04-16', 0, '2023-06-03', '0.00', '0.00', '0', 0, '0.00', '0.00', '0.00', '700750348', 1, '19630313-11104-00001-24', NULL, '', '', '001', 0, '', '', '', '', '', '', '102649168', 1, 1, '0', '2023-06-03', '2', '0', 0, 1, 'NAEEM RAMJI', '0682 000 700', 'KENSINGTON TOWER', 'SON', '', '', '', '', 0, '0.00', '0.00', '', 0, 0, '0'),
(5, '5', '10082', '10', '32', 'MUSSA RASHIDI NJUGU', '1', '1', '1968-07-01 00:00:00', '1', '2', 'MBAGALA, KIBURUGWA', '0684235516', '0684235516', '', 1, 1, '', '2020-08-01 00:00:00', '', 1, '1', '1', '7407072001', 1, '1', '33994633', '10', '10', 2, '0', '2023-05-01', '0', 1, '2', '2', 2, '0', '1.50', '1.50', '2.00', 2, '0', '0', '0', 1, '150000', '537750', 1, '0', '0', '0', '', '0', '1', '0', '1', '2023-05-17 00:00:00', '2023-06-06 00:00:00', 1, 1, '2023-06-06', 0, '0.00', '10082', '2020-08-01', 0, '2023-06-06', '0.00', '0.00', '0', 0, '0.00', '0.00', '0.00', '300729429', 0, '19680701-15128-00150-29', NULL, '', '', '001', 0, '', '', '', '', '', '', '120564811', 1, 1, '0', '2023-06-06', '1', '0', 0, 1, 'SEIFF RASHIDI NJUGU', '0787 874 846', 'KUNDUCHI', 'BROTHER', '', '', '', '', 0, '0.00', '0.00', '', 0, 0, '0'),
(6, '6', '10054', '21', '11', 'ALMAS MAWANI', '1', '1', '1972-05-01 00:00:00', '2', '2', '', '', '', '', 3, 1, '', '2018-01-01 00:00:00', '', 2, '0', '0', '', 1, '1', '64679349', '10', '10', 2, '0', '2023-05-01', '0', 1, '2', '2', 2, '0', '1.50', '1.50', '2.00', 2, '0', '0', '0', 2, '0', '1877402', 1, '0', '0', '0', '', '0', '1', '0', '1', '2023-05-17 00:00:00', '2023-10-12 00:00:00', 1, 1, '2023-12-31', 1, '15.00', '10054', '2023-01-01', 0, '2023-10-12', '0.00', '0.00', '0', 0, '0.00', '0.00', '0.00', '', 1, '19720501-67102-00002-14', NULL, '', '', '', 0, '', '', '', '', '', '', '147249594', 1, 1, '0', '2023-10-12', '1', '0', 0, 1, '', '', '', '', '', '', '', '', 0, '0.00', '0.00', '', 0, 0, '0'),
(7, '7', '7', '18', '43', 'ALNOOR MEGHANI', '2', '1', '1958-04-16 00:00:00', '1', '1', '', '', '', 'pdqol@aktz.org', 3, 1, '', '2021-06-16 00:00:00', '', 1, '1', '1', '7257704001', 2, '0', '0', '0', '0', 2, '0', '2023-05-01', '0', 1, '2', '2', 2, '0', '1.50', '1.50', '2.00', 2, '0', '0', '0', 2, '0', '14534600', 1, '0', '0', '0', '', '0', '1', '0', '1', '2023-05-17 00:00:00', '2023-06-01 00:00:00', 1, 0, '2023-06-15', 1, '15.00', '', '2023-01-01', 0, '2023-06-01', '0.00', '0.00', '0', 0, '0.00', '0.00', '0.00', '203244106', 1, '19580416-11105-00001-25', NULL, '', '', '001', 0, '', '', '', '', '', '', '154049584', 1, 1, '0', '2023-06-01', '1', '0', 0, 1, '', '', '', '', '', '', '', '', 0, '0.00', '0.00', '', 1, 0, '0'),
(8, '8', '10011', '13', '48', 'ALYKHAN DHANANI', '1', '1', '1989-02-24 00:00:00', '1', '1', '36 INDIA STREET', '0624 991 786', '', 'dhanani.alykhan@gmail.com', 1, 1, '', '2015-09-01 00:00:00', '', 1, '1', '1', '7408044001', 1, '1', '60645059', '10', '10', 2, '0', '2023-05-01', '0', 1, '2', '2', 2, '0', '1.50', '1.50', '2.00', 2, '0', '0', '0', 2, '0', '5641892', 1, '0', '0', '0', '', '0', '1', '0', '1', '2023-05-17 00:00:00', '2023-06-05 00:00:00', 1, 0, '2023-06-05', 1, '15.00', '10011', '2015-09-01', 0, '2023-06-05', '0.00', '0.00', '0', 0, '0.00', '0.00', '0.00', '700729448', 0, '19890224-11105-00001-24', NULL, '', '', '001', 0, '', '', '', '', '', '', '111226679', 1, 1, '0', '2023-06-05', '1', '0', 1, 1, 'ZULEKHA DHANANI', '0683 231 017', '36 INDIA STREET', 'SISTER', '', '', '', '', 0, '0.00', '0.00', '', 0, 0, '0'),
(9, '9', '10172', '21', '12', 'AMANIEL MARY MPARE', '1', '1', '1992-07-01 00:00:00', '2', '1', '', '', '', '', 3, 1, '', '2021-09-01 00:00:00', '', 1, '1', '1', '7254364001', 1, '1', '62787950', '10', '10', 2, '0', '2023-05-01', '0', 1, '2', '2', 2, '0', '1.50', '1.50', '2.00', 2, '0', '0', '0', 1, '100000', '258551', 1, '0', '0', '0', '', '0', '1', '0', '1', '2023-05-17 00:00:00', '2023-10-12 00:00:00', 1, 1, '2023-08-31', 1, '15.00', '10172', '2022-09-01', 0, '2023-10-12', '0.00', '0.00', '0', 0, '0.00', '0.00', '0.00', '703140132', 1, '19920701-12112-00026-19', NULL, '', '', '001', 0, '', '', '', '', '', '', '153687056', 1, 1, '0', '2023-10-12', '1', '0', 0, 1, '', '', '', '', '', '', '', '', 0, '0.00', '0.00', '', 0, 0, '0'),
(10, '10', '10020', '4', '18', 'AMINA JUMA CHIKWENGE', '1', '1', '1976-06-15 00:00:00', '2', '2', 'MBAGALA KICHEMCHEM', '0718 506 661', '', 'aminachikwenga1976@gmail.com', 1, 1, '', '2016-01-01 00:00:00', '', 1, '1', '1', '7070415001', 1, '1', '33850585', '10', '10', 2, '0', '2023-05-01', '0', 1, '2', '2', 2, '0', '1.50', '1.50', '2.00', 2, '0', '0', '0', 1, '100000', '331476', 1, '0', '0', '0', '', '0', '1', '0', '1', '2023-05-17 00:00:00', '2023-07-17 00:00:00', 1, 1, '2023-07-17', 1, '15.00', '10020', '2016-01-01', 0, '2023-07-17', '0.00', '0.00', '0', 0, '0.00', '0.00', '0.00', '400750368', 0, '19760615-15112-00008-10', NULL, '', '', '001', 0, '', '', '', '', '', '', '142714825', 1, 1, '0', '2023-07-17', '2', '0', 0, 1, 'IDDI JUMA CHIKWENGA', '0757 128 185', 'KIWARANI BUZA', 'BROTHER', '', '', '', '', 0, '0.00', '0.00', '', 0, 0, '0'),
(11, '11', '10032', '21', '22', 'AMINA SALUMU (VALERIA FRANCIS)', '1', '1', '1986-12-25 00:00:00', '2', '1', '', '', '', '', 1, 1, '', '2016-05-01 00:00:00', '', 1, '1', '1', '7064735001', 1, '1', '50408321', '10', '10', 2, '0', '2023-05-01', '0', 1, '2', '2', 2, '0', '1.50', '1.50', '2.00', 2, '0', '0', '0', 1, '100000', '226387', 1, '0', '0', '0', '', '0', '1', '0', '1', '2023-05-17 00:00:00', '2023-10-12 00:00:00', 1, 1, '2023-10-12', 1, '15.00', '10032', '2016-05-01', 0, '2023-10-12', '0.00', '0.00', '0', 0, '0.00', '0.00', '0.00', '600750379', 0, '19861225-12102-00012-12', NULL, '', '', '001', 0, '', '', '', '', '', '', '149784950', 1, 1, '0', '2023-10-12', '1', '0', 0, 1, '', '', '', '', '', '', '', '', 0, '0.00', '0.00', '', 0, 0, '0'),
(12, '12', '10048', '11', '38', 'AMOS JOHN MUNENGO', '1', '2', '1977-07-12 00:00:00', '1', '2', 'GONGO LA MBOTO (MAJOHE)', '0714 776 879', '', '', 1, 1, '', '2017-06-01 00:00:00', '', 1, '1', '1', '7100339001', 1, '1', '55946771', '10', '10', 2, '0', '2023-05-01', '0', 2, '0', '0', 2, '0', '1.50', '1.50', '2.00', 2, '0', '0', '0', 1, '100000', '439730', 1, '0', '0', '0', '', '0', '1', '0', '1', '2023-05-17 00:00:00', '2023-07-18 00:00:00', 1, 1, '2023-07-18', 1, '15.00', '10048', '2017-06-01', 0, '2023-07-18', '0.00', '0.00', '0', 0, '0.00', '0.00', '0.00', '700750341', 0, '19770712-12113-00001-25', NULL, '', '', '001', 0, '', '', '', '', '', '', '142893886', 1, 1, '0', '2023-07-18', '2', '0', 0, 1, 'NEZIA MATHIAS', '0686 053 333', 'GONGO LA MBOTO(MAJOHE', 'WIFE', '', '', '', '', 0, '0.00', '0.00', '', 0, 0, '0'),
(13, '13', '13', '11', '47', 'AMREEN JIWANI', '4', '1', '1989-07-08 00:00:00', '2', '2', 'Kensington Tower, Mindu Street, Upanga, Dar es Salaam, Tanzania.', '0692256535', '', 'amreen_jiwani@hotmail.com', 3, 1, '', '2023-02-15 00:00:00', '', 1, '1', '1', '7280442001', 1, '1', '47509219', '10', '10', 2, '0', '2023-05-01', '0', 1, '2', '2', 2, '0', '1.50', '1.50', '2.00', 2, '0', '0', '0', 2, '0', '4593513', 1, '0', '0', '0', '', '0', '1', '0', '1', '2023-05-17 00:00:00', '2023-06-05 00:00:00', 1, 0, '2025-02-14', 1, '15.00', '10199', '2023-02-15', 0, '2023-06-05', '0.00', '0.00', '0', 0, '0.00', '0.00', '0.00', '104027315', 1, '19890708-11101-00004-15', NULL, '', '', '001', 0, '', '', '', '', '', '', '121176882', 1, 1, '0', '2023-06-05', '2', '0', 0, 1, '', '', '', '', '', '', '', '', 0, '0.00', '0.00', '', 0, 0, '0'),
(14, '14', '10060', '4', '23', 'ANDREW BONIFACE JUMBE', '1', '1', '1986-10-31 00:00:00', '1', '2', 'MBAGALA CHAMAZI', '0714 613 610', '', 'Andrewboniface1986@gmail.com', 1, 1, '', '2019-03-01 00:00:00', '', 1, '1', '1', '7160484001', 1, '1', '65157990', '10', '10', 2, '0', '2023-05-01', '0', 1, '2', '2', 2, '0', '1.50', '1.50', '2.00', 2, '0', '0', '0', 1, '100000', '621527', 1, '0', '0', '0', '', '0', '1', '0', '1', '2023-05-17 00:00:00', '2023-07-06 00:00:00', 1, 1, '2023-07-06', 1, '15.00', '10060', '2019-03-01', 0, '2023-07-06', '0.00', '0.00', '0', 0, '0.00', '0.00', '0.00', '701200539', 0, '19861031-15128-00001-23', NULL, '', '', '001', 0, '', '', '', '', '', '', '142795159', 1, 1, '0', '2023-07-06', '2', '0', 0, 1, 'MARY STUAT TUPPA', '0655 356 074', 'MBAGALA CHAMAZI', 'WIFE', '', '', '', '', 0, '0.00', '0.00', '', 0, 0, '0'),
(15, '15', '10198', '21', '34', 'ANGELINA BASILI MAUKI', '1', '1', '1997-05-10 00:00:00', '2', '1', '', '', '', '', 3, 1, '', '2023-02-15 00:00:00', '', 1, '1', '1', '7286985001', 1, '1', '46467156', '10', '10', 2, '0', '2023-05-01', '0', 1, '2', '2', 2, '0', '1.50', '1.50', '2.00', 2, '0', '0', '0', 2, '0', '1043478', 1, '0', '0', '0', '', '0', '1', '0', '1', '2023-05-17 00:00:00', '2023-10-12 00:00:00', 1, 1, '2024-05-14', 1, '15.00', '10198', '2023-05-15', 0, '2023-10-12', '0.00', '0.00', '0', 0, '0.00', '0.00', '0.00', '203982594', 1, '19970510-25317-00001-18', NULL, '', '', '001', 0, '', '', '', '', '', '', '154940480', 1, 1, '0', '2023-10-12', '1', '0', 0, 1, '', '', '', '', '', '', '', '', 0, '0.00', '0.00', '', 0, 0, '0'),
(16, '16', '10022', '4', '18', 'ANSILA DOMINIKUS SANGA', '1', '1', '1983-06-06 00:00:00', '2', '2', 'MBEZI MATOSA', '0716 425 178', '', 'ansilasanga1983@gmail.com', 1, 1, '', '2016-02-15 00:00:00', '', 1, '1', '1', '7070548001', 1, '1', '61384909', '10', '10', 2, '0', '2023-05-01', '0', 1, '2', '2', 2, '0', '1.50', '1.50', '2.00', 2, '0', '0', '0', 1, '100000', '254990', 1, '0', '0', '0', '', '0', '1', '0', '1', '2023-05-17 00:00:00', '2023-07-17 00:00:00', 1, 1, '2023-07-17', 1, '15.00', '10022', '2016-02-15', 0, '2023-07-17', '0.00', '0.00', '0', 0, '0.00', '0.00', '0.00', '700750369', 0, '19830606-14123-00003-12', NULL, '', '', '001', 0, '', '', '', '', '', '', '142706164', 1, 1, '0', '2023-07-17', '2', '0', 0, 1, 'CHRISTINA EDWARD CHENGULA', '0744 918 337', 'SONGEA MADABA', 'SISTER', '', '', '', '', 0, '0.00', '0.00', '', 0, 0, '0'),
(17, '17', '10038', '21', '30', 'ARDO FRANCE KIHWILY', '1', '1', '1985-01-25 00:00:00', '1', '1', '', '', '', '', 1, 1, '', '2016-05-01 00:00:00', '', 1, '1', '1', '7076653001', 1, '1', '55886914', '10', '10', 2, '0', '2023-05-01', '0', 1, '2', '2', 2, '0', '1.50', '1.50', '2.00', 2, '0', '0', '0', 1, '100000', '391403', 1, '0', '0', '0', '', '0', '1', '0', '1', '2023-05-17 00:00:00', '2023-10-12 00:00:00', 1, 1, '2023-10-12', 1, '15.00', '10038', '2016-05-01', 0, '2023-10-12', '0.00', '0.00', '0', 0, '0.00', '0.00', '0.00', '900750382', 0, '19850125-15106-00004-26', NULL, '', '', '001', 0, '', '', '', '', '', '', '143145123', 1, 1, '0', '2023-10-12', '1', '0', 0, 1, '', '', '', '', '', '', '', '', 0, '0.00', '0.00', '', 0, 0, '0'),
(18, '18', '10014', '4', '18', 'ASHURA OMARI KAMOTE', '1', '1', '1977-09-12 00:00:00', '2', '2', 'MBAGALA CHARAMBE', '0713 336 810', '', 'ashurakamote1977@gmail.com', 1, 1, '', '2016-01-01 00:00:00', '', 1, '1', '1', '7073321001', 1, '1', '35289740', '10', '10', 2, '0', '2023-05-01', '0', 1, '2', '2', 2, '0', '1.50', '1.50', '2.00', 2, '0', '0', '0', 1, '100000', '319432', 1, '0', '0', '0', '', '0', '1', '0', '1', '2023-05-17 00:00:00', '2023-07-06 00:00:00', 1, 1, '2023-07-06', 1, '15.00', '10014', '2016-01-01', 0, '2023-07-06', '0.00', '0.00', '0', 0, '0.00', '0.00', '0.00', '900750359', 0, '19770912-14121-00001-11', NULL, '', '', '001', 0, '', '', '', '', '', '', '142718022', 1, 1, '0', '2023-07-06', '2', '0', 0, 1, 'SAIDI MOHAMMED', '0787 148 420', 'MBAGALA CHARAMBE', 'HUSBAND', '', '', '', '', 0, '0.00', '0.00', '', 0, 0, '0'),
(19, '19', '10078', '1', '33', 'ASIA RASHID MNEMBUKA', '1', '1', '1978-08-18 00:00:00', '2', '2', 'MAJIMATATU A, MBAGALA, DSM', '0783507115', '0655499795', '', 1, 1, '', '2020-08-01 00:00:00', '', 1, '1', '1', '7064728002', 1, '1', '58996419', '10', '10', 2, '0', '2023-05-01', '0', 1, '2', '2', 2, '0', '1.50', '1.50', '2.00', 2, '0', '0', '0', 1, '50000', '214081', 1, '0', '0', '0', '', '0', '1', '0', '1', '2023-05-17 00:00:00', '2023-07-17 00:00:00', 1, 1, '2023-07-17', 1, '15.00', '10078', '2020-08-01', 0, '2023-07-17', '0.00', '0.00', '0', 0, '0.00', '0.00', '0.00', '700750384', 0, '19780818-15130-00001-16', NULL, '', '', '001', 0, '', '', '', '', '', '', '142720167', 1, 1, '0', '2023-07-17', '1', '0', 0, 1, 'MWANSANI OMARI ABBASI', '0621 904 408', 'GONGO LA MBOTO', 'DAUGHTER', '', '', '', '', 0, '0.00', '0.00', '', 0, 0, '0'),
(20, '20', '10063', '16', '50', 'AUNALI MUKHTAR', '1', '1', '1994-06-15 00:00:00', '1', '2', '', '0714786313', '0714786313', 'aunali.mukhtar@gmail.com', 3, 1, '', '2019-07-15 00:00:00', '', 1, '1', '6', '7081716001', 1, '1', '61859605', '10', '10', 2, '0', '2023-05-01', '0', 1, '2', '2', 2, '0', '1.50', '1.50', '2.00', 2, '0', '0', '0', 2, '0', '6000000', 1, '0', '0', '0', '', '0', '1', '0', '1', '2023-05-17 00:00:00', '2023-06-10 00:00:00', 1, 0, '2023-07-14', 1, '15.00', '10063', '2023-01-01', 0, '2023-06-10', '0.00', '0.00', '0', 0, '0.00', '0.00', '0.00', '400795260', 1, '19940615-11105-00002-21', NULL, '', '', '025', 0, '', '', '', '', '', '', '130735320', 1, 1, '0', '2023-06-10', '1', '0', 0, 1, '', '', '', '', '', '', '', '', 0, '0.00', '0.00', '', 1, 0, '0'),
(21, '21', '10062', '1', '1', 'AZMINA SHAFFIN JAMAL', '1', '1', '1963-09-20 00:00:00', '2', '2', 'NO 19, ALY HASSAN MWINYI RD. PLOT NO 300/301 - E UPANGA, FLAT NO. 10', '0652 209 936', '0652 209 936', 'lc@aktz.org', 3, 1, '', '2019-07-15 00:00:00', '', 1, '1', '1', '7185997001', 1, '1', '66028078', '10', '10', 2, '0', '2023-05-01', '0', 1, '2', '2', 2, '0', '1.50', '1.50', '2.00', 2, '0', '0', '0', 2, '0', '1789193', 1, '0', '0', '0', '', '0', '1', '0', '1', '2023-05-17 00:00:00', '2023-10-09 00:00:00', 1, 0, '2024-07-14', 1, '15.00', '10062', '2023-01-01', 0, '2023-10-09', '0.00', '0.00', '0', 0, '0.00', '0.00', '0.00', '202033958', 1, '19630920-11102-00001-17', NULL, '', '', '001', 0, '', '', '', '', '', '', '116911388', 1, 1, '0', '2023-10-09', '1', '0', 0, 1, 'SHAFFIN A. JAMAL / SUHAIL JAMAL', '0786 178 710', 'NO 19, ALY HASSAN MWINYI RD. PLOT NO 300/301 - E UPANGA, FLAT NO. 10', 'HUSBAND / SON', '', '', '', '', 0, '0.00', '0.00', '', 0, 0, '0'),
(22, '22', '10027', '21', '22', 'BONIFACE LAKFODI  MCHIWA', '1', '1', '1978-02-15 00:00:00', '1', '1', '', '', '', '', 1, 1, '', '2016-05-01 00:00:00', '', 1, '1', '1', '7064686001', 1, '1', '32500181', '10', '10', 2, '0', '2023-05-01', '0', 1, '2', '2', 2, '0', '1.50', '1.50', '2.00', 2, '0', '0', '0', 1, '100000', '286770', 1, '0', '0', '0', '', '0', '1', '0', '1', '2023-05-17 00:00:00', '2023-10-12 00:00:00', 1, 1, '2023-10-12', 1, '15.00', '10027', '2016-05-01', 0, '2023-10-12', '0.00', '0.00', '0', 0, '0.00', '0.00', '0.00', '800750385', 0, '19780215-12114-00001-23', NULL, '', '', '001', 0, '', '', '', '', '', '', '144723104', 1, 1, '0', '2023-10-12', '1', '0', 0, 1, '', '', '', '', '', '', '', '', 0, '0.00', '0.00', '', 0, 0, '0'),
(23, '23', '10068', '16', '32', 'DANDE MOHAMED AMANI', '1', '1', '1969-08-18 00:00:00', '1', '2', '', '0713744348', '0713744348', '', 1, 1, '', '2020-08-01 00:00:00', '', 1, '1', '1', '7263952001', 1, '1', '30234697', '10', '10', 2, '0', '2023-05-01', '0', 1, '2', '2', 2, '0', '1.50', '1.50', '2.00', 2, '0', '0', '0', 1, '250000', '662324', 1, '0', '0', '0', '', '0', '1', '0', '1', '2023-05-17 00:00:00', '2023-06-10 00:00:00', 1, 1, '2023-06-10', 1, '15.00', '10068', '2020-08-01', 0, '2023-06-10', '0.00', '0.00', '0', 0, '0.00', '0.00', '0.00', '800729422', 0, '19690818-4105-00001-24', NULL, '', '', '001', 0, '', '', '', '', '', '', '128903992', 1, 1, '0', '2023-06-10', '1', '0', 0, 1, '', '', '', '', '', '', '', '', 0, '0.00', '0.00', '', 0, 0, '0'),
(24, '24', '10191', '7', '9', 'ENNARA ZAMIL BHANJI', '1', '1', '1998-11-15 00:00:00', '2', '1', '', '', '', 'ecdc@aktz.org', 3, 1, '', '2022-11-01 00:00:00', '', 1, '1', '1', '7282747001', 1, '1', '47173864', '10', '10', 2, '0', '2023-05-01', '0', 1, '2', '2', 2, '0', '1.50', '1.50', '2.00', 2, '0', '0', '0', 2, '0', '873430', 1, '0', '0', '0', '', '0', '1', '0', '1', '2023-05-17 00:00:00', '2023-10-09 00:00:00', 1, 1, '2023-10-31', 1, '15.00', '10191', '2022-11-01', 0, '2023-10-09', '0.00', '0.00', '0', 0, '0.00', '0.00', '0.00', '', 1, '19981115-11105-00001-19', NULL, '', '', '001', 0, '', '', '', '', '', '', '158950057', 1, 1, '0', '2023-10-09', '1', '0', 0, 1, '', '', '', '', '', '', '', '', 0, '0.00', '0.00', '', 0, 0, '0'),
(25, '25', '10190', '21', '22', 'EVANCE JOSEPH TEMBO', '1', '1', '2003-04-28 00:00:00', '1', '1', '', '', '', '', 3, 1, '', '2022-10-15 00:00:00', '', 1, '1', '1', '7280867001', 1, '1', '46448836', '10', '10', 2, '0', '2023-05-01', '0', 1, '2', '2', 2, '0', '1.50', '1.50', '2.00', 2, '0', '0', '0', 2, '0', '173913', 1, '0', '0', '0', '', '0', '1', '0', '1', '2023-05-17 00:00:00', '2023-07-06 00:00:00', 1, 1, '2024-04-14', 1, '15.00', '10190', '2023-04-15', 0, '2023-07-06', '0.00', '0.00', '0', 0, '0.00', '0.00', '0.00', '303427500', 1, '20030428-15108-00001-27', NULL, '', '', '001', 0, '', '', '', '', '', '', '154680632', 1, 1, '0', '2023-07-06', '1', '0', 0, 1, '', '', '', '', '', '', '', '', 0, '0.00', '0.00', '', 0, 0, '0'),
(26, '26', '10064', '16', '10', 'FAISAL ABDUL SHARIFF', '1', '1', '1978-09-27 00:00:00', '1', '2', '', '0744618822', '', 'shariff.faisal@gmail.com', 3, 1, '', '2019-12-02 00:00:00', '', 1, '1', '1', '7198724001', 1, '1', '39157903', '10', '10', 2, '0', '2023-05-01', '0', 1, '2', '2', 2, '0', '1.50', '1.50', '2.00', 2, '0', '0', '0', 2, '0', '3543322', 1, '0', '0', '0', '', '0', '1', '0', '1', '2023-05-17 00:00:00', '2023-06-10 00:00:00', 1, 1, '2024-07-31', 0, '0.00', '10064', '2022-08-01', 0, '2023-06-10', '0.00', '0.00', '0', 0, '0.00', '0.00', '0.00', '102146559', 1, '19780927-11102-00001-21', NULL, '', '', '001', 0, '', '', '', '', '', '', '118808185', 1, 1, '0', '2023-06-10', '1', '0', 0, 1, '', '', '', '', '', '', '', '', 0, '0.00', '0.00', '', 0, 0, '0'),
(27, '27', '10031', '21', '22', 'FRIDA KALINGA (ASHA)', '1', '1', '1976-12-30 00:00:00', '2', '1', '', '', '', '', 1, 1, '', '2016-05-01 00:00:00', '', 1, '1', '1', '7237192001', 1, '1', '55656471', '10', '10', 2, '0', '2023-05-01', '0', 1, '2', '2', 2, '0', '1.50', '1.50', '2.00', 2, '0', '0', '0', 1, '100000', '240000', 1, '0', '0', '0', '', '0', '1', '0', '1', '2023-05-17 00:00:00', '2023-07-06 00:00:00', 1, 1, '2023-07-06', 1, '15.00', '10031', '2016-05-01', 0, '2023-07-06', '0.00', '0.00', '0', 0, '0.00', '0.00', '0.00', '500750383', 0, '19761230-12109-00004-11', NULL, '', '', '001', 0, '', '', '', '', '', '', '145941628', 1, 1, '0', '2023-07-06', '1', '0', 0, 1, '', '', '', '', '', '', '', '', 0, '0.00', '0.00', '', 0, 0, '0'),
(28, '28', '10024', '4', '18', 'FATUMA HASSAN KOMBO', '1', '1', '1966-05-02 00:00:00', '2', '2', 'TANDIKA TEMEKE', '0717 153 991', '', 'fatumakombo1966@gmail.com', 1, 1, '', '2016-02-15 00:00:00', '', 1, '1', '1', '7070881001', 1, '1', '61384976', '10', '10', 2, '0', '2023-05-01', '0', 1, '2', '2', 2, '0', '1.50', '1.50', '2.00', 2, '0', '0', '0', 1, '100000', '254990', 1, '0', '0', '0', '', '0', '1', '0', '1', '2023-05-17 00:00:00', '2023-07-06 00:00:00', 1, 1, '2023-07-06', 1, '15.00', '10024', '2016-02-15', 0, '2023-07-06', '0.00', '0.00', '0', 0, '0.00', '0.00', '0.00', '300750371', 0, '19660502-15107-00002-10', NULL, '', '', '001', 0, '', '', '', '', '', '', '142701170', 1, 1, '0', '2023-07-06', '2', '0', 0, 1, 'RAJABU LISEKI', '0714 594 719', 'TANDIKA TEMEKE', 'SON', '', '', '', '', 0, '0.00', '0.00', '', 0, 0, '0'),
(29, '29', '10035', '21', '34', 'GENEROSE LAURIAN KABARUA', '1', '1', '1973-04-11 00:00:00', '2', '1', '', '', '', '', 1, 1, '', '2016-05-01 00:00:00', '', 1, '1', '1', '7077053001', 1, '1', '39621723', '10', '10', 2, '0', '2023-05-01', '0', 1, '2', '2', 2, '0', '1.50', '1.50', '2.00', 2, '0', '0', '0', 1, '100000', '950257', 1, '0', '0', '0', '', '0', '1', '0', '1', '2023-05-17 00:00:00', '2023-07-06 00:00:00', 1, 1, '2023-07-06', 1, '15.00', '10035', '2016-05-01', 0, '2023-07-06', '0.00', '0.00', '0', 0, '0.00', '0.00', '0.00', '700750387', 0, '19730411-15112-00001-18', NULL, '', '', '001', 0, '', '', '', '', '', '', '142833026', 1, 1, '0', '2023-07-06', '1', '0', 0, 1, '', '', '', '', '', '', '', '', 0, '0.00', '0.00', '', 0, 0, '0'),
(30, '30', '10037', '21', '22', 'HABEL LAKFORD MCHIWA', '1', '1', '1986-01-04 00:00:00', '1', '1', '', '', '', '', 1, 1, '', '2016-05-01 00:00:00', '', 1, '1', '1', '7064681001', 1, '1', '60866497', '10', '10', 2, '0', '2023-05-01', '0', 1, '2', '2', 2, '0', '1.50', '1.50', '2.00', 2, '0', '0', '0', 1, '100000', '222940', 1, '0', '0', '0', '', '0', '1', '0', '1', '2023-05-17 00:00:00', '2023-07-17 00:00:00', 1, 1, '2023-07-17', 1, '15.00', '10037', '2016-05-01', 0, '2023-07-17', '0.00', '0.00', '0', 0, '0.00', '0.00', '0.00', '300750388', 0, '19860104-15103-00001-21', NULL, '', '', '001', 0, '', '', '', '', '', '', '143227197', 1, 1, '0', '2023-07-17', '1', '0', 0, 1, '', '', '', '', '', '', '', '', 0, '0.00', '0.00', '', 0, 0, '0'),
(31, '31', '10181', '21', '34', 'HADIJA BAKARI MPONDA', '1', '1', '1997-10-25 00:00:00', '2', '1', '', '', '', '', 3, 1, '', '2022-11-22 00:00:00', '', 1, '1', '1', '7277859001', 1, '1', '46698144', '10', '10', 2, '0', '2023-05-01', '0', 1, '2', '2', 2, '0', '1.50', '1.50', '2.00', 2, '0', '0', '0', 2, '0', '1043478', 1, '0', '0', '0', '', '0', '1', '0', '1', '2023-05-17 00:00:00', '2023-07-06 00:00:00', 1, 0, '2023-11-21', 1, '15.00', '10181', '2022-11-22', 0, '2023-07-06', '0.00', '0.00', '0', 0, '0.00', '0.00', '0.00', '503317752', 1, '19971025-63521-00001-13', NULL, '', '', '001', 0, '', '', '', '', '', '', '156148679', 1, 1, '0', '2023-07-06', '1', '0', 0, 1, '', '', '', '', '', '', '', '', 0, '0.00', '0.00', '', 0, 0, '0'),
(32, '32', '10073', '9', '20', 'HAMISI O KIFYOMBO', '1', '1', '1968-08-13 00:00:00', '1', '1', 'ALLY HASSAN MWINYI, KIJITONYAMA', '0718 415 235', '', '', 1, 1, '', '2020-08-01 00:00:00', '', 1, '1', '1', '7037401001', 1, '1', '58473874', '10', '10', 2, '0', '2023-05-01', '0', 1, '2', '2', 2, '0', '1.50', '1.50', '2.00', 2, '0', '0', '0', 2, '0', '262703', 1, '0', '0', '0', '', '0', '1', '0', '1', '2023-05-17 00:00:00', '2023-10-09 00:00:00', 1, 1, '2023-10-09', 1, '15.00', '10073', '2020-08-01', 0, '2023-10-09', '0.00', '0.00', '0', 0, '0.00', '0.00', '0.00', '', 0, '19680813-14112-00004-18', NULL, '', '', '001', 0, '', '', '', '', '', '', '146692818', 1, 1, '0', '2023-10-09', '1', '0', 0, 1, 'MWAJUMA HAMISI', '0758 288 508', 'DUMILA MOROGORO', 'DAUGHTER', '', '', '', '', 0, '0.00', '0.00', '', 0, 0, '0'),
(33, '33', '10044', '4', '18', 'HAMISI OMARI BAWENI', '1', '1', '1983-04-23 00:00:00', '1', '2', 'TANDIKA AZIMIO', '0717 129 035', '', 'hamisibaweni1983@gmail.com', 1, 1, '', '2016-10-01 00:00:00', '', 1, '1', '1', '7087693001', 1, '1', '62135686', '10', '10', 2, '0', '2023-05-01', '0', 1, '2', '2', 2, '0', '1.50', '1.50', '2.00', 2, '0', '0', '0', 1, '100000', '254990', 1, '0', '0', '0', '', '0', '1', '0', '1', '2023-05-17 00:00:00', '2023-07-06 00:00:00', 1, 1, '2023-07-06', 1, '15.00', '10044', '2016-10-01', 0, '2023-07-06', '0.00', '0.00', '0', 0, '0.00', '0.00', '0.00', '500750376', 0, '19830423-15106-00002-27', NULL, '', '', '001', 0, '', '', '', '', '', '', '142783657', 1, 1, '0', '2023-07-06', '2', '0', 0, 1, 'TATU HAMISI KIBONGO', '0685 216 911', 'TANDIKA AZIMIO', 'MOTHER', '', '', '', '', 0, '0.00', '0.00', '', 0, 0, '0'),
(34, '34', '10012', '4', '45', 'HAMISI SULEIMAN RASHIDI', '1', '1', '1965-03-03 00:00:00', '1', '2', 'KIMARA BARUTI', '0654 655 670', '', 'hamisirashidi1965@gmail.com', 1, 1, '', '2016-01-01 00:00:00', '', 1, '1', '1', '7070545001', 1, '1', '33174032', '10', '10', 2, '0', '2023-05-01', '0', 1, '2', '2', 2, '0', '1.50', '1.50', '2.00', 2, '0', '0', '0', 1, '100000', '345041', 1, '0', '0', '0', '', '0', '1', '0', '1', '2023-05-17 00:00:00', '2023-07-06 00:00:00', 1, 1, '2023-07-06', 1, '15.00', '10012', '2016-01-01', 0, '2023-07-06', '0.00', '0.00', '0', 0, '0.00', '0.00', '0.00', '400750355', 0, '19650303-14120-00001-26', NULL, '', '', '001', 0, '', '', '', '', '', '', '142796341', 1, 1, '0', '2023-07-06', '2', '0', 0, 1, 'FATMA CHUMA BAKARI', '0752 304 343', 'KIMARA BARUTI', 'WIFE', '', '', '', '', 0, '0.00', '0.00', '', 0, 0, '0'),
(35, '35', '10017', '4', '18', 'HAMZA SAIDI HAMZA', '1', '1', '1973-04-30 00:00:00', '1', '2', 'MBAGALA CHAMAZI', '0783 358 469', '', 'hamzasaidihamza1973@gmail.com', 1, 1, '', '2016-01-01 00:00:00', '', 1, '1', '1', '7070882001', 1, '1', '33174016', '10', '10', 2, '0', '2023-05-01', '0', 1, '2', '2', 2, '0', '1.50', '1.50', '2.00', 2, '0', '0', '0', 1, '100000', '322447', 1, '0', '0', '0', '', '0', '1', '0', '1', '2023-05-17 00:00:00', '2023-07-18 00:00:00', 1, 1, '2023-07-18', 1, '15.00', '10017', '2016-01-01', 0, '2023-07-18', '0.00', '0.00', '0', 0, '0.00', '0.00', '0.00', '600750362', 0, '19730430-14116-00001-27', NULL, '', '', '001', 0, '', '', '', '', '', '', '142733943', 1, 1, '0', '2023-07-18', '2', '0', 0, 1, 'SULTANI SAIDI HAMZA', '0712 217 901', 'MLATI MABIBU', 'BROTHER', '', '', '', '', 0, '0.00', '0.00', '', 0, 0, '0'),
(36, '36', '36', '21', '15', 'HANIF MAWANI', '1', '1', '1965-04-19 00:00:00', '1', '2', '', '', '', '', 3, 1, '', '2018-01-01 00:00:00', '', 1, '1', '1', '5405442001', 1, '1', '64673936', '10', '10', 2, '0', '2023-05-01', '0', 1, '2', '2', 2, '0', '1.50', '1.50', '2.00', 2, '0', '0', '0', 2, '0', '2715338', 1, '0', '0', '0', '', '0', '1', '0', '1', '2023-05-17 00:00:00', '2023-10-12 00:00:00', 1, 1, '2023-12-31', 1, '15.00', '', '2023-01-01', 0, '2023-10-12', '0.00', '0.00', '0', 0, '0.00', '0.00', '0.00', '', 1, '19650419-67102-00001-20', NULL, '', '', '001', 0, '', '', '', '', '', '', '105605366', 1, 1, '0', '2023-10-12', '1', '0', 0, 1, '', '', '', '', '', '', '', '', 0, '0.00', '0.00', '', 0, 0, '0'),
(37, '37', '10028', '21', '22', 'HATIBU MOHAMMED TAMBALA', '1', '1', '1974-02-05 00:00:00', '1', '1', '', '', '', '', 1, 1, '', '2016-05-01 00:00:00', '', 1, '1', '1', '7064685001', 1, '1', '50084267', '10', '10', 2, '0', '2023-05-01', '0', 1, '2', '2', 2, '0', '1.50', '1.50', '2.00', 2, '0', '0', '0', 1, '100000', '240000', 1, '0', '0', '0', '', '0', '1', '0', '1', '2023-05-17 00:00:00', '2023-10-12 00:00:00', 1, 1, '2023-10-12', 1, '15.00', '10028', '2016-05-01', 0, '2023-10-12', '0.00', '0.00', '0', 0, '0.00', '0.00', '0.00', '100750389', 0, '19740205-15129-00003-27', NULL, '', '', '001', 0, '', '', '', '', '', '', '144719549', 1, 1, '0', '2023-10-12', '1', '0', 0, 1, '', '', '', '', '', '', '', '', 0, '0.00', '0.00', '', 0, 0, '0'),
(38, '38', '10081', '13', '32', 'IBRAHIM A. KOGGA', '1', '1', '1965-07-01 00:00:00', '1', '2', 'KISEMVULE', '0652 776 322 / 0783 294 169', '', '', 1, 1, '', '2020-08-01 00:00:00', '', 1, '1', '1', '7406058001', 1, '1', '29718023', '10', '10', 2, '0', '2023-05-01', '0', 1, '2', '2', 2, '0', '1.50', '1.50', '2.00', 2, '0', '0', '0', 2, '0', '420482', 1, '0', '0', '0', '', '0', '1', '0', '1', '2023-05-17 00:00:00', '2023-07-17 00:00:00', 1, 1, '2023-07-17', 1, '15.00', '10081', '2020-08-01', 0, '2023-07-17', '0.00', '0.00', '0', 0, '0.00', '0.00', '0.00', '600729445', 0, '19650701-15106-00124-27', NULL, '', '', '001', 0, '', '', '', '', '', '', '142730871', 1, 1, '0', '2023-07-17', '1', '0', 0, 1, 'KULWA SALUMU', '0655 262 436', 'CHANIKA', 'BROTHER', '', '', '', '', 0, '0.00', '0.00', '', 0, 0, '0'),
(39, '39', '10070', '6', '32', 'IGNAS RAPHAEL MLOKA (JUMA)', '1', '1', '1978-03-18 00:00:00', '1', '1', 'KIGOGO RUHANGA', '0712587280', '0712587280', '', 1, 1, '', '2020-08-01 00:00:00', '', 1, '1', '1', '7409505001', 1, '1', '56912358', '10', '10', 2, '0', '2023-05-01', '0', 1, '2', '2', 2, '0', '1.50', '1.50', '2.00', 2, '0', '0', '0', 1, '0', '311981', 1, '0', '0', '0', '', '0', '1', '0', '1', '2023-05-17 00:00:00', '2023-06-10 00:00:00', 1, 1, '2023-06-10', 1, '15.00', '10070', '2020-08-01', 0, '2023-06-10', '0.00', '0.00', '0', 0, '0.00', '0.00', '0.00', '800729433', 0, '19780318-14117-00001-28', NULL, '', '', '001', 0, '', '', '', '', '', '', '146697720', 1, 1, '0', '2023-06-10', '1', '0', 0, 1, 'MARIAM MLOKA', '0784 134 438', 'MBRHATI NHC', 'SISTER', '', '', '', '', 0, '0.00', '0.00', '', 0, 0, '0'),
(40, '40', '10051', '24', '25', 'IMRAN MAWJI', '1', '1', '1987-10-26 00:00:00', '1', '1', '', '', '', 'imct.accounts@aktz.org', 3, 1, '', '2017-10-01 00:00:00', '', 1, '1', '1', '7116037001', 1, '1', '57901511', '10', '10', 2, '0', '2023-05-01', '0', 1, '2', '2', 2, '0', '1.50', '1.50', '2.00', 2, '0', '0', '0', 2, '0', '2523478', 1, '0', '0', '0', '', '0', '1', '0', '1', '2023-05-17 00:00:00', '2023-08-31 00:00:00', 1, 0, '2023-09-30', 1, '15.00', '10051', '2022-10-01', 0, '2023-08-31', '0.00', '0.00', '0', 0, '0.00', '0.00', '0.00', '900750346', 1, '19871026-11102-00001-26', NULL, '', '', '001', 0, '', '', '', '', '', '', '142511770', 1, 1, '0', '2023-08-31', '2', '0', 0, 1, '', '', '', '', '', '', '', '', 0, '0.00', '0.00', '', 0, 0, '0'),
(41, '41', '10196', '21', '22', 'JACKLIN ALINDA MULOKOZI', '1', '1', '2000-05-09 00:00:00', '2', '1', '', '', '', '', 3, 1, '', '2023-02-01 00:00:00', '', 1, '1', '1', '7282469001', 1, '1', '47467250', '10', '10', 2, '0', '2023-05-01', '0', 1, '2', '2', 2, '0', '1.50', '1.50', '2.00', 2, '0', '0', '0', 2, '0', '200000', 1, '0', '0', '0', '', '0', '1', '0', '1', '2023-05-17 00:00:00', '2023-10-12 00:00:00', 1, 0, '2023-07-31', 0, '0.00', '10196', '2023-05-01', 0, '2023-10-12', '0.00', '0.00', '0', 0, '0.00', '0.00', '0.00', '703982598', 1, '20000509-15114-00002-13', NULL, '', '', '001', 0, '', '', '', '', '', '', '158910403', 1, 1, '0', '2023-10-12', '1', '0', 0, 1, '', '', '', '', '', '', '', '', 0, '0.00', '0.00', '', 0, 0, '0'),
(42, '42', '10023', '4', '18', 'JUMA ATHUMANI MKANGA', '1', '1', '1961-03-14 00:00:00', '1', '2', 'MAJOHI PUGU', '0679 777 262', '', 'jumamkanga1961@gmail.com', 1, 1, '', '2016-02-15 00:00:00', '', 1, '1', '1', '7070883001', 1, '1', '61384984', '10', '10', 2, '0', '2023-05-01', '0', 1, '2', '2', 2, '0', '1.50', '1.50', '2.00', 2, '0', '0', '0', 1, '100000', '254990', 1, '0', '0', '0', '', '0', '1', '0', '1', '2023-05-17 00:00:00', '2023-07-06 00:00:00', 1, 1, '2023-07-06', 1, '15.00', '10023', '2016-02-15', 0, '2023-07-06', '0.00', '0.00', '0', 0, '0.00', '0.00', '0.00', '100750370', 0, '19610314-12107-00001-21', NULL, '', '', '001', 0, '', '', '', '', '', '', '143768503', 1, 1, '0', '2023-07-06', '2', '0', 0, 1, 'FATUMA ABDALLAH MSOKA', '0692 024 342', 'MAJOHI PUGU', 'WIFE', '', '', '', '', 0, '0.00', '0.00', '', 0, 0, '0'),
(43, '43', '10004', '20', '24', 'KASIM KASSAMALI PATEL', '3', '1', '1961-12-02 00:00:00', '1', '2', '2ND FLOOR, COOPERATIVE BUILDING, AGGREY STREET, DSM', '0784 826 991', '', 'kasim1961@gmail.com', 3, 1, '', '2004-05-21 00:00:00', '', 1, '1', '1', '7403594001', 1, '1', '36213470', '10', '10', 2, '0', '2023-05-01', '0', 1, '2', '2', 2, '0', '1.50', '1.50', '2.00', 2, '0', '0', '0', 2, '0', '11620875', 1, '0', '0', '0', '', '0', '1', '0', '1', '2023-05-17 00:00:00', '2023-10-12 00:00:00', 1, 0, '2024-03-25', 0, '0.00', '10004', '2022-03-26', 0, '2023-10-12', '0.00', '0.00', '0', 0, '0.00', '0.00', '0.00', '200729426', 1, '19611202-11105-00001-29', NULL, '', '', '001', 0, '', '', '', '', '', '', '142540932', 1, 1, '0', '2023-10-12', '1', '0', 0, 1, 'KHAIRUNISHA KASIM PATEL', '(+91) 982 586 7701', '3, VALANI ESTATE, SHAH-E-ALAM TOLNAKA, AHMEDABAAD', 'WIFE', '', '', '', '', 0, '0.00', '0.00', '', 0, 0, '0'),
(44, '44', '10183', '24', '28', 'KHALIL ALNOOR DATOO', '1', '1', '1999-04-30 00:00:00', '1', '1', 'CRESCENT FLATS', '0756 601 743', '', 'khalildatoo2@gmail.com', 3, 1, '', '2022-08-01 00:00:00', '', 1, '1', '1', '7178202001', 1, '1', '66057086', '10', '10', 2, '0', '2023-05-01', '0', 1, '2', '2', 2, '0', '1.50', '1.50', '2.00', 2, '0', '0', '0', 2, '0', '2523120', 1, '0', '0', '0', '', '0', '1', '0', '1', '2023-05-17 00:00:00', '2023-08-31 00:00:00', 1, 1, '2024-07-31', 1, '15.00', '10183', '2023-01-01', 0, '2023-08-31', '0.00', '0.00', '0', 0, '0.00', '0.00', '0.00', '602016950', 1, '19990430-45113-00001-20', NULL, '', '', '001', 0, '', '', '', '', '', '', '124652642', 1, 1, '0', '2023-08-31', '2', '0', 0, 1, 'ZOHEB DATOO', '0788 423 701', 'CRESCENT FLATS', 'BROTHER', '', '', '', '', 0, '0.00', '0.00', '', 0, 0, '0'),
(45, '45', '10076', '2', '32', 'LUCAS THADEI MUHOMA', '1', '1', '1995-06-05 00:00:00', '1', '1', 'HSE 3 KIZOTA MTAA RELINI DODOMA', '0676693096', '0676693096', '', 1, 1, '', '2020-08-01 00:00:00', '', 1, '1', '10', '7116689001', 1, '1', '61247723', '10', '10', 2, '0', '2023-05-01', '0', 1, '2', '2', 2, '0', '1.50', '1.50', '2.00', 2, '0', '0', '0', 2, '0', '159102', 1, '0', '0', '0', '', '0', '1', '0', '1', '2023-05-17 00:00:00', '2023-07-17 00:00:00', 1, 0, '2023-07-17', 1, '15.00', '10076', '2020-08-01', 0, '2023-07-17', '0.00', '0.00', '0', 0, '0.00', '0.00', '0.00', '600802001', 0, '19950605-41114-00010-29', NULL, '', '', '009', 0, '', '', '', '', '', '', '142945851', 1, 1, '0', '2023-07-17', '1', '0', 0, 1, 'CRESENSIA LUCAS', '0654 091 614', 'DSM', 'MOTHER', '', '', '', '', 0, '0.00', '0.00', '', 0, 0, '0'),
(46, '46', '10069', '16', '17', 'MARIAM MLUGE JUMA', '1', '1', '1977-03-21 00:00:00', '2', '1', '', '0784134438', '0715142325', '', 1, 1, '', '2020-08-01 00:00:00', '', 1, '1', '1', '7407019001', 1, '1', '33090653', '10', '10', 2, '0', '2023-05-01', '0', 1, '2', '2', 2, '0', '1.50', '1.50', '2.00', 2, '0', '0', '0', 1, '180000', '505704', 1, '0', '0', '0', '', '0', '1', '0', '1', '2023-05-17 00:00:00', '2023-06-10 00:00:00', 1, 1, '2023-06-10', 1, '15.00', '10069', '2020-08-01', 0, '2023-06-10', '0.00', '0.00', '0', 0, '0.00', '0.00', '0.00', '200729423', 0, '19770321-14117-00001-10', NULL, '', '', '001', 0, '', '', '', '', '', '', '145112559', 1, 1, '0', '2023-06-10', '1', '0', 0, 1, '', '', '', '', '', '', '', '', 0, '0.00', '0.00', '', 0, 0, '0'),
(47, '47', '10015', '4', '37', 'MASHAKA PAULO MWASIPAJA', '1', '1', '1978-11-13 00:00:00', '1', '2', 'MBEZI KIBWEGELE', '0653 836 742', '', 'mashakamwasipaja1978@gmail.com', 1, 1, '', '2016-01-01 00:00:00', '', 1, '1', '1', '7071858001', 1, '1', '36608343', '10', '10', 2, '0', '2023-05-01', '0', 1, '2', '2', 2, '0', '1.50', '1.50', '2.00', 2, '0', '0', '0', 1, '100000', '281801', 1, '0', '0', '0', '', '0', '1', '0', '1', '2023-05-17 00:00:00', '2023-07-06 00:00:00', 1, 1, '2023-07-06', 1, '15.00', '10015', '2016-01-01', 0, '2023-07-06', '0.00', '0.00', '0', 0, '0.00', '0.00', '0.00', '300750360', 0, '19781113-14106-00002-27', NULL, '', '', '001', 0, '', '', '', '', '', '', '144650468', 1, 1, '0', '2023-07-06', '2', '0', 0, 1, 'AMINA PAULO', '0699 441 435', 'MAGOMENI KAGERA', 'MOTHER', '', '', '', '', 0, '0.00', '0.00', '', 0, 0, '0'),
(48, '48', '10176', '24', '29', 'MERISHA AMIN WALJI', '1', '1', '1991-06-18 00:00:00', '2', '1', '', '', '', 'imct.hr@aktz.org', 3, 1, '', '2021-12-27 00:00:00', '', 1, '1', '1', '7265348001', 1, '1', '45225349', '10', '10', 2, '0', '2023-05-01', '0', 1, '2', '2', 2, '0', '1.50', '1.50', '2.00', 2, '0', '0', '0', 2, '0', '3689000', 1, '0', '0', '0', '', '0', '1', '0', '1', '2023-05-17 00:00:00', '2023-08-31 00:00:00', 1, 0, '2023-12-26', 1, '15.00', '10176', '2021-12-27', 0, '2023-08-31', '0.00', '0.00', '0', 0, '0.00', '0.00', '0.00', '202757342', 1, '19910618-11105-00002-12', NULL, '', '', '001', 0, '', '', '', '', '', '', '141031481', 1, 1, '0', '2023-08-31', '2', '0', 0, 1, '', '', '', '', '', '', '', '', 0, '0.00', '0.00', '', 0, 0, '0'),
(49, '49', '10187', '24', '8', 'MINAZ ABDUL VIRJI', '1', '1', '1961-10-01 00:00:00', '1', '1', '', '', '', '', 3, 1, '', '2022-09-01 00:00:00', '', 1, '1', '1', '7405660001', 2, '0', '0', '0', '0', 2, '0', '2023-05-01', '0', 1, '2', '2', 2, '0', '1.50', '1.50', '2.00', 2, '0', '0', '0', 2, '0', '217391', 1, '0', '0', '0', '', '0', '1', '0', '1', '2023-05-17 00:00:00', '2023-10-12 00:00:00', 1, 1, '2023-08-31', 1, '15.00', '10187', '2022-09-01', 0, '2023-10-12', '0.00', '0.00', '0', 0, '0.00', '0.00', '0.00', '703732856', 1, '19611001-15103-00001-28', NULL, '', '', '001', 0, '', '', '', '', '', '', '114113409', 1, 1, '0', '2023-10-12', '2', '0', 0, 1, '', '', '', '', '', '', '', '', 0, '0.00', '0.00', '', 0, 0, '0'),
(50, '50', '10036', '21', '22', 'MIRAGY ALLY MHANDO', '1', '1', '1994-12-24 00:00:00', '1', '1', '', '', '', '', 1, 1, '', '2016-05-01 00:00:00', '', 1, '1', '1', '7064679001', 1, '1', '60114754', '10', '10', 2, '0', '2023-05-01', '0', 1, '2', '2', 2, '0', '1.50', '1.50', '2.00', 2, '0', '0', '0', 1, '100000', '207028', 1, '0', '0', '0', '', '0', '1', '0', '1', '2023-05-17 00:00:00', '2023-10-12 00:00:00', 1, 1, '2023-10-12', 1, '15.00', '10036', '2016-05-01', 0, '2023-10-12', '0.00', '0.00', '0', 0, '0.00', '0.00', '0.00', '200750393', 0, '19941224-14106-00001-21', NULL, '', '', '001', 0, '', '', '', '', '', '', '137315335', 1, 1, '0', '2023-10-12', '1', '0', 0, 1, '', '', '', '', '', '', '', '', 0, '0.00', '0.00', '', 0, 0, '0'),
(51, '51', '10019', '4', '18', 'MOHAMEDI JUMANNE KIHAMBWE', '1', '1', '1965-08-02 00:00:00', '1', '2', 'MBAGALA CHARAMBE', '0786 747 292', '', 'mohamedikihambwe1965@gmail.com', 1, 1, '', '2016-01-01 00:00:00', '', 1, '1', '1', '7070379001', 1, '1', '34737235', '10', '10', 2, '0', '2023-05-01', '0', 1, '2', '2', 2, '0', '1.50', '1.50', '2.00', 2, '0', '0', '0', 1, '100000', '358566', 1, '0', '0', '0', '', '0', '1', '0', '1', '2023-05-17 00:00:00', '2023-07-18 00:00:00', 1, 1, '2023-07-18', 1, '15.00', '10019', '2016-01-01', 0, '2023-07-18', '0.00', '0.00', '0', 0, '0.00', '0.00', '0.00', '900750364', 0, '19650802-15117-00001-23', NULL, '', '', '001', 0, '', '', '', '', '', '', '142689111', 1, 1, '0', '2023-07-18', '2', '0', 0, 1, 'HASSAN MOHAMMED', '0688 889 113', 'MBAGALA MBANDE', 'SON', '', '', '', '', 0, '0.00', '0.00', '', 0, 0, '0'),
(52, '52', '10194', '4', '38', 'MOSHI BAKARI MACHEPE', '1', '1', '1990-01-01 00:00:00', '1', '1', '', '', '', '', 3, 1, '', '2023-01-01 00:00:00', '', 1, '1', '1', '7287906001', 1, '1', '47404867', '10', '10', 2, '0', '2023-05-01', '0', 1, '2', '2', 2, '0', '1.50', '1.50', '2.00', 2, '0', '0', '0', 1, '100000', '344885', 1, '0', '0', '0', '', '0', '1', '0', '1', '2023-05-17 00:00:00', '2023-07-06 00:00:00', 1, 1, '2023-12-31', 1, '15.00', '10194', '2023-01-01', 0, '2023-07-06', '0.00', '0.00', '0', 0, '0.00', '0.00', '0.00', '203943861', 1, '', NULL, '', '', '001', 0, '', '', '', '', '', '', '154074325', 1, 1, '0', '2023-07-06', '2', '0', 0, 1, '', '', '', '', '', '', '', '', 0, '0.00', '0.00', '', 0, 0, '0'),
(53, '53', '10021', '4', '26', 'MOTTO HASSANI JUMA', '1', '1', '1964-06-05 00:00:00', '1', '2', 'G/MBOTO MZAMBARAUNI', '0717 838 613', '', 'mottojuma1964@gmail.com', 1, 1, '', '2016-02-15 00:00:00', '', 1, '1', '1', '7071856001', 1, '1', '61384968', '10', '10', 2, '0', '2023-05-01', '0', 1, '2', '2', 2, '0', '1.50', '1.50', '2.00', 2, '0', '0', '0', 1, '100000', '254990', 1, '0', '0', '0', '', '0', '1', '0', '1', '2023-05-17 00:00:00', '2023-07-06 00:00:00', 1, 1, '2023-07-06', 1, '15.00', '10021', '2016-02-15', 0, '2023-07-06', '0.00', '0.00', '0', 0, '0.00', '0.00', '0.00', '800750367', 0, '19640605-12121-00001-21', NULL, '', '', '001', 0, '', '', '', '', '', '', '143882543', 1, 1, '0', '2023-07-06', '2', '0', 0, 1, 'BISADI ISSA', '0719 418 506', 'G/MBOTO MZAMBARAUNI', 'WIFE', '', '', '', '', 0, '0.00', '0.00', '', 0, 0, '0'),
(54, '54', '10173', '13', '7', 'NABILA BHANJI', '1', '1', '1990-04-20 00:00:00', '2', '2', 'BAND STREET', '0786796223', '', 'bhanji.lizzy@gmail.com', 1, 1, '', '2021-09-01 00:00:00', '', 1, '1', '4', '7078600001', 1, '1', '59192755', '10', '10', 2, '0', '2023-05-01', '0', 1, '2', '2', 2, '0', '1.50', '1.50', '2.00', 2, '0', '0', '0', 2, '0', '2700146', 1, '0', '0', '0', '', '0', '1', '0', '1', '2023-05-17 00:00:00', '2023-07-17 00:00:00', 1, 0, '2023-07-17', 1, '15.00', '10173', '2021-09-01', 0, '2023-07-17', '0.00', '0.00', '0', 0, '0.00', '0.00', '0.00', '900750403', 0, '19900420-17107-00002-12', NULL, '', '', '005', 0, '', '', '', '', '', '', '139444264', 1, 1, '0', '2023-07-17', '1', '0', 0, 1, 'NAHID VALLI', '0688 406 484', 'BAND STREET', 'HUSBAND', '', '', '', '', 0, '0.00', '0.00', '', 0, 0, '0'),
(55, '55', '10197', '24', '31', 'NAWAZ AHAMEDALI SUMAR', '1', '1', '1967-04-22 00:00:00', '1', '2', '', '', '', 'ldcqol@aktz.org', 3, 1, '', '2023-02-13 00:00:00', '', 1, '1', '7', '7600282201', 1, '1', '50481851', '10', '10', 2, '0', '2023-05-01', '0', 1, '2', '2', 2, '0', '1.50', '1.50', '2.00', 2, '0', '0', '0', 2, '0', '5973775', 1, '0', '0', '0', '', '0', '1', '0', '1', '2023-05-17 00:00:00', '2023-10-16 00:00:00', 1, 1, '2025-02-12', 1, '15.00', '10197', '2023-02-13', 0, '2023-10-16', '0.00', '0.00', '0', 0, '0.00', '0.00', '0.00', '503982592', 1, '19670422-15104-00002-26', NULL, '', '', '027', 0, '', '', '', '', '', '', '100443791', 1, 1, '0', '2023-10-16', '2', '0', 0, 1, '', '', '', '', '', '', '', '', 0, '0.00', '0.00', '', 0, 0, '0'),
(56, '56', '10177', '24', '19', 'NELSON TANGANYIKA SAMBILIMWAYA', '1', '1', '1962-07-01 00:00:00', '1', '2', 'ILEMBO ST, MBEYA', '0756 492 953', '', '', 1, 1, '', '2022-04-01 00:00:00', '', 1, '1', '9', '7270236001', 1, '1', '29939968', '10', '10', 2, '0', '2023-05-01', '0', 1, '2', '2', 2, '0', '1.50', '1.50', '2.00', 2, '0', '0', '0', 2, '0', '130435', 1, '0', '0', '0', '', '0', '1', '0', '1', '2023-05-17 00:00:00', '2023-08-31 00:00:00', 1, 0, '2023-08-31', 1, '15.00', '10177', '2022-04-01', 0, '2023-08-31', '0.00', '0.00', '0', 0, '0.00', '0.00', '0.00', '703483126', 0, '19620701-53115-00037-29', NULL, '', '', '013', 0, '', '', '', '', '', '', '155870036', 1, 1, '0', '2023-08-31', '2', '0', 0, 1, 'VANESSA NELSON', '0782 040 573', 'ILEMBO ST, MBEYA', 'DAUGHTER', '', '', '', '', 0, '0.00', '0.00', '', 0, 0, '0'),
(57, '57', '10006', '8', '44', 'NISHMA AMIRALI NATHOO', '1', '1', '1977-10-15 00:00:00', '2', '1', 'CLOCK TOWER - SAMORA AVENUE', '0713611695', '0713611695', 'nishma_d@yahoo.co.uk', 1, 1, '', '2012-02-01 00:00:00', '', 1, '1', '1', '7407071001', 1, '1', '50264427', '10', '10', 2, '0', '2023-05-01', '0', 1, '2', '2', 2, '0', '1.50', '1.50', '2.00', 2, '0', '0', '0', 2, '0', '2501281', 1, '0', '0', '0', '', '0', '1', '0', '1', '2023-05-17 00:00:00', '2023-07-17 00:00:00', 1, 0, '2023-07-17', 1, '15.00', '10006', '2012-02-01', 0, '2023-07-17', '0.00', '0.00', '0', 0, '0.00', '0.00', '0.00', '900729430', 0, '19771015-11106-00001-16', NULL, '', '', '001', 0, '', '', '', '', '', '', '142727579', 1, 1, '0', '2023-07-17', '1', '0', 0, 1, 'HANIF AMIRALI NATHOO', '0787 200 099', 'UHURU STREET', 'BROTHER', '', '', '', '', 0, '0.00', '0.00', '', 0, 0, '0'),
(58, '58', '10005', '16', '16', 'NOOR ALI BARKET ALI', '4', '1', '1971-08-31 00:00:00', '1', '2', '', '', '', 'council.tanzania@aktz.org', 3, 1, '', '2011-09-07 00:00:00', '', 1, '1', '1', '7410338001', 1, '1', '56345992', '10', '10', 2, '0', '2023-05-01', '0', 1, '2', '2', 2, '0', '1.50', '1.50', '2.00', 2, '0', '0', '0', 2, '0', '24296250', 1, '0', '0', '0', '', '0', '1', '0', '1', '2023-05-17 00:00:00', '2023-07-17 00:00:00', 1, 1, '2025-12-31', 0, '0.00', '10005', '2023-01-01', 0, '2023-07-17', '0.00', '0.00', '0', 0, '0.00', '0.00', '0.00', '500729424', 1, '19710831-11103-00001-27', NULL, '', '', '001', 0, '', '', '', '', '', '', '146240941', 1, 1, '0', '2023-07-17', '1', '0', 0, 1, '', '', '', '', '', '', '', '', 0, '0.00', '0.00', '', 0, 0, '0'),
(59, '59', '10002', '6', '6', 'NURBANU RAHIM ANAND', '1', '1', '1976-07-19 00:00:00', '2', '2', 'MWANANCHI BUILDING NKURUMAH STREET', '0783333713', '0783333713', 'banuanand786@gmail.com', 1, 1, '', '2000-02-01 00:00:00', '', 1, '1', '1', '7409791001', 1, '1', '32026129', '10', '10', 2, '0', '2023-05-01', '0', 1, '2', '2', 2, '0', '1.50', '1.50', '2.00', 2, '0', '0', '0', 2, '0', '3852880', 1, '0', '0', '0', '', '0', '1', '0', '1', '2023-05-17 00:00:00', '2023-06-10 00:00:00', 1, 0, '2023-06-10', 1, '15.00', '10002', '2000-02-01', 0, '2023-06-10', '0.00', '0.00', '0', 0, '0.00', '0.00', '0.00', '700729432', 0, '19760719-11105-00001-18', NULL, '', '', '001', 0, '', '', '', '', '', '', '103760178', 1, 1, '0', '2023-06-10', '1', '0', 0, 1, 'RAHIM ANAND', '0769 786 222', 'MWANANCHI BUILDING NKURUMAH STREET', 'HUSBAND', '', '', '', '', 0, '0.00', '0.00', '', 0, 0, '0'),
(60, '60', '10058', '13', '25', 'NURFATIMA MEHBOOB MERALI', '1', '1', '1997-09-27 00:00:00', '2', '1', '', '', '', 'nurfatimamerali27@hotmail.com', 3, 1, '', '2018-12-10 00:00:00', '', 1, '1', '1', '7135246001', 1, '1', '64691411', '10', '10', 2, '0', '2023-05-01', '0', 1, '2', '2', 2, '0', '1.50', '1.50', '2.00', 2, '0', '0', '0', 2, '0', '2523478', 1, '0', '0', '0', '', '0', '1', '0', '1', '2023-05-17 00:00:00', '2023-07-17 00:00:00', 1, 0, '2022-12-11', 1, '15.00', '10058', '2024-12-10', 0, '2023-07-17', '0.00', '0.00', '0', 0, '0.00', '0.00', '0.00', '701059753', 1, '19970927-41102-00002-13', NULL, '', '', '001', 0, '', '', '', '', '', '', '125773818', 1, 1, '0', '2023-07-17', '1', '0', 0, 1, '', '', '', '', '', '', '', '', 0, '0.00', '0.00', '', 0, 0, '0');
INSERT INTO `employee` (`Id`, `EmpId`, `EmpBiometricId`, `DeptId`, `DesignationId`, `EmpFname`, `Nationality`, `Religion`, `DOB`, `Gender`, `Status`, `Address`, `MobileNo`, `TelNo`, `EmpEmail`, `EmpType`, `EmpStatus`, `InActiveReason`, `DateOfJoining`, `JobDescription`, `Bankchk`, `BankId`, `BranchId`, `BankNo`, `Pensionchk`, `PensionId`, `EmpPensionNo`, `EmpEmployerper`, `EmpEmployeeper`, `PreviousPensionAmountchk`, `PreviousPensionAmount`, `DateforCalc`, `BalanceDays`, `Absentchk`, `AbsentDedType`, `AbsentDedFrom`, `Latechk`, `LateDedFrom`, `OTRateDay`, `OTRateSat`, `OTRateSunHol`, `StartOTchk`, `StartOTDay`, `StartOTSat`, `StartOTSunHol`, `AdvanceSalarychk`, `AdvanceSalaryAmount`, `BasicSalary`, `EmpTimingType`, `ShiftType`, `WeekShiftId`, `SatShiftId`, `Password`, `UploadStatus`, `CompanyId`, `CreatedBy`, `ModifiedBy`, `CreatedDate`, `ModifiedDate`, `PayeExemptChk`, `OTGivenChk`, `EndDate`, `HouseAllowanceChk`, `HousingRate`, `CardId`, `CurrentContractDate`, `NHIFChk`, `NHIFDate`, `NHIFEmployerPer`, `NHIFEmployeePer`, `NHIFRegNo`, `NHIFAmtChk`, `NHIFEmployerAmt`, `NHIFEmployeeAmt`, `NHIFBasicSalary`, `WCFNo`, `ContractLanguage`, `NationalID`, `Image`, `HELSBIndexNo`, `HELSBNameUsed`, `BranchCode`, `Guarantorschk`, `EmpGuarantorName1`, `EmpGuarantorTel1`, `EmpGuarantorAdd1`, `EmpGuarantorName2`, `EmpGuarantorTel2`, `EmpGuarantorAdd2`, `EmpTin`, `ResidentialStatus`, `TaxType`, `InactiveType`, `InactiveDate`, `MainDivision`, `SubDivision`, `chkPaymentbyRate`, `NextToKinchk`, `NextToKinName1`, `NextToKinTel1`, `NextToKinAdd1`, `NextToKinRelation1`, `NextToKinName2`, `NextToKinTel2`, `NextToKinAdd2`, `NextToKinRelation2`, `chkCasualPayRateType`, `CasualDailyRate`, `CasualHourlyRate`, `UserName`, `IsHOD`, `chkAnotherHOD`, `AnotherHODId`) VALUES
(61, '61', '10033', '21', '22', 'NURU SELEMANI  RASHIDI', '1', '1', '1972-02-04 00:00:00', '2', '1', '', '', '', '', 1, 1, '', '2016-05-01 00:00:00', '', 1, '1', '1', '7064760001', 1, '1', '55656481', '10', '10', 2, '0', '2023-05-01', '0', 1, '2', '2', 2, '0', '1.50', '1.50', '2.00', 2, '0', '0', '0', 1, '100000', '226387', 1, '0', '0', '0', '', '0', '1', '0', '1', '2023-05-17 00:00:00', '2023-10-12 00:00:00', 1, 1, '2023-10-12', 1, '15.00', '10033', '2016-05-01', 0, '2023-10-12', '0.00', '0.00', '0', 0, '0.00', '0.00', '0.00', '500750394', 0, '19720204-14103-00001-10', NULL, '', '', '001', 0, '', '', '', '', '', '', '144720490', 1, 1, '0', '2023-10-12', '1', '0', 0, 1, '', '', '', '', '', '', '', '', 0, '0.00', '0.00', '', 0, 0, '0'),
(62, '62', '10077', '19', '32', 'NURU LINGA', '1', '1', '1980-04-04 00:00:00', '2', '2', 'MWANJELWA, MBEYA', '0755 077 253', '', '', 1, 1, '', '2020-08-01 00:00:00', '', 1, '1', '9', '7130048001', 1, '1', '50266497', '10', '10', 2, '0', '2023-05-01', '0', 1, '2', '2', 2, '0', '1.50', '1.50', '2.00', 2, '0', '0', '0', 2, '0', '279604', 1, '0', '0', '0', '', '0', '1', '0', '1', '2023-05-17 00:00:00', '2023-06-10 00:00:00', 1, 0, '2023-06-10', 1, '15.00', '10077', '2020-08-01', 0, '2023-06-10', '0.00', '0.00', '0', 0, '0.00', '0.00', '0.00', '200802000', 0, '19800404-53111-00002-14', NULL, '', '', '013', 0, '', '', '', '', '', '', '142628775', 1, 1, '0', '2023-06-10', '1', '0', 0, 1, 'AGNES LINGA', '0753 124 000', 'GHANA, MBEYA, TANZANIA', 'SISTER', '', '', '', '', 0, '0.00', '0.00', '', 0, 0, '0'),
(63, '63', '63', '11', '23', 'OMARI MOHAMEDI MBENA', '1', '1', '1990-06-06 00:00:00', '1', '2', 'KIMARA, MBEZI', '0788 653 561', '', '', 1, 1, '', '2017-08-01 00:00:00', '', 1, '1', '1', '7104432001', 1, '1', '62451804', '10', '10', 2, '0', '2023-05-01', '0', 1, '2', '2', 2, '0', '1.50', '1.50', '2.00', 2, '0', '0', '0', 1, '100000', '439730', 1, '0', '0', '0', '', '0', '1', '0', '1', '2023-05-17 00:00:00', '2023-06-05 00:00:00', 1, 1, '2023-06-05', 1, '15.00', '10050', '2017-08-01', 0, '2023-06-05', '0.00', '0.00', '0', 0, '0.00', '0.00', '0.00', '100750343', 0, '19900606-14105-00002-20', NULL, '', '', '001', 0, '', '', '', '', '', '', '142893258', 1, 1, '0', '2023-06-05', '2', '0', 0, 1, 'HABIBA ATHUMANI', '0686 194 979', 'KIMARA MBEZI', 'WIFE', '', '', '', '', 0, '0.00', '0.00', '', 0, 0, '0'),
(64, '64', '64', '11', '49', 'PASTON ONESMO MWENDA', '1', '2', '1982-08-07 00:00:00', '1', '2', 'GONGO LA MBOTO (MBONDOLE)', '0783 413 346', '', '', 1, 1, '', '2017-06-01 00:00:00', '', 1, '1', '5', '7100400001', 1, '1', '58381376', '10', '10', 2, '0', '2023-05-01', '0', 1, '2', '2', 2, '0', '1.50', '1.50', '2.00', 2, '0', '0', '0', 1, '100000', '358561', 1, '0', '0', '0', '', '0', '1', '0', '1', '2023-05-17 00:00:00', '2023-07-17 00:00:00', 1, 1, '2023-07-17', 1, '15.00', '10049', '2017-06-01', 0, '2023-07-17', '0.00', '0.00', '0', 0, '0.00', '0.00', '0.00', '300750342', 0, '19820807-14107-00001-21', NULL, '', '', '007', 0, '', '', '', '', '', '', '142540487', 1, 1, '0', '2023-07-17', '2', '0', 0, 1, 'ROSEMARY TRIFON', '0682 438 331', 'GONGO LA MBOTO(MBONDOLE)', 'WIFE', '', '', '', '', 0, '0.00', '0.00', '', 0, 0, '0'),
(65, '65', '10079', '20', '32', 'PETER RAFAEL MLOKA', '1', '1', '1980-10-23 00:00:00', '1', '1', 'MBEZI KWEMBE', '0689 295 884', '', '', 1, 1, '', '2020-08-01 00:00:00', '', 1, '1', '1', '7409554001', 1, '1', '39621715', '10', '10', 2, '0', '2023-05-01', '0', 1, '2', '2', 2, '0', '1.50', '1.50', '2.00', 2, '0', '0', '0', 1, '80000', '355312', 1, '0', '0', '0', '', '0', '1', '0', '1', '2023-05-17 00:00:00', '2023-07-17 00:00:00', 1, 1, '2023-07-17', 1, '15.00', '10079', '2020-08-01', 0, '2023-07-17', '0.00', '0.00', '0', 0, '0.00', '0.00', '0.00', '900750395', 0, '19801023-14116-00001-28', NULL, '', '', '001', 0, '', '', '', '', '', '', '142611740', 1, 1, '0', '2023-07-17', '1', '0', 0, 1, 'FRANCIS MLOKA', '0686 622 762', 'MBAGALA TEMEKE', 'BROTHER', '', '', '', '', 0, '0.00', '0.00', '', 0, 0, '0'),
(66, '66', '10026', '21', '22', 'PILI KOPWE ATHUMANI', '1', '1', '1964-08-09 00:00:00', '2', '1', '', '', '', '', 1, 1, '', '2016-05-01 00:00:00', '', 1, '1', '1', '7064725001', 1, '1', '39172880', '10', '10', 2, '0', '2023-05-01', '0', 1, '2', '2', 2, '0', '1.50', '1.50', '2.00', 2, '0', '0', '0', 1, '100000', '260509', 1, '0', '0', '0', '', '0', '1', '0', '1', '2023-05-17 00:00:00', '2023-10-12 00:00:00', 1, 1, '2023-10-12', 1, '15.00', '10026', '2016-05-01', 0, '2023-10-12', '0.00', '0.00', '0', 0, '0.00', '0.00', '0.00', '200750396', 0, '19640809-15103-00001-11', NULL, '', '', '001', 0, '', '', '', '', '', '', '144723627', 1, 1, '0', '2023-10-12', '1', '0', 0, 1, '', '', '', '', '', '', '', '', 0, '0.00', '0.00', '', 0, 0, '0'),
(67, '67', '10182', '4', '36', 'PIYUSH BHUPENDRA PATEL', '3', '3', '1969-11-07 00:00:00', '1', '2', 'UPANGA ALLY KHAN ROAD', '0673 008 627', '', 'patel711@hotmail.com', 3, 1, '', '2022-06-01 00:00:00', '', 1, '1', '1', '7273534001', 1, '1', '56062451', '10', '10', 2, '0', '2023-05-01', '0', 1, '2', '2', 2, '0', '1.50', '1.50', '2.00', 2, '0', '0', '0', 2, '0', '11031875', 1, '0', '0', '0', '', '0', '1', '0', '1', '2023-05-17 00:00:00', '2023-07-18 00:00:00', 1, 0, '2024-05-31', 0, '0.00', '10182', '2022-06-01', 0, '2023-07-18', '0.00', '0.00', '0', 0, '0.00', '0.00', '0.00', '403591542', 1, '19691107-33101-00001-27', NULL, '', '', '001', 0, '', '', '', '', '', '', '115052543', 1, 1, '0', '2023-07-18', '2', '0', 0, 1, 'AMI PATEL', '0785 163 614', 'KIGALI', 'WIFE', '', '', '', '', 0, '0.00', '0.00', '', 0, 0, '0'),
(68, '68', '10010', '13', '24', 'RAFIQ RAHEMAN GILANI', '4', '1', '1972-08-19 00:00:00', '1', '2', 'UPANGA GIRLS GUIDE BUILDING', '0687 659 971', '', 'rafiqgilani@hotmail.com', 3, 1, '', '2015-03-01 00:00:00', '', 1, '1', '1', '7038638001', 1, '1', '60024259', '10', '10', 2, '0', '2023-05-01', '0', 1, '2', '2', 2, '0', '1.50', '1.50', '2.00', 2, '0', '0', '0', 1, '1662500', '16074000', 1, '0', '0', '0', '', '0', '1', '0', '1', '2023-05-17 00:00:00', '2023-06-06 00:00:00', 1, 0, '2024-11-30', 0, '0.00', '10010', '2022-12-01', 0, '2023-06-06', '0.00', '0.00', '0', 0, '0.00', '0.00', '0.00', '200729439', 1, '19720819-11103-00001-24', NULL, '', '', '001', 0, '', '', '', '', '', '', '127248222', 1, 1, '0', '2023-06-06', '1', '0', 0, 1, 'KIRANI RAFIQ GILANI', '0676 406 601', 'UPANGA GIRLS GUIDE BUILDING', 'WIFE', '', '', '', '', 0, '0.00', '0.00', '', 1, 0, '0'),
(69, '69', '10193', '4', '18', 'RAJABU MOHAMMED MUHANDO', '1', '1', '1990-01-01 00:00:00', '1', '1', '', '', '', '', 3, 1, '', '2023-01-01 00:00:00', '', 1, '1', '1', '7290250001', 1, '1', '45140522', '10', '10', 2, '0', '2023-05-01', '0', 1, '2', '2', 2, '0', '1.50', '1.50', '2.00', 2, '0', '0', '0', 1, '100000', '173913', 1, '0', '0', '0', '', '0', '1', '0', '1', '2023-05-17 00:00:00', '2023-07-06 00:00:00', 1, 1, '2023-12-31', 1, '15.00', '10193', '2023-01-01', 0, '2023-07-06', '0.00', '0.00', '0', 0, '0.00', '0.00', '0.00', '203982589', 1, '', NULL, '', '', '001', 0, '', '', '', '', '', '', '105227264', 1, 1, '0', '2023-07-06', '2', '0', 0, 1, '', '', '', '', '', '', '', '', 0, '0.00', '0.00', '', 0, 0, '0'),
(70, '70', '10072', '9', '20', 'RAMADHAN  S SAIDI', '1', '1', '1962-07-01 00:00:00', '1', '2', 'DISWELA STREET, TANDALE', '0693 861 302', '', '', 1, 1, '', '2020-08-01 00:00:00', '', 1, '1', '1', '7414356001', 1, '1', '58605053', '10', '10', 2, '0', '2023-05-01', '0', 1, '2', '2', 2, '0', '1.50', '1.50', '2.00', 2, '0', '0', '0', 1, '0', '272330', 1, '0', '0', '0', '', '0', '1', '0', '1', '2023-05-17 00:00:00', '2023-10-09 00:00:00', 1, 1, '2023-10-09', 1, '15.00', '10072', '2020-08-01', 0, '2023-10-09', '0.00', '0.00', '0', 0, '0.00', '0.00', '0.00', '', 0, '19620701-14106-00006-28', NULL, '', '', '001', 0, '', '', '', '', '', '', '146689477', 1, 1, '0', '2023-10-09', '1', '0', 0, 1, 'NASMA RAMADHANI', '0653 787 141', 'MBAGALA', 'DAUGHTER', '', '', '', '', 0, '0.00', '0.00', '', 0, 0, '0'),
(71, '71', '10178', '24', '19', 'RASHIDI LEZA MWANZONJE', '1', '1', '1982-02-06 00:00:00', '1', '1', 'IZIWA, MBEYA', '0766 586 592', '', '', 1, 1, '', '2022-04-01 00:00:00', '', 1, '1', '9', '7270267001', 1, '1', '46663830', '10', '10', 2, '0', '2023-05-01', '0', 1, '2', '2', 2, '0', '1.50', '1.50', '2.00', 2, '0', '0', '0', 2, '0', '130435', 1, '0', '0', '0', '', '0', '1', '0', '1', '2023-05-17 00:00:00', '2023-08-31 00:00:00', 1, 0, '2023-08-31', 1, '15.00', '10178', '2022-04-01', 0, '2023-08-31', '0.00', '0.00', '0', 0, '0.00', '0.00', '0.00', '403483128', 0, '19820206-53132-00001-27', NULL, '', '', '013', 0, '', '', '', '', '', '', '145717310', 1, 1, '0', '2023-08-31', '2', '0', 0, 1, 'CHINA LEZA', '0713 360 727', 'IZIWA, MBEYA', 'BROTHER', '', '', '', '', 0, '0.00', '0.00', '', 0, 0, '0'),
(72, '72', '10047', '4', '23', 'RASHIDI RAMADHAN MSONDE', '1', '1', '1977-05-05 00:00:00', '1', '2', 'KIMARA BONYOKWA', '0675 110 331', '', 'rashidimsonde1977@gmail.com', 1, 1, '', '2017-05-01 00:00:00', '', 1, '1', '1', '7106080001', 1, '1', '63306190', '10', '10', 2, '0', '2023-05-01', '0', 1, '2', '2', 2, '0', '1.50', '1.50', '2.00', 2, '0', '0', '0', 1, '100000', '707139', 1, '0', '0', '0', '', '0', '1', '0', '1', '2023-05-17 00:00:00', '2023-07-06 00:00:00', 1, 1, '2023-07-06', 1, '15.00', '10047', '2017-05-01', 0, '2023-07-06', '0.00', '0.00', '0', 0, '0.00', '0.00', '0.00', '900750377', 0, '19770505-14120-00005-23', NULL, '', '', '001', 0, '', '', '', '', '', '', '128330585', 1, 1, '0', '2023-07-06', '2', '0', 0, 1, 'ASHURA MUSSA', '0685 464 811', 'KIMARA BONYOKWA', 'WIFE', '', '', '', '', 0, '0.00', '0.00', '', 0, 0, '0'),
(73, '73', '10175', '20', '6', 'RESHMA NAUSHAD KASSAM', '1', '1', '1979-04-16 00:00:00', '2', '2', '3RD FLOOR, HOUSE NO 41, MFAUME STREET, WEST UPANGA, DSM', '0739 737 462', '', 'kassamreshma@gmail.com', 3, 1, '', '2021-10-01 00:00:00', '', 1, '1', '12', '7205074001', 1, '1', '45009147', '10', '10', 2, '0', '2023-05-01', '0', 1, '2', '2', 2, '0', '1.50', '1.50', '2.00', 2, '0', '0', '0', 2, '0', '2284970', 1, '0', '0', '0', '', '0', '1', '0', '1', '2023-05-17 00:00:00', '2023-10-12 00:00:00', 1, 0, '2023-09-30', 0, '0.00', '10175', '2021-10-01', 0, '2023-10-12', '0.00', '0.00', '0', 0, '0.00', '0.00', '0.00', '403179946', 1, '19790416-11103-00001-13', NULL, '', '', '023', 0, '', '', '', '', '', '', '128127534', 1, 1, '0', '2023-10-12', '1', '0', 0, 1, 'NAUSHAD KASSAM', '0784 628 744', '3RD FLOOR, HOUSE NO 41, MFAUME STREET, WEST UPANGA, DSM', 'HUSBAND', '', '', '', '', 0, '0.00', '0.00', '', 0, 0, '0'),
(74, '74', '10052', '24', '25', 'RESHMA RAHIM ALLADIN', '1', '1', '1974-04-17 00:00:00', '2', '2', 'RICHMOND TOWER MINDU STREET', '0699 497 675', '', 'rjusab@hotmail.com', 3, 1, '', '2017-11-15 00:00:00', '', 1, '1', '1', '7069250001', 1, '1', '36119946', '10', '10', 2, '0', '2023-05-01', '0', 1, '2', '2', 2, '0', '1.50', '1.50', '2.00', 2, '0', '0', '0', 2, '0', '3228871', 1, '0', '0', '0', '', '0', '1', '0', '1', '2023-05-17 00:00:00', '2023-07-17 00:00:00', 1, 0, '2023-11-14', 1, '15.00', '10052', '2022-11-15', 0, '2023-07-17', '0.00', '0.00', '0', 0, '0.00', '0.00', '0.00', '400750373', 1, '19740417-11103-00002-12', NULL, '', '', '001', 0, '', '', '', '', '', '', '102632257', 1, 1, '0', '2023-07-17', '2', '0', 0, 1, 'RAHIM AMIRALI ALLADIN', '0785 444 094', 'RICHMOND TOWER MINDU STREET', 'HUSBAND', '', '', '', '', 0, '0.00', '0.00', '', 0, 0, '0'),
(75, '75', '10007', '10', '24', 'ROZMEEN SHAMSUDDIN SURANI', '1', '1', '1979-06-07 00:00:00', '2', '2', 'FLAT 10A, PLATINUM TOWER, MAZENGO STREE, UPANGA, DAR ES SALAAM', '0788 442 957', '0788 442 957', 'rozmeen.surani@gmail.com', 1, 1, '', '2013-07-01 00:00:00', '', 1, '1', '1', '7001843001', 1, '1', '58260481', '10', '10', 2, '0', '2023-05-01', '0', 1, '2', '2', 2, '0', '1.50', '1.50', '2.00', 2, '0', '0', '0', 2, '0', '16422250', 1, '0', '0', '0', '', '0', '1', '0', '1', '2023-05-17 00:00:00', '2023-06-06 00:00:00', 1, 0, '2023-06-06', 0, '0.00', '10007', '2013-07-01', 0, '2023-06-06', '0.00', '0.00', '0', 0, '0.00', '0.00', '0.00', '600729427', 0, '19790607-11103-00001-11', NULL, '', '', '001', 0, '', '', '', '', '', '', '146240968', 1, 1, '0', '2023-06-06', '1', '0', 0, 1, 'MUNIR NIZAR LADAK', '0768 973 562', 'FLAT 10A, PLATINUM TOWER, MAZENGO STREE, UPANGA, DAR ES SALAAM', 'HUSBAND', '', '', '', '', 0, '0.00', '0.00', '', 1, 0, '0'),
(76, '76', '10029', '21', '22', 'ROSE DANIELJOHN', '1', '1', '1979-07-01 00:00:00', '2', '1', '', '', '', '', 1, 1, '', '2016-05-01 00:00:00', '', 1, '1', '1', '7064677001', 1, '1', '50408585', '10', '10', 2, '0', '2023-05-01', '0', 1, '2', '2', 2, '0', '1.50', '1.50', '2.00', 2, '0', '0', '0', 1, '100000', '217281', 1, '0', '0', '0', '', '0', '1', '0', '1', '2023-05-17 00:00:00', '2023-10-12 00:00:00', 1, 1, '2023-10-12', 1, '15.00', '10029', '2016-05-01', 0, '2023-10-12', '0.00', '0.00', '0', 0, '0.00', '0.00', '0.00', '100750398', 0, '19790701-12102-00043-18', NULL, '', '', '001', 0, '', '', '', '', '', '', '143609820', 1, 1, '0', '2023-10-12', '1', '0', 0, 1, '', '', '', '', '', '', '', '', 0, '0.00', '0.00', '', 0, 0, '0'),
(77, '77', '10025', '21', '22', 'ROSE EDWARD  KESSY', '1', '1', '1971-07-01 00:00:00', '2', '1', '', '', '', '', 1, 1, '', '2016-05-01 00:00:00', '', 1, '1', '1', '7064722001', 1, '1', '39172902', '10', '10', 2, '0', '2023-05-01', '0', 1, '2', '2', 2, '0', '1.50', '1.50', '2.00', 2, '0', '0', '0', 1, '100000', '302585', 1, '0', '0', '0', '', '0', '1', '0', '1', '2023-05-17 00:00:00', '2023-10-12 00:00:00', 1, 1, '2023-10-12', 1, '15.00', '10025', '2016-05-01', 0, '2023-10-12', '0.00', '0.00', '0', 0, '0.00', '0.00', '0.00', '300750399', 0, '19710701-15114-00022-11', NULL, '', '', '001', 0, '', '', '', '', '', '', '143153061', 1, 1, '0', '2023-10-12', '1', '0', 0, 1, '', '', '', '', '', '', '', '', 0, '0.00', '0.00', '', 0, 0, '0'),
(78, '78', '10065', '21', '21', 'RUTH NATHANEL KIKWESH', '1', '1', '1986-07-10 00:00:00', '2', '1', '', '', '', '', 3, 1, '', '2020-02-01 00:00:00', '', 1, '1', '1', '7204977001', 1, '1', '63741377', '10', '10', 2, '0', '2023-05-01', '0', 1, '2', '2', 2, '0', '1.50', '1.50', '2.00', 2, '0', '0', '0', 1, '100000', '365685', 1, '0', '0', '0', '', '0', '1', '0', '1', '2023-05-17 00:00:00', '2023-07-06 00:00:00', 1, 0, '2024-01-31', 1, '15.00', '10065', '2023-02-01', 0, '2023-07-06', '0.00', '0.00', '0', 0, '0.00', '0.00', '0.00', '202202369', 1, '19860710-12107-00007-19', NULL, '', '', '001', 0, '', '', '', '', '', '', '143169464', 1, 1, '0', '2023-07-06', '1', '0', 0, 1, '', '', '', '', '', '', '', '', 0, '0.00', '0.00', '', 0, 0, '0'),
(79, '79', '10034', '20', '22', 'SADA BAKARI HUSSEIN', '1', '1', '1970-07-01 00:00:00', '2', '1', 'MBAGALA MAJI MATITU', '0713 014 089', '', '', 1, 1, '', '2016-05-01 00:00:00', '', 1, '1', '1', '7064682001', 1, '1', '39172899', '10', '10', 2, '0', '2023-05-01', '0', 1, '2', '2', 2, '0', '1.50', '1.50', '2.00', 2, '0', '0', '0', 1, '100000', '259360', 1, '0', '0', '0', '', '0', '1', '0', '1', '2023-05-17 00:00:00', '2023-07-17 00:00:00', 1, 1, '2023-07-17', 1, '15.00', '10034', '2016-05-01', 0, '2023-07-17', '0.00', '0.00', '0', 0, '0.00', '0.00', '0.00', '800750400', 0, '19700701-15130-00070-11', NULL, '', '', '001', 0, '', '', '', '', '', '', '142612690', 1, 1, '0', '2023-07-17', '1', '0', 0, 1, 'ABDALLAH BAKARI', '0679 576 948', 'KITONGA - MBANDE MBAGALA', 'SON', '', '', '', '', 0, '0.00', '0.00', '', 0, 0, '0'),
(80, '80', '10056', '24', '27', 'SADRUDDIN SHAHABUDDIN', '4', '1', '1972-02-26 00:00:00', '1', '2', '', '', '', 'imct@aktz.org', 3, 1, '', '2018-09-01 00:00:00', '', 1, '1', '1', '7134742001', 1, '1', '60963808', '10', '10', 2, '0', '2023-05-01', '0', 1, '2', '2', 2, '0', '1.50', '1.50', '2.00', 2, '0', '0', '0', 2, '0', '15601375', 1, '0', '0', '0', '', '0', '1', '0', '1', '2023-05-17 00:00:00', '2023-10-12 00:00:00', 1, 0, '2024-08-31', 0, '0.00', '10056', '2022-09-01', 0, '2023-10-12', '0.00', '0.00', '0', 0, '0.00', '0.00', '0.00', '100943718', 1, '19720326-33213-00001-27', NULL, '', '', '001', 0, '', '', '', '', '', '', '142502739', 1, 1, '0', '2023-10-12', '2', '0', 0, 1, '', '', '', '', '', '', '', '', 0, '0.00', '0.00', '', 0, 0, '0'),
(81, '81', '10074', '9', '20', 'SAIDI  A ELIAS', '1', '1', '1981-01-04 00:00:00', '1', '2', 'ANANASIFU, KINONDONI', '0675 869 577', '', '', 1, 1, '', '2020-08-01 00:00:00', '', 1, '1', '1', '7414360001', 1, '1', '58532838', '10', '10', 2, '0', '2023-05-01', '0', 1, '2', '2', 2, '0', '1.50', '1.50', '2.00', 2, '0', '0', '0', 1, '0', '272330', 1, '0', '0', '0', '', '0', '1', '0', '1', '2023-05-17 00:00:00', '2023-10-09 00:00:00', 1, 1, '2023-10-09', 1, '15.00', '10074', '2020-08-01', 0, '2023-10-09', '0.00', '0.00', '0', 0, '0.00', '0.00', '0.00', '', 0, '19810104-14109-00001-15', NULL, '', '', '001', 0, '', '', '', '', '', '', '147276648', 1, 1, '0', '2023-10-09', '1', '0', 0, 1, 'RAMADHANI SELEMANI', '0628 387 637', 'KINONDONI', 'UNCLE', '', '', '', '', 0, '0.00', '0.00', '', 0, 0, '0'),
(82, '82', '10018', '4', '18', 'SAIDI HASSAN MUSSA', '1', '1', '1963-06-06 00:00:00', '1', '2', 'MBAGALA KWAMBIKU', '0684 781 563', '', 'saidimussa1963@gmail.com', 1, 1, '', '2016-01-01 00:00:00', '', 1, '1', '1', '7070543001', 1, '1', '32477376', '10', '10', 2, '0', '2023-05-01', '0', 1, '2', '2', 2, '0', '1.50', '1.50', '2.00', 2, '0', '0', '0', 1, '100000', '387164', 1, '0', '0', '0', '', '0', '1', '0', '1', '2023-05-17 00:00:00', '2023-07-17 00:00:00', 1, 1, '2023-07-17', 1, '15.00', '10018', '2016-01-01', 0, '2023-07-17', '0.00', '0.00', '0', 0, '0.00', '0.00', '0.00', '200750363', 0, '19630606-15130-00001-22', NULL, '', '', '001', 0, '', '', '', '', '', '', '142791811', 1, 1, '0', '2023-07-17', '2', '0', 0, 1, 'AMINA JUMA', '0683 481 080', 'MBAGALA KWAMBIKU', 'WIFE', '', '', '', '', 0, '0.00', '0.00', '', 0, 0, '0'),
(83, '83', '10016', '4', '26', 'SAIDI RASHIDI NJINJILI', '1', '1', '1975-07-01 00:00:00', '1', '2', 'MWANADIRATU WILAYA YA MKULANGA', '0683 561 677', '', 'saidinjinjiri@gmail.com', 1, 1, '', '2016-01-01 00:00:00', '', 1, '1', '1', '7070452001', 1, '1', '36603392', '10', '10', 2, '0', '2023-05-01', '0', 1, '2', '2', 2, '0', '1.50', '1.50', '2.00', 2, '0', '0', '0', 1, '100000', '293848', 1, '0', '0', '0', '', '0', '1', '0', '1', '2023-05-17 00:00:00', '2023-07-06 00:00:00', 1, 1, '2023-07-06', 1, '15.00', '10016', '2016-01-01', 0, '2023-07-06', '0.00', '0.00', '0', 0, '0.00', '0.00', '0.00', '100750361', 0, '19750701-61504-00073-20', NULL, '', '', '001', 0, '', '', '', '', '', '', '146653170', 1, 1, '0', '2023-07-06', '2', '0', 0, 1, 'SALIMA SELEMANI', '0693 377 739', 'MWANADIRATU WILAYA YA MKULANGA', 'WIFE', '', '', '', '', 0, '0.00', '0.00', '', 0, 0, '0'),
(84, '84', '10201', '17', '39', 'SAIRA ABDULSULTANI JAMAL', '1', '1', '1987-06-29 00:00:00', '2', '1', '', '', '', '', 3, 1, '', '2023-03-01 00:00:00', '', 1, '1', '1', '7273874001', 1, '1', '38201089', '10', '10', 2, '0', '2023-05-01', '0', 1, '2', '2', 2, '0', '1.50', '1.50', '2.00', 2, '0', '0', '0', 2, '0', '2799172', 1, '0', '0', '0', '', '0', '1', '0', '1', '2023-05-17 00:00:00', '2023-07-06 00:00:00', 1, 0, '2025-02-28', 1, '15.00', '10201', '2023-03-01', 0, '2023-07-06', '0.00', '0.00', '0', 0, '0.00', '0.00', '0.00', '204027386', 1, '19870629-11108-00001-13', NULL, '', '', '001', 0, '', '', '', '', '', '', '147413025', 1, 1, '0', '2023-07-06', '1', '0', 0, 1, '', '', '', '', '', '', '', '', 0, '0.00', '0.00', '', 0, 0, '0'),
(85, '85', '85', '17', '40', 'SALIMA HARJI', '1', '1', '1962-02-04 00:00:00', '2', '1', '', '', '', 'pmqol@aktz.org', 3, 1, '', '2020-07-08 00:00:00', '', 1, '1', '1', '7405070002', 1, '1', '23586842', '10', '10', 2, '0', '2023-05-01', '0', 1, '2', '2', 2, '0', '1.50', '1.50', '2.00', 2, '0', '0', '0', 2, '0', '5567544', 1, '0', '0', '0', '', '0', '1', '0', '1', '2023-05-17 00:00:00', '2023-06-01 00:00:00', 1, 0, '2023-07-07', 1, '15.00', '10067', '2023-01-01', 0, '2023-06-01', '0.00', '0.00', '0', 0, '0.00', '0.00', '0.00', '101057883', 1, '19620204-11102-00001-11', NULL, '', '', '001', 0, '', '', '', '', '', '', '114424366', 1, 1, '0', '2023-06-01', '1', '0', 0, 1, '', '', '', '', '', '', '', '', 0, '0.00', '0.00', '', 0, 0, '0'),
(86, '86', '10001', '26', '35', 'SALIMA SHAFFIN SOMANI', '1', '1', '1969-11-23 00:00:00', '2', '2', 'NYERERE ROAD, MWANZA, 2613', '0713450678', '0789692389', 'selu231169@gmail.com', 1, 1, '', '1995-05-01 00:00:00', '', 1, '1', '2', '5000382440', 1, '1', '29210062', '10', '10', 2, '0', '2023-05-01', '0', 1, '2', '2', 2, '0', '1.50', '1.50', '2.00', 2, '0', '0', '0', 2, '0', '2625520', 1, '0', '0', '0', '', '0', '1', '0', '1', '2023-05-17 00:00:00', '2023-06-10 00:00:00', 1, 0, '2023-06-10', 1, '15.00', '0001', '1995-05-01', 0, '2023-06-10', '0.00', '0.00', '0', 0, '0.00', '0.00', '0.00', '100802002', 0, '19691123-33101-00001-12', NULL, '', '', '002', 0, '', '', '', '', '', '', '142440857', 1, 1, '0', '2023-06-10', '1', '0', 0, 1, 'SHAFFIN S. SOMANI', '0713 / 0787 640 138', 'NYERERE ROAD, MWANZA, 2613', 'HUSBAND', '', '', '', '', 0, '0.00', '0.00', '', 0, 0, '0'),
(87, '87', '10009', '13', '48', 'SHAIFA SUNDERJI', '1', '1', '1988-06-05 00:00:00', '2', '2', 'OCEAN ROAD', '0715 050 688', '', 'shaifa.bhanji@gmail.com', 1, 1, '', '2014-09-01 00:00:00', '', 1, '1', '1', '7405042001', 1, '1', '38935368', '10', '10', 2, '0', '2023-05-01', '0', 1, '2', '2', 2, '0', '1.50', '1.50', '2.00', 2, '0', '0', '0', 2, '0', '5664929', 1, '0', '0', '0', '', '0', '1', '0', '1', '2023-05-17 00:00:00', '2023-06-05 00:00:00', 1, 0, '2023-06-05', 1, '15.00', '10009', '2014-09-01', 0, '2023-06-05', '0.00', '0.00', '0', 0, '0.00', '0.00', '0.00', '202508769', 0, '19880605-11101-00003-17', NULL, '', '', '001', 0, '', '', '', '', '', '', '112385789', 1, 1, '0', '2023-06-05', '1', '0', 0, 1, 'SHAMEZ SUNDERJI', '0687 765 075', 'ALYKHAN ROAD', 'HUSBAND', '', '', '', '', 0, '0.00', '0.00', '', 0, 0, '0'),
(88, '88', '10061', '10', '13', 'SHALEEN SHAMASH DHALLA', '1', '1', '1994-10-15 00:00:00', '2', '2', '56, KIMWERI AVENUE, MSASANI', '0684 505 509', '', 'shaleen.d@hotmail.com', 3, 1, '', '2019-05-01 00:00:00', '', 1, '1', '1', '7053023001', 1, '1', '57565821', '10', '10', 2, '0', '2023-05-01', '0', 1, '2', '2', 2, '0', '1.50', '1.50', '2.00', 2, '0', '0', '0', 2, '0', '4869565', 1, '0', '0', '0', '', '0', '1', '0', '1', '2023-05-17 00:00:00', '2023-07-17 00:00:00', 1, 0, '2024-04-30', 1, '15.00', '10061', '2021-05-01', 0, '2023-07-17', '0.00', '0.00', '0', 0, '0.00', '0.00', '0.00', '300820894', 1, '19941015-11105-00001-10', NULL, '', '', '001', 0, '', '', '', '', '', '', '135359300', 1, 1, '0', '2023-07-17', '1', '0', 0, 1, 'NAVID ADATIA', '0684 506 005', '56, KIMWERI AVENUE, MSASANI', 'HUSBAND', '', '', '', '', 0, '0.00', '0.00', '', 0, 0, '0'),
(89, '89', '10008', '13', '2', 'SHEHZEEN SUNDERJI', '1', '1', '1990-03-16 00:00:00', '2', '2', '56 KIMWERI AVENUE, MSASANI', '0789 743 936', '', 'shezsunderji@gmail.com', 1, 1, '', '2013-09-01 00:00:00', '', 1, '1', '7', '7604517201', 1, '1', '55668909', '10', '10', 2, '0', '2023-05-01', '0', 1, '2', '2', 2, '0', '1.50', '1.50', '2.00', 2, '0', '0', '0', 2, '0', '10108129', 1, '0', '0', '0', '', '0', '1', '0', '1', '2023-05-17 00:00:00', '2023-07-17 00:00:00', 1, 0, '2023-07-17', 1, '15.00', '10008', '2013-09-01', 0, '2023-07-17', '0.00', '0.00', '0', 0, '0.00', '0.00', '0.00', '100729446', 0, '19900316-11101-00002-18', NULL, '', '', '027', 0, '', '', '', '', '', '', '114178780', 1, 1, '0', '2023-07-17', '1', '0', 0, 1, 'FAIZAL PREMJI', '0785 807 024', 'ALYKHAN ROAD', 'HUSBAND', '', '', '', '', 0, '0.00', '0.00', '', 0, 0, '0'),
(90, '90', '10066', '21', '34', 'SHUKIR AHMED IBRAHIM', '1', '1', '1994-09-02 00:00:00', '2', '1', '', '', '', '', 3, 1, '', '2020-02-01 00:00:00', '', 1, '1', '7', '7199677001', 1, '1', '65966309', '10', '10', 2, '0', '2023-05-01', '0', 1, '2', '2', 2, '0', '1.50', '1.50', '2.00', 2, '0', '0', '0', 2, '0', '1150749', 1, '0', '0', '0', '', '0', '1', '0', '1', '2023-05-17 00:00:00', '2023-07-17 00:00:00', 1, 0, '2025-01-31', 1, '15.00', '10066', '2023-02-01', 0, '2023-07-17', '0.00', '0.00', '0', 0, '0.00', '0.00', '0.00', '102202367', 1, '19940902-15107-00001-12', NULL, '', '', '027', 0, '', '', '', '', '', '', '145402166', 1, 1, '0', '2023-07-17', '1', '0', 0, 1, '', '', '', '', '', '', '', '', 0, '0.00', '0.00', '', 0, 0, '0'),
(91, '91', '10071', '9', '20', 'SHUKURU BINGO', '1', '1', '1963-03-05 00:00:00', '1', '2', 'ALLY HASSAN MWINYI, KIJITONYAMA', '0688 885 587', '', '', 1, 1, '', '2020-08-01 00:00:00', '', 1, '1', '1', '7414361001', 1, '1', '57343772', '10', '10', 2, '0', '2023-05-01', '0', 1, '2', '2', 2, '0', '1.50', '1.50', '2.00', 2, '0', '0', '0', 1, '0', '304370', 1, '0', '0', '0', '', '0', '1', '0', '1', '2023-05-17 00:00:00', '2023-10-09 00:00:00', 1, 1, '2023-10-09', 1, '15.00', '10071', '2020-08-01', 0, '2023-10-09', '0.00', '0.00', '0', 0, '0.00', '0.00', '0.00', '', 0, '19630305-14112-00001-21', NULL, '', '', '001', 0, '', '', '', '', '', '', '146775128', 1, 1, '0', '2023-10-09', '1', '0', 0, 1, 'NEEMA MOHAMED', '0764 104 975', 'TANDALE', 'WIFE', '', '', '', '', 0, '0.00', '0.00', '', 0, 0, '0'),
(92, '92', '10046', '24', '4', 'STELLA HENRY LEMA', '1', '1', '1966-11-18 00:00:00', '2', '1', '', '', '', '', 3, 1, '', '2017-05-01 00:00:00', '', 2, '0', '0', '', 1, '1', '37291874', '10', '10', 2, '0', '2023-05-01', '0', 1, '2', '2', 2, '0', '1.50', '1.50', '2.00', 2, '0', '0', '0', 2, '0', '502941', 1, '0', '0', '0', '', '0', '1', '0', '1', '2023-05-17 00:00:00', '2023-07-06 00:00:00', 1, 1, '2023-12-31', 1, '15.00', '10046', '2023-01-01', 0, '2023-07-06', '0.00', '0.00', '0', 0, '0.00', '0.00', '0.00', '600750344', 1, '19661118-25212-00001-13', NULL, '', '', '', 0, '', '', '', '', '', '', '119644488', 1, 1, '0', '2023-07-06', '2', '0', 0, 1, '', '', '', '', '', '', '', '', 0, '0.00', '0.00', '', 0, 0, '0'),
(93, '93', '10184', '13', '46', 'TASLEEMA ARIF HARJI', '1', '1', '1973-11-17 00:00:00', '2', '2', 'FIRE -MUHIMBILI AREA', '0712 171 173 / 0687 870 815', '', 'tasleemaharjee@gmail.com', 3, 1, '', '2022-08-01 00:00:00', '', 1, '1', '1', '5401622006', 1, '1', '46987122', '10', '10', 2, '0', '2023-05-01', '0', 1, '2', '2', 2, '0', '1.50', '1.50', '2.00', 2, '0', '0', '0', 2, '0', '2523120', 1, '0', '0', '0', '', '0', '1', '0', '1', '2023-05-17 00:00:00', '2023-07-17 00:00:00', 1, 0, '2023-07-31', 1, '15.00', '10184', '2022-08-01', 0, '2023-07-17', '0.00', '0.00', '0', 0, '0.00', '0.00', '0.00', '40370588', 1, '19731117-11103-00001-14', NULL, '', '', '001', 0, '', '', '', '', '', '', '102872681', 1, 1, '0', '2023-07-17', '1', '0', 0, 1, '', '', '', '', '', '', '', '', 0, '0.00', '0.00', '', 0, 0, '0'),
(94, '94', '10013', '4', '45', 'VENANCE MICHAEL KIRUU', '1', '1', '1972-08-08 00:00:00', '1', '2', 'KITUNDA MACHIMBO', '0656 143 592', '', 'venancekiruu1972@gmail.com', 1, 1, '', '2016-01-01 00:00:00', '', 1, '1', '1', '7070546001', 1, '1', '34737219', '10', '10', 2, '0', '2023-05-01', '0', 1, '2', '2', 2, '0', '1.50', '1.50', '2.00', 2, '0', '0', '0', 1, '100000', '331476', 1, '0', '0', '0', '', '0', '1', '0', '1', '2023-05-17 00:00:00', '2023-07-17 00:00:00', 1, 1, '2023-07-17', 1, '15.00', '10013', '2016-01-01', 0, '2023-07-17', '0.00', '0.00', '0', 0, '0.00', '0.00', '0.00', '200750357', 0, '19720808-12121-00001-29', NULL, '', '', '001', 0, '', '', '', '', '', '', '143014215', 1, 1, '0', '2023-07-17', '2', '0', 0, 1, 'JOSEPH KIRUU', '0688 932 852', 'KITUNDA MACHIMBO', 'BROTHER', '', '', '', '', 0, '0.00', '0.00', '', 0, 0, '0'),
(95, '95', '10075', '26', '32', 'WILLIAM MUGETTA MATHAYO', '1', '1', '1955-02-14 00:00:00', '1', '2', 'NYAMHONGORO', '0786788335', '0786788335', '', 1, 1, '', '2020-08-01 00:00:00', '', 1, '1', '11', '7129925001', 2, '0', '0', '0', '0', 2, '0', '2023-05-01', '0', 1, '2', '2', 2, '0', '1.50', '1.50', '2.00', 2, '0', '0', '0', 2, '0', '509979', 1, '0', '0', '0', '', '0', '1', '0', '1', '2023-05-17 00:00:00', '2023-06-10 00:00:00', 1, 0, '2023-06-10', 1, '15.00', '10075', '2020-08-01', 0, '2023-06-10', '0.00', '0.00', '0', 0, '0.00', '0.00', '0.00', '300802003', 0, '19550214-33224-00001-20', NULL, '', '', '024', 0, '', '', '', '', '', '', '143048152', 1, 1, '0', '2023-06-10', '1', '0', 0, 1, 'PENINA WILLIAM', '0782 295 096', 'NYAMHONGORO', 'WIFE', '', '', '', '', 0, '0.00', '0.00', '', 0, 0, '0'),
(96, '96', '10003', '13', '42', 'ZAHUR DHANANI', '1', '1', '1955-07-17 00:00:00', '1', '2', 'MOSQUE STREET', '0787 001 600', '', 'cictz@hotmail.com', 1, 1, '', '2003-05-01 00:00:00', '', 1, '1', '1', '7132560001', 1, '1', '35405902', '10', '10', 2, '0', '2023-05-01', '0', 1, '2', '2', 2, '0', '1.50', '1.50', '2.00', 2, '0', '0', '0', 2, '0', '3676613', 1, '0', '0', '0', '', '0', '1', '0', '1', '2023-05-17 00:00:00', '2023-06-06 00:00:00', 1, 0, '2023-06-06', 1, '15.00', '10003', '2003-05-01', 0, '2023-06-06', '0.00', '0.00', '0', 0, '0.00', '0.00', '0.00', '900729443', 0, '19550717-11105-00001-20', NULL, '', '', '001', 0, '', '', '', '', '', '', '101823113', 1, 1, '0', '2023-06-06', '1', '0', 0, 1, 'SAIRA ZAHUR DHANANI', '0688 929 134', 'MOSQUE STREET', 'WIFE', '', '', '', '', 0, '0.00', '0.00', '', 0, 0, '0'),
(97, '97', '10030', '21', '22', 'ZAITUN HEMED MBETU', '1', '1', '1974-06-12 00:00:00', '2', '1', '', '', '', '', 1, 1, '', '2016-05-01 00:00:00', '', 1, '1', '1', '7064684001', 1, '1', '56938624', '10', '10', 2, '0', '2023-05-01', '0', 1, '2', '2', 2, '0', '1.50', '1.50', '2.00', 2, '0', '0', '0', 1, '100000', '177293', 1, '0', '0', '0', '', '0', '1', '0', '1', '2023-05-17 00:00:00', '2023-07-06 00:00:00', 1, 1, '2023-07-06', 1, '15.00', '10030', '2016-05-01', 0, '2023-07-06', '0.00', '0.00', '0', 0, '0.00', '0.00', '0.00', '500750402', 0, '19740612-15106-00005-11', NULL, '', '', '001', 0, '', '', '', '', '', '', '149524118', 1, 1, '0', '2023-07-06', '1', '0', 0, 1, '', '', '', '', '', '', '', '', 0, '0.00', '0.00', '', 0, 0, '0'),
(98, '98', '10042', '1', '41', 'ZULEKHA DHANANI', '1', '1', '1983-08-17 00:00:00', '2', '1', '36 INDIA STREET, PLOT 138/141, GARDEN AVENUE PROPERTIES, KITKAT BUILDING, 2ND FLOOR. FLAT NO 7.', '0683231017', '', 'zndhanani@gmail.com', 1, 1, '', '2016-08-01 00:00:00', '', 1, '1', '1', '7016549001', 1, '1', '34745165', '10', '10', 2, '0', '2023-05-01', '0', 1, '2', '2', 2, '0', '1.50', '1.50', '2.00', 2, '0', '0', '0', 2, '0', '3370638', 1, '0', '0', '0', '', '0', '1', '0', '1', '2023-05-17 00:00:00', '2023-06-10 00:00:00', 1, 0, '2023-06-10', 1, '15.00', '10042', '2016-08-01', 0, '2023-06-10', '0.00', '0.00', '0', 0, '0.00', '0.00', '0.00', '400750340', 0, '19830817-11105-00001-13', NULL, '', '', '001', 0, '', '', '', '', '', '', '131181019', 1, 1, '0', '2023-06-10', '1', '0', 0, 1, 'ALYKHAN DHANANI', '0624 991 786', '36 INDIA STREET, PLOT 138/141, GARDEN AVENUE PROPERTIES, KITKAT BUILDING, 2ND FLOOR. FLAT NO 7.', 'BROTHER', '', '', '', '', 0, '0.00', '0.00', '', 0, 0, '0'),
(99, '99', NULL, '3', '3', 'Fatma', '1', '1', '1990-01-01 00:00:00', '2', '1', 'Azikiwe\r\nPlot 21', NULL, NULL, 'fatmarazahussein@gmail.com', 1, 1, NULL, '2024-03-01 00:00:00', NULL, 1, '1', '1', '3456789876543223456', 1, '1', '897887676', '10', '10', 0, NULL, NULL, NULL, 1, '2', '1', 0, '1', '1.50', '1.50', '2.00', 0, '0', '0', '0', 0, NULL, '2500000', 0, '0', '0', '0', NULL, NULL, '1', NULL, NULL, NULL, NULL, 1, 1, '1970-01-01', 0, '15.00', NULL, '1970-01-01', 1, '2024-01-01', '3.00', '3.00', '1234567890', 0, NULL, NULL, NULL, NULL, NULL, NULL, 'http://localhost:86/payroll-mysql/assets/uploads/user/e0c5f46552001ba47972310b5c02e642.png', NULL, NULL, NULL, 1, NULL, NULL, NULL, NULL, NULL, NULL, '123456789', 1, 1, NULL, '1970-01-01', NULL, NULL, 0, 1, NULL, NULL, NULL, NULL, NULL, NULL, NULL, NULL, 0, '0.00', '0.00', NULL, 0, 0, NULL),
(100, '100', NULL, '2', '17', 'casual testing', NULL, NULL, NULL, '1', NULL, NULL, NULL, NULL, NULL, 2, 1, NULL, '2024-01-01 00:00:00', NULL, 0, NULL, NULL, NULL, 0, NULL, NULL, NULL, NULL, NULL, NULL, NULL, NULL, NULL, NULL, NULL, NULL, NULL, NULL, NULL, NULL, NULL, NULL, NULL, NULL, NULL, NULL, NULL, NULL, NULL, NULL, NULL, NULL, NULL, '1', NULL, NULL, NULL, NULL, NULL, NULL, NULL, NULL, NULL, NULL, NULL, NULL, NULL, NULL, NULL, NULL, NULL, NULL, NULL, NULL, NULL, NULL, NULL, 'http://localhost:86/payroll-mysql/assets/uploads/user/9f2e1312b8cff5ea67de57bddf17ab48.png', NULL, NULL, NULL, NULL, NULL, NULL, NULL, NULL, NULL, NULL, NULL, 1, 1, NULL, NULL, NULL, NULL, NULL, NULL, NULL, NULL, NULL, NULL, NULL, NULL, NULL, NULL, 1, '3500.00', NULL, NULL, NULL, NULL, NULL);

-- --------------------------------------------------------

--
-- Table structure for table `employeehistory`
--

CREATE TABLE `employeehistory` (
  `Id` decimal(18,0) NOT NULL,
  `EmpId` decimal(18,0) DEFAULT NULL,
  `DeptId` decimal(18,0) DEFAULT NULL,
  `DesignationId` decimal(18,0) DEFAULT NULL,
  `EmpFname` varchar(50) DEFAULT NULL,
  `Nationality` int(11) DEFAULT NULL,
  `Religion` int(11) DEFAULT NULL,
  `DOB` datetime DEFAULT NULL,
  `Gender` decimal(18,0) DEFAULT NULL,
  `Status` decimal(18,0) DEFAULT NULL,
  `Address` varchar(150) DEFAULT NULL,
  `MobileNo` varchar(50) DEFAULT NULL,
  `TelNo` varchar(50) DEFAULT NULL,
  `EmpEmail` varchar(150) DEFAULT NULL,
  `EmpType` int(11) DEFAULT NULL,
  `EmpStatus` int(11) DEFAULT NULL,
  `InActiveReason` varchar(150) DEFAULT NULL,
  `DateOfJoining` date DEFAULT NULL,
  `JobDescription` varchar(150) NOT NULL,
  `Bankchk` int(11) DEFAULT NULL,
  `BankId` decimal(18,0) DEFAULT NULL,
  `BranchId` decimal(18,0) DEFAULT NULL,
  `BankNo` longtext DEFAULT NULL,
  `Pensionchk` int(11) DEFAULT NULL,
  `PensionId` decimal(18,0) DEFAULT NULL,
  `EmpPensionNo` decimal(18,0) DEFAULT NULL,
  `EmpEmployerper` decimal(18,0) DEFAULT NULL,
  `EmpEmployeeper` decimal(18,0) DEFAULT NULL,
  `PensionDeductedFrom` varchar(50) DEFAULT NULL,
  `PreviousPensionAmountchk` int(11) DEFAULT NULL,
  `PreviousPensionAmount` decimal(18,0) DEFAULT NULL,
  `DateforCalc` date DEFAULT NULL,
  `BalanceDays` decimal(18,0) DEFAULT NULL,
  `Absentchk` int(11) DEFAULT NULL,
  `AbsentDedType` int(11) DEFAULT NULL,
  `AbsentDedFrom` int(11) DEFAULT NULL,
  `Latechk` int(11) DEFAULT NULL,
  `LateDedFrom` int(11) DEFAULT NULL,
  `OTRateDay` decimal(18,0) DEFAULT NULL,
  `OTRateSat` decimal(18,0) DEFAULT NULL,
  `OTRateSunHol` decimal(18,0) DEFAULT NULL,
  `StartOTchk` int(11) DEFAULT NULL,
  `StartOTDay` decimal(16,2) DEFAULT NULL,
  `StartOTSat` decimal(16,2) DEFAULT NULL,
  `StartOTSunHol` decimal(16,2) DEFAULT NULL,
  `AdvanceSalarychk` int(11) DEFAULT NULL,
  `AdvanceSalaryAmount` decimal(18,0) DEFAULT NULL,
  `BasicSalary` decimal(18,0) DEFAULT NULL,
  `EmpTimingType` int(11) DEFAULT NULL,
  `ShiftType` int(11) DEFAULT NULL,
  `WeekShiftId` decimal(18,0) DEFAULT NULL,
  `SatShiftId` decimal(18,0) DEFAULT NULL,
  `UploadStatus` decimal(18,0) DEFAULT NULL,
  `Password` varchar(50) DEFAULT NULL,
  `CompanyId` decimal(18,0) DEFAULT NULL,
  `CreatedBy` decimal(18,0) DEFAULT NULL,
  `CreatedDate` datetime DEFAULT NULL,
  `Image` longblob DEFAULT NULL
) ENGINE=InnoDB DEFAULT CHARSET=utf8mb4;

--
-- Dumping data for table `employeehistory`
--

INSERT INTO `employeehistory` (`Id`, `EmpId`, `DeptId`, `DesignationId`, `EmpFname`, `Nationality`, `Religion`, `DOB`, `Gender`, `Status`, `Address`, `MobileNo`, `TelNo`, `EmpEmail`, `EmpType`, `EmpStatus`, `InActiveReason`, `DateOfJoining`, `JobDescription`, `Bankchk`, `BankId`, `BranchId`, `BankNo`, `Pensionchk`, `PensionId`, `EmpPensionNo`, `EmpEmployerper`, `EmpEmployeeper`, `PensionDeductedFrom`, `PreviousPensionAmountchk`, `PreviousPensionAmount`, `DateforCalc`, `BalanceDays`, `Absentchk`, `AbsentDedType`, `AbsentDedFrom`, `Latechk`, `LateDedFrom`, `OTRateDay`, `OTRateSat`, `OTRateSunHol`, `StartOTchk`, `StartOTDay`, `StartOTSat`, `StartOTSunHol`, `AdvanceSalarychk`, `AdvanceSalaryAmount`, `BasicSalary`, `EmpTimingType`, `ShiftType`, `WeekShiftId`, `SatShiftId`, `UploadStatus`, `Password`, `CompanyId`, `CreatedBy`, `CreatedDate`, `Image`) VALUES
('1', '4', '11', '14', 'ALKARIM RAMJI', 1, 1, '1963-03-13 00:00:00', '1', '2', 'KENSINGTON TOWER', '0754 282 829', '', 'alkarim.english@gmail.com', 2, 1, '', '2018-04-16', '', 1, '1', '1', '7124975001', 1, '1', '64320839', '10', '10', NULL, 2, '0', '2023-05-01', '0', 1, 2, 2, 2, 0, '2', '2', '2', 2, '0.00', '0.00', '0.00', 1, '0', '3354633', 1, 0, '0', '0', '0', '', '1', '1', '2023-05-30 04:08:37', NULL),
('2', '4', '11', '14', 'ALKARIM RAMJI', 1, 1, '1963-03-13 00:00:00', '1', '2', 'KENSINGTON TOWER', '0754 282 829', '', 'alkarim.english@gmail.com', 2, 1, '', '2018-04-16', '', 1, '1', '1', '7124975001', 1, '1', '64320839', '10', '10', NULL, 2, '0', '2023-05-01', '0', 1, 2, 2, 2, 0, '2', '2', '2', 2, '0.00', '0.00', '0.00', 1, '0', '3354633', 1, 0, '0', '0', '0', '', '1', '1', '2023-05-30 04:11:27', NULL),
('3', '1', '19', '5', 'AFZAL ALNASHIR BHOJANI', 1, 1, '1992-12-06 00:00:00', '1', '1', 'LUPAWAY MBEYA', '0654 896 986', '', 'afzalbhojani@hotmail.com', 2, 1, '', '2016-07-01', '', 1, '1', '1', '7130301001', 1, '1', '57903204', '10', '10', NULL, 2, '0', '2023-05-01', '0', 1, 2, 2, 2, 0, '2', '2', '2', 2, '0.00', '0.00', '0.00', 2, '0', '557234', 1, 0, '0', '0', '0', '', '1', '1', '2023-05-30 04:13:28', NULL),
('4', '2', '13', '32', 'ALEX ZUBERY', 1, 1, '1981-11-07 00:00:00', '1', '1', 'TEMEKE', '0787 008 416 / 0715 020 276', '', 'alexzuberi@93gmail.com', 1, 1, '', '2020-08-01', '', 1, '1', '1', '7098878001', 1, '1', '62746057', '10', '10', NULL, 2, '0', '2023-05-01', '0', 1, 2, 2, 2, 0, '2', '2', '2', 2, '0.00', '0.00', '0.00', 1, '0', '223930', 1, 0, '0', '0', '0', '', '1', '1', '2023-05-30 04:13:50', NULL),
('5', '3', '14', '48', 'ALISHA ESMAIL', 1, 1, '1992-09-21 00:00:00', '2', '2', '', '', '', '', 1, 1, '', '2021-09-01', '', 1, '1', '1', '7055068001', 1, '1', '60511141', '10', '10', NULL, 2, '0', '2023-05-01', '0', 1, 2, 2, 2, 0, '2', '2', '2', 2, '0.00', '0.00', '0.00', 1, '0', '1212677', 1, 0, '0', '0', '0', '', '1', '1', '2023-05-30 04:14:10', NULL),
('6', '4', '11', '14', 'ALKARIM RAMJI', 1, 1, '1963-03-13 00:00:00', '1', '2', 'KENSINGTON TOWER', '0754 282 829', '', 'alkarim.english@gmail.com', 2, 1, '', '2018-04-16', '', 1, '1', '1', '7124975001', 1, '1', '64320839', '10', '10', NULL, 2, '0', '2023-05-01', '0', 1, 2, 2, 2, 0, '2', '2', '2', 2, '0.00', '0.00', '0.00', 1, '0', '3354633', 1, 0, '0', '0', '0', '', '1', '1', '2023-05-30 04:14:18', NULL),
('7', '5', '10', '32', 'ALLY R. NJUGU', 1, 1, '1990-01-01 00:00:00', '1', '2', 'MBAGALA, KIBURUGWA', '0684 235 516', '', '', 1, 1, '', '2020-08-01', '', 1, '1', '1', '7407072001', 1, '1', '33994633', '10', '10', NULL, 2, '0', '2023-05-01', '0', 1, 2, 2, 2, 0, '2', '2', '2', 2, '0.00', '0.00', '0.00', 1, '0', '537750', 1, 0, '0', '0', '0', '', '1', '1', '2023-05-30 04:14:51', NULL),
('8', '8', '13', '48', 'ALYKHAN DHANANI', 1, 1, '1989-02-24 00:00:00', '1', '1', '36 INDIA STREET', '0624 991 786', '', 'dhanani.alykhan@gmail.com', 1, 1, '', '2015-09-01', '', 1, '1', '1', '7408044001', 1, '1', '60645059', '10', '10', NULL, 2, '0', '2023-05-01', '0', 1, 2, 2, 2, 0, '2', '2', '2', 2, '0.00', '0.00', '0.00', 1, '0', '5641892', 1, 0, '0', '0', '0', '', '1', '1', '2023-05-30 04:16:33', NULL),
('9', '9', '15', '12', 'AMANIEL MARY MPARE', 1, 1, '1992-07-01 00:00:00', '2', '1', '', '', '', '', 2, 1, '', '2021-09-01', '', 1, '1', '1', '7254364001', 1, '1', '62787950', '10', '10', NULL, 2, '0', '2023-05-01', '0', 1, 2, 2, 2, 0, '2', '2', '2', 2, '0.00', '0.00', '0.00', 1, '0', '0', 1, 0, '0', '0', '0', '', '1', '1', '2023-05-30 04:18:05', NULL),
('10', '21', '1', '1', 'AZMINA SHAFFIN JAMAL', 1, 1, '1963-09-20 00:00:00', '2', '2', 'NO 19, ALY HASSAN MWINYI RD. PLOT NO 300/301 - E UPANGA, FLAT NO. 10', '0652 209 936', '0652 209 936', 'lc@aktz.org', 2, 1, '', '2019-07-15', '', 1, '1', '1', '7185997001', 1, '1', '66028078', '10', '10', NULL, 2, '0', '2023-05-01', '0', 1, 2, 2, 2, 0, '2', '2', '2', 2, '0.00', '0.00', '0.00', 2, '0', '1789193', 1, 0, '0', '0', '0', '', '1', '1', '2023-05-30 04:22:08', NULL),
('10002', '1', '19', '5', 'AFZAL ALNASHIR BHOJANI', 1, 1, '1992-12-06 00:00:00', '1', '1', 'LUPAWAY MBEYA', '0654 896 986', '', 'afzalbhojani@hotmail.com', 2, 1, '', '2016-07-01', '', 1, '1', '1', '7130301001', 1, '1', '57903204', '10', '10', NULL, 2, '0', '2023-05-01', '0', 1, 2, 2, 2, 0, '2', '2', '2', 2, '0.00', '0.00', '0.00', 2, '0', '557234', 1, 0, '0', '0', '0', '', '1', '1', '2023-06-01 03:04:47', NULL),
('10003', '1', '19', '5', 'AFZAL ALNASHIR BHOJANI', 1, 1, '1992-12-06 00:00:00', '1', '1', 'LUPAWAY MBEYA', '0654 896 986', '', 'afzalbhojani@hotmail.com', 2, 1, '', '2016-07-01', '', 1, '1', '1', '7130301001', 1, '1', '57903204', '10', '10', NULL, 2, '0', '2023-05-01', '0', 1, 2, 2, 2, 0, '2', '2', '2', 2, '0.00', '0.00', '0.00', 2, '0', '557234', 3, 0, '0', '0', '0', '', '1', '1', '2023-06-01 03:12:11', NULL),
('10004', '2', '13', '32', 'ALEX ZUBERY', 1, 2, '1981-11-07 00:00:00', '1', '1', 'TEMEKE', '0787 008 416 / 0715 020 276', '', 'alexzuberi@93gmail.com', 1, 1, '', '2020-08-01', '', 1, '1', '1', '7098878001', 1, '1', '62746057', '10', '10', NULL, 2, '0', '2023-05-01', '0', 1, 2, 2, 2, 0, '2', '2', '2', 2, '0.00', '0.00', '0.00', 1, '0', '223930', 1, 0, '0', '0', '0', '', '1', '1', '2023-06-01 03:14:21', NULL),
('10005', '3', '14', '48', 'ALISHA ESMAIL', 1, 1, '1992-09-21 00:00:00', '2', '2', '', '', '', '', 1, 1, '', '2021-09-01', '', 1, '1', '1', '7055068001', 1, '1', '60511141', '10', '10', NULL, 2, '0', '2023-05-01', '0', 1, 2, 2, 2, 0, '2', '2', '2', 2, '0.00', '0.00', '0.00', 2, '0', '1212677', 1, 0, '0', '0', '0', '', '1', '1', '2023-06-01 03:16:10', NULL),
('10006', '4', '11', '14', 'ALKARIM RAMJI', 1, 1, '1963-03-13 00:00:00', '1', '2', 'KENSINGTON TOWER', '0754 282 829', '', 'alkarim.english@gmail.com', 2, 1, '', '2018-04-16', '', 1, '1', '1', '7124975001', 1, '1', '64320839', '10', '10', NULL, 2, '0', '2023-05-01', '0', 1, 2, 2, 2, 0, '2', '2', '2', 2, '0.00', '0.00', '0.00', 2, '0', '3354633', 1, 0, '0', '0', '0', '', '1', '1', '2023-06-01 03:17:03', NULL),
('10007', '5', '10', '32', 'ALLY R. NJUGU', 1, 1, '1990-01-01 00:00:00', '1', '2', 'MBAGALA, KIBURUGWA', '0684 235 516', '', '', 1, 1, '', '2020-08-01', '', 1, '1', '1', '7407072001', 1, '1', '33994633', '10', '10', NULL, 2, '0', '2023-05-01', '0', 1, 2, 2, 2, 0, '2', '2', '2', 2, '0.00', '0.00', '0.00', 1, '0', '537750', 1, 0, '0', '0', '0', '', '1', '1', '2023-06-01 03:19:14', NULL),
('10008', '13', '11', '47', 'AMREEN JIWANI', 4, 1, '1989-07-08 00:00:00', '2', '2', '', '', '0692356535', 'nc.sfo@aktz.org', 2, 1, '', '2023-02-15', '', 2, '0', '0', '', 1, '1', '47509219', '10', '10', NULL, 2, '0', '2023-05-01', '0', 1, 2, 2, 2, 0, '2', '2', '2', 2, '0.00', '0.00', '0.00', 2, '0', '4593513', 1, 0, '0', '0', '0', '', '1', '1', '2023-06-01 03:21:17', NULL),
('10009', '63', '11', '23', 'OMARI MOHAMEDI MBENA', 1, 1, '1990-06-06 00:00:00', '1', '2', 'KIMARA, MBEZI', '0788 653 561', '0788 653 561', '', 1, 1, '', '2017-08-01', '', 1, '1', '1', '7104432001', 1, '1', '62451804', '10', '10', NULL, 2, '0', '2023-05-01', '0', 1, 2, 2, 2, 0, '2', '2', '2', 2, '0.00', '0.00', '0.00', 1, '0', '439730', 1, 0, '0', '0', '0', '', '1', '1', '2023-06-01 03:22:43', NULL),
('10010', '64', '11', '49', 'PASTON ONESMO MWENDA', 1, 2, '1982-08-07 00:00:00', '1', '2', 'GONGO LA MBOTO (MBONDOLE)', '0783 413 346', '0783 413 346', '', 1, 1, '', '2017-06-01', '', 1, '1', '1', '7100400001', 1, '1', '58381376', '10', '10', NULL, 2, '0', '2023-05-01', '0', 1, 2, 2, 2, 0, '2', '2', '2', 2, '0.00', '0.00', '0.00', 1, '0', '358561', 1, 0, '0', '0', '0', '', '1', '1', '2023-06-01 03:23:53', NULL),
('10011', '12', '11', '38', 'AMOS JOHN MUNENGO', 1, 2, '1977-07-12 00:00:00', '1', '2', 'GONGO LA MBOTO (MAJOHE)', '0714 776 879', '0714 776 879', '', 1, 1, '', '2017-06-01', '', 1, '1', '1', '7100339001', 1, '1', '55946771', '10', '10', NULL, 2, '0', '2023-05-01', '0', 1, 2, 2, 2, 0, '2', '2', '2', 2, '0.00', '0.00', '0.00', 1, '0', '439730', 1, 0, '0', '0', '0', '', '1', '1', '2023-06-01 03:26:24', NULL),
('10012', '4', '11', '14', 'ALKARIM RAMJI', 1, 1, '1963-03-13 00:00:00', '1', '2', 'KENSINGTON TOWER', '0754 282 829', '', 'alkarim.english@gmail.com', 2, 1, '', '2018-04-16', '', 1, '1', '1', '7124975001', 1, '1', '64320839', '10', '10', NULL, 2, '0', '2023-05-01', '0', 1, 2, 2, 2, 0, '2', '2', '2', 2, '0.00', '0.00', '0.00', 2, '0', '3354633', 1, 0, '0', '0', '0', '', '1', '1', '2023-06-01 03:26:40', NULL),
('10013', '8', '13', '48', 'ALYKHAN DHANANI', 1, 1, '1989-02-24 00:00:00', '1', '1', '36 INDIA STREET', '0624 991 786', '', 'dhanani.alykhan@gmail.com', 1, 1, '', '2015-09-01', '', 1, '1', '1', '7408044001', 1, '1', '60645059', '10', '10', NULL, 2, '0', '2023-05-01', '0', 1, 2, 2, 2, 0, '2', '2', '2', 2, '0.00', '0.00', '0.00', 2, '0', '5641892', 1, 0, '0', '0', '0', '', '1', '1', '2023-06-01 03:38:42', NULL),
('10014', '54', '14', '7', 'NABILA BHANJI', 1, 1, '1990-04-20 00:00:00', '2', '2', 'BAND STREET', '0786 796 223', '', 'bhanji.lizzy@gmail.com', 1, 1, '', '2021-09-01', '', 1, '1', '1', '7078600001', 1, '1', '59192755', '10', '10', NULL, 2, '0', '2023-05-01', '0', 1, 2, 2, 2, 0, '2', '2', '2', 2, '0.00', '0.00', '0.00', 2, '0', '2700146', 1, 0, '0', '0', '0', '', '1', '1', '2023-06-01 03:40:34', NULL),
('10015', '60', '13', '25', 'NURFATIMA MERALI', 1, 1, '1997-09-27 00:00:00', '2', '1', '', '', '', 'cet.finance@aktz.org', 2, 1, '', '2018-12-10', '', 1, '1', '1', '7135246001', 1, '1', '64691411', '10', '10', NULL, 2, '0', '2023-05-01', '0', 1, 2, 2, 2, 0, '2', '2', '2', 2, '0.00', '0.00', '0.00', 2, '0', '2523478', 1, 0, '0', '0', '0', '', '1', '1', '2023-06-01 03:42:06', NULL),
('10016', '38', '13', '32', 'IBRAHIM KOGGA', 1, 1, '1965-07-01 00:00:00', '1', '2', 'KISEMVULE', '0652 776 322 / 0783 294 169', '', '', 1, 1, '', '2020-08-01', '', 1, '1', '1', '7406058001', 1, '1', '29718023', '10', '10', NULL, 2, '0', '2023-05-01', '0', 1, 2, 2, 2, 0, '2', '2', '2', 2, '0.00', '0.00', '0.00', 1, '0', '420482', 1, 0, '0', '0', '0', '', '1', '1', '2023-06-01 03:43:17', NULL),
('10017', '68', '13', '24', 'RAFIQ GILANI', 4, 1, '1972-08-19 00:00:00', '1', '2', 'UPANGA GIRLS GUIDE BUILDING', '0687 659 971', '', 'rafiqgilani@hotmail.com', 2, 1, '', '2015-03-01', '', 1, '1', '1', '7038638001', 1, '1', '60024259', '10', '10', NULL, 2, '0', '2023-05-01', '0', 1, 2, 2, 2, 0, '2', '2', '2', 2, '0.00', '0.00', '0.00', 2, '0', '16074000', 1, 0, '0', '0', '0', '', '1', '1', '2023-06-01 03:44:26', NULL),
('10018', '68', '13', '24', 'RAFIQ GILANI', 4, 1, '1972-08-19 00:00:00', '1', '2', 'UPANGA GIRLS GUIDE BUILDING', '0687 659 971', '', 'rafiqgilani@hotmail.com', 2, 1, '', '2015-03-01', '', 1, '1', '1', '7038638001', 1, '1', '60024259', '10', '10', NULL, 2, '0', '2023-05-01', '0', 1, 2, 2, 2, 0, '2', '2', '2', 2, '0.00', '0.00', '0.00', 2, '0', '16074000', 1, 0, '0', '0', '0', '', '1', '1', '2023-06-01 03:44:51', NULL),
('10019', '89', '13', '2', 'SHEHZEEN SUNDERJI', 1, 1, '1990-03-16 00:00:00', '2', '2', '56 KIMWERI AVENUE, MSASANI', '0789 743 936', '', 'shezsunderji@gmail.com', 2, 1, '', '2013-09-01', '', 1, '1', '1', '7604517201', 1, '1', '55668909', '10', '10', NULL, 2, '0', '2023-05-01', '0', 1, 2, 2, 2, 0, '2', '2', '2', 2, '0.00', '0.00', '0.00', 2, '0', '10108129', 1, 0, '0', '0', '0', '', '1', '1', '2023-06-01 03:45:53', NULL),
('10020', '87', '13', '48', 'SHAIFA SUNDERJI', 1, 1, '1988-06-05 00:00:00', '2', '2', 'OCEAN ROAD', '0715 050 688', '', 'shaifa.bhanji@gmail.com', 2, 1, '', '2014-09-01', '', 1, '1', '1', '7405042001', 1, '1', '38935368', '10', '10', NULL, 2, '0', '2023-05-01', '0', 1, 2, 2, 2, 0, '2', '2', '2', 2, '0.00', '0.00', '0.00', 2, '0', '5664929', 1, 0, '0', '0', '0', '', '1', '1', '2023-06-01 03:49:29', NULL),
('10021', '93', '13', '46', 'TASLEEMA ARIF HARJI', 1, 1, '1973-11-17 00:00:00', '2', '2', 'FIRE -MUHIMBILI AREA', '0712 171 173 / 0687 870 815', '', 'tasleemaharjee@gmail.com', 2, 1, '', '2022-08-01', '', 1, '1', '1', '5401622006', 1, '1', '46987122', '10', '10', NULL, 2, '0', '2023-05-01', '0', 1, 2, 2, 2, 0, '2', '2', '2', 2, '0.00', '0.00', '0.00', 2, '0', '2525120', 1, 0, '0', '0', '0', '', '1', '1', '2023-06-01 03:51:08', NULL),
('10022', '96', '13', '42', 'ZAHUR KASSAMALI DHANANI', 1, 1, '1955-07-17 00:00:00', '1', '2', 'MOSQUE STREET', '0787 001 600', '', 'cictz@hotmail.com', 1, 1, '', '2003-05-01', '', 1, '1', '1', '7132560001', 1, '1', '35405902', '10', '10', NULL, 2, '0', '2023-05-01', '0', 1, 2, 2, 2, 0, '2', '2', '2', 2, '0.00', '0.00', '0.00', 2, '0', '3676613', 1, 0, '0', '0', '0', '', '1', '1', '2023-06-01 03:52:38', NULL),
('10023', '3', '13', '48', 'ALISHA ESMAIL', 1, 1, '1992-09-21 00:00:00', '2', '2', '', '', '', '', 1, 1, '', '2021-09-01', '', 1, '1', '1', '7055068001', 1, '1', '60511141', '10', '10', NULL, 2, '0', '2023-05-01', '0', 1, 2, 2, 2, 0, '2', '2', '2', 2, '0.00', '0.00', '0.00', 2, '0', '1212677', 1, 0, '0', '0', '0', '', '1', '1', '2023-06-01 03:54:23', NULL),
('10024', '54', '13', '7', 'NABILA BHANJI', 1, 1, '1990-04-20 00:00:00', '2', '2', 'BAND STREET', '0786 796 223', '', 'bhanji.lizzy@gmail.com', 1, 1, '', '2021-09-01', '', 1, '1', '1', '7078600001', 1, '1', '59192755', '10', '10', NULL, 2, '0', '2023-05-01', '0', 1, 2, 2, 2, 0, '2', '2', '2', 2, '0.00', '0.00', '0.00', 2, '0', '2700146', 1, 0, '0', '0', '0', '', '1', '1', '2023-06-01 03:54:36', NULL),
('10025', '1', '19', '5', 'AFZAL ALNASHIR BHOJANI', 1, 1, '1992-12-06 00:00:00', '1', '1', 'LUPAWAY MBEYA', '0654 896 986', '', 'afzalbhojani@hotmail.com', 2, 1, '', '2016-07-01', '', 1, '1', '1', '7130301001', 1, '1', '57903204', '10', '10', NULL, 2, '0', '2023-05-01', '0', 1, 2, 2, 2, 0, '2', '2', '2', 2, '0.00', '0.00', '0.00', 2, '0', '557234', 3, 0, '0', '0', '0', '', '1', '1', '2023-06-01 04:42:22', NULL),
('10026', '2', '13', '32', 'ALEX ZUBERY', 1, 2, '1981-11-07 00:00:00', '1', '1', 'TEMEKE', '0787 008 416 / 0715 020 276', '', 'alexzuberi@93gmail.com', 1, 1, '', '2020-08-01', '', 1, '1', '1', '7098878001', 1, '1', '62746057', '10', '10', NULL, 2, '0', '2023-05-01', '0', 1, 2, 2, 2, 0, '2', '2', '2', 2, '0.00', '0.00', '0.00', 1, '0', '223930', 1, 0, '0', '0', '0', '', '1', '1', '2023-06-01 04:42:44', NULL),
('10027', '3', '13', '48', 'ALISHA ESMAIL', 1, 1, '1992-09-21 00:00:00', '2', '2', '', '', '', '', 1, 1, '', '2021-09-01', '', 1, '1', '1', '7055068001', 1, '1', '60511141', '10', '10', NULL, 2, '0', '2023-05-01', '0', 1, 2, 2, 2, 0, '2', '2', '2', 2, '0.00', '0.00', '0.00', 2, '0', '1212677', 1, 0, '0', '0', '0', '', '1', '1', '2023-06-01 04:42:57', NULL),
('10028', '4', '11', '14', 'ALKARIM RAMJI', 1, 1, '1963-03-13 00:00:00', '1', '2', 'KENSINGTON TOWER', '0754 282 829', '', 'alkarim.english@gmail.com', 2, 1, '', '2018-04-16', '', 1, '1', '1', '7124975001', 1, '1', '64320839', '10', '10', NULL, 2, '0', '2023-05-01', '0', 1, 2, 2, 2, 0, '2', '2', '2', 2, '0.00', '0.00', '0.00', 2, '0', '3354633', 1, 0, '0', '0', '0', '', '1', '1', '2023-06-01 04:43:12', NULL),
('10029', '5', '10', '32', 'ALLY R. NJUGU', 1, 1, '1990-01-01 00:00:00', '1', '2', 'MBAGALA, KIBURUGWA', '0684 235 516', '', '', 1, 1, '', '2020-08-01', '', 1, '1', '1', '7407072001', 1, '1', '33994633', '10', '10', NULL, 2, '0', '2023-05-01', '0', 1, 2, 2, 2, 0, '2', '2', '2', 2, '0.00', '0.00', '0.00', 1, '0', '537750', 1, 0, '0', '0', '0', '', '1', '1', '2023-06-01 04:43:24', NULL),
('10030', '1', '19', '5', 'AFZAL ALNASHIR BHOJANI', 1, 1, '1992-12-06 00:00:00', '1', '1', 'LUPAWAY MBEYA', '0654 896 986', '', 'afzalbhojani@hotmail.com', 2, 1, '', '2016-07-01', '', 1, '1', '1', '7130301001', 1, '1', '57903204', '10', '10', NULL, 2, '0', '2023-05-01', '0', 1, 2, 2, 2, 0, '2', '2', '2', 2, '0.00', '0.00', '0.00', 2, '0', '557234', 3, 0, '0', '0', '0', '', '1', '1', '2023-06-01 04:53:06', NULL),
('10031', '7', '18', '43', 'ALNOOR MEGHANI', 2, 1, '1958-04-16 00:00:00', '1', '1', '', '', '', 'pdqol@aktz.org', 2, 1, '', '2021-06-16', '', 1, '1', '1', '7257704001', 2, '0', '0', '0', '0', NULL, 2, '0', '2023-05-01', '0', 1, 2, 2, 2, 0, '2', '2', '2', 2, '0.00', '0.00', '0.00', 2, '0', '14534600', 1, 0, '0', '0', '0', '', '1', '1', '2023-06-01 05:03:07', NULL),
('10032', '85', '17', '40', 'SALIMA HARJI', 1, 1, '1962-02-04 00:00:00', '2', '1', '', '', '', 'pmqol@aktz.org', 2, 1, '', '2020-07-08', '', 1, '1', '1', '7405070002', 1, '1', '23586842', '10', '10', NULL, 2, '0', '2023-05-01', '0', 1, 2, 2, 2, 0, '2', '2', '2', 2, '0.00', '0.00', '0.00', 2, '0', '5567544', 1, 0, '0', '0', '0', '', '1', '1', '2023-06-01 05:05:24', NULL),
('20030', '13', '11', '47', 'AMREEN JIWANI', 4, 1, '1989-07-08 00:00:00', '2', '2', 'Kensington Tower, Mindu Street, Upanga, Dar es Salaam, Tanzania.', '0692256535', '', 'nc.sfo@aktz.org', 2, 1, '', '2023-02-15', '', 2, '0', '0', '', 1, '1', '47509219', '10', '10', NULL, 2, '0', '2023-05-01', '0', 1, 2, 2, 2, 0, '2', '2', '2', 2, '0.00', '0.00', '0.00', 2, '0', '4593513', 1, 0, '0', '0', '0', '', '1', '1', '2023-06-03 10:35:22', NULL),
('20031', '13', '11', '47', 'AMREEN JIWANI', 4, 1, '1989-07-08 00:00:00', '2', '2', 'Kensington Tower, Mindu Street, Upanga, Dar es Salaam, Tanzania.', '0692256535', '', 'mreen_jiwani@hotmail.com', 2, 1, '', '2023-02-15', '', 2, '0', '0', '', 1, '1', '47509219', '10', '10', NULL, 2, '0', '2023-05-01', '0', 1, 2, 2, 2, 0, '2', '2', '2', 2, '0.00', '0.00', '0.00', 2, '0', '4593513', 1, 0, '0', '0', '0', '', '1', '1', '2023-06-03 10:36:53', NULL),
('20032', '13', '11', '47', 'AMREEN JIWANI', 4, 1, '1989-07-08 00:00:00', '2', '2', 'Kensington Tower, Mindu Street, Upanga, Dar es Salaam, Tanzania.', '0692256535', '', 'mreen_jiwani@hotmail.com', 2, 1, '', '2023-02-15', '', 1, '1', '1', '7280442001', 1, '1', '47509219', '10', '10', NULL, 2, '0', '2023-05-01', '0', 1, 2, 2, 2, 0, '2', '2', '2', 2, '0.00', '0.00', '0.00', 2, '0', '4593513', 1, 0, '0', '0', '0', '', '1', '1', '2023-06-03 10:39:54', NULL),
('20033', '4', '11', '14', 'ALKARIM RAMJI', 1, 1, '1963-03-13 00:00:00', '1', '2', 'KENSINGTON TOWER', '0754 282 829', '', 'alkarim.english@gmail.com', 2, 1, '', '2018-04-16', '', 1, '1', '1', '7124975001', 1, '1', '64320839', '10', '10', NULL, 2, '0', '2023-05-01', '0', 1, 2, 2, 2, 0, '2', '2', '2', 2, '0.00', '0.00', '0.00', 2, '0', '3354633', 1, 0, '0', '0', '0', '', '1', '1', '2023-06-03 10:46:00', NULL),
('20034', '12', '11', '38', 'AMOS JOHN MUNENGO', 1, 2, '1977-07-12 00:00:00', '1', '2', 'GONGO LA MBOTO (MAJOHE)', '0714 776 879', '', '', 1, 1, '', '2017-06-01', '', 1, '1', '1', '7100339001', 1, '1', '55946771', '10', '10', NULL, 2, '0', '2023-05-01', '0', 1, 2, 2, 2, 0, '2', '2', '2', 2, '0.00', '0.00', '0.00', 1, '0', '439730', 1, 0, '0', '0', '0', '', '1', '1', '2023-06-03 10:47:01', NULL),
('20035', '63', '11', '23', 'OMARI MOHAMEDI MBENA', 1, 1, '1990-06-06 00:00:00', '1', '2', 'KIMARA, MBEZI', '0788 653 561', '', '', 1, 1, '', '2017-08-01', '', 1, '1', '1', '7104432001', 1, '1', '62451804', '10', '10', NULL, 2, '0', '2023-05-01', '0', 1, 2, 2, 2, 0, '2', '2', '2', 2, '0.00', '0.00', '0.00', 1, '0', '439730', 1, 0, '0', '0', '0', '', '1', '1', '2023-06-03 10:48:14', NULL),
('20036', '64', '11', '49', 'PASTON ONESMO MWENDA', 1, 2, '1982-08-07 00:00:00', '1', '2', 'GONGO LA MBOTO (MBONDOLE)', '0783 413 346', '', '', 1, 1, '', '2017-06-01', '', 1, '1', '1', '7100400001', 1, '1', '58381376', '10', '10', NULL, 2, '0', '2023-05-01', '0', 1, 2, 2, 2, 0, '2', '2', '2', 2, '0.00', '0.00', '0.00', 1, '0', '358561', 1, 0, '0', '0', '0', '', '1', '1', '2023-06-03 10:48:59', NULL),
('20037', '12', '11', '38', 'AMOS JOHN MUNENGO', 1, 2, '1977-07-12 00:00:00', '1', '2', 'GONGO LA MBOTO (MAJOHE)', '0714 776 879', '', '', 1, 1, '', '2017-06-01', '', 1, '1', '1', '7100339001', 1, '1', '55946771', '10', '10', NULL, 2, '0', '2023-05-01', '0', 1, 2, 2, 2, 0, '2', '2', '2', 2, '0.00', '0.00', '0.00', 1, '100000', '439730', 1, 0, '0', '0', '0', '', '1', '1', '2023-06-05 12:41:04', NULL),
('20038', '12', '11', '38', 'AMOS JOHN MUNENGO', 1, 2, '1977-07-12 00:00:00', '1', '2', 'GONGO LA MBOTO (MAJOHE)', '0714 776 879', '', '', 1, 1, '', '2017-06-01', '', 1, '1', '1', '7100339001', 1, '1', '55946771', '10', '10', NULL, 2, '0', '2023-05-01', '0', 1, 2, 2, 2, 0, '2', '2', '2', 2, '0.00', '0.00', '0.00', 1, '100000', '439730', 1, 0, '0', '0', '0', '', '1', '1', '2023-06-05 12:52:10', NULL),
('20039', '12', '11', '38', 'AMOS JOHN MUNENGO', 1, 2, '1977-07-12 00:00:00', '1', '2', 'GONGO LA MBOTO (MAJOHE)', '0714 776 879', '', '', 1, 1, '', '2017-06-01', '', 1, '1', '1', '7100339001', 1, '1', '55946771', '10', '10', NULL, 2, '0', '2023-05-01', '0', 1, 2, 2, 2, 0, '2', '2', '2', 2, '0.00', '0.00', '0.00', 1, '100000', '439730', 1, 0, '0', '0', '0', '', '1', '1', '2023-06-05 01:00:27', NULL),
('20040', '12', '11', '38', 'AMOS JOHN MUNENGO', 1, 2, '1977-07-12 00:00:00', '1', '2', 'GONGO LA MBOTO (MAJOHE)', '0714 776 879', '', '', 1, 1, '', '2017-06-01', '', 1, '1', '1', '7100339001', 1, '1', '55946771', '10', '10', NULL, 2, '0', '2023-05-01', '0', 1, 2, 2, 2, 0, '2', '2', '2', 2, '0.00', '0.00', '0.00', 1, '100000', '439730', 1, 0, '0', '0', '0', '', '1', '1', '2023-06-05 01:49:29', NULL),
('20041', '13', '11', '47', 'AMREEN JIWANI', 4, 1, '1989-07-08 00:00:00', '2', '2', 'Kensington Tower, Mindu Street, Upanga, Dar es Salaam, Tanzania.', '0692256535', '', 'amreen_jiwani@hotmail.com', 2, 1, '', '2023-02-15', '', 1, '1', '1', '7280442001', 1, '1', '47509219', '10', '10', NULL, 2, '0', '2023-05-01', '0', 1, 2, 2, 2, 0, '2', '2', '2', 2, '0.00', '0.00', '0.00', 2, '0', '4593513', 1, 0, '0', '0', '0', '', '1', '1', '2023-06-05 01:59:21', NULL),
('20042', '13', '11', '47', 'AMREEN JIWANI', 4, 1, '1989-07-08 00:00:00', '2', '2', 'Kensington Tower, Mindu Street, Upanga, Dar es Salaam, Tanzania.', '0692256535', '', 'amreen_jiwani@hotmail.com', 2, 1, '', '2023-02-15', '', 1, '1', '1', '7280442001', 1, '1', '47509219', '10', '10', NULL, 2, '0', '2023-05-01', '0', 1, 2, 2, 2, 0, '2', '2', '2', 2, '0.00', '0.00', '0.00', 2, '0', '4593513', 1, 0, '0', '0', '0', '', '1', '1', '2023-06-05 02:00:12', NULL),
('20043', '63', '11', '23', 'OMARI MOHAMEDI MBENA', 1, 1, '1990-06-06 00:00:00', '1', '2', 'KIMARA, MBEZI', '0788 653 561', '', '', 1, 1, '', '2017-08-01', '', 1, '1', '1', '7104432001', 1, '1', '62451804', '10', '10', NULL, 2, '0', '2023-05-01', '0', 1, 2, 2, 2, 0, '2', '2', '2', 2, '0.00', '0.00', '0.00', 1, '0', '439730', 1, 0, '0', '0', '0', '', '1', '1', '2023-06-05 02:02:51', NULL),
('20044', '63', '11', '23', 'OMARI MOHAMEDI MBENA', 1, 1, '1990-06-06 00:00:00', '1', '2', 'KIMARA, MBEZI', '0788 653 561', '', '', 1, 1, '', '2017-08-01', '', 1, '1', '1', '7104432001', 1, '1', '62451804', '10', '10', NULL, 2, '0', '2023-05-01', '0', 1, 2, 2, 2, 0, '2', '2', '2', 2, '0.00', '0.00', '0.00', 1, '100000', '439730', 1, 0, '0', '0', '0', '', '1', '1', '2023-06-05 02:03:40', NULL),
('20045', '63', '11', '23', 'OMARI MOHAMEDI MBENA', 1, 1, '1990-06-06 00:00:00', '1', '2', 'KIMARA, MBEZI', '0788 653 561', '', '', 1, 1, '', '2017-08-01', '', 1, '1', '1', '7104432001', 1, '1', '62451804', '10', '10', NULL, 2, '0', '2023-05-01', '0', 1, 2, 2, 2, 0, '2', '2', '2', 2, '0.00', '0.00', '0.00', 1, '100000', '439730', 1, 0, '0', '0', '0', '', '1', '1', '2023-06-05 02:04:31', NULL),
('20046', '64', '11', '49', 'PASTON ONESMO MWENDA', 1, 2, '1982-08-07 00:00:00', '1', '2', 'GONGO LA MBOTO (MBONDOLE)', '0783 413 346', '', '', 1, 1, '', '2017-06-01', '', 1, '1', '1', '7100400001', 1, '1', '58381376', '10', '10', NULL, 2, '0', '2023-05-01', '0', 1, 2, 2, 2, 0, '2', '2', '2', 2, '0.00', '0.00', '0.00', 1, '100000', '358561', 1, 0, '0', '0', '0', '', '1', '1', '2023-06-05 02:05:57', NULL),
('20047', '64', '11', '49', 'PASTON ONESMO MWENDA', 1, 2, '1982-08-07 00:00:00', '1', '2', 'GONGO LA MBOTO (MBONDOLE)', '0783 413 346', '', '', 1, 1, '', '2017-06-01', '', 1, '1', '1', '7100400001', 1, '1', '58381376', '10', '10', NULL, 2, '0', '2023-05-01', '0', 1, 2, 2, 2, 0, '2', '2', '2', 2, '0.00', '0.00', '0.00', 1, '100000', '358561', 1, 0, '0', '0', '0', '', '1', '1', '2023-06-05 02:40:53', NULL),
('30037', '2', '13', '32', 'ALEX HANSON ZUBERY', 1, 2, '1981-11-07 00:00:00', '1', '1', 'TEMEKE', '0787 008 416 / 0715 020 276', '', 'alexzuberi@93gmail.com', 1, 1, '', '2020-08-01', '', 1, '1', '1', '7098878001', 1, '1', '62746057', '10', '10', NULL, 2, '0', '2023-05-01', '0', 1, 2, 2, 2, 0, '2', '2', '2', 2, '0.00', '0.00', '0.00', 2, '0', '223930', 1, 0, '0', '0', '0', '', '1', '1', '2023-06-05 03:29:39', NULL),
('30038', '3', '13', '48', 'ALISHA ESMAIL', 1, 1, '1992-09-21 00:00:00', '2', '2', '', '', '', '', 1, 1, '', '2021-09-01', '', 1, '1', '1', '7055068001', 1, '1', '60511141', '10', '10', NULL, 2, '0', '2023-05-01', '0', 1, 2, 2, 2, 0, '2', '2', '2', 2, '0.00', '0.00', '0.00', 2, '0', '1212677', 1, 0, '0', '0', '0', '', '1', '1', '2023-06-05 03:37:57', NULL),
('30039', '8', '13', '48', 'ALYKHAN DHANANI', 1, 1, '1989-02-24 00:00:00', '1', '1', '36 INDIA STREET', '0624 991 786', '', 'dhanani.alykhan@gmail.com', 1, 1, '', '2015-09-01', '', 1, '1', '1', '7408044001', 1, '1', '60645059', '10', '10', NULL, 2, '0', '2023-05-01', '0', 1, 2, 2, 2, 0, '2', '2', '2', 2, '0.00', '0.00', '0.00', 2, '0', '5641892', 1, 0, '0', '0', '0', '', '1', '1', '2023-06-05 03:45:09', NULL),
('30040', '54', '13', '7', 'NABILA BHANJI', 1, 1, '1990-04-20 00:00:00', '2', '2', 'BAND STREET', '0786796223', '', 'bhanji.lizzy@gmail.com', 1, 1, '', '2021-09-01', '', 1, '1', '1', '7078600001', 1, '1', '59192755', '10', '10', NULL, 2, '0', '2023-05-01', '0', 1, 2, 2, 2, 0, '2', '2', '2', 2, '0.00', '0.00', '0.00', 2, '0', '2700146', 1, 0, '0', '0', '0', '', '1', '1', '2023-06-05 03:47:24', NULL),
('30041', '60', '13', '25', 'NURFATIMA MERALI', 1, 1, '1997-09-27 00:00:00', '2', '1', '', '', '', 'cet.finance@aktz.org', 2, 1, '', '2018-12-10', '', 1, '1', '1', '7135246001', 1, '1', '64691411', '10', '10', NULL, 2, '0', '2023-05-01', '0', 1, 2, 2, 2, 0, '2', '2', '2', 2, '0.00', '0.00', '0.00', 2, '0', '2523478', 1, 0, '0', '0', '0', '', '1', '1', '2023-06-05 03:49:57', NULL),
('30042', '68', '13', '24', 'RAFIQ RAHEMAN GILANI', 4, 1, '1972-08-19 00:00:00', '1', '2', 'UPANGA GIRLS GUIDE BUILDING', '0687 659 971', '', 'rafiqgilani@hotmail.com', 2, 1, '', '2015-03-01', '', 1, '1', '1', '7038638001', 1, '1', '60024259', '10', '10', NULL, 2, '0', '2023-05-01', '0', 1, 2, 2, 2, 0, '2', '2', '2', 2, '0.00', '0.00', '0.00', 1, '1662500', '16074000', 1, 0, '0', '0', '0', '', '1', '1', '2023-06-05 03:55:12', NULL),
('30043', '87', '13', '48', 'SHAIFA SUNDERJI', 1, 1, '1988-06-05 00:00:00', '2', '2', 'OCEAN ROAD', '0715 050 688', '', 'shaifa.bhanji@gmail.com', 1, 1, '', '2014-09-01', '', 1, '1', '1', '7405042001', 1, '1', '38935368', '10', '10', NULL, 2, '0', '2023-05-01', '0', 1, 2, 2, 2, 0, '2', '2', '2', 2, '0.00', '0.00', '0.00', 2, '0', '5664929', 1, 0, '0', '0', '0', '', '1', '1', '2023-06-05 03:57:33', NULL),
('30044', '89', '13', '2', 'SHEHZEEN SUNDERJI', 1, 1, '1990-03-16 00:00:00', '2', '2', '56 KIMWERI AVENUE, MSASANI', '0789 743 936', '', 'shezsunderji@gmail.com', 1, 1, '', '2013-09-01', '', 1, '1', '1', '7604517201', 1, '1', '55668909', '10', '10', NULL, 2, '0', '2023-05-01', '0', 1, 2, 2, 2, 0, '2', '2', '2', 2, '0.00', '0.00', '0.00', 2, '0', '10108129', 1, 0, '0', '0', '0', '', '1', '1', '2023-06-05 04:02:02', NULL),
('40044', '60', '13', '25', 'NURFATIMA MERALI', 1, 1, '1997-09-27 00:00:00', '2', '1', '', '', '', 'nurfatimamerali27@hotmail.com', 2, 1, '', '2018-12-10', '', 1, '1', '1', '7135246001', 1, '1', '64691411', '10', '10', NULL, 2, '0', '2023-05-01', '0', 1, 2, 2, 2, 0, '2', '2', '2', 2, '0.00', '0.00', '0.00', 2, '0', '2523478', 1, 0, '0', '0', '0', '', '1', '1', '2023-06-06 04:24:56', NULL),
('40045', '60', '13', '25', 'NURFATIMA MERALI', 1, 1, '1997-09-27 00:00:00', '2', '1', '', '', '', 'nurfatimamerali27@hotmail.com', 2, 1, '', '2018-12-10', '', 1, '1', '1', '7135246001', 1, '1', '64691411', '10', '10', NULL, 2, '0', '2023-05-01', '0', 1, 2, 2, 2, 0, '2', '2', '2', 2, '0.00', '0.00', '0.00', 2, '0', '2523478', 1, 0, '0', '0', '0', '', '1', '1', '2023-06-06 04:26:36', NULL),
('40046', '68', '13', '24', 'RAFIQ RAHEMAN GILANI', 4, 1, '1972-08-19 00:00:00', '1', '2', 'UPANGA GIRLS GUIDE BUILDING', '0687 659 971', '', 'rafiqgilani@hotmail.com', 2, 1, '', '2015-03-01', '', 1, '1', '1', '7038638001', 1, '1', '60024259', '10', '10', NULL, 2, '0', '2023-05-01', '0', 1, 2, 2, 2, 0, '2', '2', '2', 2, '0.00', '0.00', '0.00', 1, '1662500', '16074000', 1, 0, '0', '0', '0', '', '1', '1', '2023-06-06 04:29:27', NULL),
('40047', '68', '13', '24', 'RAFIQ RAHEMAN GILANI', 4, 1, '1972-08-19 00:00:00', '1', '2', 'UPANGA GIRLS GUIDE BUILDING', '0687 659 971', '', 'rafiqgilani@hotmail.com', 2, 1, '', '2015-03-01', '', 1, '1', '1', '7038638001', 1, '1', '60024259', '10', '10', NULL, 2, '0', '2023-05-01', '0', 1, 2, 2, 2, 0, '2', '2', '2', 2, '0.00', '0.00', '0.00', 1, '1662500', '16074000', 1, 0, '0', '0', '0', '', '1', '1', '2023-06-06 04:37:41', NULL),
('40048', '93', '13', '46', 'TASLEEMA ARIF HARJI', 1, 1, '1973-11-17 00:00:00', '2', '2', 'FIRE -MUHIMBILI AREA', '0712 171 173 / 0687 870 815', '', 'tasleemaharjee@gmail.com', 2, 1, '', '2022-08-01', '', 1, '1', '1', '5401622006', 1, '1', '46987122', '10', '10', NULL, 2, '0', '2023-05-01', '0', 1, 2, 2, 2, 0, '2', '2', '2', 2, '0.00', '0.00', '0.00', 2, '0', '2525120', 1, 0, '0', '0', '0', '', '1', '1', '2023-06-06 04:39:36', NULL),
('40049', '38', '13', '32', 'IBRAHIM KOGGA', 1, 1, '1965-07-01 00:00:00', '1', '2', 'KISEMVULE', '0652 776 322 / 0783 294 169', '', '', 1, 1, '', '2020-08-01', '', 1, '1', '1', '7406058001', 1, '1', '29718023', '10', '10', NULL, 2, '0', '2023-05-01', '0', 1, 2, 2, 2, 0, '2', '2', '2', 2, '0.00', '0.00', '0.00', 2, '0', '420482', 1, 0, '0', '0', '0', '', '1', '1', '2023-06-06 04:42:15', NULL),
('40050', '93', '13', '46', 'TASLEEMA ARIF HARJI', 1, 1, '1973-11-17 00:00:00', '2', '2', 'FIRE -MUHIMBILI AREA', '0712 171 173 / 0687 870 815', '', 'tasleemaharjee@gmail.com', 2, 1, '', '2022-08-01', '', 1, '1', '1', '5401622006', 1, '1', '46987122', '10', '10', NULL, 2, '0', '2023-05-01', '0', 1, 2, 2, 2, 0, '2', '2', '2', 2, '0.00', '0.00', '0.00', 2, '0', '2523120', 1, 0, '0', '0', '0', '', '1', '1', '2023-06-06 04:45:20', NULL),
('40051', '38', '13', '32', 'IBRAHIM KOGGA', 1, 1, '1965-07-01 00:00:00', '1', '2', 'KISEMVULE', '0652 776 322 / 0783 294 169', '', '', 1, 1, '', '2020-08-01', '', 1, '1', '1', '7406058001', 1, '1', '29718023', '10', '10', NULL, 2, '0', '2023-05-01', '0', 1, 2, 2, 2, 0, '2', '2', '2', 2, '0.00', '0.00', '0.00', 2, '0', '420482', 1, 0, '0', '0', '0', '', '1', '1', '2023-06-06 04:47:27', NULL),
('40052', '93', '13', '46', 'TASLEEMA ARIF HARJI', 1, 1, '1973-11-17 00:00:00', '2', '2', 'FIRE -MUHIMBILI AREA', '0712 171 173 / 0687 870 815', '', 'tasleemaharjee@gmail.com', 2, 1, '', '2022-08-01', '', 1, '1', '1', '5401622006', 1, '1', '46987122', '10', '10', NULL, 2, '0', '2023-05-01', '0', 1, 2, 2, 2, 0, '2', '2', '2', 2, '0.00', '0.00', '0.00', 2, '0', '2523120', 1, 0, '0', '0', '0', '', '1', '1', '2023-06-06 04:49:04', NULL),
('40053', '96', '13', '42', 'ZAHUR DHANANI', 1, 1, '1955-07-17 00:00:00', '1', '2', 'MOSQUE STREET', '0787 001 600', '', 'cictz@hotmail.com', 1, 1, '', '2003-05-01', '', 1, '1', '1', '7132560001', 1, '1', '35405902', '10', '10', NULL, 2, '0', '2023-05-01', '0', 1, 2, 2, 2, 0, '2', '2', '2', 2, '0.00', '0.00', '0.00', 2, '0', '3676613', 1, 0, '0', '0', '0', '', '1', '1', '2023-06-06 04:54:22', NULL),
('40054', '96', '13', '42', 'ZAHUR DHANANI', 1, 1, '1955-07-17 00:00:00', '1', '2', 'MOSQUE STREET', '0787 001 600', '', 'cictz@hotmail.com', 1, 1, '', '2003-05-01', '', 1, '1', '1', '7132560001', 1, '1', '35405902', '10', '10', NULL, 2, '0', '2023-05-01', '0', 1, 2, 2, 2, 0, '2', '2', '2', 2, '0.00', '0.00', '0.00', 2, '0', '3676613', 1, 0, '0', '0', '0', '', '1', '1', '2023-06-06 04:58:43', NULL),
('40055', '75', '10', '24', 'ROZMEEN SHAMSUDDIN SURANI', 1, 1, '1979-06-07 00:00:00', '2', '2', 'FLAT 10A, PLATINUM TOWER, MAZENGO STREE, UPANGA, DAR ES SALAAM', '0788 442 957', '0788 442 957', 'rozmeen.surani@gmail.com', 1, 1, '', '2013-07-01', '', 1, '1', '1', '7001843001', 1, '1', '58260481', '10', '10', NULL, 2, '0', '2023-05-01', '0', 1, 2, 2, 2, 0, '2', '2', '2', 2, '0.00', '0.00', '0.00', 2, '0', '16422250', 1, 0, '0', '0', '0', '', '1', '1', '2023-06-06 05:04:31', NULL),
('40056', '75', '10', '24', 'ROZMEEN SHAMSUDDIN SURANI', 1, 1, '1979-06-07 00:00:00', '2', '2', 'FLAT 10A, PLATINUM TOWER, MAZENGO STREE, UPANGA, DAR ES SALAAM', '0788 442 957', '0788 442 957', 'rozmeen.surani@gmail.com', 1, 1, '', '2013-07-01', '', 1, '1', '1', '7001843001', 1, '1', '58260481', '10', '10', NULL, 2, '0', '2023-05-01', '0', 1, 2, 2, 2, 0, '2', '2', '2', 2, '0.00', '0.00', '0.00', 2, '0', '16422250', 1, 0, '0', '0', '0', '', '1', '1', '2023-06-06 05:06:05', NULL),
('40057', '88', '10', '13', 'SHALEEN SHAMASH DHALLA', 1, 1, '1994-10-15 00:00:00', '2', '2', '56, KIMWERI AVENUE, MSASANI', '0684 505 509', '', 'shaleen.d@hotmail.com', 2, 1, '', '2019-05-01', '', 1, '1', '1', '7053023001', 1, '1', '57565821', '10', '10', NULL, 2, '0', '2023-05-01', '0', 1, 2, 2, 2, 0, '2', '2', '2', 2, '0.00', '0.00', '0.00', 2, '0', '4869565', 1, 0, '0', '0', '0', '', '1', '1', '2023-06-06 05:08:00', NULL),
('40058', '88', '10', '13', 'SHALEEN SHAMASH DHALLA', 1, 1, '1994-10-15 00:00:00', '2', '2', '56, KIMWERI AVENUE, MSASANI', '0684 505 509', '', 'shaleen.d@hotmail.com', 2, 1, '', '2019-05-01', '', 1, '1', '1', '7053023001', 1, '1', '57565821', '10', '10', NULL, 2, '0', '2023-05-01', '0', 1, 2, 2, 2, 0, '2', '2', '2', 2, '0.00', '0.00', '0.00', 2, '0', '4869565', 1, 0, '0', '0', '0', '', '1', '1', '2023-06-06 05:09:45', NULL),
('40059', '5', '10', '32', 'MUSSA RASHIDI NJUGU', 1, 1, '1968-07-01 00:00:00', '1', '2', 'MBAGALA, KIBURUGWA', '0684235516', '0684235516', '', 1, 1, '', '2020-08-01', '', 1, '1', '1', '7407072001', 1, '1', '33994633', '10', '10', NULL, 2, '0', '2023-05-01', '0', 1, 2, 2, 2, 0, '2', '2', '2', 2, '0.00', '0.00', '0.00', 1, '150000', '537750', 1, 0, '0', '0', '0', '', '1', '1', '2023-06-06 05:24:48', NULL),
('40060', '5', '10', '32', 'MUSSA RASHIDI NJUGU', 1, 1, '1968-07-01 00:00:00', '1', '2', 'MBAGALA, KIBURUGWA', '0684235516', '0684235516', '', 1, 1, '', '2020-08-01', '', 1, '1', '1', '7407072001', 1, '1', '33994633', '10', '10', NULL, 2, '0', '2023-05-01', '0', 1, 2, 2, 2, 0, '2', '2', '2', 2, '0.00', '0.00', '0.00', 1, '150000', '537750', 1, 0, '0', '0', '0', '', '1', '1', '2023-06-06 05:26:22', NULL),
('40061', '57', '8', '44', 'NISHMA AMIRALI NATHOO', 1, 1, '1977-10-15 00:00:00', '2', '1', 'CLOCK TOWER - SAMORA AVENUE', '0713611695', '0713611695', 'nishma_d@yahoo.co.uk', 1, 1, '', '2012-02-01', '', 1, '1', '1', '7407071001', 1, '1', '50264427', '10', '10', NULL, 2, '0', '2023-05-01', '0', 1, 2, 2, 2, 0, '2', '2', '2', 2, '0.00', '0.00', '0.00', 2, '0', '2501281', 1, 0, '0', '0', '0', '', '1', '1', '2023-06-06 05:28:39', NULL),
('40062', '57', '8', '44', 'NISHMA AMIRALI NATHOO', 1, 1, '1977-10-15 00:00:00', '2', '1', 'CLOCK TOWER - SAMORA AVENUE', '0713611695', '0713611695', 'nishma_d@yahoo.co.uk', 1, 1, '', '2012-02-01', '', 1, '1', '1', '7407071001', 1, '1', '50264427', '10', '10', NULL, 2, '0', '2023-05-01', '0', 1, 2, 2, 2, 0, '2', '2', '2', 2, '0.00', '0.00', '0.00', 2, '0', '2501281', 1, 0, '0', '0', '0', '', '1', '1', '2023-06-06 05:40:36', NULL),
('40063', '20', '11', '47', 'AUNALI MUKHTAR', 1, 1, '1994-06-15 00:00:00', '1', '2', '', '', '', 'aunali.mukhtar@gmail.com', 2, 1, '', '2019-07-15', '', 1, '1', '1', '7081716001', 1, '1', '61859605', '10', '10', NULL, 2, '0', '2023-05-01', '0', 1, 2, 2, 2, 0, '2', '2', '2', 2, '0.00', '0.00', '0.00', 2, '0', '6000000', 1, 0, '0', '0', '0', '', '1', '1', '2023-06-10 10:06:40', NULL),
('40064', '20', '11', '50', 'AUNALI MUKHTAR', 1, 1, '1994-06-15 00:00:00', '1', '2', '', '', '', 'aunali.mukhtar@gmail.com', 2, 1, '', '2019-07-15', '', 1, '1', '1', '7081716001', 1, '1', '61859605', '10', '10', NULL, 2, '0', '2023-05-01', '0', 1, 2, 2, 2, 0, '2', '2', '2', 2, '0.00', '0.00', '0.00', 2, '0', '6000000', 1, 0, '0', '0', '0', '', '1', '1', '2023-06-10 10:07:17', NULL),
('40065', '20', '11', '50', 'AUNALI MUKHTAR', 1, 1, '1994-06-15 00:00:00', '1', '2', '', '0714786313', '0714786313', 'aunali.mukhtar@gmail.com', 2, 1, '', '2019-07-15', '', 1, '1', '1', '7081716001', 1, '1', '61859605', '10', '10', NULL, 2, '0', '2023-05-01', '0', 1, 2, 2, 2, 0, '2', '2', '2', 2, '0.00', '0.00', '0.00', 2, '0', '6000000', 1, 0, '0', '0', '0', '', '1', '1', '2023-06-10 10:08:13', NULL),
('40066', '20', '11', '50', 'AUNALI MUKHTAR', 1, 1, '1994-06-15 00:00:00', '1', '2', '', '0714786313', '0714786313', 'aunali.mukhtar@gmail.com', 2, 1, '', '2019-07-15', '', 1, '1', '1', '7081716001', 1, '1', '61859605', '10', '10', NULL, 2, '0', '2023-05-01', '0', 1, 2, 2, 2, 0, '2', '2', '2', 2, '0.00', '0.00', '0.00', 2, '0', '6000000', 1, 0, '0', '0', '0', '', '1', '1', '2023-06-10 10:10:45', NULL),
('40067', '23', '16', '32', 'DANDE MOHAMED AMANI', 1, 1, '1969-08-18 00:00:00', '1', '2', '', '0713744348', '0713744348', '', 1, 1, '', '2020-08-01', '', 1, '1', '1', '7263952001', 1, '1', '30234697', '10', '10', NULL, 2, '0', '2023-05-01', '0', 1, 2, 2, 2, 0, '2', '2', '2', 2, '0.00', '0.00', '0.00', 1, '250000', '662324', 1, 0, '0', '0', '0', '', '1', '1', '2023-06-10 10:12:38', NULL),
('40068', '26', '16', '10', 'FAISAL ABDUL SHARIFF', 1, 1, '1978-09-27 00:00:00', '1', '2', '', '0744618822', '', 'shariff.faisal@gmail.com', 2, 1, '', '2019-12-02', '', 1, '1', '1', '7198724001', 1, '1', '39157903', '10', '10', NULL, 2, '0', '2023-05-01', '0', 1, 2, 2, 2, 0, '2', '2', '2', 2, '0.00', '0.00', '0.00', 2, '0', '3543322', 1, 0, '0', '0', '0', '', '1', '1', '2023-06-10 10:17:20', NULL),
('40069', '46', '16', '17', 'MARIAM MLUGE JUMA', 1, 1, '1977-03-21 00:00:00', '2', '1', '', '0784134438', '0715142325', '', 1, 1, '', '2020-08-01', '', 1, '1', '1', '7407019001', 1, '1', '33090653', '10', '10', NULL, 2, '0', '2023-05-01', '0', 1, 2, 2, 2, 0, '2', '2', '2', 2, '0.00', '0.00', '0.00', 1, '180000', '505704', 1, 0, '0', '0', '0', '', '1', '1', '2023-06-10 10:19:09', NULL),
('40070', '58', '16', '16', 'NOOR ALI BARKET ALI', 4, 1, '1971-08-31 00:00:00', '1', '2', '', '', '', 'council.tanzania@aktz.org', 2, 1, '', '2011-09-07', '', 1, '1', '1', '7410338001', 1, '1', '56345992', '10', '10', NULL, 2, '0', '2023-05-01', '0', 1, 2, 2, 2, 0, '2', '2', '2', 2, '0.00', '0.00', '0.00', 2, '0', '24296250', 1, 0, '0', '0', '0', '', '1', '1', '2023-06-10 11:38:05', NULL),
('40071', '46', '16', '17', 'MARIAM MLUGE JUMA', 1, 1, '1977-03-21 00:00:00', '2', '1', '', '0784134438', '0715142325', '', 1, 1, '', '2020-08-01', '', 1, '1', '1', '7407019001', 1, '1', '33090653', '10', '10', NULL, 2, '0', '2023-05-01', '0', 1, 2, 2, 2, 0, '2', '2', '2', 2, '0.00', '0.00', '0.00', 1, '180000', '505704', 1, 0, '0', '0', '0', '', '1', '1', '2023-06-10 11:40:22', NULL),
('40072', '20', '11', '50', 'AUNALI MUKHTAR', 1, 1, '1994-06-15 00:00:00', '1', '2', '', '0714786313', '0714786313', 'aunali.mukhtar@gmail.com', 2, 1, '', '2019-07-15', '', 1, '1', '6', '7081716001', 1, '1', '61859605', '10', '10', NULL, 2, '0', '2023-05-01', '0', 1, 2, 2, 2, 0, '2', '2', '2', 2, '0.00', '0.00', '0.00', 2, '0', '6000000', 1, 0, '0', '0', '0', '', '1', '1', '2023-06-10 12:05:03', NULL),
('40073', '20', '16', '50', 'AUNALI MUKHTAR', 1, 1, '1994-06-15 00:00:00', '1', '2', '', '0714786313', '0714786313', 'aunali.mukhtar@gmail.com', 2, 1, '', '2019-07-15', '', 1, '1', '6', '7081716001', 1, '1', '61859605', '10', '10', NULL, 2, '0', '2023-05-01', '0', 1, 2, 2, 2, 0, '2', '2', '2', 2, '0.00', '0.00', '0.00', 2, '0', '6000000', 1, 0, '0', '0', '0', '', '1', '1', '2023-06-10 12:06:16', NULL),
('40074', '59', '6', '6', 'NURBANU RAHIM ANAND', 1, 1, '1976-07-19 00:00:00', '2', '2', 'MWANANCHI BUILDING NKURUMAH STREET', '0783333713', '0783333713', 'banuanand786@gmail.com', 1, 1, '', '2000-02-01', '', 1, '1', '1', '7409791001', 1, '1', '32026129', '10', '10', NULL, 2, '0', '2023-05-01', '0', 1, 2, 2, 2, 0, '2', '2', '2', 2, '0.00', '0.00', '0.00', 2, '0', '3852880', 1, 0, '0', '0', '0', '', '1', '1', '2023-06-10 12:09:07', NULL),
('40075', '39', '6', '32', 'IGNAS RAPHAEL MLOKA (JUMA)', 1, 1, '1978-03-18 00:00:00', '1', '1', 'KIGOGO RUHANGA', '0712587280', '0712587280', '', 1, 1, '', '2020-08-01', '', 1, '1', '1', '7409505001', 1, '1', '56912358', '10', '10', NULL, 2, '0', '2023-05-01', '0', 1, 2, 2, 2, 0, '2', '2', '2', 2, '0.00', '0.00', '0.00', 1, '0', '311981', 1, 0, '0', '0', '0', '', '1', '1', '2023-06-10 12:16:10', NULL),
('40076', '1', '19', '5', 'AFZAL ALNASHIR BHOJANI', 1, 1, '1992-12-06 00:00:00', '1', '1', 'LUPAWAY MBEYA', '0654896986', '0654896986', 'afzalbhojani@hotmail.com', 2, 1, '', '2016-07-01', '', 1, '1', '1', '7130301001', 1, '1', '57903204', '10', '10', NULL, 2, '0', '2023-05-01', '0', 1, 2, 2, 2, 0, '2', '2', '2', 2, '0.00', '0.00', '0.00', 2, '0', '557234', 3, 0, '0', '0', '0', '', '1', '1', '2023-06-10 12:17:59', NULL),
('40077', '1', '19', '5', 'AFZAL ALNASHIR BHOJANI', 1, 1, '1992-12-06 00:00:00', '1', '1', 'LUPAWAY MBEYA', '0654896986', '0654896986', 'afzalbhojani@hotmail.com', 2, 1, '', '2016-07-01', '', 1, '1', '8', '7130301001', 1, '1', '57903204', '10', '10', NULL, 2, '0', '2023-05-01', '0', 1, 2, 2, 2, 0, '2', '2', '2', 2, '0.00', '0.00', '0.00', 2, '0', '557234', 3, 0, '0', '0', '0', '', '1', '1', '2023-06-10 12:19:57', NULL),
('40078', '62', '19', '32', 'NURU LINGA', 1, 1, '1980-04-04 00:00:00', '2', '2', 'MWANJELWA, MBEYA', '0755 077 253', '', '', 1, 1, '', '2020-08-01', '', 1, '1', '1', '7130048001', 1, '1', '50266497', '10', '10', NULL, 2, '0', '2023-05-01', '0', 1, 2, 2, 2, 0, '2', '2', '2', 2, '0.00', '0.00', '0.00', 2, '0', '279604', 1, 0, '0', '0', '0', '', '1', '1', '2023-06-10 12:21:07', NULL),
('40079', '62', '19', '32', 'NURU LINGA', 1, 1, '1980-04-04 00:00:00', '2', '2', 'MWANJELWA, MBEYA', '0755 077 253', '', '', 1, 1, '', '2020-08-01', '', 1, '1', '9', '7130048001', 1, '1', '50266497', '10', '10', NULL, 2, '0', '2023-05-01', '0', 1, 2, 2, 2, 0, '2', '2', '2', 2, '0.00', '0.00', '0.00', 2, '0', '279604', 1, 0, '0', '0', '0', '', '1', '1', '2023-06-10 12:22:19', NULL),
('40080', '62', '19', '32', 'NURU LINGA', 1, 1, '1980-04-04 00:00:00', '2', '2', 'MWANJELWA, MBEYA', '0755 077 253', '', '', 1, 1, '', '2020-08-01', '', 1, '1', '9', '7130048001', 1, '1', '50266497', '10', '10', NULL, 2, '0', '2023-05-01', '0', 1, 2, 2, 2, 0, '2', '2', '2', 2, '0.00', '0.00', '0.00', 2, '0', '279604', 1, 0, '0', '0', '0', '', '1', '1', '2023-06-10 12:23:05', NULL),
('40081', '45', '2', '32', 'LUCAS THADEI MUHOMA', 1, 1, '1995-06-05 00:00:00', '1', '1', 'HSE 3 KIZOTA MTAA RELINI DODOMA', '0676693096', '0676693096', '', 1, 1, '', '2020-08-01', '', 1, '1', '1', '7116689001', 1, '1', '61247723', '10', '10', NULL, 2, '0', '2023-05-01', '0', 1, 2, 2, 2, 0, '2', '2', '2', 2, '0.00', '0.00', '0.00', 2, '0', '159102', 1, 0, '0', '0', '0', '', '1', '1', '2023-06-10 12:24:15', NULL),
('40082', '45', '2', '32', 'LUCAS THADEI MUHOMA', 1, 1, '1995-06-05 00:00:00', '1', '1', 'HSE 3 KIZOTA MTAA RELINI DODOMA', '0676693096', '0676693096', '', 1, 1, '', '2020-08-01', '', 1, '1', '10', '7116689001', 1, '1', '61247723', '10', '10', NULL, 2, '0', '2023-05-01', '0', 1, 2, 2, 2, 0, '2', '2', '2', 2, '0.00', '0.00', '0.00', 2, '0', '159102', 1, 0, '0', '0', '0', '', '1', '1', '2023-06-10 12:43:19', NULL),
('40083', '86', '26', '35', 'SALIMA SHAFFIN SOMANI', 1, 1, '1969-11-23 00:00:00', '2', '2', 'NYERERE ROAD, MWANZA, 2613', '0713450678', '0789692389', 'selu231169@gmail.com', 1, 1, '', '1995-05-01', '', 1, '1', '2', '5000382440', 1, '1', '29210062', '10', '10', NULL, 2, '0', '2023-05-01', '0', 1, 2, 2, 2, 0, '2', '2', '2', 2, '0.00', '0.00', '0.00', 2, '0', '2625520', 1, 0, '0', '0', '0', '', '1', '1', '2023-06-10 12:45:22', NULL),
('40084', '95', '26', '32', 'WILLIAM MUGETTA MATHAYO', 1, 1, '1955-02-14 00:00:00', '1', '2', 'NYAMHONGORO', '0786788335', '0786788335', '', 1, 1, '', '2020-08-01', '', 1, '1', '1', '7129925001', 2, '0', '0', '0', '0', NULL, 2, '0', '2023-05-01', '0', 1, 2, 2, 2, 0, '2', '2', '2', 2, '0.00', '0.00', '0.00', 2, '0', '509979', 1, 0, '0', '0', '0', '', '1', '1', '2023-06-10 12:48:13', NULL),
('40085', '95', '26', '32', 'WILLIAM MUGETTA MATHAYO', 1, 1, '1955-02-14 00:00:00', '1', '2', 'NYAMHONGORO', '0786788335', '0786788335', '', 1, 1, '', '2020-08-01', '', 1, '1', '11', '7129925001', 2, '0', '0', '0', '0', NULL, 2, '0', '2023-05-01', '0', 1, 2, 2, 2, 0, '2', '2', '2', 2, '0.00', '0.00', '0.00', 2, '0', '509979', 1, 0, '0', '0', '0', '', '1', '1', '2023-06-10 12:52:25', NULL),
('40086', '19', '1', '33', 'ASIA RASHID MNEMBUKA', 1, 1, '1978-08-18 00:00:00', '2', '2', 'MAJIMATATU A, MBAGALA, DSM', '0783507115', '0655499795', '', 1, 1, '', '2020-08-01', '', 1, '1', '1', '7064728002', 1, '1', '58996419', '10', '10', NULL, 2, '0', '2023-05-01', '0', 1, 2, 2, 2, 0, '2', '2', '2', 2, '0.00', '0.00', '0.00', 1, '50000', '214081', 1, 0, '0', '0', '0', '', '1', '1', '2023-06-10 12:55:50', NULL),
('40087', '98', '1', '41', 'ZULEKHA DHANANI', 1, 1, '1983-08-17 00:00:00', '2', '1', '36 INDIA STREET, PLOT 138/141, GARDEN AVENUE PROPERTIES, KITKAT BUILDING, 2ND FLOOR. FLAT NO 7.', '0683231017', '', 'zndhanani@gmail.com', 1, 1, '', '2016-08-01', '', 1, '1', '1', '7016549001', 1, '1', '34745165', '10', '10', NULL, 2, '0', '2023-05-01', '0', 1, 2, 2, 2, 0, '2', '2', '2', 2, '0.00', '0.00', '0.00', 2, '0', '3370638', 1, 0, '0', '0', '0', '', '1', '1', '2023-06-10 01:11:22', NULL),
('40088', '20', '16', '50', 'AUNALI MUKHTAR', 1, 1, '1994-06-15 00:00:00', '1', '2', '', '0714786313', '0714786313', 'aunali.mukhtar@gmail.com', 2, 1, '', '2019-07-15', '', 1, '1', '6', '7081716001', 1, '1', '61859605', '10', '10', NULL, 2, '0', '2023-05-01', '0', 1, 2, 2, 2, 0, '2', '2', '2', 2, '0.00', '0.00', '0.00', 2, '0', '6000000', 1, 0, '0', '0', '0', '', '1', '1', '2023-06-10 01:14:24', NULL),
('40089', '9', '15', '12', 'AMANIEL MARY MPARE', 1, 1, '1992-07-01 00:00:00', '2', '1', '', '', '', '', 2, 1, '', '2021-09-01', '', 1, '1', '1', '7254364001', 1, '1', '62787950', '10', '10', NULL, 2, '0', '2023-05-01', '0', 1, 2, 2, 2, 0, '2', '2', '2', 2, '0.00', '0.00', '0.00', 1, '100000', '258551', 1, 0, '0', '0', '0', '', '1', '1', '2023-06-15 12:45:42', NULL),
('40090', '77', '20', '22', 'ROSE EDWARD  KESSY', 1, 1, '1971-07-01 00:00:00', '2', '1', '', '', '', '', 1, 1, '', '2016-05-01', '', 1, '1', '1', '7064722001', 1, '1', '39172902', '10', '10', NULL, 2, '0', '2023-05-01', '0', 1, 2, 2, 2, 0, '2', '2', '2', 2, '0.00', '0.00', '0.00', 1, '100000', '302585', 1, 0, '0', '0', '0', '', '1', '1', '2023-06-15 12:47:29', NULL),
('40091', '66', '20', '22', 'PILI ATHUMANI', 1, 1, '1964-08-09 00:00:00', '2', '1', '', '', '', '', 1, 1, '', '2016-05-01', '', 1, '1', '1', '7064725001', 1, '1', '39172880', '10', '10', NULL, 2, '0', '2023-05-01', '0', 1, 2, 2, 2, 0, '2', '2', '2', 2, '0.00', '0.00', '0.00', 1, '100000', '260509', 1, 0, '0', '0', '0', '', '1', '1', '2023-06-15 12:48:32', NULL),
('40092', '22', '20', '22', 'BONIFACE LAKFODI  MCHIWA', 1, 1, '1978-02-15 00:00:00', '1', '1', '', '', '', '', 1, 1, '', '2016-05-01', '', 1, '1', '1', '7064686001', 1, '1', '32500181', '10', '10', NULL, 2, '0', '2023-05-01', '0', 1, 2, 2, 2, 0, '2', '2', '2', 2, '0.00', '0.00', '0.00', 1, '0', '286770', 1, 0, '0', '0', '0', '', '1', '1', '2023-06-15 12:49:26', NULL),
('40093', '66', '20', '22', 'PILI KOPWE ATHUMANI', 1, 1, '1964-08-09 00:00:00', '2', '1', '', '', '', '', 1, 1, '', '2016-05-01', '', 1, '1', '1', '7064725001', 1, '1', '39172880', '10', '10', NULL, 2, '0', '2023-05-01', '0', 1, 2, 2, 2, 0, '2', '2', '2', 2, '0.00', '0.00', '0.00', 1, '100000', '260509', 1, 0, '0', '0', '0', '', '1', '1', '2023-06-15 12:49:49', NULL),
('40094', '37', '20', '22', 'HATIBU MOHAMMED TAMBALA', 1, 1, '1974-02-05 00:00:00', '1', '1', '', '', '', '', 1, 1, '', '2016-05-01', '', 1, '1', '1', '7064685001', 1, '1', '50084267', '10', '10', NULL, 2, '0', '2023-05-01', '0', 1, 2, 2, 2, 0, '2', '2', '2', 2, '0.00', '0.00', '0.00', 1, '100000', '240000', 1, 0, '0', '0', '0', '', '1', '1', '2023-06-15 12:50:54', NULL),
('40095', '76', '20', '22', 'ROZY  DANIEL', 1, 1, '1979-07-01 00:00:00', '2', '1', '', '', '', '', 1, 1, '', '2016-05-01', '', 1, '1', '1', '7064677001', 1, '1', '50408585', '10', '10', NULL, 2, '0', '2023-05-01', '0', 1, 2, 2, 2, 0, '2', '2', '2', 2, '0.00', '0.00', '0.00', 1, '100000', '217281', 1, 0, '0', '0', '0', '', '1', '1', '2023-06-15 12:53:03', NULL),
('40096', '97', '20', '22', 'ZAITUN HEMED MBETU', 1, 1, '1974-06-12 00:00:00', '2', '1', '', '', '', '', 1, 1, '', '2016-05-01', '', 1, '1', '1', '7064684001', 1, '1', '56938624', '10', '10', NULL, 2, '0', '2023-05-01', '0', 1, 2, 2, 2, 0, '2', '2', '2', 2, '0.00', '0.00', '0.00', 1, '100000', '177293', 1, 0, '0', '0', '0', '', '1', '1', '2023-06-15 12:54:00', NULL),
('40097', '27', '20', '22', 'FRIDA KALINGA (ASHA)', 1, 1, '1976-12-30 00:00:00', '2', '1', '', '', '', '', 1, 1, '', '2016-05-01', '', 1, '1', '1', '7237192001', 1, '1', '55656471', '10', '10', NULL, 2, '0', '2023-05-01', '0', 1, 2, 2, 2, 0, '2', '2', '2', 2, '0.00', '0.00', '0.00', 1, '100000', '240000', 1, 0, '0', '0', '0', '', '1', '1', '2023-06-15 12:54:46', NULL);
INSERT INTO `employeehistory` (`Id`, `EmpId`, `DeptId`, `DesignationId`, `EmpFname`, `Nationality`, `Religion`, `DOB`, `Gender`, `Status`, `Address`, `MobileNo`, `TelNo`, `EmpEmail`, `EmpType`, `EmpStatus`, `InActiveReason`, `DateOfJoining`, `JobDescription`, `Bankchk`, `BankId`, `BranchId`, `BankNo`, `Pensionchk`, `PensionId`, `EmpPensionNo`, `EmpEmployerper`, `EmpEmployeeper`, `PensionDeductedFrom`, `PreviousPensionAmountchk`, `PreviousPensionAmount`, `DateforCalc`, `BalanceDays`, `Absentchk`, `AbsentDedType`, `AbsentDedFrom`, `Latechk`, `LateDedFrom`, `OTRateDay`, `OTRateSat`, `OTRateSunHol`, `StartOTchk`, `StartOTDay`, `StartOTSat`, `StartOTSunHol`, `AdvanceSalarychk`, `AdvanceSalaryAmount`, `BasicSalary`, `EmpTimingType`, `ShiftType`, `WeekShiftId`, `SatShiftId`, `UploadStatus`, `Password`, `CompanyId`, `CreatedBy`, `CreatedDate`, `Image`) VALUES
('40098', '61', '20', '22', 'NURU SELEMANI  RASHIDI', 1, 1, '1972-02-04 00:00:00', '2', '1', '', '', '', '', 1, 1, '', '2016-05-01', '', 1, '1', '1', '7064760001', 1, '1', '55656481', '10', '10', NULL, 2, '0', '2023-05-01', '0', 1, 2, 2, 2, 0, '2', '2', '2', 2, '0.00', '0.00', '0.00', 1, '100000', '226387', 1, 0, '0', '0', '0', '', '1', '1', '2023-06-15 12:56:31', NULL),
('40099', '79', '20', '22', 'SADA BAKARI HUSSEIN', 1, 1, '1970-07-01 00:00:00', '2', '1', 'MBAGALA MAJI MATITU', '0713 014 089', '', '', 1, 1, '', '2016-05-01', '', 1, '1', '1', '7064682001', 1, '1', '39172899', '10', '10', NULL, 2, '0', '2023-05-01', '0', 1, 2, 2, 2, 0, '2', '2', '2', 2, '0.00', '0.00', '0.00', 1, '100000', '259360', 1, 0, '0', '0', '0', '', '1', '1', '2023-06-15 12:57:42', NULL),
('40100', '29', '20', '34', 'GENEROSE LAURIAN KABARUA', 1, 1, '1973-04-11 00:00:00', '2', '1', '', '', '', '', 1, 1, '', '2016-05-01', '', 1, '1', '1', '7077053001', 1, '1', '39621723', '10', '10', NULL, 2, '0', '2023-05-01', '0', 1, 2, 2, 2, 0, '2', '2', '2', 2, '0.00', '0.00', '0.00', 1, '100000', '950257', 1, 0, '0', '0', '0', '', '1', '1', '2023-06-15 12:58:45', NULL),
('40101', '50', '20', '22', 'MIRAGY ALLY MHANDO', 1, 1, '1994-12-24 00:00:00', '1', '1', '', '', '', '', 1, 1, '', '2016-05-01', '', 1, '1', '1', '7064679001', 1, '1', '60114754', '10', '10', NULL, 2, '0', '2023-05-01', '0', 1, 2, 2, 2, 0, '2', '2', '2', 2, '0.00', '0.00', '0.00', 1, '100000', '207028', 1, 0, '0', '0', '0', '', '1', '1', '2023-06-15 01:01:42', NULL),
('40102', '30', '20', '22', 'HABEL LAKFORD MCHIWA', 1, 1, '1986-01-04 00:00:00', '1', '1', '', '', '', '', 1, 1, '', '2016-05-01', '', 1, '1', '1', '7064681001', 1, '1', '60866497', '10', '10', NULL, 2, '0', '2023-05-01', '0', 1, 2, 2, 2, 0, '2', '2', '2', 2, '0.00', '0.00', '0.00', 1, '100000', '222940', 1, 0, '0', '0', '0', '', '1', '1', '2023-06-15 01:02:39', NULL),
('40103', '17', '20', '30', 'ARDO FRANCE KIHWILY', 1, 1, '1985-01-25 00:00:00', '1', '1', '', '', '', '', 1, 1, '', '2016-05-01', '', 1, '1', '1', '7076653001', 1, '1', '55886914', '10', '10', NULL, 2, '0', '2023-05-01', '0', 1, 2, 2, 2, 0, '2', '2', '2', 2, '0.00', '0.00', '0.00', 1, '100000', '391403', 1, 0, '0', '0', '0', '', '1', '1', '2023-06-15 01:03:59', NULL),
('40104', '90', '21', '34', 'SHUKIR AHMED IBRAHIM', 1, 1, '1994-09-02 00:00:00', '2', '1', '', '', '', '', 2, 1, '', '2020-02-01', '', 1, '1', '1', '7199677001', 1, '1', '65966309', '10', '10', NULL, 2, '0', '2023-05-01', '0', 1, 2, 2, 2, 0, '2', '2', '2', 2, '0.00', '0.00', '0.00', 2, '0', '1150749', 1, 0, '0', '0', '0', '', '1', '1', '2023-06-15 01:07:19', NULL),
('40105', '78', '21', '21', 'RUTH NATHANEL KIKWESH', 1, 1, '1986-07-10 00:00:00', '2', '1', '', '', '', '', 2, 1, '', '2020-02-01', '', 1, '1', '1', '7204977001', 1, '1', '63741377', '10', '10', NULL, 2, '0', '2023-05-01', '0', 1, 2, 2, 2, 0, '2', '2', '2', 2, '0.00', '0.00', '0.00', 2, '0', '365685', 1, 0, '0', '0', '0', '', '1', '1', '2023-06-15 01:08:52', NULL),
('40106', '31', '21', '34', 'HADIJA BAKARI MPONDA', 1, 1, '1997-10-25 00:00:00', '2', '1', '', '', '', '', 2, 1, '', '2022-11-22', '', 1, '1', '1', '7277859001', 1, '1', '46698144', '10', '10', NULL, 2, '0', '2023-05-01', '0', 1, 2, 2, 2, 0, '2', '2', '2', 2, '0.00', '0.00', '0.00', 2, '0', '1043478', 1, 0, '0', '0', '0', '', '1', '1', '2023-06-15 01:10:27', NULL),
('40107', '25', '21', '22', 'EVANCE JOSEPH TEMBO', 1, 1, '2003-04-28 00:00:00', '1', '1', '', '', '', '', 2, 1, '', '2022-10-15', '', 1, '1', '1', '7280867001', 1, '1', '46448836', '10', '10', NULL, 2, '0', '2023-05-01', '0', 1, 2, 2, 2, 0, '2', '2', '2', 2, '0.00', '0.00', '0.00', 2, '0', '173913', 1, 0, '0', '0', '0', '', '1', '1', '2023-06-15 01:12:27', NULL),
('40108', '15', '23', '34', 'ANGELINA BASILI MAUKI', 1, 1, '1997-05-10 00:00:00', '2', '1', '', '', '', '', 2, 1, '', '2023-02-15', '', 2, '0', '0', '', 1, '1', '46467156', '10', '10', NULL, 2, '0', '2023-05-01', '0', 1, 2, 2, 2, 0, '2', '2', '2', 2, '0.00', '0.00', '0.00', 2, '0', '1043478', 1, 0, '0', '0', '0', '', '1', '1', '2023-06-15 01:14:38', NULL),
('40109', '41', '20', '22', 'JACKLIN ALINDA MULOKOZI', 1, 1, '2000-05-09 00:00:00', '2', '1', '', '', '', '', 2, 1, '', '2023-02-01', '', 2, '0', '0', '', 1, '1', '47467250', '10', '10', NULL, 2, '0', '2023-05-01', '0', 1, 2, 2, 2, 0, '2', '2', '2', 2, '0.00', '0.00', '0.00', 2, '0', '200000', 1, 0, '0', '0', '0', '', '1', '1', '2023-06-15 01:17:37', NULL),
('40110', '43', '20', '24', 'KASIM PATEL', 3, 1, '1961-12-02 00:00:00', '1', '2', '2ND FLOOR, COOPERATIVE BUILDING, AGGREY STREET, DSM', '0784 826 991', '', 'kasim1961@gmail.com', 2, 1, '', '2004-05-21', '', 1, '1', '1', '7403594001', 1, '1', '36213470', '10', '10', NULL, 2, '0', '2023-05-01', '0', 1, 2, 2, 2, 0, '2', '2', '2', 2, '0.00', '0.00', '0.00', 2, '0', '11620875', 1, 0, '0', '0', '0', '', '1', '1', '2023-06-15 01:20:11', NULL),
('40111', '73', '22', '6', 'RESHMA NAUSHAD KASSAM', 1, 1, '1979-04-16 00:00:00', '2', '2', '3RD FLOOR, HOUSE NO 41, MFAUME STREET, WEST UPANGA, DSM', '0739 737 462', '', 'kassamreshma@gmail.com', 2, 1, '', '2021-10-01', '', 1, '1', '1', '7205074001', 1, '1', '45009147', '10', '10', NULL, 2, '0', '2023-05-01', '0', 1, 2, 2, 2, 0, '2', '2', '2', 2, '0.00', '0.00', '0.00', 2, '0', '2284970', 1, 0, '0', '0', '0', '', '1', '1', '2023-06-15 01:22:59', NULL),
('40112', '65', '20', '32', 'PETER RAFAEL MLOKA', 1, 1, '1980-10-23 00:00:00', '1', '2', 'MBEZI KWEMBE', '0689 295 884', '', '', 1, 1, '', '2020-08-01', '', 1, '1', '1', '7409554001', 1, '1', '39621715', '10', '10', NULL, 2, '0', '2023-05-01', '0', 1, 2, 2, 2, 0, '2', '2', '2', 2, '0.00', '0.00', '0.00', 1, '80000', '355312', 1, 0, '0', '0', '0', '', '1', '1', '2023-06-15 01:24:26', NULL),
('50089', '9', '15', '12', 'AMANIEL MARY MPARE', 1, 1, '1992-07-01 00:00:00', '2', '1', '', '', '', '', 2, 1, '', '2021-09-01', '', 1, '1', '1', '7254364001', 1, '1', '62787950', '10', '10', NULL, 2, '0', '2023-05-01', '0', 1, 2, 2, 2, 0, '2', '2', '2', 2, '0.00', '0.00', '0.00', 1, '100000', '258551', 1, 0, '0', '0', '0', '', '1', '1', '2023-07-06 11:15:42', NULL),
('50090', '11', '20', '22', 'AMINA SALUMU (VALERIA FRANCIS)', 1, 1, '1986-12-25 00:00:00', '2', '1', '', '', '', '', 1, 1, '', '2016-05-01', '', 1, '1', '1', '7064735001', 1, '1', '50408321', '10', '10', NULL, 2, '0', '2023-05-01', '0', 1, 2, 2, 2, 0, '2', '2', '2', 2, '0.00', '0.00', '0.00', 1, '100000', '226387', 1, 0, '0', '0', '0', '', '1', '1', '2023-07-06 11:19:33', NULL),
('50091', '15', '23', '34', 'ANGELINA BASILI MAUKI', 1, 1, '1997-05-10 00:00:00', '2', '1', '', '', '', '', 2, 1, '', '2023-02-15', '', 1, '1', '1', '7286985001', 1, '1', '46467156', '10', '10', NULL, 2, '0', '2023-05-01', '0', 1, 2, 2, 2, 0, '2', '2', '2', 2, '0.00', '0.00', '0.00', 2, '0', '1043478', 1, 0, '0', '0', '0', '', '1', '1', '2023-07-06 11:21:55', NULL),
('50092', '22', '20', '22', 'BONIFACE LAKFODI  MCHIWA', 1, 1, '1978-02-15 00:00:00', '1', '1', '', '', '', '', 1, 1, '', '2016-05-01', '', 1, '1', '1', '7064686001', 1, '1', '32500181', '10', '10', NULL, 2, '0', '2023-05-01', '0', 1, 2, 2, 2, 0, '2', '2', '2', 2, '0.00', '0.00', '0.00', 1, '100000', '286770', 1, 0, '0', '0', '0', '', '1', '1', '2023-07-06 11:23:13', NULL),
('50093', '27', '21', '22', 'FRIDA KALINGA (ASHA)', 1, 1, '1976-12-30 00:00:00', '2', '1', '', '', '', '', 1, 1, '', '2016-05-01', '', 1, '1', '1', '7237192001', 1, '1', '55656471', '10', '10', NULL, 2, '0', '2023-05-01', '0', 1, 2, 2, 2, 0, '2', '2', '2', 2, '0.00', '0.00', '0.00', 1, '100000', '240000', 1, 0, '0', '0', '0', '', '1', '1', '2023-07-06 11:25:00', NULL),
('50094', '25', '21', '22', 'EVANCE JOSEPH TEMBO', 1, 1, '2003-04-28 00:00:00', '1', '1', '', '', '', '', 2, 1, '', '2022-10-15', '', 1, '1', '1', '7280867001', 1, '1', '46448836', '10', '10', NULL, 2, '0', '2023-05-01', '0', 1, 2, 2, 2, 0, '2', '2', '2', 2, '0.00', '0.00', '0.00', 2, '0', '173913', 1, 0, '0', '0', '0', '', '1', '1', '2023-07-06 11:27:00', NULL),
('50095', '29', '20', '34', 'GENEROSE LAURIAN KABARUA', 1, 1, '1973-04-11 00:00:00', '2', '1', '', '', '', '', 1, 1, '', '2016-05-01', '', 1, '1', '1', '7077053001', 1, '1', '39621723', '10', '10', NULL, 2, '0', '2023-05-01', '0', 1, 2, 2, 2, 0, '2', '2', '2', 2, '0.00', '0.00', '0.00', 1, '100000', '950257', 1, 0, '0', '0', '0', '', '1', '1', '2023-07-06 11:27:57', NULL),
('50096', '27', '21', '22', 'FRIDA KALINGA (ASHA)', 1, 1, '1976-12-30 00:00:00', '2', '1', '', '', '', '', 1, 1, '', '2016-05-01', '', 1, '1', '1', '7237192001', 1, '1', '55656471', '10', '10', NULL, 2, '0', '2023-05-01', '0', 1, 2, 2, 2, 0, '2', '2', '2', 2, '0.00', '0.00', '0.00', 1, '100000', '240000', 1, 0, '0', '0', '0', '', '1', '1', '2023-07-06 11:30:00', NULL),
('50097', '30', '21', '22', 'HABEL LAKFORD MCHIWA', 1, 1, '1986-01-04 00:00:00', '1', '1', '', '', '', '', 1, 1, '', '2016-05-01', '', 1, '1', '1', '7064681001', 1, '1', '60866497', '10', '10', NULL, 2, '0', '2023-05-01', '0', 1, 2, 2, 2, 0, '2', '2', '2', 2, '0.00', '0.00', '0.00', 1, '100000', '222940', 1, 0, '0', '0', '0', '', '1', '1', '2023-07-06 11:31:36', NULL),
('50098', '31', '21', '34', 'HADIJA BAKARI MPONDA', 1, 1, '1997-10-25 00:00:00', '2', '1', '', '', '', '', 2, 1, '', '2022-11-22', '', 1, '1', '1', '7277859001', 1, '1', '46698144', '10', '10', NULL, 2, '0', '2023-05-01', '0', 1, 2, 2, 2, 0, '2', '2', '2', 2, '0.00', '0.00', '0.00', 2, '0', '1043478', 1, 0, '0', '0', '0', '', '1', '1', '2023-07-06 11:32:42', NULL),
('50099', '37', '20', '22', 'HATIBU MOHAMMED TAMBALA', 1, 1, '1974-02-05 00:00:00', '1', '1', '', '', '', '', 1, 1, '', '2016-05-01', '', 1, '1', '1', '7064685001', 1, '1', '50084267', '10', '10', NULL, 2, '0', '2023-05-01', '0', 1, 2, 2, 2, 0, '2', '2', '2', 2, '0.00', '0.00', '0.00', 1, '100000', '240000', 1, 0, '0', '0', '0', '', '1', '1', '2023-07-06 11:34:36', NULL),
('50100', '41', '20', '22', 'JACKLIN ALINDA MULOKOZI', 1, 1, '2000-05-09 00:00:00', '2', '1', '', '', '', '', 2, 1, '', '2023-02-01', '', 1, '1', '1', '7282469001', 1, '1', '47467250', '10', '10', NULL, 2, '0', '2023-05-01', '0', 1, 2, 2, 2, 0, '2', '2', '2', 2, '0.00', '0.00', '0.00', 2, '0', '200000', 1, 0, '0', '0', '0', '', '1', '1', '2023-07-06 11:37:30', NULL),
('50101', '43', '20', '24', 'KASIM KASSAMALI PATEL', 3, 1, '1961-12-02 00:00:00', '1', '2', '2ND FLOOR, COOPERATIVE BUILDING, AGGREY STREET, DSM', '0784 826 991', '', 'kasim1961@gmail.com', 2, 1, '', '2004-05-21', '', 1, '1', '1', '7403594001', 1, '1', '36213470', '10', '10', NULL, 2, '0', '2023-05-01', '0', 1, 2, 2, 2, 0, '2', '2', '2', 2, '0.00', '0.00', '0.00', 2, '0', '11620875', 1, 0, '0', '0', '0', '', '1', '1', '2023-07-06 11:40:53', NULL),
('50102', '50', '20', '22', 'MIRAGY ALLY MHANDO', 1, 1, '1994-12-24 00:00:00', '1', '1', '', '', '', '', 1, 1, '', '2016-05-01', '', 1, '1', '1', '7064679001', 1, '1', '60114754', '10', '10', NULL, 2, '0', '2023-05-01', '0', 1, 2, 2, 2, 0, '2', '2', '2', 2, '0.00', '0.00', '0.00', 1, '100000', '207028', 1, 0, '0', '0', '0', '', '1', '1', '2023-07-06 11:42:10', NULL),
('50103', '61', '20', '22', 'NURU SELEMANI  RASHIDI', 1, 1, '1972-02-04 00:00:00', '2', '1', '', '', '', '', 1, 1, '', '2016-05-01', '', 1, '1', '1', '7064760001', 1, '1', '55656481', '10', '10', NULL, 2, '0', '2023-05-01', '0', 1, 2, 2, 2, 0, '2', '2', '2', 2, '0.00', '0.00', '0.00', 1, '100000', '226387', 1, 0, '0', '0', '0', '', '1', '1', '2023-07-06 11:43:20', NULL),
('50104', '65', '20', '32', 'PETER RAFAEL MLOKA', 1, 1, '1980-10-23 00:00:00', '1', '2', 'MBEZI KWEMBE', '0689 295 884', '', '', 1, 1, '', '2020-08-01', '', 1, '1', '1', '7409554001', 1, '1', '39621715', '10', '10', NULL, 2, '0', '2023-05-01', '0', 1, 2, 2, 2, 0, '2', '2', '2', 2, '0.00', '0.00', '0.00', 1, '80000', '355312', 1, 0, '0', '0', '0', '', '1', '1', '2023-07-06 11:44:34', NULL),
('50105', '66', '20', '22', 'PILI KOPWE ATHUMANI', 1, 1, '1964-08-09 00:00:00', '2', '1', '', '', '', '', 1, 1, '', '2016-05-01', '', 1, '1', '1', '7064725001', 1, '1', '39172880', '10', '10', NULL, 2, '0', '2023-05-01', '0', 1, 2, 2, 2, 0, '2', '2', '2', 2, '0.00', '0.00', '0.00', 1, '100000', '260509', 1, 0, '0', '0', '0', '', '1', '1', '2023-07-06 11:45:49', NULL),
('50106', '73', '22', '6', 'RESHMA NAUSHAD KASSAM', 1, 1, '1979-04-16 00:00:00', '2', '2', '3RD FLOOR, HOUSE NO 41, MFAUME STREET, WEST UPANGA, DSM', '0739 737 462', '', 'kassamreshma@gmail.com', 2, 1, '', '2021-10-01', '', 1, '1', '1', '7205074001', 1, '1', '45009147', '10', '10', NULL, 2, '0', '2023-05-01', '0', 1, 2, 2, 2, 0, '2', '2', '2', 2, '0.00', '0.00', '0.00', 2, '0', '2284970', 1, 0, '0', '0', '0', '', '1', '1', '2023-07-06 11:46:43', NULL),
('50107', '73', '22', '6', 'RESHMA NAUSHAD KASSAM', 1, 1, '1979-04-16 00:00:00', '2', '2', '3RD FLOOR, HOUSE NO 41, MFAUME STREET, WEST UPANGA, DSM', '0739 737 462', '', 'kassamreshma@gmail.com', 2, 1, '', '2021-10-01', '', 1, '1', '1', '7205074001', 1, '1', '45009147', '10', '10', NULL, 2, '0', '2023-05-01', '0', 1, 2, 2, 2, 0, '2', '2', '2', 2, '0.00', '0.00', '0.00', 2, '0', '2284970', 1, 0, '0', '0', '0', '', '1', '1', '2023-07-06 11:47:17', NULL),
('50108', '77', '20', '22', 'ROSE EDWARD  KESSY', 1, 1, '1971-07-01 00:00:00', '2', '1', '', '', '', '', 1, 1, '', '2016-05-01', '', 1, '1', '1', '7064722001', 1, '1', '39172902', '10', '10', NULL, 2, '0', '2023-05-01', '0', 1, 2, 2, 2, 0, '2', '2', '2', 2, '0.00', '0.00', '0.00', 1, '100000', '302585', 1, 0, '0', '0', '0', '', '1', '1', '2023-07-06 11:48:52', NULL),
('50109', '76', '20', '22', 'ROZY DANIELJOHN', 1, 1, '1979-07-01 00:00:00', '2', '1', '', '', '', '', 1, 1, '', '2016-05-01', '', 1, '1', '1', '7064677001', 1, '1', '50408585', '10', '10', NULL, 2, '0', '2023-05-01', '0', 1, 2, 2, 2, 0, '2', '2', '2', 2, '0.00', '0.00', '0.00', 1, '100000', '217281', 1, 0, '0', '0', '0', '', '1', '1', '2023-07-06 11:49:55', NULL),
('50110', '76', '20', '22', 'ROSE DANIELJOHN', 1, 1, '1979-07-01 00:00:00', '2', '1', '', '', '', '', 1, 1, '', '2016-05-01', '', 1, '1', '1', '7064677001', 1, '1', '50408585', '10', '10', NULL, 2, '0', '2023-05-01', '0', 1, 2, 2, 2, 0, '2', '2', '2', 2, '0.00', '0.00', '0.00', 1, '100000', '217281', 1, 0, '0', '0', '0', '', '1', '1', '2023-07-06 11:50:20', NULL),
('50111', '78', '21', '21', 'RUTH NATHANEL KIKWESH', 1, 1, '1986-07-10 00:00:00', '2', '1', '', '', '', '', 2, 1, '', '2020-02-01', '', 1, '1', '1', '7204977001', 1, '1', '63741377', '10', '10', NULL, 2, '0', '2023-05-01', '0', 1, 2, 2, 2, 0, '2', '2', '2', 2, '0.00', '0.00', '0.00', 1, '100000', '365685', 1, 0, '0', '0', '0', '', '1', '1', '2023-07-06 11:51:41', NULL),
('50112', '79', '20', '22', 'SADA BAKARI HUSSEIN', 1, 1, '1970-07-01 00:00:00', '2', '1', 'MBAGALA MAJI MATITU', '0713 014 089', '', '', 1, 1, '', '2016-05-01', '', 1, '1', '1', '7064682001', 1, '1', '39172899', '10', '10', NULL, 2, '0', '2023-05-01', '0', 1, 2, 2, 2, 0, '2', '2', '2', 2, '0.00', '0.00', '0.00', 1, '100000', '259360', 1, 0, '0', '0', '0', '', '1', '1', '2023-07-06 11:52:37', NULL),
('50113', '90', '21', '34', 'SHUKIR AHMED IBRAHIM', 1, 1, '1994-09-02 00:00:00', '2', '1', '', '', '', '', 2, 1, '', '2020-02-01', '', 1, '1', '1', '7199677001', 1, '1', '65966309', '10', '10', NULL, 2, '0', '2023-05-01', '0', 1, 2, 2, 2, 0, '2', '2', '2', 2, '0.00', '0.00', '0.00', 2, '0', '1150749', 1, 0, '0', '0', '0', '', '1', '1', '2023-07-06 11:54:17', NULL),
('50114', '97', '21', '22', 'ZAITUN HEMED MBETU', 1, 1, '1974-06-12 00:00:00', '2', '1', '', '', '', '', 1, 1, '', '2016-05-01', '', 1, '1', '1', '7064684001', 1, '1', '56938624', '10', '10', NULL, 2, '0', '2023-05-01', '0', 1, 2, 2, 2, 0, '2', '2', '2', 2, '0.00', '0.00', '0.00', 1, '100000', '177293', 1, 0, '0', '0', '0', '', '1', '1', '2023-07-06 11:55:38', NULL),
('50115', '15', '23', '34', 'ANGELINA BASILI MAUKI', 1, 1, '1997-05-10 00:00:00', '2', '1', '', '', '', '', 2, 1, '', '2023-02-15', '', 1, '1', '1', '7286985001', 1, '1', '46467156', '10', '10', NULL, 2, '0', '2023-05-01', '0', 1, 2, 2, 2, 0, '2', '2', '2', 2, '0.00', '0.00', '0.00', 2, '0', '1043478', 1, 0, '0', '0', '0', '', '1', '1', '2023-07-06 12:56:23', NULL),
('50116', '22', '20', '22', 'BONIFACE LAKFODI  MCHIWA', 1, 1, '1978-02-15 00:00:00', '1', '1', '', '', '', '', 1, 1, '', '2016-05-01', '', 1, '1', '1', '7064686001', 1, '1', '32500181', '10', '10', NULL, 2, '0', '2023-05-01', '0', 1, 2, 2, 2, 0, '2', '2', '2', 2, '0.00', '0.00', '0.00', 1, '100000', '286770', 1, 0, '0', '0', '0', '', '1', '1', '2023-07-06 01:07:25', NULL),
('50117', '27', '21', '22', 'FRIDA KALINGA (ASHA)', 1, 1, '1976-12-30 00:00:00', '2', '1', '', '', '', '', 1, 1, '', '2016-05-01', '', 1, '1', '1', '7237192001', 1, '1', '55656471', '10', '10', NULL, 2, '0', '2023-05-01', '0', 1, 2, 2, 2, 0, '2', '2', '2', 2, '0.00', '0.00', '0.00', 1, '100000', '240000', 1, 0, '0', '0', '0', '', '1', '1', '2023-07-06 01:10:18', NULL),
('50118', '25', '21', '22', 'EVANCE JOSEPH TEMBO', 1, 1, '2003-04-28 00:00:00', '1', '1', '', '', '', '', 2, 1, '', '2022-10-15', '', 1, '1', '1', '7280867001', 1, '1', '46448836', '10', '10', NULL, 2, '0', '2023-05-01', '0', 1, 2, 2, 2, 0, '2', '2', '2', 2, '0.00', '0.00', '0.00', 2, '0', '173913', 1, 0, '0', '0', '0', '', '1', '1', '2023-07-06 01:15:20', NULL),
('50119', '29', '21', '34', 'GENEROSE LAURIAN KABARUA', 1, 1, '1973-04-11 00:00:00', '2', '1', '', '', '', '', 1, 1, '', '2016-05-01', '', 1, '1', '1', '7077053001', 1, '1', '39621723', '10', '10', NULL, 2, '0', '2023-05-01', '0', 1, 2, 2, 2, 0, '2', '2', '2', 2, '0.00', '0.00', '0.00', 1, '100000', '950257', 1, 0, '0', '0', '0', '', '1', '1', '2023-07-06 01:22:12', NULL),
('50120', '27', '21', '22', 'FRIDA KALINGA (ASHA)', 1, 1, '1976-12-30 00:00:00', '2', '1', '', '', '', '', 1, 1, '', '2016-05-01', '', 1, '1', '1', '7237192001', 1, '1', '55656471', '10', '10', NULL, 2, '0', '2023-05-01', '0', 1, 2, 2, 2, 0, '2', '2', '2', 2, '0.00', '0.00', '0.00', 1, '100000', '240000', 1, 0, '0', '0', '0', '', '1', '1', '2023-07-06 01:24:24', NULL),
('50121', '30', '21', '22', 'HABE LAKFORD MCHIWA', 1, 1, '1986-01-04 00:00:00', '1', '1', '', '', '', '', 1, 1, '', '2016-05-01', '', 1, '1', '1', '7064681001', 1, '1', '60866497', '10', '10', NULL, 2, '0', '2023-05-01', '0', 1, 2, 2, 2, 0, '2', '2', '2', 2, '0.00', '0.00', '0.00', 1, '100000', '222940', 1, 0, '0', '0', '0', '', '1', '1', '2023-07-06 01:25:48', NULL),
('50122', '31', '21', '34', 'HADIJA BAKARI MPONDA', 1, 1, '1997-10-25 00:00:00', '2', '1', '', '', '', '', 2, 1, '', '2022-11-22', '', 1, '1', '1', '7277859001', 1, '1', '46698144', '10', '10', NULL, 2, '0', '2023-05-01', '0', 1, 2, 2, 2, 0, '2', '2', '2', 2, '0.00', '0.00', '0.00', 2, '0', '1043478', 1, 0, '0', '0', '0', '', '1', '1', '2023-07-06 01:26:43', NULL),
('50123', '37', '20', '22', 'HATIBU MOHAMMED TAMBALA', 1, 1, '1974-02-05 00:00:00', '1', '1', '', '', '', '', 1, 1, '', '2016-05-01', '', 1, '1', '1', '7064685001', 1, '1', '50084267', '10', '10', NULL, 2, '0', '2023-05-01', '0', 1, 2, 2, 2, 0, '2', '2', '2', 2, '0.00', '0.00', '0.00', 1, '100000', '240000', 1, 0, '0', '0', '0', '', '1', '1', '2023-07-06 01:27:30', NULL),
('50124', '41', '20', '22', 'JACKLIN ALINDA MULOKOZI', 1, 1, '2000-05-09 00:00:00', '2', '1', '', '', '', '', 2, 1, '', '2023-02-01', '', 1, '1', '1', '7282469001', 1, '1', '47467250', '10', '10', NULL, 2, '0', '2023-05-01', '0', 1, 2, 2, 2, 0, '2', '2', '2', 2, '0.00', '0.00', '0.00', 2, '0', '200000', 1, 0, '0', '0', '0', '', '1', '1', '2023-07-06 01:28:19', NULL),
('50125', '76', '20', '22', 'ROSE DANIELJOHN', 1, 1, '1979-07-01 00:00:00', '2', '1', '', '', '', '', 1, 1, '', '2016-05-01', '', 1, '1', '1', '7064677001', 1, '1', '50408585', '10', '10', NULL, 2, '0', '2023-05-01', '0', 1, 2, 2, 2, 0, '2', '2', '2', 2, '0.00', '0.00', '0.00', 1, '100000', '217281', 1, 0, '0', '0', '0', '', '1', '1', '2023-07-06 01:32:13', NULL),
('50126', '17', '20', '30', 'ARDO FRANCE KIHWILY', 1, 1, '1985-01-25 00:00:00', '1', '1', '', '', '', '', 1, 1, '', '2016-05-01', '', 1, '1', '1', '7076653001', 1, '1', '55886914', '10', '10', NULL, 2, '0', '2023-05-01', '0', 1, 2, 2, 2, 0, '2', '2', '2', 2, '0.00', '0.00', '0.00', 1, '100000', '391403', 1, 0, '0', '0', '0', '', '1', '1', '2023-07-06 01:38:06', NULL),
('50127', '10', '4', '18', 'AMINA JUMA CHIKWENGE', 1, 1, '1976-06-15 00:00:00', '1', '2', 'MBAGALA KICHEMCHEM', '0718 506 661', '', 'aminachikwenga1976@gmail.com', 1, 1, '', '2016-01-01', '', 1, '1', '1', '7070415001', 1, '1', '33850585', '10', '10', NULL, 2, '0', '2023-05-01', '0', 1, 2, 2, 2, 0, '2', '2', '2', 2, '0.00', '0.00', '0.00', 1, '100000', '331476', 1, 0, '0', '0', '0', '', '1', '1', '2023-07-06 01:47:28', NULL),
('50128', '10', '4', '18', 'AMINA JUMA CHIKWENGE', 1, 1, '1976-06-15 00:00:00', '1', '2', 'MBAGALA KICHEMCHEM', '0718 506 661', '', 'aminachikwenga1976@gmail.com', 1, 1, '', '2016-01-01', '', 1, '1', '1', '7070415001', 1, '1', '33850585', '10', '10', NULL, 2, '0', '2023-05-01', '0', 1, 2, 2, 2, 0, '2', '2', '2', 2, '0.00', '0.00', '0.00', 1, '100000', '331476', 1, 0, '0', '0', '0', '', '1', '1', '2023-07-06 01:48:38', NULL),
('50129', '14', '4', '23', 'ANDREW BONIFACE JUMBE', 1, 1, '1986-10-31 00:00:00', '1', '2', 'MBAGALA CHAMAZI', '0714 613 610', '', 'Andrewboniface1986@gmail.com', 1, 1, '', '2019-03-01', '', 1, '1', '1', '7160484001', 1, '1', '65157990', '10', '10', NULL, 2, '0', '2023-05-01', '0', 1, 2, 2, 2, 0, '2', '2', '2', 2, '0.00', '0.00', '0.00', 1, '0', '621527', 1, 0, '0', '0', '0', '', '1', '1', '2023-07-06 01:50:12', NULL),
('50130', '14', '4', '23', 'ANDREW BONIFACE JUMBE', 1, 1, '1986-10-31 00:00:00', '1', '2', 'MBAGALA CHAMAZI', '0714 613 610', '', 'Andrewboniface1986@gmail.com', 1, 1, '', '2019-03-01', '', 1, '1', '1', '7160484001', 1, '1', '65157990', '10', '10', NULL, 2, '0', '2023-05-01', '0', 1, 2, 2, 2, 0, '2', '2', '2', 2, '0.00', '0.00', '0.00', 1, '100000', '621527', 1, 0, '0', '0', '0', '', '1', '1', '2023-07-06 01:50:52', NULL),
('50131', '16', '4', '18', 'ANSILA DOMINIKUS SANGA', 1, 1, '1983-06-06 00:00:00', '2', '2', 'MBEZI MATOSA', '0716 425 178', '', 'ansilasanga1983@gmail.com', 1, 1, '', '2016-02-15', '', 1, '1', '1', '7070548001', 1, '1', '61384909', '10', '10', NULL, 2, '0', '2023-05-01', '0', 1, 2, 2, 2, 0, '2', '2', '2', 2, '0.00', '0.00', '0.00', 1, '100000', '254990', 1, 0, '0', '0', '0', '', '1', '1', '2023-07-06 01:51:50', NULL),
('50132', '16', '4', '18', 'ANSILA DOMINIKUS SANGA', 1, 1, '1983-06-06 00:00:00', '2', '2', 'MBEZI MATOSA', '0716 425 178', '', 'ansilasanga1983@gmail.com', 1, 1, '', '2016-02-15', '', 1, '1', '1', '7070548001', 1, '1', '61384909', '10', '10', NULL, 2, '0', '2023-05-01', '0', 1, 2, 2, 2, 0, '2', '2', '2', 2, '0.00', '0.00', '0.00', 1, '100000', '254990', 1, 0, '0', '0', '0', '', '1', '1', '2023-07-06 01:53:18', NULL),
('50133', '18', '4', '18', 'ASHURA OMARI KAMOTE', 1, 1, '1977-09-12 00:00:00', '2', '2', 'MBAGALA CHARAMBE', '0713 336 810', '', 'ashurakamote1977@gmail.com', 1, 1, '', '2016-01-01', '', 1, '1', '1', '7073321001', 1, '1', '35289740', '10', '10', NULL, 2, '0', '2023-05-01', '0', 1, 2, 2, 2, 0, '2', '2', '2', 2, '0.00', '0.00', '0.00', 1, '100000', '319432', 1, 0, '0', '0', '0', '', '1', '1', '2023-07-06 01:54:30', NULL),
('50134', '18', '4', '18', 'ASHURA OMARI KAMOTE', 1, 1, '1977-09-12 00:00:00', '2', '2', 'MBAGALA CHARAMBE', '0713 336 810', '', 'ashurakamote1977@gmail.com', 1, 1, '', '2016-01-01', '', 1, '1', '1', '7073321001', 1, '1', '35289740', '10', '10', NULL, 2, '0', '2023-05-01', '0', 1, 2, 2, 2, 0, '2', '2', '2', 2, '0.00', '0.00', '0.00', 1, '100000', '319432', 1, 0, '0', '0', '0', '', '1', '1', '2023-07-06 01:55:00', NULL),
('50135', '28', '4', '18', 'FATUMA HASSAN KOMBO', 1, 1, '1966-05-02 00:00:00', '2', '2', 'TANDIKA TEMEKE', '0717 153 991', '', 'fatumakombo1966@gmail.com', 1, 1, '', '2016-02-15', '', 1, '1', '1', '7070881001', 1, '1', '61384976', '10', '10', NULL, 2, '0', '2023-05-01', '0', 1, 2, 2, 2, 0, '2', '2', '2', 2, '0.00', '0.00', '0.00', 1, '100000', '254990', 1, 0, '0', '0', '0', '', '1', '1', '2023-07-06 01:56:00', NULL),
('50136', '12', '11', '38', 'AMOS JOHN MUNENGO', 1, 2, '1977-07-12 00:00:00', '1', '2', 'GONGO LA MBOTO (MAJOHE)', '0714 776 879', '', '', 1, 1, '', '2017-06-01', '', 1, '1', '1', '7100339001', 1, '1', '55946771', '10', '10', NULL, 2, '0', '2023-05-01', '0', 2, 0, 0, 2, 0, '2', '2', '2', 2, '0.00', '0.00', '0.00', 1, '100000', '439730', 1, 0, '0', '0', '0', '', '1', '1', '2023-07-06 01:56:31', NULL),
('50137', '28', '4', '18', 'FATUMA HASSAN KOMBO', 1, 1, '1966-05-02 00:00:00', '2', '2', 'TANDIKA TEMEKE', '0717 153 991', '', 'fatumakombo1966@gmail.com', 1, 1, '', '2016-02-15', '', 1, '1', '1', '7070881001', 1, '1', '61384976', '10', '10', NULL, 2, '0', '2023-05-01', '0', 1, 2, 2, 2, 0, '2', '2', '2', 2, '0.00', '0.00', '0.00', 1, '100000', '254990', 1, 0, '0', '0', '0', '', '1', '1', '2023-07-06 01:57:04', NULL),
('50138', '33', '4', '18', 'HAMISI OMARI BAWENI', 1, 1, '1983-04-23 00:00:00', '1', '2', 'TANDIKA AZIMIO', '0717 129 035', '', 'hamisibaweni1983@gmail.com', 1, 1, '', '2016-10-01', '', 1, '1', '1', '7087693001', 1, '1', '62135686', '10', '10', NULL, 2, '0', '2023-05-01', '0', 1, 2, 2, 2, 0, '2', '2', '2', 2, '0.00', '0.00', '0.00', 1, '100000', '254990', 1, 0, '0', '0', '0', '', '1', '1', '2023-07-06 01:58:13', NULL),
('50139', '34', '4', '45', 'HAMISI SULEIMAN RASHIDI', 1, 1, '1965-03-03 00:00:00', '1', '2', 'KIMARA BARUTI', '0654 655 670', '', 'hamisirashidi1965@gmail.com', 1, 1, '', '2016-01-01', '', 1, '1', '1', '7070545001', 1, '1', '33174032', '10', '10', NULL, 2, '0', '2023-05-01', '0', 1, 2, 2, 2, 0, '2', '2', '2', 2, '0.00', '0.00', '0.00', 1, '100000', '345041', 1, 0, '0', '0', '0', '', '1', '1', '2023-07-06 02:05:29', NULL),
('50140', '33', '4', '18', 'HAMISI OMARI BAWENI', 1, 1, '1983-04-23 00:00:00', '1', '2', 'TANDIKA AZIMIO', '0717 129 035', '', 'hamisibaweni1983@gmail.com', 1, 1, '', '2016-10-01', '', 1, '1', '1', '7087693001', 1, '1', '62135686', '10', '10', NULL, 2, '0', '2023-05-01', '0', 1, 2, 2, 2, 0, '2', '2', '2', 2, '0.00', '0.00', '0.00', 1, '100000', '254990', 1, 0, '0', '0', '0', '', '1', '1', '2023-07-06 02:06:05', NULL),
('50141', '34', '4', '45', 'HAMISI SULEIMAN RASHIDI', 1, 1, '1965-03-03 00:00:00', '1', '2', 'KIMARA BARUTI', '0654 655 670', '', 'hamisirashidi1965@gmail.com', 1, 1, '', '2016-01-01', '', 1, '1', '1', '7070545001', 1, '1', '33174032', '10', '10', NULL, 2, '0', '2023-05-01', '0', 1, 2, 2, 2, 0, '2', '2', '2', 2, '0.00', '0.00', '0.00', 1, '100000', '345041', 1, 0, '0', '0', '0', '', '1', '1', '2023-07-06 02:06:33', NULL),
('50142', '42', '4', '18', 'JUMA ATHUMANI MKANGA', 1, 1, '1961-03-14 00:00:00', '1', '2', 'MAJOHI PUGU', '0679 777 262', '', 'jumamkanga1961@gmail.com', 1, 1, '', '2016-02-15', '', 1, '1', '1', '7070883001', 1, '1', '61384984', '10', '10', NULL, 2, '0', '2023-05-01', '0', 1, 2, 2, 2, 0, '2', '2', '2', 2, '0.00', '0.00', '0.00', 1, '100000', '254990', 1, 0, '0', '0', '0', '', '1', '1', '2023-07-06 02:08:20', NULL),
('50143', '42', '4', '18', 'JUMA ATHUMANI MKANGA', 1, 1, '1961-03-14 00:00:00', '1', '2', 'MAJOHI PUGU', '0679 777 262', '', 'jumamkanga1961@gmail.com', 1, 1, '', '2016-02-15', '', 1, '1', '1', '7070883001', 1, '1', '61384984', '10', '10', NULL, 2, '0', '2023-05-01', '0', 1, 2, 2, 2, 0, '2', '2', '2', 2, '0.00', '0.00', '0.00', 1, '100000', '254990', 1, 0, '0', '0', '0', '', '1', '1', '2023-07-06 02:08:55', NULL),
('50144', '47', '4', '37', 'MASHAKA PAULO MWASIPAJA', 1, 1, '1978-11-13 00:00:00', '1', '2', 'MBEZI KIBWEGELE', '0653 836 742', '', 'mashakamwasipaja1978@gmail.com', 1, 1, '', '2016-01-01', '', 1, '1', '1', '7071858001', 1, '1', '36608343', '10', '10', NULL, 2, '0', '2023-05-01', '0', 1, 2, 2, 2, 0, '2', '2', '2', 2, '0.00', '0.00', '0.00', 1, '100000', '281801', 1, 0, '0', '0', '0', '', '1', '1', '2023-07-06 02:10:26', NULL),
('50145', '47', '4', '37', 'MASHAKA PAULO MWASIPAJA', 1, 1, '1978-11-13 00:00:00', '1', '2', 'MBEZI KIBWEGELE', '0653 836 742', '', 'mashakamwasipaja1978@gmail.com', 1, 1, '', '2016-01-01', '', 1, '1', '1', '7071858001', 1, '1', '36608343', '10', '10', NULL, 2, '0', '2023-05-01', '0', 1, 2, 2, 2, 0, '2', '2', '2', 2, '0.00', '0.00', '0.00', 1, '100000', '281801', 1, 0, '0', '0', '0', '', '1', '1', '2023-07-06 02:10:56', NULL),
('50146', '52', '4', '38', 'MOSHI MACHEPE', 1, 1, '1990-01-01 00:00:00', '1', '1', '', '', '', '', 2, 1, '', '2023-01-01', '', 1, '1', '1', '7287906001', 1, '1', '47404867', '10', '10', NULL, 2, '0', '2023-05-01', '0', 1, 2, 2, 2, 0, '2', '2', '2', 2, '0.00', '0.00', '0.00', 1, '100000', '344885', 1, 0, '0', '0', '0', '', '1', '1', '2023-07-06 02:14:08', NULL),
('50147', '52', '4', '38', 'MOSHI BAKARI MACHEPE', 1, 1, '1990-01-01 00:00:00', '1', '1', '', '', '', '', 2, 1, '', '2023-01-01', '', 1, '1', '1', '7287906001', 1, '1', '47404867', '10', '10', NULL, 2, '0', '2023-05-01', '0', 1, 2, 2, 2, 0, '2', '2', '2', 2, '0.00', '0.00', '0.00', 1, '100000', '344885', 1, 0, '0', '0', '0', '', '1', '1', '2023-07-06 02:14:57', NULL),
('50148', '53', '4', '26', 'MOTTO HASSANI JUMA', 1, 1, '1964-06-05 00:00:00', '1', '2', 'G/MBOTO MZAMBARAUNI', '0717 838 613', '', 'mottojuma1964@gmail.com', 1, 1, '', '2016-02-15', '', 1, '1', '1', '7071856001', 1, '1', '61384968', '10', '10', NULL, 2, '0', '2023-05-01', '0', 1, 2, 2, 2, 0, '2', '2', '2', 2, '0.00', '0.00', '0.00', 1, '100000', '254990', 1, 0, '0', '0', '0', '', '1', '1', '2023-07-06 02:15:41', NULL),
('50149', '53', '4', '26', 'MOTTO HASSANI JUMA', 1, 1, '1964-06-05 00:00:00', '1', '2', 'G/MBOTO MZAMBARAUNI', '0717 838 613', '', 'mottojuma1964@gmail.com', 1, 1, '', '2016-02-15', '', 1, '1', '1', '7071856001', 1, '1', '61384968', '10', '10', NULL, 2, '0', '2023-05-01', '0', 1, 2, 2, 2, 0, '2', '2', '2', 2, '0.00', '0.00', '0.00', 1, '100000', '254990', 1, 0, '0', '0', '0', '', '1', '1', '2023-07-06 02:16:14', NULL),
('50150', '69', '4', '18', 'RAJABU MOHAMMED MUHANDO', 1, 1, '1990-01-01 00:00:00', '1', '1', '', '', '', '', 2, 1, '', '2023-01-01', '', 1, '1', '1', '7290250001', 1, '1', '45140522', '10', '10', NULL, 2, '0', '2023-05-01', '0', 1, 2, 2, 2, 0, '2', '2', '2', 2, '0.00', '0.00', '0.00', 1, '100000', '173913', 1, 0, '0', '0', '0', '', '1', '1', '2023-07-06 02:18:40', NULL),
('50151', '72', '4', '23', 'RASHIDI RAMADHAN MSONDE', 1, 1, '1977-05-05 00:00:00', '1', '2', 'KIMARA BONYOKWA', '0675 110 331', '', 'rashidimsonde1977@gmail.com', 1, 1, '', '2017-05-01', '', 1, '1', '1', '7106080001', 1, '1', '63306190', '10', '10', NULL, 2, '0', '2023-05-01', '0', 1, 2, 2, 2, 0, '2', '2', '2', 2, '0.00', '0.00', '0.00', 1, '100000', '707139', 1, 0, '0', '0', '0', '', '1', '1', '2023-07-06 02:20:13', NULL),
('50152', '72', '4', '23', 'RASHIDI RAMADHAN MSONDE', 1, 1, '1977-05-05 00:00:00', '1', '2', 'KIMARA BONYOKWA', '0675 110 331', '', 'rashidimsonde1977@gmail.com', 1, 1, '', '2017-05-01', '', 1, '1', '1', '7106080001', 1, '1', '63306190', '10', '10', NULL, 2, '0', '2023-05-01', '0', 1, 2, 2, 2, 0, '2', '2', '2', 2, '0.00', '0.00', '0.00', 1, '100000', '707139', 1, 0, '0', '0', '0', '', '1', '1', '2023-07-06 02:20:47', NULL),
('50153', '74', '4', '3', 'RESHMA RAHIM ALLADIN', 1, 1, '1974-04-17 00:00:00', '2', '2', 'RICHMOND TOWER MINDU STREET', '0784 675 727', '', 'rjusab@hotmail.com', 2, 1, '', '2017-11-15', '', 1, '1', '1', '7069250001', 1, '1', '36119946', '10', '10', NULL, 2, '0', '2023-05-01', '0', 1, 2, 2, 2, 0, '2', '2', '2', 2, '0.00', '0.00', '0.00', 2, '0', '3228871', 1, 0, '0', '0', '0', '', '1', '1', '2023-07-06 02:22:15', NULL),
('50154', '82', '4', '18', 'SAIDI HASSAN MUSSA', 1, 1, '1963-06-06 00:00:00', '1', '2', 'MBAGALA KWAMBIKU', '0684 781 563', '', 'saidimussa1963@gmail.com', 1, 1, '', '2016-01-01', '', 1, '1', '1', '7070543001', 1, '1', '32477376', '10', '10', NULL, 2, '0', '2023-05-01', '0', 1, 2, 2, 2, 0, '2', '2', '2', 2, '0.00', '0.00', '0.00', 1, '100000', '387164', 1, 0, '0', '0', '0', '', '1', '1', '2023-07-06 02:23:44', NULL),
('50155', '83', '4', '26', 'SAIDI RASHIDI NJINJILI', 1, 1, '1975-07-01 00:00:00', '1', '2', 'MWANADIRATU WILAYA YA MKULANGA', '0683 561 677', '', 'saidinjinjiri@gmail.com', 1, 1, '', '2016-01-01', '', 1, '1', '1', '7070452001', 1, '1', '36603392', '10', '10', NULL, 2, '0', '2023-05-01', '0', 1, 2, 2, 2, 0, '2', '2', '2', 2, '0.00', '0.00', '0.00', 1, '100000', '293848', 1, 0, '0', '0', '0', '', '1', '1', '2023-07-06 02:25:00', NULL),
('50156', '83', '4', '26', 'SAIDI RASHIDI NJINJILI', 1, 1, '1975-07-01 00:00:00', '1', '2', 'MWANADIRATU WILAYA YA MKULANGA', '0683 561 677', '', 'saidinjinjiri@gmail.com', 1, 1, '', '2016-01-01', '', 1, '1', '1', '7070452001', 1, '1', '36603392', '10', '10', NULL, 2, '0', '2023-05-01', '0', 1, 2, 2, 2, 0, '2', '2', '2', 2, '0.00', '0.00', '0.00', 1, '100000', '293848', 1, 0, '0', '0', '0', '', '1', '1', '2023-07-06 02:25:31', NULL),
('50157', '94', '4', '45', 'VENANCE MICHAEL KIRUU', 1, 1, '1972-08-08 00:00:00', '1', '2', 'KITUNDA MACHIMBO', '0656 143 592', '', 'venancekiruu1972@gmail.com', 1, 1, '', '2016-01-01', '', 1, '1', '1', '7070546001', 1, '1', '34737219', '10', '10', NULL, 2, '0', '2023-05-01', '0', 1, 2, 2, 2, 0, '2', '2', '2', 2, '0.00', '0.00', '0.00', 1, '100000', '331476', 1, 0, '0', '0', '0', '', '1', '1', '2023-07-06 02:26:40', NULL),
('50158', '94', '4', '45', 'VENANCE MICHAEL KIRUU', 1, 1, '1972-08-08 00:00:00', '1', '2', 'KITUNDA MACHIMBO', '0656 143 592', '', 'venancekiruu1972@gmail.com', 1, 1, '', '2016-01-01', '', 1, '1', '1', '7070546001', 1, '1', '34737219', '10', '10', NULL, 2, '0', '2023-05-01', '0', 1, 2, 2, 2, 0, '2', '2', '2', 2, '0.00', '0.00', '0.00', 1, '100000', '331476', 1, 0, '0', '0', '0', '', '1', '1', '2023-07-06 02:27:57', NULL),
('50159', '40', '24', '25', 'IMRAN MAWJI', 1, 1, '1987-10-26 00:00:00', '1', '1', '', '', '', 'imct.accounts@aktz.org', 2, 1, '', '2017-10-01', '', 1, '1', '1', '7116037001', 1, '1', '57901511', '10', '10', NULL, 2, '0', '2023-05-01', '0', 1, 2, 2, 2, 0, '2', '2', '2', 2, '0.00', '0.00', '0.00', 2, '0', '2523478', 1, 0, '0', '0', '0', '', '1', '1', '2023-07-06 02:32:05', NULL),
('50160', '40', '24', '25', 'IMRAN MAWJI', 1, 1, '1987-10-26 00:00:00', '1', '1', '', '', '', 'imct.accounts@aktz.org', 2, 1, '', '2017-10-01', '', 1, '1', '1', '7116037001', 1, '1', '57901511', '10', '10', NULL, 2, '0', '2023-05-01', '0', 1, 2, 2, 2, 0, '2', '2', '2', 2, '0.00', '0.00', '0.00', 2, '0', '2523478', 1, 0, '0', '0', '0', '', '1', '1', '2023-07-06 02:32:37', NULL),
('50161', '92', '24', '4', 'STELLA HENRY LEMA', 1, 1, '1966-11-18 00:00:00', '2', '1', '', '', '', '', 2, 1, '', '2017-05-01', '', 2, '0', '0', '', 1, '1', '37291874', '10', '10', NULL, 2, '0', '2023-05-01', '0', 1, 2, 2, 2, 0, '2', '2', '2', 2, '0.00', '0.00', '0.00', 1, '0', '502941', 1, 0, '0', '0', '0', '', '1', '1', '2023-07-06 02:34:00', NULL),
('50162', '92', '24', '4', 'STELLA HENRY LEMA', 1, 1, '1966-11-18 00:00:00', '2', '1', '', '', '', '', 2, 1, '', '2017-05-01', '', 2, '0', '0', '', 1, '1', '37291874', '10', '10', NULL, 2, '0', '2023-05-01', '0', 1, 2, 2, 2, 0, '2', '2', '2', 2, '0.00', '0.00', '0.00', 2, '0', '502941', 1, 0, '0', '0', '0', '', '1', '1', '2023-07-06 02:35:02', NULL),
('50163', '56', '3', '19', 'NELSON TANGANYIKA SAMBILIMWAYA', 1, 1, '1962-07-01 00:00:00', '1', '2', 'ILEMBO ST, MBEYA', '0756 492 953', '', '', 1, 1, '', '2022-04-01', '', 1, '1', '1', '7270236001', 1, '1', '29939968', '10', '10', NULL, 2, '0', '2023-05-01', '0', 1, 2, 2, 2, 0, '2', '2', '2', 2, '0.00', '0.00', '0.00', 2, '0', '130435', 1, 0, '0', '0', '0', '', '1', '1', '2023-07-06 02:36:43', NULL),
('50164', '92', '24', '4', 'STELLA HENRY LEMA', 1, 1, '1966-11-18 00:00:00', '2', '1', '', '', '', '', 2, 1, '', '2017-05-01', '', 2, '0', '0', '', 1, '1', '37291874', '10', '10', NULL, 2, '0', '2023-05-01', '0', 1, 2, 2, 2, 0, '2', '2', '2', 2, '0.00', '0.00', '0.00', 2, '0', '502941', 1, 0, '0', '0', '0', '', '1', '1', '2023-07-06 02:37:19', NULL),
('50165', '56', '3', '19', 'NELSON TANGANYIKA SAMBILIMWAYA', 1, 1, '1962-07-01 00:00:00', '1', '2', 'ILEMBO ST, MBEYA', '0756 492 953', '', '', 1, 1, '', '2022-04-01', '', 1, '1', '1', '7270236001', 1, '1', '29939968', '10', '10', NULL, 2, '0', '2023-05-01', '0', 1, 2, 2, 2, 0, '2', '2', '2', 2, '0.00', '0.00', '0.00', 2, '0', '130435', 1, 0, '0', '0', '0', '', '1', '1', '2023-07-06 02:37:49', NULL),
('50166', '71', '3', '19', 'RASHIDI LEZA MWANZONJE', 1, 1, '1982-02-06 00:00:00', '1', '1', 'IZIWA, MBEYA', '0766 586 592', '', '', 1, 1, '', '2022-04-01', '', 1, '1', '1', '7270267001', 1, '1', '46663830', '10', '10', NULL, 2, '0', '2023-05-01', '0', 1, 2, 2, 2, 0, '2', '2', '2', 2, '0.00', '0.00', '0.00', 2, '0', '130435', 1, 0, '0', '0', '0', '', '1', '1', '2023-07-06 02:38:39', NULL),
('50167', '71', '3', '19', 'RASHIDI LEZA MWANZONJE', 1, 1, '1982-02-06 00:00:00', '1', '1', 'IZIWA, MBEYA', '0766 586 592', '', '', 1, 1, '', '2022-04-01', '', 1, '1', '1', '7270267001', 1, '1', '46663830', '10', '10', NULL, 2, '0', '2023-05-01', '0', 1, 2, 2, 2, 0, '2', '2', '2', 2, '0.00', '0.00', '0.00', 2, '0', '130435', 1, 0, '0', '0', '0', '', '1', '1', '2023-07-06 02:39:08', NULL),
('50168', '67', '4', '36', 'PIYUSH BHUPENDRA PATEL', 3, 3, '1969-11-07 00:00:00', '1', '2', 'UPANGA ALLY KHAN ROAD', '0673 008 627', '', 'patel711@hotmail.com', 2, 1, '', '2022-06-01', '', 1, '1', '1', '7273534001', 1, '1', '56062451', '10', '10', NULL, 2, '0', '2023-05-01', '0', 1, 2, 2, 2, 0, '2', '2', '2', 2, '0.00', '0.00', '0.00', 1, '0', '0', 1, 0, '0', '0', '0', '', '1', '1', '2023-07-06 02:41:28', NULL),
('50169', '44', '12', '28', 'KHALIL ALNOOR DATOO', 1, 1, '1999-04-30 00:00:00', '1', '1', 'CRESCENT FLATS', '0756 601 743', '', 'khalildatoo2@gmail.com', 2, 1, '', '2022-08-01', '', 1, '1', '1', '7178202001', 1, '1', '66057086', '10', '10', NULL, 2, '0', '2023-05-01', '0', 1, 2, 2, 2, 0, '2', '2', '2', 2, '0.00', '0.00', '0.00', 2, '0', '2523120', 1, 0, '0', '0', '0', '', '1', '1', '2023-07-06 02:42:42', NULL),
('50170', '49', '5', '8', 'MINAZ ABDUL VIRJI', 1, 1, '1961-10-01 00:00:00', '1', '1', '', '', '', '', 2, 1, '', '2022-09-01', '', 1, '1', '1', '7405660001', 2, '0', '0', '0', '0', NULL, 2, '0', '2023-05-01', '0', 1, 2, 2, 2, 0, '2', '2', '2', 2, '0.00', '0.00', '0.00', 2, '0', '217391', 1, 0, '0', '0', '0', '', '1', '1', '2023-07-06 04:02:35', NULL),
('50171', '49', '5', '8', 'MINAZ ABDUL VIRJI', 1, 1, '1961-10-01 00:00:00', '1', '1', '', '', '', '', 2, 1, '', '2022-09-01', '', 1, '1', '1', '7405660001', 2, '0', '0', '0', '0', NULL, 2, '0', '2023-05-01', '0', 1, 2, 2, 2, 0, '2', '2', '2', 2, '0.00', '0.00', '0.00', 2, '0', '217391', 1, 0, '0', '0', '0', '', '1', '1', '2023-07-06 04:03:45', NULL),
('50172', '55', '17', '31', 'NAWAZ AHAMEDALI SUMAR', 1, 1, '1967-04-22 00:00:00', '1', '2', '', '', '', 'ldcqol@aktz.org', 2, 1, '', '2023-02-13', '', 1, '1', '7', '7600282201', 1, '1', '50481851', '10', '10', NULL, 2, '0', '2023-05-01', '0', 1, 2, 2, 2, 0, '2', '2', '2', 2, '0.00', '0.00', '0.00', 2, '0', '5973775', 1, 0, '0', '0', '0', '', '1', '1', '2023-07-06 04:05:59', NULL),
('50173', '84', '17', '39', 'SAIRA ABDULSULTANI JAMAL', 1, 1, '1987-06-29 00:00:00', '2', '1', '', '', '', '', 2, 1, '', '2023-03-01', '', 1, '1', '1', '7273874001', 1, '1', '38201089', '10', '10', NULL, 2, '0', '2023-05-01', '0', 1, 2, 2, 2, 0, '2', '2', '2', 2, '0.00', '0.00', '0.00', 2, '0', '2799172', 1, 0, '0', '0', '0', '', '1', '1', '2023-07-06 04:07:46', NULL),
('50174', '55', '17', '31', 'NAWAZ AHAMEDALI SUMAR', 1, 1, '1967-04-22 00:00:00', '1', '2', '', '', '', 'ldcqol@aktz.org', 2, 1, '', '2023-02-13', '', 1, '1', '7', '7600282201', 1, '1', '50481851', '10', '10', NULL, 2, '0', '2023-05-01', '0', 1, 2, 2, 2, 0, '2', '2', '2', 2, '0.00', '0.00', '0.00', 2, '0', '5973775', 1, 0, '0', '0', '0', '', '1', '1', '2023-07-06 04:26:04', NULL),
('50175', '55', '17', '31', 'NAWAZ AHAMEDALI SUMAR', 1, 1, '1967-04-22 00:00:00', '1', '2', '', '', '', 'ldcqol@aktz.org', 2, 1, '', '2023-02-13', '', 1, '1', '7', '7600282201', 1, '1', '50481851', '10', '10', NULL, 2, '0', '2023-05-01', '0', 1, 2, 2, 2, 0, '2', '2', '2', 2, '0.00', '0.00', '0.00', 2, '0', '5973775', 1, 0, '0', '0', '0', '', '1', '1', '2023-07-06 04:35:25', NULL),
('50176', '84', '17', '39', 'SAIRA ABDULSULTANI JAMAL', 1, 1, '1987-06-29 00:00:00', '2', '1', '', '', '', '', 2, 1, '', '2023-03-01', '', 1, '1', '1', '7273874001', 1, '1', '38201089', '10', '10', NULL, 2, '0', '2023-05-01', '0', 1, 2, 2, 2, 0, '2', '2', '2', 2, '0.00', '0.00', '0.00', 2, '0', '2799172', 1, 0, '0', '0', '0', '', '1', '1', '2023-07-06 04:37:29', NULL),
('60170', '10', '4', '18', 'AMINA JUMA CHIKWENGE', 1, 1, '1976-06-15 00:00:00', '2', '2', 'MBAGALA KICHEMCHEM', '0718 506 661', '', 'aminachikwenga1976@gmail.com', 1, 1, '', '2016-01-01', '', 1, '1', '1', '7070415001', 1, '1', '33850585', '10', '10', NULL, 2, '0', '2023-05-01', '0', 1, 2, 2, 2, 0, '2', '2', '2', 2, '0.00', '0.00', '0.00', 1, '100000', '331476', 1, 0, '0', '0', '0', '', '1', '1', '2023-07-17 12:27:01', NULL),
('60171', '16', '4', '18', 'ANSILA DOMINIKUS SANGA', 1, 1, '1983-06-06 00:00:00', '2', '2', 'MBEZI MATOSA', '0716 425 178', '', 'ansilasanga1983@gmail.com', 1, 1, '', '2016-02-15', '', 1, '1', '1', '7070548001', 1, '1', '61384909', '10', '10', NULL, 2, '0', '2023-05-01', '0', 1, 2, 2, 2, 0, '2', '2', '2', 2, '0.00', '0.00', '0.00', 1, '100000', '254990', 1, 0, '0', '0', '0', '', '1', '1', '2023-07-17 12:28:02', NULL),
('60172', '74', '4', '3', 'RESHMA RAHIM ALLADIN', 1, 1, '1974-04-17 00:00:00', '2', '2', 'RICHMOND TOWER MINDU STREET', '0699 497 675', '', 'rjusab@hotmail.com', 2, 1, '', '2017-11-15', '', 1, '1', '1', '7069250001', 1, '1', '36119946', '10', '10', NULL, 2, '0', '2023-05-01', '0', 1, 2, 2, 2, 0, '2', '2', '2', 2, '0.00', '0.00', '0.00', 2, '0', '3228871', 1, 0, '0', '0', '0', '', '1', '1', '2023-07-17 12:30:34', NULL),
('60173', '74', '4', '25', 'RESHMA RAHIM ALLADIN', 1, 1, '1974-04-17 00:00:00', '2', '2', 'RICHMOND TOWER MINDU STREET', '0699 497 675', '', 'rjusab@hotmail.com', 2, 1, '', '2017-11-15', '', 1, '1', '1', '7069250001', 1, '1', '36119946', '10', '10', NULL, 2, '0', '2023-05-01', '0', 1, 2, 2, 2, 0, '2', '2', '2', 2, '0.00', '0.00', '0.00', 2, '0', '3228871', 1, 0, '0', '0', '0', '', '1', '1', '2023-07-17 12:31:31', NULL),
('60174', '74', '24', '25', 'RESHMA RAHIM ALLADIN', 1, 1, '1974-04-17 00:00:00', '2', '2', 'RICHMOND TOWER MINDU STREET', '0699 497 675', '', 'rjusab@hotmail.com', 2, 1, '', '2017-11-15', '', 1, '1', '1', '7069250001', 1, '1', '36119946', '10', '10', NULL, 2, '0', '2023-05-01', '0', 1, 2, 2, 2, 0, '2', '2', '2', 2, '0.00', '0.00', '0.00', 2, '0', '3228871', 1, 0, '0', '0', '0', '', '1', '1', '2023-07-17 12:33:32', NULL),
('60175', '82', '4', '18', 'SAIDI HASSAN MUSSA', 1, 1, '1963-06-06 00:00:00', '1', '2', 'MBAGALA KWAMBIKU', '0684 781 563', '', 'saidimussa1963@gmail.com', 1, 1, '', '2016-01-01', '', 1, '1', '1', '7070543001', 1, '1', '32477376', '10', '10', NULL, 2, '0', '2023-05-01', '0', 1, 2, 2, 2, 0, '2', '2', '2', 2, '0.00', '0.00', '0.00', 1, '100000', '387164', 1, 0, '0', '0', '0', '', '1', '1', '2023-07-17 12:34:11', NULL),
('60176', '94', '4', '45', 'VENANCE MICHAEL KIRUU', 1, 1, '1972-08-08 00:00:00', '1', '2', 'KITUNDA MACHIMBO', '0656 143 592', '', 'venancekiruu1972@gmail.com', 1, 1, '', '2016-01-01', '', 1, '1', '1', '7070546001', 1, '1', '34737219', '10', '10', NULL, 2, '0', '2023-05-01', '0', 1, 2, 2, 2, 0, '2', '2', '2', 2, '0.00', '0.00', '0.00', 1, '100000', '331476', 1, 0, '0', '0', '0', '', '1', '1', '2023-07-17 12:37:04', NULL),
('60177', '40', '24', '25', 'IMRAN MAWJI', 1, 1, '1987-10-26 00:00:00', '1', '1', '', '', '', 'imct.accounts@aktz.org', 2, 1, '', '2017-10-01', '', 1, '1', '1', '7116037001', 1, '1', '57901511', '10', '10', NULL, 2, '0', '2023-05-01', '0', 1, 2, 2, 2, 0, '2', '2', '2', 2, '0.00', '0.00', '0.00', 2, '0', '2523478', 1, 0, '0', '0', '0', '', '1', '1', '2023-07-17 12:38:04', NULL),
('60178', '56', '3', '19', 'NELSON TANGANYIKA SAMBILIMWAYA', 1, 1, '1962-07-01 00:00:00', '1', '2', 'ILEMBO ST, MBEYA', '0756 492 953', '', '', 1, 1, '', '2022-04-01', '', 1, '1', '9', '7270236001', 1, '1', '29939968', '10', '10', NULL, 2, '0', '2023-05-01', '0', 1, 2, 2, 2, 0, '2', '2', '2', 2, '0.00', '0.00', '0.00', 2, '0', '130435', 1, 0, '0', '0', '0', '', '1', '1', '2023-07-17 12:40:58', NULL),
('60179', '71', '3', '19', 'RASHIDI LEZA MWANZONJE', 1, 1, '1982-02-06 00:00:00', '1', '1', 'IZIWA, MBEYA', '0766 586 592', '', '', 1, 1, '', '2022-04-01', '', 1, '1', '9', '7270267001', 1, '1', '46663830', '10', '10', NULL, 2, '0', '2023-05-01', '0', 1, 2, 2, 2, 0, '2', '2', '2', 2, '0.00', '0.00', '0.00', 2, '0', '130435', 1, 0, '0', '0', '0', '', '1', '1', '2023-07-17 12:42:29', NULL),
('60180', '9', '21', '12', 'AMANIEL MARY MPARE', 1, 1, '1992-07-01 00:00:00', '2', '1', '', '', '', '', 2, 1, '', '2021-09-01', '', 1, '1', '1', '7254364001', 1, '1', '62787950', '10', '10', NULL, 2, '0', '2023-05-01', '0', 1, 2, 2, 2, 0, '2', '2', '2', 2, '0.00', '0.00', '0.00', 1, '100000', '258551', 1, 0, '0', '0', '0', '', '1', '1', '2023-07-17 12:44:07', NULL),
('60181', '30', '21', '22', 'HABEL LAKFORD MCHIWA', 1, 1, '1986-01-04 00:00:00', '1', '1', '', '', '', '', 1, 1, '', '2016-05-01', '', 1, '1', '1', '7064681001', 1, '1', '60866497', '10', '10', NULL, 2, '0', '2023-05-01', '0', 1, 2, 2, 2, 0, '2', '2', '2', 2, '0.00', '0.00', '0.00', 1, '100000', '222940', 1, 0, '0', '0', '0', '', '1', '1', '2023-07-17 12:48:09', NULL),
('60182', '41', '20', '22', 'JACKLIN ALINDA MULOKOZI', 1, 1, '2000-05-09 00:00:00', '2', '1', '', '', '', '', 2, 1, '', '2023-02-01', '', 1, '1', '1', '7282469001', 1, '1', '47467250', '10', '10', NULL, 2, '0', '2023-05-01', '0', 1, 2, 2, 2, 0, '2', '2', '2', 2, '0.00', '0.00', '0.00', 2, '0', '200000', 1, 0, '0', '0', '0', '', '1', '1', '2023-07-17 12:49:45', NULL),
('60183', '65', '20', '32', 'PETER RAFAEL MLOKA', 1, 1, '1980-10-23 00:00:00', '1', '1', 'MBEZI KWEMBE', '0689 295 884', '', '', 1, 1, '', '2020-08-01', '', 1, '1', '1', '7409554001', 1, '1', '39621715', '10', '10', NULL, 2, '0', '2023-05-01', '0', 1, 2, 2, 2, 0, '2', '2', '2', 2, '0.00', '0.00', '0.00', 1, '80000', '355312', 1, 0, '0', '0', '0', '', '1', '1', '2023-07-17 12:50:32', NULL),
('60184', '73', '22', '6', 'RESHMA NAUSHAD KASSAM', 1, 1, '1979-04-16 00:00:00', '2', '2', '3RD FLOOR, HOUSE NO 41, MFAUME STREET, WEST UPANGA, DSM', '0739 737 462', '', 'kassamreshma@gmail.com', 2, 1, '', '2021-10-01', '', 1, '1', '12', '7205074001', 1, '1', '45009147', '10', '10', NULL, 2, '0', '2023-05-01', '0', 1, 2, 2, 2, 0, '2', '2', '2', 2, '0.00', '0.00', '0.00', 2, '0', '2284970', 1, 0, '0', '0', '0', '', '1', '1', '2023-07-17 12:51:51', NULL),
('60185', '79', '20', '22', 'SADA BAKARI HUSSEIN', 1, 1, '1970-07-01 00:00:00', '2', '1', 'MBAGALA MAJI MATITU', '0713 014 089', '', '', 1, 1, '', '2016-05-01', '', 1, '1', '1', '7064682001', 1, '1', '39172899', '10', '10', NULL, 2, '0', '2023-05-01', '0', 1, 2, 2, 2, 0, '2', '2', '2', 2, '0.00', '0.00', '0.00', 1, '100000', '259360', 1, 0, '0', '0', '0', '', '1', '1', '2023-07-17 01:05:20', NULL),
('60186', '90', '21', '34', 'SHUKIR AHMED IBRAHIM', 1, 1, '1994-09-02 00:00:00', '2', '1', '', '', '', '', 2, 1, '', '2020-02-01', '', 1, '1', '7', '7199677001', 1, '1', '65966309', '10', '10', NULL, 2, '0', '2023-05-01', '0', 1, 2, 2, 2, 0, '2', '2', '2', 2, '0.00', '0.00', '0.00', 2, '0', '1150749', 1, 0, '0', '0', '0', '', '1', '1', '2023-07-17 01:05:45', NULL),
('60187', '58', '16', '16', 'NOOR ALI BARKET ALI', 4, 1, '1971-08-31 00:00:00', '1', '2', '', '', '', 'council.tanzania@aktz.org', 2, 1, '', '2011-09-07', '', 1, '1', '1', '7410338001', 1, '1', '56345992', '10', '10', NULL, 2, '0', '2023-05-01', '0', 1, 2, 2, 2, 0, '2', '2', '2', 2, '0.00', '0.00', '0.00', 2, '0', '24296250', 1, 0, '0', '0', '0', '', '1', '1', '2023-07-17 03:30:22', NULL),
('60188', '45', '2', '32', 'LUCAS THADEI MUHOMA', 1, 1, '1995-06-05 00:00:00', '1', '1', 'HSE 3 KIZOTA MTAA RELINI DODOMA', '0676693096', '0676693096', '', 1, 1, '', '2020-08-01', '', 1, '1', '10', '7116689001', 1, '1', '61247723', '10', '10', NULL, 2, '0', '2023-05-01', '0', 1, 2, 2, 2, 0, '2', '2', '2', 2, '0.00', '0.00', '0.00', 2, '0', '159102', 1, 0, '0', '0', '0', '', '1', '1', '2023-07-17 03:32:13', NULL),
('60189', '19', '1', '33', 'ASIA RASHID MNEMBUKA', 1, 1, '1978-08-18 00:00:00', '2', '2', 'MAJIMATATU A, MBAGALA, DSM', '0783507115', '0655499795', '', 1, 1, '', '2020-08-01', '', 1, '1', '1', '7064728002', 1, '1', '58996419', '10', '10', NULL, 2, '0', '2023-05-01', '0', 1, 2, 2, 2, 0, '2', '2', '2', 2, '0.00', '0.00', '0.00', 1, '50000', '214081', 1, 0, '0', '0', '0', '', '1', '1', '2023-07-17 03:33:43', NULL),
('60190', '64', '11', '49', 'PASTON ONESMO MWENDA', 1, 2, '1982-08-07 00:00:00', '1', '2', 'GONGO LA MBOTO (MBONDOLE)', '0783 413 346', '', '', 1, 1, '', '2017-06-01', '', 1, '1', '5', '7100400001', 1, '1', '58381376', '10', '10', NULL, 2, '0', '2023-05-01', '0', 1, 2, 2, 2, 0, '2', '2', '2', 2, '0.00', '0.00', '0.00', 1, '100000', '358561', 1, 0, '0', '0', '0', '', '1', '1', '2023-07-17 03:35:37', NULL),
('60191', '88', '10', '13', 'SHALEEN SHAMASH DHALLA', 1, 1, '1994-10-15 00:00:00', '2', '2', '56, KIMWERI AVENUE, MSASANI', '0684 505 509', '', 'shaleen.d@hotmail.com', 2, 1, '', '2019-05-01', '', 1, '1', '1', '7053023001', 1, '1', '57565821', '10', '10', NULL, 2, '0', '2023-05-01', '0', 1, 2, 2, 2, 0, '2', '2', '2', 2, '0.00', '0.00', '0.00', 2, '0', '4869565', 1, 0, '0', '0', '0', '', '1', '1', '2023-07-17 03:37:35', NULL);
INSERT INTO `employeehistory` (`Id`, `EmpId`, `DeptId`, `DesignationId`, `EmpFname`, `Nationality`, `Religion`, `DOB`, `Gender`, `Status`, `Address`, `MobileNo`, `TelNo`, `EmpEmail`, `EmpType`, `EmpStatus`, `InActiveReason`, `DateOfJoining`, `JobDescription`, `Bankchk`, `BankId`, `BranchId`, `BankNo`, `Pensionchk`, `PensionId`, `EmpPensionNo`, `EmpEmployerper`, `EmpEmployeeper`, `PensionDeductedFrom`, `PreviousPensionAmountchk`, `PreviousPensionAmount`, `DateforCalc`, `BalanceDays`, `Absentchk`, `AbsentDedType`, `AbsentDedFrom`, `Latechk`, `LateDedFrom`, `OTRateDay`, `OTRateSat`, `OTRateSunHol`, `StartOTchk`, `StartOTDay`, `StartOTSat`, `StartOTSunHol`, `AdvanceSalarychk`, `AdvanceSalaryAmount`, `BasicSalary`, `EmpTimingType`, `ShiftType`, `WeekShiftId`, `SatShiftId`, `UploadStatus`, `Password`, `CompanyId`, `CreatedBy`, `CreatedDate`, `Image`) VALUES
('60192', '57', '8', '44', 'NISHMA AMIRALI NATHOO', 1, 1, '1977-10-15 00:00:00', '2', '1', 'CLOCK TOWER - SAMORA AVENUE', '0713611695', '0713611695', 'nishma_d@yahoo.co.uk', 1, 1, '', '2012-02-01', '', 1, '1', '1', '7407071001', 1, '1', '50264427', '10', '10', NULL, 2, '0', '2023-05-01', '0', 1, 2, 2, 2, 0, '2', '2', '2', 2, '0.00', '0.00', '0.00', 2, '0', '2501281', 1, 0, '0', '0', '0', '', '1', '1', '2023-07-17 03:39:28', NULL),
('60193', '60', '13', '25', 'NURFATIMA MEHBOOB MERALI', 1, 1, '1997-09-27 00:00:00', '2', '1', '', '', '', 'nurfatimamerali27@hotmail.com', 2, 1, '', '2018-12-10', '', 1, '1', '1', '7135246001', 1, '1', '64691411', '10', '10', NULL, 2, '0', '2023-05-01', '0', 1, 2, 2, 2, 0, '2', '2', '2', 2, '0.00', '0.00', '0.00', 2, '0', '2523478', 1, 0, '0', '0', '0', '', '1', '1', '2023-07-17 04:06:46', NULL),
('60194', '54', '13', '7', 'NABILA BHANJI', 1, 1, '1990-04-20 00:00:00', '2', '2', 'BAND STREET', '0786796223', '', 'bhanji.lizzy@gmail.com', 1, 1, '', '2021-09-01', '', 1, '1', '4', '7078600001', 1, '1', '59192755', '10', '10', NULL, 2, '0', '2023-05-01', '0', 1, 2, 2, 2, 0, '2', '2', '2', 2, '0.00', '0.00', '0.00', 2, '0', '2700146', 1, 0, '0', '0', '0', '', '1', '1', '2023-07-17 04:17:01', NULL),
('60195', '89', '13', '2', 'SHEHZEEN SUNDERJI', 1, 1, '1990-03-16 00:00:00', '2', '2', '56 KIMWERI AVENUE, MSASANI', '0789 743 936', '', 'shezsunderji@gmail.com', 1, 1, '', '2013-09-01', '', 1, '1', '7', '7604517201', 1, '1', '55668909', '10', '10', NULL, 2, '0', '2023-05-01', '0', 1, 2, 2, 2, 0, '2', '2', '2', 2, '0.00', '0.00', '0.00', 2, '0', '10108129', 1, 0, '0', '0', '0', '', '1', '1', '2023-07-17 04:19:37', NULL),
('60196', '93', '13', '46', 'TASLEEMA ARIF HARJI', 1, 1, '1973-11-17 00:00:00', '2', '2', 'FIRE -MUHIMBILI AREA', '0712 171 173 / 0687 870 815', '', 'tasleemaharjee@gmail.com', 2, 1, '', '2022-08-01', '', 1, '1', '1', '5401622006', 1, '1', '46987122', '10', '10', NULL, 2, '0', '2023-05-01', '0', 1, 2, 2, 2, 0, '2', '2', '2', 2, '0.00', '0.00', '0.00', 2, '0', '2523120', 1, 0, '0', '0', '0', '', '1', '1', '2023-07-17 04:20:50', NULL),
('60197', '38', '13', '32', 'IBRAHIM A. KOGGA', 1, 1, '1965-07-01 00:00:00', '1', '2', 'KISEMVULE', '0652 776 322 / 0783 294 169', '', '', 1, 1, '', '2020-08-01', '', 1, '1', '1', '7406058001', 1, '1', '29718023', '10', '10', NULL, 2, '0', '2023-05-01', '0', 1, 2, 2, 2, 0, '2', '2', '2', 2, '0.00', '0.00', '0.00', 2, '0', '420482', 1, 0, '0', '0', '0', '', '1', '1', '2023-07-17 04:21:11', NULL),
('60198', '3', '13', '48', 'ALISHA ESMAIL', 1, 1, '1992-09-21 00:00:00', '2', '2', '', '', '', '', 1, 1, '', '2021-09-01', '', 1, '1', '12', '7055068001', 1, '1', '60511141', '10', '10', NULL, 2, '0', '2023-05-01', '0', 1, 2, 2, 2, 0, '2', '2', '2', 2, '0.00', '0.00', '0.00', 2, '0', '1212677', 1, 0, '0', '0', '0', '', '1', '1', '2023-07-17 04:22:10', NULL),
('60199', '12', '11', '38', 'AMOS JOHN MUNENGO', 1, 2, '1977-07-12 00:00:00', '1', '2', 'GONGO LA MBOTO (MAJOHE)', '0714 776 879', '', '', 1, 1, '', '2017-06-01', '', 1, '1', '1', '7100339001', 1, '1', '55946771', '10', '10', NULL, 2, '0', '2023-05-01', '0', 2, 0, 0, 2, 0, '2', '2', '2', 2, '0.00', '0.00', '0.00', 1, '100000', '439730', 1, 0, '0', '0', '0', '', '1', '1', '2023-07-18 03:01:38', NULL),
('60200', '35', '4', '18', 'HAMZA SAIDI HAMZA', 1, 1, '1973-04-30 00:00:00', '1', '2', 'MBAGALA CHAMAZI', '0783 358 469', '', 'hamzasaidihamza1973@gmail.com', 1, 1, '', '2016-01-01', '', 1, '1', '1', '7070882001', 1, '1', '33174016', '10', '10', NULL, 2, '0', '2023-05-01', '0', 1, 2, 2, 2, 0, '2', '2', '2', 2, '0.00', '0.00', '0.00', 1, '100000', '322447', 1, 0, '0', '0', '0', '', '1', '1', '2023-07-18 04:33:13', NULL),
('60201', '48', '25', '29', 'MERISHA AMIN WALJI', 1, 1, '1991-06-18 00:00:00', '2', '1', '', '', '', 'imct.hr@aktz.org', 2, 1, '', '2021-12-27', '', 1, '1', '1', '7265348001', 1, '1', '45225349', '10', '10', NULL, 2, '0', '2023-05-01', '0', 1, 2, 2, 2, 0, '2', '2', '2', 2, '0.00', '0.00', '0.00', 2, '0', '3689000', 1, 0, '0', '0', '0', '', '1', '1', '2023-07-18 04:35:38', NULL),
('60202', '51', '4', '18', 'MOHAMEDI JUMANNE KIHAMBWE', 1, 1, '1965-08-02 00:00:00', '1', '2', 'MBAGALA CHARAMBE', '0786 747 292', '', 'mohamedikihambwe1965@gmail.com', 1, 1, '', '2016-01-01', '', 1, '1', '1', '7070379001', 1, '1', '34737235', '10', '10', NULL, 2, '0', '2023-05-01', '0', 1, 2, 2, 2, 0, '2', '2', '2', 2, '0.00', '0.00', '0.00', 1, '100000', '358566', 1, 0, '0', '0', '0', '', '1', '1', '2023-07-18 04:38:49', NULL),
('60203', '67', '4', '36', 'PIYUSH BHUPENDRA PATEL', 3, 3, '1969-11-07 00:00:00', '1', '2', 'UPANGA ALLY KHAN ROAD', '0673 008 627', '', 'patel711@hotmail.com', 2, 1, '', '2022-06-01', '', 1, '1', '1', '7273534001', 1, '1', '56062451', '10', '10', NULL, 2, '0', '2023-05-01', '0', 1, 2, 2, 2, 0, '2', '2', '2', 2, '0.00', '0.00', '0.00', 2, '0', '11031875', 1, 0, '0', '0', '0', '', '1', '1', '2023-07-18 04:41:53', NULL),
('60204', '80', '24', '27', 'SADRUDDIN SHAHABUDDIN', 4, 1, '1972-02-26 00:00:00', '1', '2', '', '', '', 'imct@aktz.org', 2, 1, '', '2018-09-01', '', 1, '1', '1', '7134742001', 1, '1', '60963808', '10', '10', NULL, 2, '0', '2023-05-01', '0', 1, 2, 2, 2, 0, '2', '2', '2', 2, '0.00', '0.00', '0.00', 2, '0', '15601375', 1, 0, '0', '0', '0', '', '1', '1', '2023-07-18 04:55:08', NULL),
('70200', '80', '24', '27', 'SADRUDDIN SHAHABUDDIN', 4, 1, '1972-02-26 00:00:00', '1', '2', '', '', '', 'imct@aktz.org', 2, 1, '', '2018-09-01', '', 1, '1', '1', '7134742001', 1, '1', '60963808', '10', '10', NULL, 2, '0', '2023-05-01', '0', 1, 2, 2, 2, 0, '2', '2', '2', 2, '0.00', '0.00', '0.00', 2, '0', '15601375', 1, 0, '0', '0', '0', '', '1', '1', '2023-08-18 03:32:28', NULL),
('70201', '44', '24', '28', 'KHALIL ALNOOR DATOO', 1, 1, '1999-04-30 00:00:00', '1', '1', 'CRESCENT FLATS', '0756 601 743', '', 'khalildatoo2@gmail.com', 2, 1, '', '2022-08-01', '', 1, '1', '1', '7178202001', 1, '1', '66057086', '10', '10', NULL, 2, '0', '2023-05-01', '0', 1, 2, 2, 2, 0, '2', '2', '2', 2, '0.00', '0.00', '0.00', 2, '0', '2523120', 1, 0, '0', '0', '0', '', '1', '1', '2023-08-31 03:08:54', NULL),
('70202', '56', '24', '19', 'NELSON TANGANYIKA SAMBILIMWAYA', 1, 1, '1962-07-01 00:00:00', '1', '2', 'ILEMBO ST, MBEYA', '0756 492 953', '', '', 1, 1, '', '2022-04-01', '', 1, '1', '9', '7270236001', 1, '1', '29939968', '10', '10', NULL, 2, '0', '2023-05-01', '0', 1, 2, 2, 2, 0, '2', '2', '2', 2, '0.00', '0.00', '0.00', 2, '0', '130435', 1, 0, '0', '0', '0', '', '1', '1', '2023-08-31 03:09:20', NULL),
('70203', '71', '24', '19', 'RASHIDI LEZA MWANZONJE', 1, 1, '1982-02-06 00:00:00', '1', '1', 'IZIWA, MBEYA', '0766 586 592', '', '', 1, 1, '', '2022-04-01', '', 1, '1', '9', '7270267001', 1, '1', '46663830', '10', '10', NULL, 2, '0', '2023-05-01', '0', 1, 2, 2, 2, 0, '2', '2', '2', 2, '0.00', '0.00', '0.00', 2, '0', '130435', 1, 0, '0', '0', '0', '', '1', '1', '2023-08-31 03:09:33', NULL),
('70204', '55', '24', '31', 'NAWAZ AHAMEDALI SUMAR', 1, 1, '1967-04-22 00:00:00', '1', '2', '', '', '', 'ldcqol@aktz.org', 2, 1, '', '2023-02-13', '', 1, '1', '7', '7600282201', 1, '1', '50481851', '10', '10', NULL, 2, '0', '2023-05-01', '0', 1, 2, 2, 2, 0, '2', '2', '2', 2, '0.00', '0.00', '0.00', 2, '0', '5973775', 1, 0, '0', '0', '0', '', '1', '1', '2023-08-31 03:10:00', NULL),
('70205', '40', '24', '25', 'IMRAN MAWJI', 1, 1, '1987-10-26 00:00:00', '1', '1', '', '', '', 'imct.accounts@aktz.org', 2, 1, '', '2017-10-01', '', 1, '1', '1', '7116037001', 1, '1', '57901511', '10', '10', NULL, 2, '0', '2023-05-01', '0', 1, 2, 2, 2, 0, '2', '2', '2', 2, '0.00', '0.00', '0.00', 2, '0', '2523478', 1, 0, '0', '0', '0', '', '1', '1', '2023-08-31 03:10:17', NULL),
('70206', '48', '24', '29', 'MERISHA AMIN WALJI', 1, 1, '1991-06-18 00:00:00', '2', '1', '', '', '', 'imct.hr@aktz.org', 2, 1, '', '2021-12-27', '', 1, '1', '1', '7265348001', 1, '1', '45225349', '10', '10', NULL, 2, '0', '2023-05-01', '0', 1, 2, 2, 2, 0, '2', '2', '2', 2, '0.00', '0.00', '0.00', 2, '0', '3689000', 1, 0, '0', '0', '0', '', '1', '1', '2023-08-31 03:10:32', NULL),
('70207', '6', '21', '11', 'ALMAS MAWANI', 1, 1, '1972-05-01 00:00:00', '2', '2', '', '', '', '', 2, 1, '', '2018-01-01', '', 2, '0', '0', '', 1, '1', '64679349', '10', '10', NULL, 2, '0', '2023-05-01', '0', 1, 2, 2, 2, 0, '2', '2', '2', 2, '0.00', '0.00', '0.00', 1, '0', '0', 1, 0, '0', '0', '0', '', '1', '1', '2023-09-04 02:56:49', NULL),
('70208', '21', '1', '1', 'AZMINA SHAFFIN JAMAL', 1, 1, '1963-09-20 00:00:00', '2', '2', 'NO 19, ALY HASSAN MWINYI RD. PLOT NO 300/301 - E UPANGA, FLAT NO. 10', '0652 209 936', '0652 209 936', 'lc@aktz.org', 2, 1, '', '2019-07-15', '', 1, '1', '1', '7185997001', 1, '1', '66028078', '10', '10', NULL, 2, '0', '2023-05-01', '0', 1, 2, 2, 2, 0, '2', '2', '2', 2, '0.00', '0.00', '0.00', 2, '0', '1789193', 1, 0, '0', '0', '0', '', '1', '1', '2023-10-09 11:35:09', NULL),
('70209', '24', '7', '9', 'ENNARA ZAMIL BHANJI', 1, 1, '1998-11-15 00:00:00', '2', '1', '', '', '', 'ecdc@aktz.org', 2, 1, '', '2022-11-01', '', 1, '1', '1', '7282747001', 1, '1', '47173864', '10', '10', NULL, 2, '0', '2023-05-01', '0', 1, 2, 2, 2, 0, '2', '2', '2', 2, '0.00', '0.00', '0.00', 2, '0', '873430', 1, 0, '0', '0', '0', '', '1', '1', '2023-10-09 05:05:21', NULL),
('70210', '32', '9', '20', 'HAMISI O KIFYOMBO', 1, 1, '1968-08-13 00:00:00', '1', '1', 'ALLY HASSAN MWINYI, KIJITONYAMA', '0718 415 235', '', '', 1, 1, '', '2020-08-01', '', 1, '1', '1', '7037401001', 1, '1', '58473874', '10', '10', NULL, 2, '0', '2023-05-01', '0', 1, 2, 2, 2, 0, '2', '2', '2', 2, '0.00', '0.00', '0.00', 2, '0', '262703', 1, 0, '0', '0', '0', '', '1', '1', '2023-10-09 05:06:36', NULL),
('70211', '70', '9', '20', 'RAMADHAN  S SAIDI', 1, 1, '1962-07-01 00:00:00', '1', '2', 'DISWELA STREET, TANDALE', '0693 861 302', '', '', 1, 1, '', '2020-08-01', '', 1, '1', '1', '7414356001', 1, '1', '58605053', '10', '10', NULL, 2, '0', '2023-05-01', '0', 1, 2, 2, 2, 0, '2', '2', '2', 2, '0.00', '0.00', '0.00', 1, '0', '272330', 1, 0, '0', '0', '0', '', '1', '1', '2023-10-09 05:07:27', NULL),
('70212', '81', '9', '20', 'SAIDI  A ELIAS', 1, 1, '1981-01-04 00:00:00', '1', '2', 'ANANASIFU, KINONDONI', '0675 869 577', '', '', 1, 1, '', '2020-08-01', '', 1, '1', '1', '7414360001', 1, '1', '58532838', '10', '10', NULL, 2, '0', '2023-05-01', '0', 1, 2, 2, 2, 0, '2', '2', '2', 2, '0.00', '0.00', '0.00', 1, '0', '272330', 1, 0, '0', '0', '0', '', '1', '1', '2023-10-09 05:08:56', NULL),
('70213', '91', '9', '20', 'SHUKURU BINGO', 1, 1, '1963-03-05 00:00:00', '1', '2', 'ALLY HASSAN MWINYI, KIJITONYAMA', '0688 885 587', '', '', 1, 1, '', '2020-08-01', '', 1, '1', '1', '7414361001', 1, '1', '57343772', '10', '10', NULL, 2, '0', '2023-05-01', '0', 1, 2, 2, 2, 0, '2', '2', '2', 2, '0.00', '0.00', '0.00', 1, '0', '304370', 1, 0, '0', '0', '0', '', '1', '1', '2023-10-09 05:09:40', NULL),
('80209', '80', '24', '27', 'SADRUDDIN SHAHABUDDIN', 4, 1, '1972-02-26 00:00:00', '1', '2', '', '', '', 'imct@aktz.org', 2, 1, '', '2018-09-01', '', 1, '1', '1', '7134742001', 1, '1', '60963808', '10', '10', NULL, 2, '0', '2023-05-01', '0', 1, 2, 2, 2, 0, '2', '2', '2', 2, '0.00', '0.00', '0.00', 2, '0', '15601375', 1, 0, '0', '0', '0', '', '1', '1', '2023-10-12 01:57:36', NULL),
('80210', '43', '20', '24', 'KASIM KASSAMALI PATEL', 3, 1, '1961-12-02 00:00:00', '1', '2', '2ND FLOOR, COOPERATIVE BUILDING, AGGREY STREET, DSM', '0784 826 991', '', 'kasim1961@gmail.com', 2, 1, '', '2004-05-21', '', 1, '1', '1', '7403594001', 1, '1', '36213470', '10', '10', NULL, 2, '0', '2023-05-01', '0', 1, 2, 2, 2, 0, '2', '2', '2', 2, '0.00', '0.00', '0.00', 2, '0', '11620875', 1, 0, '0', '0', '0', '', '1', '1', '2023-10-12 02:00:26', NULL),
('80211', '6', '21', '11', 'ALMAS MAWANI', 1, 1, '1972-05-01 00:00:00', '2', '2', '', '', '', '', 2, 1, '', '2018-01-01', '', 2, '0', '0', '', 1, '1', '64679349', '10', '10', NULL, 2, '0', '2023-05-01', '0', 1, 2, 2, 2, 0, '2', '2', '2', 2, '0.00', '0.00', '0.00', 2, '0', '1877402', 1, 0, '0', '0', '0', '', '1', '1', '2023-10-12 02:44:21', NULL),
('80212', '36', '21', '15', 'HANIF MAWANI', 1, 1, '1965-04-19 00:00:00', '1', '2', '', '', '', '', 2, 1, '', '2018-01-01', '', 1, '1', '1', '5405442001', 1, '1', '64673936', '10', '10', NULL, 2, '0', '2023-05-01', '0', 1, 2, 2, 2, 0, '2', '2', '2', 2, '0.00', '0.00', '0.00', 2, '0', '2715338', 1, 0, '0', '0', '0', '', '1', '1', '2023-10-12 02:50:51', NULL),
('80213', '9', '21', '12', 'AMANIEL MARY MPARE', 1, 1, '1992-07-01 00:00:00', '2', '1', '', '', '', '', 2, 1, '', '2021-09-01', '', 1, '1', '1', '7254364001', 1, '1', '62787950', '10', '10', NULL, 2, '0', '2023-05-01', '0', 1, 2, 2, 2, 0, '2', '2', '2', 2, '0.00', '0.00', '0.00', 1, '100000', '258551', 1, 0, '0', '0', '0', '', '1', '1', '2023-10-12 02:55:21', NULL),
('80214', '6', '21', '11', 'ALMAS MAWANI', 1, 1, '1972-05-01 00:00:00', '2', '2', '', '', '', '', 2, 1, '', '2018-01-01', '', 2, '0', '0', '', 1, '1', '64679349', '10', '10', NULL, 2, '0', '2023-05-01', '0', 1, 2, 2, 2, 0, '2', '2', '2', 2, '0.00', '0.00', '0.00', 2, '0', '1877402', 1, 0, '0', '0', '0', '', '1', '1', '2023-10-12 02:55:34', NULL),
('80215', '11', '21', '22', 'AMINA SALUMU (VALERIA FRANCIS)', 1, 1, '1986-12-25 00:00:00', '2', '1', '', '', '', '', 1, 1, '', '2016-05-01', '', 1, '1', '1', '7064735001', 1, '1', '50408321', '10', '10', NULL, 2, '0', '2023-05-01', '0', 1, 2, 2, 2, 0, '2', '2', '2', 2, '0.00', '0.00', '0.00', 1, '100000', '226387', 1, 0, '0', '0', '0', '', '1', '1', '2023-10-12 02:55:46', NULL),
('80216', '15', '21', '34', 'ANGELINA BASILI MAUKI', 1, 1, '1997-05-10 00:00:00', '2', '1', '', '', '', '', 2, 1, '', '2023-02-15', '', 1, '1', '1', '7286985001', 1, '1', '46467156', '10', '10', NULL, 2, '0', '2023-05-01', '0', 1, 2, 2, 2, 0, '2', '2', '2', 2, '0.00', '0.00', '0.00', 2, '0', '1043478', 1, 0, '0', '0', '0', '', '1', '1', '2023-10-12 02:56:07', NULL),
('80217', '17', '21', '30', 'ARDO FRANCE KIHWILY', 1, 1, '1985-01-25 00:00:00', '1', '1', '', '', '', '', 1, 1, '', '2016-05-01', '', 1, '1', '1', '7076653001', 1, '1', '55886914', '10', '10', NULL, 2, '0', '2023-05-01', '0', 1, 2, 2, 2, 0, '2', '2', '2', 2, '0.00', '0.00', '0.00', 1, '100000', '391403', 1, 0, '0', '0', '0', '', '1', '1', '2023-10-12 02:56:20', NULL),
('80218', '22', '21', '22', 'BONIFACE LAKFODI  MCHIWA', 1, 1, '1978-02-15 00:00:00', '1', '1', '', '', '', '', 1, 1, '', '2016-05-01', '', 1, '1', '1', '7064686001', 1, '1', '32500181', '10', '10', NULL, 2, '0', '2023-05-01', '0', 1, 2, 2, 2, 0, '2', '2', '2', 2, '0.00', '0.00', '0.00', 1, '100000', '286770', 1, 0, '0', '0', '0', '', '1', '1', '2023-10-12 02:56:34', NULL),
('80219', '37', '21', '22', 'HATIBU MOHAMMED TAMBALA', 1, 1, '1974-02-05 00:00:00', '1', '1', '', '', '', '', 1, 1, '', '2016-05-01', '', 1, '1', '1', '7064685001', 1, '1', '50084267', '10', '10', NULL, 2, '0', '2023-05-01', '0', 1, 2, 2, 2, 0, '2', '2', '2', 2, '0.00', '0.00', '0.00', 1, '100000', '240000', 1, 0, '0', '0', '0', '', '1', '1', '2023-10-12 02:57:15', NULL),
('80220', '41', '21', '22', 'JACKLIN ALINDA MULOKOZI', 1, 1, '2000-05-09 00:00:00', '2', '1', '', '', '', '', 2, 1, '', '2023-02-01', '', 1, '1', '1', '7282469001', 1, '1', '47467250', '10', '10', NULL, 2, '0', '2023-05-01', '0', 1, 2, 2, 2, 0, '2', '2', '2', 2, '0.00', '0.00', '0.00', 2, '0', '200000', 1, 0, '0', '0', '0', '', '1', '1', '2023-10-12 02:57:29', NULL),
('80221', '50', '21', '22', 'MIRAGY ALLY MHANDO', 1, 1, '1994-12-24 00:00:00', '1', '1', '', '', '', '', 1, 1, '', '2016-05-01', '', 1, '1', '1', '7064679001', 1, '1', '60114754', '10', '10', NULL, 2, '0', '2023-05-01', '0', 1, 2, 2, 2, 0, '2', '2', '2', 2, '0.00', '0.00', '0.00', 1, '100000', '207028', 1, 0, '0', '0', '0', '', '1', '1', '2023-10-12 02:57:41', NULL),
('80222', '61', '21', '22', 'NURU SELEMANI  RASHIDI', 1, 1, '1972-02-04 00:00:00', '2', '1', '', '', '', '', 1, 1, '', '2016-05-01', '', 1, '1', '1', '7064760001', 1, '1', '55656481', '10', '10', NULL, 2, '0', '2023-05-01', '0', 1, 2, 2, 2, 0, '2', '2', '2', 2, '0.00', '0.00', '0.00', 1, '100000', '226387', 1, 0, '0', '0', '0', '', '1', '1', '2023-10-12 02:57:56', NULL),
('80223', '66', '21', '22', 'PILI KOPWE ATHUMANI', 1, 1, '1964-08-09 00:00:00', '2', '1', '', '', '', '', 1, 1, '', '2016-05-01', '', 1, '1', '1', '7064725001', 1, '1', '39172880', '10', '10', NULL, 2, '0', '2023-05-01', '0', 1, 2, 2, 2, 0, '2', '2', '2', 2, '0.00', '0.00', '0.00', 1, '100000', '260509', 1, 0, '0', '0', '0', '', '1', '1', '2023-10-12 02:58:11', NULL),
('80224', '76', '21', '22', 'ROSE DANIELJOHN', 1, 1, '1979-07-01 00:00:00', '2', '1', '', '', '', '', 1, 1, '', '2016-05-01', '', 1, '1', '1', '7064677001', 1, '1', '50408585', '10', '10', NULL, 2, '0', '2023-05-01', '0', 1, 2, 2, 2, 0, '2', '2', '2', 2, '0.00', '0.00', '0.00', 1, '100000', '217281', 1, 0, '0', '0', '0', '', '1', '1', '2023-10-12 02:58:28', NULL),
('80225', '77', '21', '22', 'ROSE EDWARD  KESSY', 1, 1, '1971-07-01 00:00:00', '2', '1', '', '', '', '', 1, 1, '', '2016-05-01', '', 1, '1', '1', '7064722001', 1, '1', '39172902', '10', '10', NULL, 2, '0', '2023-05-01', '0', 1, 2, 2, 2, 0, '2', '2', '2', 2, '0.00', '0.00', '0.00', 1, '100000', '302585', 1, 0, '0', '0', '0', '', '1', '1', '2023-10-12 02:58:37', NULL),
('80226', '73', '20', '6', 'RESHMA NAUSHAD KASSAM', 1, 1, '1979-04-16 00:00:00', '2', '2', '3RD FLOOR, HOUSE NO 41, MFAUME STREET, WEST UPANGA, DSM', '0739 737 462', '', 'kassamreshma@gmail.com', 2, 1, '', '2021-10-01', '', 1, '1', '12', '7205074001', 1, '1', '45009147', '10', '10', NULL, 2, '0', '2023-05-01', '0', 1, 2, 2, 2, 0, '2', '2', '2', 2, '0.00', '0.00', '0.00', 2, '0', '2284970', 1, 0, '0', '0', '0', '', '1', '1', '2023-10-12 02:59:03', NULL),
('80227', '49', '24', '8', 'MINAZ ABDUL VIRJI', 1, 1, '1961-10-01 00:00:00', '1', '1', '', '', '', '', 2, 1, '', '2022-09-01', '', 1, '1', '1', '7405660001', 2, '0', '0', '0', '0', NULL, 2, '0', '2023-05-01', '0', 1, 2, 2, 2, 0, '2', '2', '2', 2, '0.00', '0.00', '0.00', 2, '0', '217391', 1, 0, '0', '0', '0', '', '1', '1', '2023-10-12 03:00:16', NULL),
('90209', '55', '24', '31', 'NAWAZ AHAMEDALI SUMAR', 1, 1, '1967-04-22 00:00:00', '1', '2', '', '', '', 'ldcqol@aktz.org', 2, 1, '', '2023-02-13', '', 1, '1', '7', '7600282201', 1, '1', '50481851', '10', '10', NULL, 2, '0', '2023-05-01', '0', 1, 2, 2, 2, 0, '2', '2', '2', 2, '0.00', '0.00', '0.00', 2, '0', '5973775', 1, 0, '0', '0', '0', '', '1', '1', '2023-10-16 12:02:32', NULL),
('90210', '55', '24', '31', 'NAWAZ AHAMEDALI SUMAR', 1, 1, '1967-04-22 00:00:00', '1', '2', '', '', '', 'ldcqol@aktz.org', 2, 1, '', '2023-02-13', '', 1, '1', '7', '7600282201', 1, '1', '50481851', '10', '10', NULL, 2, '0', '2023-05-01', '0', 1, 2, 2, 2, 0, '2', '2', '2', 2, '0.00', '0.00', '0.00', 2, '0', '5973775', 1, 0, '0', '0', '0', '', '1', '1', '2023-10-16 12:09:41', NULL);

-- --------------------------------------------------------

--
