INSERT INTO `sales` (`id`, `receipt_no`, `vfgc`, `vfdc`, `clientid`, `client_tin`, `client_name`, `locationid`, `description`, `ctrl_stock`, `orderid`, `proformaid`, `ticketid`, `payment_status`, `source`, `receipt_method`, `isreceipt_printed`, `isfiscalized`, `iscost_added`, `receipt_num`, `receipt_v_num`, `receipt_date`, `receipt_url`, `receiptby`, `receipt_numreceipt_num`, `rctvcode`, `znumber`, `fiscalize_status_message`, `vfd_qrcode`, `iscreditapproved`, `approvalby`, `approvedate`, `tally_post`, `vat_status`, `status`, `grand_amount`, `grand_base_amount`, `grand_vatamount`, `grand_base_vatamount`, `full_amount`, `lastpaid_totalamount`, `paymenttype`, `credit_days`, `salespersonid`, `createdby`, `doc`, `duedate`, `modifiedby`, `dom`) VALUES
(104, '01-0046', 0, 0, 1, '', '', 1, '', 1, 0, 0, 0, 'complete', 'detailed', 'vfd', 0, 1, 0, 16, '213590000142220325', '2022-03-25 10:14:46', 'http://10.10.100.223:8080/power-zvfd/receipt_files/213590000142220325.pdf', 1, NULL, NULL, 'Z025608121', 'Success', 'data:image/jpg;base64,[encoded data, 12672 characters]', 1, 1, '2022-03-25 10:14:46', 0, '', 'active', '9500.00', '0.00', '0.00', '0.00', '9500.00', '9500.00', 'cash', NULL, 1, 1, '2022-03-25 10:14:46', '0000-00-00 00:00:00', 0, '0000-00-00 00:00:00'),
(105, '01-0047', 0, 0, 1, '', '', 1, '', 1, 0, 0, 0, 'complete', 'detailed', 'vfd', 0, 1, 0, 17, '213590000146220325', '2022-03-25 10:27:45', 'http://10.10.100.223:8080/power-zvfd/receipt_files/213590000146220325.pdf', 1, NULL, NULL, 'Z025608121', 'Success', 'data:image/jpg;base64,[encoded data, 13972 characters]', 1, 1, '2022-03-25 10:27:45', 0, '', 'active', '560000.00', '0.00', '0.00', '0.00', '560000.00', '560000.00', 'cash', NULL, 1, 1, '2022-03-25 10:27:45', '0000-00-00 00:00:00', 0, '0000-00-00 00:00:00'),
(106, '01-0048', 0, 0, 1, '', '', 1, '', 1, 0, 0, 0, 'complete', 'detailed', 'vfd', 0, 1, 0, 4, '213590000153220325', '2022-03-25 11:16:11', 'http://41.222.94.138:8082/power-zvfd/receipt_files/213590000153220325.pdf', 1, NULL, NULL, 'Z025608121', 'Success', 'data:image/jpg;base64,[encoded data, 12928 characters]', 1, 1, '2022-03-25 11:16:11', 0, '', 'active', '560000.00', '0.00', '0.00', '0.00', '560000.00', '560000.00', 'cash', NULL, 1, 1, '2022-03-25 11:16:11', '0000-00-00 00:00:00', 0, '0000-00-00 00:00:00');
INSERT INTO `sales` (`id`, `receipt_no`, `vfgc`, `vfdc`, `clientid`, `client_tin`, `client_name`, `locationid`, `description`, `ctrl_stock`, `orderid`, `proformaid`, `ticketid`, `payment_status`, `source`, `receipt_method`, `isreceipt_printed`, `isfiscalized`, `iscost_added`, `receipt_num`, `receipt_v_num`, `receipt_date`, `receipt_url`, `receiptby`, `receipt_numreceipt_num`, `rctvcode`, `znumber`, `fiscalize_status_message`, `vfd_qrcode`, `iscreditapproved`, `approvalby`, `approvedate`, `tally_post`, `vat_status`, `status`, `grand_amount`, `grand_base_amount`, `grand_vatamount`, `grand_base_vatamount`, `full_amount`, `lastpaid_totalamount`, `paymenttype`, `credit_days`, `salespersonid`, `createdby`, `doc`, `duedate`, `modifiedby`, `dom`) VALUES
(107, '01-0049', 0, 0, 1, '', '', 1, '', 1, 0, 0, 0, 'complete', 'detailed', 'vfd', 0, 1, 0, 5, '213590000154220325', '2022-03-25 11:22:15', 'http://41.222.94.138:8082/power-zvfd/receipt_files/213590000154220325.pdf', 1, NULL, NULL, 'Z025608121', 'Success', 'data:image/jpg;base64,[encoded data, 14076 characters]', 1, 1, '2022-03-25 11:22:15', 0, '', 'active', '1000.00', '0.00', '0.00', '0.00', '1000.00', '1000.00', 'cash', NULL, 1, 1, '2022-03-25 11:22:15', '0000-00-00 00:00:00', 0, '0000-00-00 00:00:00'),
(108, '01-0050', 0, 0, 1, '', '', 1, '', 1, 0, 0, 0, 'complete', 'detailed', 'vfd', 0, 1, 0, 6, '213590000155220325', '2022-03-25 11:22:35', 'http://41.222.94.138:8082/power-zvfd/receipt_files/213590000155220325.pdf', 1, NULL, NULL, 'Z025608121', 'Success', 'data:image/jpg;base64,[encoded data, 12952 characters]', 1, 1, '2022-03-25 11:22:35', 0, '', 'active', '1000.00', '0.00', '0.00', '0.00', '1000.00', '1000.00', 'cash', NULL, 1, 1, '2022-03-25 11:22:35', '0000-00-00 00:00:00', 0, '0000-00-00 00:00:00');

-- --------------------------------------------------------

--
-- Table structure for table `salesbatches`
--

CREATE TABLE `salesbatches` (
  `id` int(11) NOT NULL,
  `sdi` int(11) NOT NULL COMMENT 'sales details id',
  `batch_id` int(11) NOT NULL,
  `qty` double NOT NULL
) ENGINE=InnoDB DEFAULT CHARSET=utf8mb4;

--
-- Dumping data for table `salesbatches`
--

INSERT INTO `salesbatches` (`id`, `sdi`, `batch_id`, `qty`) VALUES
(1, 1, 610, 1),
(2, 2, 321, 1),
(3, 3, 793, 1),
(4, 4, 641, 10),
(5, 5, 702, 1),
(6, 6, 203, 10),
(7, 7, 614, 10),
(8, 8, 886, 1),
(9, 9, 332, 1),
(10, 10, 522, 15),
(11, 11, 291, 1),
(12, 12, 40, 2),
(13, 13, 543, 1),
(14, 14, 505, 1),
(15, 15, 208, 1),
(16, 16, 912, 2),
(17, 17, 563, 1),
(18, 18, 510, 1),
(19, 19, 342, 1),
(20, 20, 780, 28),
(21, 21, 216, 1),
(22, 22, 745, 10),
(23, 23, 604, 10),
(24, 24, 366, 1),
(25, 25, 664, 1),
(26, 26, 203, 30),
(27, 27, 907, 10),
(28, 28, 319, 15),
(29, 29, 513, 15),
(30, 30, 508, 3),
(31, 31, 912, 1),
(32, 32, 277, 30),
(33, 33, 206, 30),
(34, 34, 350, 10),
(35, 35, 547, 1),
(36, 36, 798, 1),
(37, 37, 177, 2),
(38, 38, 275, 3),
(39, 39, 70, 5),
(40, 40, 471, 1),
(41, 41, 216, 1),
(42, 42, 269, 2),
(43, 43, 909, 1),
(44, 44, 320, 30),
(45, 45, 272, 1),
(46, 46, 216, 1),
(47, 47, 383, 1),
(48, 48, 264, 1),
(49, 49, 225, 1),
(50, 50, 436, 10),
(51, 51, 769, 30),
(52, 52, 336, 10),
(53, 53, 203, 10),
(54, 54, 839, 5),
(55, 55, 70, 4),
(56, 56, 500, 1),
(57, 57, 235, 1),
(58, 58, 610, 1),
(59, 59, 39, 10),
(60, 60, 40, 5),
(61, 61, 764, 5),
(62, 62, 749, 1),
(63, 63, 99, 1),
(64, 64, 769, 10),
(65, 65, 604, 10),
(66, 66, 471, 1),
(67, 67, 174, 1),
(68, 68, 171, 1),
(69, 69, 764, 1),
(70, 70, 277, 15),
(71, 71, 40, 2),
(72, 72, 365, 1),
(73, 73, 216, 2),
(74, 74, 203, 30),
(75, 75, 787, 10),
(76, 76, 661, 10),
(77, 77, 354, 10),
(78, 78, 94, 4),
(79, 79, 164, 6),
(80, 80, 787, 10),
(81, 81, 793, 1),
(82, 82, 230, 1),
(83, 83, 368, 10),
(84, 84, 199, 10),
(85, 85, 484, 2),
(86, 86, 265, 3),
(87, 87, 248, 1),
(88, 88, 250, 1),
(89, 89, 650, 1),
(90, 90, 296, 1),
(91, 91, 446, 1),
(92, 92, 84, 4),
(93, 93, 277, 10),
(94, 94, 911, 1),
(95, 95, 189, 10),
(96, 96, 578, 10),
(97, 97, 186, 20),
(98, 98, 39, 37),
(99, 99, 216, 2),
(100, 100, 337, 1),
(101, 101, 766, 10),
(102, 102, 323, 1),
(103, 103, 472, 1),
(104, 104, 92, 1),
(105, 105, 62, 10),
(106, 106, 243, 1),
(107, 107, 277, 15),
(108, 108, 230, 1),
(109, 109, 842, 1),
(110, 110, 764, 4),
(111, 111, 902, 1),
(112, 112, 270, 1),
(113, 113, 590, 10),
(114, 114, 615, 1),
(115, 115, 203, 10),
(116, 116, 642, 15),
(117, 117, 592, 2),
(118, 118, 298, 1),
(119, 119, 839, 10),
(120, 120, 574, 2),
(121, 121, 39, 8),
(122, 122, 81, 1),
(123, 123, 680, 10),
(124, 124, 252, 10),
(125, 125, 40, 1),
(126, 126, 189, 10),
(127, 127, 220, 10),
(128, 128, 472, 1),
(129, 129, 265, 3),
(130, 130, 203, 10),
(131, 131, 40, 1),
(132, 132, 661, 10),
(133, 133, 735, 3),
(134, 134, 350, 10),
(135, 135, 383, 1),
(136, 136, 902, 2),
(137, 137, 452, 10),
(138, 138, 592, 2),
(139, 139, 680, 10),
(140, 140, 273, 3),
(141, 141, 592, 4),
(142, 142, 479, 4),
(143, 143, 552, 1),
(144, 144, 354, 20),
(145, 145, 40, 2),
(146, 146, 452, 10),
(147, 147, 680, 5),
(148, 148, 199, 2),
(149, 149, 394, 2),
(150, 150, 243, 1),
(151, 151, 163, 14),
(152, 152, 366, 1),
(153, 153, 252, 10),
(154, 154, 70, 2),
(155, 155, 87, 10),
(156, 156, 596, 1),
(157, 157, 225, 1),
(158, 158, 39, 15),
(159, 159, 915, 1),
(160, 160, 575, 1),
(161, 161, 40, 8),
(162, 162, 256, 1),
(163, 163, 728, 2),
(164, 164, 590, 5),
(165, 165, 70, 2),
(166, 166, 199, 9),
(167, 167, 819, 1),
(168, 168, 333, 1),
(169, 169, 318, 3),
(170, 170, 839, 5),
(171, 171, 174, 1),
(172, 172, 603, 1),
(173, 173, 216, 1),
(174, 174, 297, 1),
(175, 175, 320, 15),
(176, 176, 251, 1),
(177, 177, 252, 10),
(178, 178, 767, 1),
(179, 179, 837, 8),
(180, 180, 320, 60),
(181, 181, 336, 10),
(182, 182, 216, 3),
(183, 183, 318, 3),
(184, 184, 40, 1),
(185, 185, 74, 1),
(186, 186, 796, 1),
(187, 187, 732, 10),
(188, 188, 471, 1),
(189, 189, 203, 20),
(190, 190, 501, 5),
(191, 191, 765, 1),
(192, 192, 282, 1),
(193, 193, 237, 2),
(194, 194, 221, 1),
(195, 195, 590, 10),
(196, 196, 658, 30),
(197, 197, 561, 1),
(198, 198, 542, 14),
(199, 199, 307, 2),
(200, 200, 899, 1),
(201, 201, 741, 10),
(202, 202, 829, 10),
(203, 203, 272, 1),
(204, 204, 40, 1),
(205, 205, 208, 2),
(206, 206, 821, 1),
(207, 207, 39, 30),
(208, 208, 70, 1),
(209, 209, 289, 1),
(210, 210, 680, 10),
(211, 211, 732, 10),
(212, 212, 30, 3),
(213, 213, 252, 20),
(214, 214, 203, 10),
(215, 215, 810, 15),
(216, 216, 788, 1),
(217, 217, 610, 1),
(218, 218, 909, 1),
(219, 219, 30, 1),
(220, 220, 642, 30),
(221, 221, 452, 5),
(222, 222, 908, 1),
(223, 223, 910, 1),
(224, 224, 216, 1),
(225, 225, 732, 5),
(226, 226, 199, 10),
(227, 227, 897, 10),
(228, 228, 40, 1),
(229, 229, 741, 5),
(230, 230, 412, 9),
(231, 231, 680, 5),
(232, 232, 479, 2),
(233, 233, 394, 2),
(234, 234, 439, 1),
(235, 235, 242, 6),
(236, 236, 732, 20),
(237, 237, 252, 25),
(238, 238, 40, 1),
(239, 239, 865, 2),
(240, 240, 297, 1),
(241, 241, 563, 1),
(242, 242, 203, 10),
(243, 243, 320, 30),
(244, 244, 69, 10),
(245, 245, 579, 1),
(246, 246, 242, 2),
(247, 247, 492, 1),
(248, 248, 660, 1),
(249, 249, 344, 1),
(250, 250, 318, 3),
(251, 251, 858, 1),
(252, 252, 897, 10),
(253, 253, 450, 4),
(254, 254, 604, 10),
(255, 255, 252, 20),
(256, 256, 225, 2),
(257, 257, 350, 70),
(258, 257, 895, 0),
(259, 258, 829, 3),
(260, 259, 759, 20),
(261, 260, 754, 2),
(262, 261, 203, 30),
(263, 262, 535, 5),
(264, 263, 640, 1),
(265, 264, 259, 1),
(266, 265, 833, 1),
(267, 266, 99, 1),
(268, 267, 905, 1),
(269, 268, 452, 20),
(270, 269, 916, 20),
(271, 270, 488, 1),
(272, 271, 717, 1),
(273, 272, 641, 15),
(274, 273, 749, 1),
(275, 274, 203, 30),
(276, 275, 863, 5),
(277, 276, 564, 10),
(278, 277, 452, 10),
(279, 278, 661, 10),
(280, 279, 350, 10),
(281, 280, 546, 1),
(282, 281, 763, 1),
(283, 282, 897, 5),
(284, 283, 252, 10),
(285, 284, 216, 1),
(286, 285, 41, 1),
(287, 286, 93, 1),
(288, 287, 70, 2),
(289, 288, 271, 1),
(290, 289, 680, 10),
(291, 290, 368, 10),
(292, 291, 375, 1),
(293, 292, 266, 10),
(294, 293, 477, 10),
(295, 294, 858, 1),
(296, 295, 618, 1),
(297, 296, 40, 8),
(298, 297, 680, 10),
(299, 298, 366, 1),
(300, 299, 752, 10),
(301, 300, 240, 1),
(302, 301, 456, 4),
(303, 302, 749, 1),
(304, 303, 787, 20),
(305, 304, 203, 20),
(306, 305, 909, 2),
(307, 306, 39, 7),
(308, 307, 374, 1),
(309, 308, 464, 15),
(310, 309, 754, 2),
(311, 310, 739, 20),
(312, 311, 595, 4),
(313, 312, 81, 1),
(314, 313, 897, 1),
(315, 314, 640, 2),
(316, 315, 884, 10),
(317, 316, 163, 14),
(318, 317, 546, 2),
(319, 318, 99, 1),
(320, 319, 337, 1),
(321, 320, 336, 20),
(322, 321, 252, 10),
(323, 322, 832, 1),
(324, 323, 274, 1),
(325, 324, 665, 1),
(326, 325, 285, 1),
(327, 326, 237, 2),
(328, 327, 275, 3),
(329, 328, 916, 10),
(330, 329, 252, 30),
(331, 330, 895, 80),
(332, 331, 203, 20),
(333, 332, 844, 1),
(334, 333, 792, 1),
(335, 334, 863, 10),
(336, 335, 319, 15),
(337, 336, 815, 1),
(338, 337, 321, 1),
(339, 338, 91, 3),
(340, 339, 460, 1),
(341, 340, 35, 1),
(342, 341, 472, 1),
(343, 342, 354, 10),
(344, 343, 547, 1),
(345, 344, 507, 15),
(346, 345, 754, 2),
(347, 346, 297, 1),
(348, 347, 853, 10),
(349, 348, 471, 1),
(350, 348, 701, 0),
(351, 349, 865, 4),
(352, 350, 348, 9),
(353, 351, 860, 24),
(354, 352, 452, 15),
(355, 353, 203, 30),
(356, 353, 731, 0),
(357, 354, 866, 5),
(358, 355, 194, 1),
(359, 356, 189, 10),
(360, 357, 523, 10),
(361, 358, 354, 15),
(362, 359, 259, 1),
(363, 360, 878, 10),
(364, 361, 277, 15),
(365, 362, 394, 4),
(366, 363, 39, 15),
(367, 364, 889, 10),
(368, 365, 592, 2),
(369, 366, 316, 2),
(370, 367, 650, 1),
(371, 368, 506, 1),
(372, 369, 863, 4),
(373, 370, 70, 1),
(374, 371, 252, 20),
(375, 372, 265, 6),
(376, 373, 216, 1),
(377, 374, 661, 10),
(378, 375, 270, 1),
(379, 376, 619, 1),
(380, 377, 319, 15),
(381, 378, 680, 3),
(382, 379, 40, 3),
(383, 380, 206, 30),
(384, 381, 252, 20),
(385, 382, 916, 8),
(386, 383, 902, 1),
(387, 384, 887, 28),
(388, 385, 316, 1),
(389, 386, 766, 10),
(390, 387, 897, 3),
(391, 388, 354, 5),
(392, 389, 268, 10),
(393, 390, 458, 1),
(394, 391, 578, 10),
(395, 392, 895, 20),
(396, 393, 842, 1),
(397, 394, 295, 1),
(398, 395, 620, 1),
(399, 396, 250, 1),
(400, 397, 615, 1),
(401, 398, 753, 10),
(402, 399, 865, 2),
(403, 400, 189, 30),
(404, 401, 214, 1),
(405, 402, 265, 3),
(406, 403, 226, 1),
(407, 404, 452, 10),
(408, 405, 247, 10),
(409, 406, 591, 1),
(410, 407, 39, 30),
(411, 408, 206, 15),
(412, 409, 203, 30),
(413, 409, 731, 0),
(414, 410, 462, 1),
(415, 411, 276, 3),
(416, 412, 252, 25),
(417, 413, 220, 10),
(418, 414, 419, 40),
(419, 415, 754, 2),
(420, 416, 858, 1),
(421, 417, 909, 1),
(422, 418, 746, 1),
(423, 419, 878, 10),
(424, 420, 201, 10),
(425, 421, 566, 1),
(426, 422, 460, 1),
(427, 423, 354, 20),
(428, 424, 290, 1),
(429, 425, 595, 4),
(430, 426, 333, 1),
(431, 427, 820, 1),
(432, 428, 916, 10),
(433, 429, 895, 10),
(434, 430, 661, 10),
(435, 431, 270, 1),
(436, 432, 621, 1),
(437, 433, 865, 2),
(438, 434, 754, 2),
(439, 435, 216, 2),
(440, 436, 39, 37),
(441, 437, 394, 10),
(442, 438, 661, 10),
(443, 439, 731, 10),
(444, 440, 615, 1),
(445, 441, 252, 10),
(446, 442, 547, 1),
(447, 443, 916, 20),
(448, 444, 296, 1),
(449, 445, 847, 10),
(450, 446, 508, 5),
(451, 447, 899, 1),
(452, 448, 354, 5),
(453, 449, 265, 3),
(454, 450, 878, 10),
(455, 451, 178, 6),
(456, 452, 595, 2),
(457, 453, 357, 9),
(458, 454, 680, 10),
(459, 455, 731, 40),
(460, 456, 252, 40),
(461, 457, 472, 2),
(462, 458, 323, 2),
(463, 459, 787, 5),
(464, 460, 754, 2),
(465, 461, 569, 1),
(466, 462, 216, 1),
(467, 463, 250, 1),
(468, 464, 885, 1),
(469, 465, 40, 3),
(470, 466, 866, 10),
(471, 467, 656, 3),
(472, 468, 865, 6),
(473, 469, 881, 1),
(474, 470, 749, 1),
(475, 471, 230, 1),
(476, 472, 914, 28),
(477, 473, 216, 2),
(478, 474, 208, 5),
(479, 475, 878, 10),
(480, 476, 256, 4),
(481, 477, 807, 4),
(482, 478, 856, 4),
(483, 479, 746, 1),
(484, 480, 265, 3),
(485, 481, 354, 30),
(486, 482, 452, 10),
(487, 483, 877, 1),
(488, 484, 252, 15),
(489, 485, 754, 2),
(490, 486, 842, 1),
(491, 487, 321, 1),
(492, 488, 206, 30),
(493, 489, 679, 1),
(494, 490, 581, 2),
(495, 491, 731, 30),
(496, 492, 39, 8),
(497, 493, 916, 10),
(498, 494, 31, 1),
(499, 495, 70, 1),
(500, 496, 357, 9),
(501, 497, 296, 1),
(502, 498, 368, 10),
(503, 499, 259, 1),
(504, 500, 910, 1),
(505, 501, 917, 5),
(506, 502, 828, 20),
(507, 502, 432, 50),
(508, 503, 179, 3),
(509, 504, 918, 6),
(510, 505, 684, 1),
(511, 506, 873, 1),
(512, 507, 658, 10),
(513, 507, 206, 10),
(514, 508, 417, 50),
(515, 509, 732, 200),
(516, 510, 595, 10),
(517, 511, 891, 89),
(518, 512, 890, 10),
(519, 512, 561, 10),
(520, 513, 684, 1),
(521, 514, 731, 1),
(522, 515, 915, 1),
(523, 516, 211, 2),
(524, 517, 684, 2),
(525, 518, 40, 1),
(526, 519, 446, 1),
(527, 520, 919, 1),
(528, 521, 917, 10),
(529, 522, 919, 2),
(530, 523, 953, 3),
(531, 524, 954, 1),
(532, 525, 684, 1),
(533, 526, 953, 1),
(534, 527, 957, 20),
(535, 528, 957, 1),
(536, 529, 953, 1),
(540, 533, 660, 10),
(541, 534, 199, 2),
(542, 535, 195, 2),
(543, 536, 40, 1),
(544, 537, 667, 1),
(545, 538, 957, 5),
(546, 539, 959, 20),
(548, 541, 873, 1),
(549, 542, 957, 3),
(551, 544, 954, 19),
(556, 548, 219, 5),
(557, 549, 953, 5),
(558, 549, 961, 50),
(559, 549, 955, 23),
(560, 550, 166, 3),
(566, 554, 957, 11),
(567, 555, 961, 1),
(570, 558, 961, 1),
(573, 561, 961, 2),
(574, 562, 956, 17),
(575, 563, 912, 2),
(576, 564, 961, 1),
(577, 565, 827, 2),
(578, 566, 684, 2),
(579, 567, 920, 2),
(580, 568, 873, 2),
(581, 569, 667, 2),
(582, 570, 535, 1),
(583, 571, 661, 2),
(584, 572, 887, 1),
(585, 573, 199, 1),
(586, 574, 40, 1),
(587, 575, 749, 1),
(588, 576, 250, 1),
(589, 577, 195, 1),
(590, 578, 862, 1),
(591, 579, 861, 1),
(592, 580, 340, 1),
(596, 583, 827, 40),
(599, 586, 827, 2),
(600, 587, 827, 6),
(601, 588, 956, 7),
(602, 588, 959, 6),
(603, 589, 965, 4),
(604, 590, 965, 2),
(605, 591, 168, 5),
(606, 592, 966, 2),
(607, 593, 967, 1),
(608, 594, 618, 1),
(609, 594, 171, 0),
(617, 600, 90, 1),
(618, 601, 487, 1),
(619, 602, 967, 2),
(620, 603, 966, 3),
(621, 604, 966, 3),
(622, 605, 46, 4),
(623, 606, 967, 1),
(624, 607, 965, 1),
(625, 608, 618, 1),
(628, 611, 966, 1),
(631, 614, 966, 1),
(632, 615, 968, 2),
(633, 616, 971, 1),
(634, 617, 972, 1),
(635, 618, 409, 1),
(636, 619, 172, 1),
(637, 620, 167, 3),
(639, 622, 972, 1),
(640, 623, 972, 2),
(641, 624, 919, 2),
(642, 625, 968, 3),
(643, 626, 972, 2),
(644, 627, 919, 2),
(645, 628, 968, 3),
(646, 629, 972, 2),
(647, 630, 919, 2),
(648, 631, 968, 3),
(649, 632, 972, 2),
(650, 633, 919, 2),
(651, 634, 968, 3),
(652, 635, 972, 2),
(653, 636, 919, 1),
(654, 636, 918, 1),
(655, 637, 968, 3),
(656, 638, 972, 2),
(657, 639, 918, 2),
(658, 640, 968, 3),
(659, 641, 972, 2),
(660, 642, 918, 1),
(661, 643, 968, 3),
(662, 644, 972, 2),
(663, 646, 968, 3),
(664, 647, 972, 2),
(665, 649, 968, 3),
(666, 650, 972, 2),
(667, 652, 968, 3),
(668, 653, 972, 2),
(669, 655, 968, 3),
(670, 656, 972, 2),
(671, 658, 968, 3),
(672, 659, 972, 2),
(673, 661, 968, 3),
(674, 662, 972, 2),
(675, 664, 968, 3),
(676, 665, 972, 2),
(677, 667, 968, 1),
(678, 668, 969, 5),
(679, 668, 354, 5),
(680, 669, 354, 10),
(681, 670, 354, 10),
(682, 671, 354, 10),
(683, 672, 167, 1),
(684, 673, 170, 1),
(685, 674, 741, 1),
(686, 675, 172, 1),
(687, 676, 167, 1),
(688, 677, 170, 1),
(689, 678, 967, 1),
(690, 679, 967, 1),
(691, 680, 972, 1),
(692, 681, 972, 1);

-- --------------------------------------------------------

--
-- Table structure for table `salesdescriptions`
--

CREATE TABLE `salesdescriptions` (
  `id` int(11) NOT NULL,
  `salesid` int(11) NOT NULL,
  `combined` int(11) NOT NULL,
  `description` varchar(255) NOT NULL,
  `qty` int(11) NOT NULL,
  `rate` decimal(18,2) NOT NULL,
  `total` decimal(18,2) NOT NULL,
  `createdby` int(11) NOT NULL
) ENGINE=InnoDB DEFAULT CHARSET=latin1;

--
-- Dumping data for table `salesdescriptions`
--

INSERT INTO `salesdescriptions` (`id`, `salesid`, `combined`, `description`, `qty`, `rate`, `total`, `createdby`) VALUES
(1, 1, 0, 'Tetmosol soap  TETMOSOL 100GM', 1, '3500.00', '3500.00', 1),
(2, 1, 0, 'Cotton wool 50gm red VELVEX 1', 1, '1500.00', '1500.00', 1),
(3, 1, 0, 'Dettol solution DETTOL SOLUTION 125MLS', 1, '4500.00', '4500.00', 1),
(4, 1, 0, 'Metronidazole film coated tbs METROGYL 10*10', 10, '100.00', '1000.00', 1),
(5, 1, 0, 'Skiderm cream big SKIDERM CREAM 30GM', 1, '4000.00', '4000.00', 1),
(6, 1, 0, 'PARACETAMOL 500MG TBS SHELADOL 10*10', 10, '50.00', '500.00', 1),
(7, 1, 0, 'Cetrizine 10mg tabs ONCET 10*10', 10, '100.00', '1000.00', 1),
(8, 1, 0, 'Nystatin oral suspension NEO -RAL 30MLS', 1, '3500.00', '3500.00', 1),
(9, 1, 0, 'Sanitary pads 290mm HC PADS M 1*8', 1, '4000.00', '4000.00', 1),
(10, 1, 0, 'Pregnacare original caps PREGNACARE 3*10', 15, '1000.00', '15000.00', 1),
(11, 1, 0, 'Colgate175GM MAXCAVITY 175GM', 1, '4000.00', '4000.00', 1),
(12, 1, 0, 'Albendazole 200mg tbs ALBEN 1*2', 2, '1000.00', '2000.00', 1),
(13, 1, 0, 'Cipro + Tinidazole tabs CIFRAN CT 1 * 10', 1, '8000.00', '8000.00', 1),
(14, 1, 0, 'Coconut oil PARACHUTE 200MLS', 1, '5000.00', '5000.00', 1),
(15, 2, 0, 'Ex gloves medium size BITEGLO 100', 1, '500.00', '500.00', 1),
(16, 2, 0, 'MASK ', 2, '1000.00', '2000.00', 1),
(17, 2, 0, 'Sildenafil 50mg tabs ERECTO 1', 1, '2000.00', '2000.00', 1),
(18, 2, 0, 'Lactogen starter infants LACTOGEN 1 900GM', 1, '25000.00', '25000.00', 1),
(19, 2, 0, 'Sildenafil 50mg tabs NJOI 1', 1, '1500.00', '1500.00', 1),
(20, 2, 0, 'Fleip P tabs FLEX P 2 * 14', 28, '68.00', '1904.00', 1),
(21, 2, 0, 'UPT UPT 1', 1, '1000.00', '1000.00', 1),
(22, 2, 0, 'Omeprazole 20g caps ZOSEC CAPS 1*10', 10, '100.00', '1000.00', 1),
(23, 2, 0, 'Fefol tabs 10 * 10 ferrolic lf', 10, '100.00', '1000.00', 1),
(24, 2, 0, 'Whitefild ointment jar PRINCE WHITEFIEL 40GM', 1, '1500.00', '1500.00', 1),
(25, 2, 0, 'Dexamethasone eye drop X -SONE 5MLS', 1, '3000.00', '3000.00', 1),
(26, 3, 0, 'PARACETAMOL 500MG TBS SHELADOL 10*10', 30, '50.00', '1500.00', 1),
(27, 3, 0, 'Cipro + Tinidazole tabs CIFRAN CT 1 * 10', 10, '800.00', '8000.00', 1),
(28, 3, 0, 'Ampicilin caps 250mg INDIA 10*10', 15, '100.00', '1500.00', 1),
(29, 3, 0, 'Methyldopa 250mg tbs CYPRUS 10*10', 15, '300.00', '4500.00', 1),
(30, 3, 0, 'Pregabalin 75mg caps LIGABA 3*10', 3, '700.00', '2100.00', 1),
(31, 3, 0, 'MASK ', 1, '1000.00', '1000.00', 1),
(32, 3, 0, 'Metronidazole film coated tbs METROGYL 10*10', 30, '100.00', '3000.00', 1),
(33, 3, 0, 'Amoxycillin 250mg caps SPAMOX INDIA 10*10', 30, '100.00', '3000.00', 1),
(34, 3, 0, 'Omeprazole 20g caps ZOSEC CAPS 1*10', 10, '100.00', '1000.00', 1),
(35, 3, 0, 'Erythromycin susp EROCIN LAB 100MLS', 1, '3000.00', '3000.00', 1),
(36, 3, 0, 'Chloramphenical syrup CHLOROCIDE 100MLS', 1, '3000.00', '3000.00', 1),
(37, 3, 0, 'CANDISTAT 15GM', 2, '2500.00', '5000.00', 1),
(38, 3, 0, 'Condom rough rider ROUGH RIDER 1*3', 3, '1167.00', '3501.00', 1),
(39, 3, 0, 'Norethisterone 5mg tabs CYPRUS 3*10', 5, '1000.00', '5000.00', 1),
(40, 3, 0, 'Skiderm cream small SKIDERM CREAM 15 GM', 1, '3000.00', '3000.00', 1),
(41, 3, 0, 'UPT UPT 1', 1, '1000.00', '1000.00', 1),
(42, 3, 0, 'Malafin tabs MALAFIN 1*2', 2, '1000.00', '2000.00', 1),
(43, 4, 0, 'VEGA', 1, '2000.00', '2000.00', 1),
(44, 4, 0, 'Metronidazole film coated tbs METROGYL 10*10', 30, '100.00', '3000.00', 1),
(45, 4, 0, 'Paracetamol susp SHELADOL 1OOMLS', 1, '2000.00', '2000.00', 1),
(46, 4, 0, 'UPT UPT 1', 1, '1000.00', '1000.00', 1),
(47, 4, 0, 'Water guard tabs WATER GUARD 1*10', 1, '1000.00', '1000.00', 1),
(48, 4, 0, 'Betameth,clotrim,genta-cream GENTRIDERM 10GM', 1, '4500.00', '4500.00', 1),
(49, 4, 0, 'Sonaderm cream SONADERM CREAM 10GM', 1, '4000.00', '4000.00', 1),
(50, 4, 0, 'Hedex tabs HEDEX 10 * 10', 10, '150.00', '1500.00', 1),
(51, 4, 0, 'Folic Acid 5mg tabs MEDO -FOLIC 10 * 10', 30, '50.00', '1500.00', 1),
(52, 4, 0, 'Cotrimoxazole tabs COTRIKANT 10 * 10', 10, '100.00', '1000.00', 1),
(53, 4, 0, 'PARACETAMOL 500MG TBS SHELADOL 10*10', 10, '50.00', '500.00', 1),
(54, 4, 0, 'Muscle plus tabs MUSCLE PLUS 2*10', 5, '200.00', '1000.00', 1),
(55, 4, 0, 'Norethisterone 5mg tabs CYPRUS 3*10', 4, '1000.00', '4000.00', 1),
(56, 4, 0, 'Metoclopramide syrup PERINORM 100MLS', 1, '5000.00', '5000.00', 1),
(57, 5, 0, 'Clotrimazole cream CANDISTAT 15GM', 1, '2500.00', '2500.00', 1),
(58, 5, 0, 'Tetmosol soap  TETMOSOL 100GM', 1, '3500.00', '3500.00', 1),
(59, 5, 0, 'Ampiclox 500mg caps AMPICLOXACILIN 10*10', 10, '200.00', '2000.00', 1),
(60, 5, 0, 'Albendazole 200mg tbs ALBEN 1*2', 5, '1000.00', '5000.00', 1),
(61, 5, 0, 'Fluconazole 150mg tabs FLUCAN 1', 5, '1000.00', '5000.00', 1),
(62, 5, 0, 'Albendazole 400mg tabs ZENTEL 1', 1, '5000.00', '5000.00', 1),
(63, 5, 0, 'Mum Delivery kit (nei mama) NEI MAMA 1', 1, '25000.00', '25000.00', 1),
(64, 5, 0, 'Folic Acid 5mg tabs MEDO -FOLIC 10 * 10', 10, '50.00', '500.00', 1),
(65, 5, 0, 'Fefol tabs 10 * 10 ferrolic lf', 10, '100.00', '1000.00', 1),
(66, 5, 0, 'Skiderm cream small SKIDERM CREAM 15 GM', 1, '3000.00', '3000.00', 1),
(67, 5, 0, 'Ampiclox susp AMPLICO -DAWA 10MLS', 1, '3000.00', '3000.00', 1),
(68, 6, 0, 'FUNBACT A 30GM', 1, '4000.00', '4000.00', 1),
(69, 6, 0, 'Fluconazole 150mg tabs FLUCAN 1', 1, '1000.00', '1000.00', 1),
(70, 6, 0, 'Metronidazole film coated tbs METROGYL 10*10', 15, '100.00', '1500.00', 1),
(71, 6, 0, 'Albendazole 200mg tbs ALBEN 1*2', 2, '1000.00', '2000.00', 1),
(72, 6, 0, 'Whitefield cream tube PRINCE-WHITEFIELD 20GM', 1, '2000.00', '2000.00', 1),
(73, 6, 0, 'UPT UPT 1', 2, '1000.00', '2000.00', 1),
(74, 6, 0, 'PARACETAMOL 500MG TBS SHELADOL 10*10', 30, '50.00', '1500.00', 1),
(75, 6, 0, 'Ciprofloxaclin 500mg tabs CEEPRO 10 * 10', 10, '200.00', '2000.00', 1),
(76, 6, 0, 'acta tums eno calcium tabs ENO TABS 10 *10', 10, '100.00', '1000.00', 1),
(77, 6, 0, 'Panadol advance 500mg tabs PANADOL ADVANCE 10 *10', 10, '100.00', '1000.00', 1),
(78, 6, 0, 'GESTID CHEWABLE TBS GESTIDE 2*10', 4, '150.00', '600.00', 1),
(79, 6, 0, 'Artefan 80/480mg tabs (ALU) ARTEFAN 1 * 6', 6, '1250.00', '7500.00', 1),
(80, 7, 0, 'Ciprofloxaclin 500mg tabs CEEPRO 10 * 10', 10, '200.00', '2000.00', 1),
(81, 7, 0, 'Dettol solution DETTOL SOLUTION 125MLS', 1, '4500.00', '4500.00', 1),
(82, 7, 0, 'Ampiclox susp AMPLICO -DAWA 10MLS', 1, '3000.00', '3000.00', 1),
(83, 7, 0, 'Prednisolone 5mg tabs PREDINILONE10*10', 10, '100.00', '1000.00', 1),
(84, 7, 0, 'Action tabs ACTION 10*10', 10, '100.00', '1000.00', 1),
(85, 7, 0, 'Cefixime 200mg tabs TAXIM O 1*10', 2, '1500.00', '3000.00', 1),
(86, 7, 0, 'Azithromycin 500mg tabs AZUMA 500 1*3', 3, '1667.00', '5001.00', 1),
(87, 7, 0, 'Mebendazole 20mg/ml susp WORMNIL 30MLS', 1, '2500.00', '2500.00', 1),
(88, 7, 0, 'Albendazole susp ANTHEL PEDIATR 10MLS', 1, '2000.00', '2000.00', 1),
(89, 7, 0, 'Dr cold syrup DR COLD 100MLS ', 1, '3500.00', '3500.00', 1),
(90, 7, 0, 'Tetmosol baby soft soap BABY SOAP 75GM', 1, '3000.00', '3000.00', 1),
(91, 7, 0, 'Cod Liver Oil Emulsion orig- SCOTTS ORIGINAL 100MLS', 1, '6000.00', '6000.00', 1),
(92, 7, 0, 'Ibuprofen 400mg tabs GOFEN 6*10', 4, '500.00', '2000.00', 1),
(93, 7, 0, 'Metronidazole film coated tbs METROGYL 10*10', 10, '100.00', '1000.00', 1),
(94, 7, 0, 'DETTOL SOAP FRESH ', 1, '3500.00', '3500.00', 1),
(95, 7, 0, 'STORILAT 10X10', 10, '150.00', '1500.00', 1),
(96, 8, 0, 'Multivitamin 100mg tbs MULT -ELLYS 10 * 10', 10, '200.00', '2000.00', 1),
(97, 8, 0, 'Cetrizine 10mg tabs ONCET 10*10', 20, '100.00', '2000.00', 1),
(98, 8, 0, 'Ampiclox 500mg caps AMPICLOXACILIN 10*10', 37, '200.00', '7400.00', 1),
(99, 8, 0, 'UPT UPT 1', 2, '1000.00', '2000.00', 1),
(100, 8, 0, 'Dexamethasone eye drop X -SONE 5MLS', 1, '3000.00', '3000.00', 1),
(101, 8, 0, 'Ibuprofen 200mg caps IBUN 200 10 * 10', 10, '100.00', '1000.00', 1),
(102, 8, 0, 'Tetmosol soap  TETMOSOL 100GM', 1, '3500.00', '3500.00', 1),
(103, 8, 0, 'Skiderm cream big SKIDERM CREAM 30GM', 1, '4000.00', '4000.00', 1),
(104, 8, 0, 'Mepyramine cream INTAMINE 25GM', 1, '2500.00', '2500.00', 1),
(105, 8, 0, 'KETOPROFEN 50MG CAPS FASTUM 2*12', 10, '500.00', '5000.00', 1),
(106, 8, 0, 'Loratadine tabs (hovid tabs) LORATYN 1*10', 1, '2000.00', '2000.00', 1),
(107, 8, 0, 'Metronidazole film coated tbs METROGYL 10*10', 15, '100.00', '1500.00', 1),
(108, 8, 0, 'Ampiclox susp AMPLICO -DAWA 10MLS', 1, '3000.00', '3000.00', 1),
(109, 9, 0, 'Mosquito rep lotion pink MEDI SOFT 100MLS', 1, '2000.00', '2000.00', 1),
(110, 9, 0, 'Fluconazole 150mg tabs FLUCAN 1', 4, '1000.00', '4000.00', 1),
(111, 9, 0, 'SOFT CARE BABY WIPES ', 1, '4000.00', '4000.00', 1),
(112, 9, 0, 'Mucolyn syrup paediatric MUCOLYN 100MLS', 1, '3500.00', '3500.00', 1),
(113, 9, 0, 'acta tums eno calcium tabs ENO TABS 10 *10', 10, '100.00', '1000.00', 1),
(114, 9, 0, 'Cetrizine syrup  ARELID 30MLS', 1, '3000.00', '3000.00', 1),
(115, 9, 0, 'PARACETAMOL 500MG TBS SHELADOL 10*10', 10, '50.00', '500.00', 1),
(116, 9, 0, 'Erythromycin 250mg ERYTHROK 10*10', 15, '100.00', '1500.00', 1),
(117, 9, 0, 'p2 (Emerginor) tabs P2 EMERGINOR 1* 2', 2, '2500.00', '5000.00', 1),
(118, 9, 0, 'Freestyle small FREESTYLE 1*8', 1, '2000.00', '2000.00', 1),
(119, 10, 0, 'Muscle plus tabs MUSCLE PLUS 2*10', 10, '200.00', '2000.00', 1),
(120, 10, 0, 'Chestcof tabs CHESTCOF 10 * 10', 2, '100.00', '200.00', 1),
(121, 10, 0, 'Ampiclox 500mg caps AMPICLOXACILIN 10*10', 8, '200.00', '1600.00', 1),
(122, 10, 0, 'Lincoderm cream LINCODERM 15MG ', 1, '3000.00', '3000.00', 1),
(123, 10, 0, 'Diclopar tabs shellys 10*10', 10, '100.00', '1000.00', 1),
(124, 10, 0, 'ONCET 10x10', 10, '100.00', '1000.00', 1),
(125, 10, 0, 'Albendazole 200mg tbs ALBEN 1*2', 1, '1000.00', '1000.00', 1),
(126, 10, 0, 'STORILAT 10X10', 10, '150.00', '1500.00', 1),
(127, 10, 0, 'Asprin junior 75mg tabs ASCARD 75 3*10', 10, '150.00', '1500.00', 1),
(128, 11, 0, 'Skiderm cream big SKIDERM CREAM 30GM', 1, '4000.00', '4000.00', 1),
(129, 11, 0, 'Azithromycin 500mg tabs AZUMA 500 1*3', 3, '1667.00', '5001.00', 1),
(130, 11, 0, 'PARACETAMOL 500MG TBS SHELADOL 10*10', 10, '50.00', '500.00', 1),
(131, 11, 0, 'Albendazole 200mg tbs ALBEN 1*2', 1, '1000.00', '1000.00', 1),
(132, 11, 0, 'acta tums eno calcium tabs ENO TABS 10 *10', 10, '100.00', '1000.00', 1),
(133, 11, 0, 'BENZATHINE PENICILIN 2.4IU PENADUR 1', 3, '1500.00', '4500.00', 1),
(134, 11, 0, 'Omeprazole 20g caps ZOSEC CAPS 1*10', 10, '100.00', '1000.00', 1),
(135, 11, 0, 'Water guard tabs WATER GUARD 1*10', 1, '1000.00', '1000.00', 1),
(136, 11, 0, 'SOFT CARE BABY WIPES ', 2, '4000.00', '8000.00', 1),
(137, 11, 0, 'Diclof&Pcm (vivian plus) tabs VIVIAN PLUS 10 * 10', 10, '100.00', '1000.00', 1),
(138, 11, 0, 'p2 (Emerginor) tabs P2 EMERGINOR 1* 2', 2, '2500.00', '5000.00', 1),
(139, 11, 0, 'Diclopar tabs shellys 10*10', 10, '100.00', '1000.00', 1),
(140, 11, 0, 'Sulfadoxin/pyrimethamin tabs SULPHADAR 1*3', 3, '667.00', '2001.00', 1),
(141, 12, 0, 'p2 (Emerginor) tabs P2 EMERGINOR 1* 2', 4, '2500.00', '10000.00', 1),
(142, 12, 0, 'Visking lozenges mint flavor VIKING LOZENGE 8 * 12', 4, '250.00', '1000.00', 1),
(143, 12, 0, 'Diphenhydramine hydrochlo COPHYDEX SYP 100MLS', 1, '3000.00', '3000.00', 1),
(144, 12, 0, 'Panadol advance 500mg tabs PANADOL ADVANCE 10 *10', 20, '100.00', '2000.00', 1),
(145, 12, 0, 'Albendazole 200mg tbs ALBEN 1*2', 2, '1000.00', '2000.00', 1),
(146, 12, 0, 'Diclof&Pcm (vivian plus) tabs VIVIAN PLUS 10 * 10', 10, '100.00', '1000.00', 1),
(147, 12, 0, 'Diclopar tabs shellys 10*10', 5, '100.00', '500.00', 1),
(148, 12, 0, 'Action tabs ACTION 10*10', 2, '100.00', '200.00', 1),
(149, 12, 0, 'Menthodex lozenges 50mg green MENTHODEX 24', 2, '250.00', '500.00', 1),
(150, 12, 0, 'Loratadine tabs (hovid tabs) LORATYN 1*10', 1, '2000.00', '2000.00', 1),
(151, 12, 0, 'Dydrogesterone 10mg tabs DUPHASTONE 2*10', 14, '2000.00', '28000.00', 1),
(152, 12, 0, 'Whitefild ointment jar PRINCE WHITEFIEL 40GM', 1, '1500.00', '1500.00', 1),
(153, 12, 0, 'ONCET 10x10', 10, '100.00', '1000.00', 1),
(154, 12, 0, 'Norethisterone 5mg tabs CYPRUS 3*10', 2, '1000.00', '2000.00', 1),
(155, 12, 0, 'Vitamin C tabs NAT C 30', 10, '1000.00', '10000.00', 1),
(156, 12, 0, 'Condom - fiesta STRAWBERRY 1 * 3', 1, '2000.00', '2000.00', 1),
(157, 12, 0, 'Sonaderm cream SONADERM CREAM 10GM', 1, '4000.00', '4000.00', 1),
(158, 12, 0, 'Ampiclox 500mg caps AMPICLOXACILIN 10*10', 15, '200.00', '3000.00', 1),
(159, 13, 0, 'PROLOXIN 10MLS', 1, '2500.00', '2500.00', 1),
(160, 13, 0, 'Diclofenac gel NAUMA GEL 20GM', 1, '3000.00', '3000.00', 1),
(161, 13, 0, 'Albendazole 200mg tbs ALBEN 1*2', 8, '1000.00', '8000.00', 1),
(162, 13, 0, 'Syringe 10cc NEOJECT 1*1', 1, '400.00', '400.00', 1),
(163, 13, 0, 'Oral rehydration salts ORS 1LTR', 2, '500.00', '1000.00', 1),
(164, 13, 0, 'acta tums eno calcium tabs ENO TABS 10 *10', 5, '100.00', '500.00', 1),
(165, 13, 0, 'Norethisterone 5mg tabs CYPRUS 3*10', 2, '1000.00', '2000.00', 1),
(166, 13, 0, 'Action tabs ACTION 10*10', 9, '100.00', '900.00', 1),
(167, 13, 0, 'Silver sulfadiazine cream BURNOX 30G', 1, '3000.00', '3000.00', 1),
(168, 13, 0, 'Sanitary pads 338mm HC PADS L 1*8', 1, '4000.00', '4000.00', 1),
(169, 13, 0, 'Azithromycin 500mg tabs AZUMA 500 1*3', 3, '1667.00', '5001.00', 1),
(170, 13, 0, 'Muscle plus tabs MUSCLE PLUS 2*10', 5, '200.00', '1000.00', 1),
(171, 13, 0, 'Ampiclox susp AMPLICO -DAWA 10MLS', 1, '3000.00', '3000.00', 1),
(172, 13, 0, 'Baby gripe water -lab BABY GRIPE 100ML', 1, '3000.00', '3000.00', 1),
(173, 13, 0, 'UPT UPT 1', 1, '1000.00', '1000.00', 1),
(174, 13, 0, 'Freestyle big FREESTYLE 1*10', 1, '2000.00', '2000.00', 1),
(175, 13, 0, 'Metronidazole film coated tbs METROGYL 10*10', 15, '100.00', '1500.00', 1),
(176, 13, 0, 'Prednisolone eye drop PREDNI 10MLS', 1, '5000.00', '5000.00', 1),
(177, 13, 0, 'ONCET 10x10', 10, '100.00', '1000.00', 1),
(178, 13, 0, 'Nystatin oral suspension NEO -RAL 30MLS', 1, '3500.00', '3500.00', 1),
(179, 14, 0, 'Dr cold tabs DR COLD COLD 4*25', 8, '250.00', '2000.00', 1),
(180, 14, 0, 'Metronidazole film coated tbs METROGYL 10*10', 60, '100.00', '6000.00', 1),
(181, 14, 0, 'Cotrimoxazole tabs COTRIKANT 10 * 10', 10, '100.00', '1000.00', 1),
(182, 14, 0, 'UPT UPT 1', 3, '1000.00', '3000.00', 1),
(183, 14, 0, 'Azithromycin 500mg tabs AZUMA 500 1*3', 3, '1667.00', '5001.00', 1),
(184, 14, 0, 'Albendazole 200mg tbs ALBEN 1*2', 1, '1000.00', '1000.00', 1),
(185, 14, 0, 'MUPIROCIN OINTMENT BAETOPIC  5GM ', 1, '5000.00', '5000.00', 1),
(186, 14, 0, 'Betamethasone cream MEDIVEN 15GM', 1, '3000.00', '3000.00', 1),
(187, 14, 0, 'Panadol advance 500mg tabs PANADOL ADVANCE 10 *10', 10, '100.00', '1000.00', 1),
(188, 14, 0, 'Skiderm cream small SKIDERM CREAM 15 GM', 1, '3000.00', '3000.00', 1),
(189, 14, 0, 'PARACETAMOL 500MG TBS SHELADOL 10*10', 20, '50.00', '1000.00', 1),
(190, 14, 0, 'Metoclopramide 10mg tabs PERINORM 20*10', 5, '200.00', '1000.00', 1),
(191, 14, 0, 'Glucose powder packet GLUCOLIN 100GM', 1, '1000.00', '1000.00', 1),
(192, 14, 0, 'Infacare 2 INFACARE 2 400GM', 1, '20000.00', '20000.00', 1),
(193, 14, 0, 'Sulfadoxin/pyrimethamin tabs EKELFIN 1 * 2', 2, '1500.00', '3000.00', 1),
(194, 14, 0, 'Betaderm NM cream BETADERM NM 10g', 1, '4000.00', '4000.00', 1),
(195, 14, 0, 'acta tums eno calcium tabs ENO TABS 10 *10', 10, '100.00', '1000.00', 1),
(196, 14, 0, 'Amoxycillin 250mg caps SPAMOX INDIA 10*10', 30, '100.00', '3000.00', 1),
(197, 14, 0, 'Misoprostal 200mcg tbs MISO - CIPLA 1 * 4', 1, '20000.00', '20000.00', 1),
(198, 14, 0, 'Amoxclav 625mg tabs SPOTCLAV 2 * 7', 14, '1000.00', '14000.00', 1),
(199, 14, 0, 'Sanitary pads L LAVY PAD  9', 2, '4000.00', '8000.00', 1),
(200, 14, 0, 'Baby diapers softcare  SAIZI YA KATI', 1, '15000.00', '15000.00', 1),
(201, 15, 0, 'ASCORBIC ACID 10X10', 10, '200.00', '2000.00', 1),
(202, 15, 0, 'Muvera 15mg tabs MUVERA 1*10', 10, '500.00', '5000.00', 1),
(203, 15, 0, 'Paracetamol susp SHELADOL 1OOMLS', 1, '2000.00', '2000.00', 1),
(204, 15, 0, 'Albendazole 200mg tbs ALBEN 1*2', 1, '1000.00', '1000.00', 1),
(205, 15, 0, 'Ex gloves medium size BITEGLO 100', 2, '500.00', '1000.00', 1),
(206, 15, 0, 'Betameth, clotrim, genta-cream GENTRISONE 10GM', 1, '5000.00', '5000.00', 1),
(207, 15, 0, 'Ampiclox 500mg caps AMPICLOXACILIN 10*10', 30, '200.00', '6000.00', 1),
(208, 15, 0, 'Norethisterone 5mg tabs CYPRUS 3*10', 1, '1000.00', '1000.00', 1),
(209, 15, 0, 'Colgate 130GM MAXFRESH 130GM', 1, '3500.00', '3500.00', 1),
(210, 15, 0, 'Diclopar tabs shellys 10*10', 10, '100.00', '1000.00', 1),
(211, 15, 0, 'Panadol advance 500mg tabs PANADOL ADVANCE 10 *10', 10, '100.00', '1000.00', 1),
(212, 15, 0, 'Sildenafil 100mg tabs ERECTO 1', 3, '3000.00', '9000.00', 1),
(213, 15, 0, 'ONCET 10x10', 20, '100.00', '2000.00', 1),
(214, 15, 0, 'PARACETAMOL 500MG TBS SHELADOL 10*10', 10, '50.00', '500.00', 1),
(215, 15, 0, 'Chloramphenical 250mg caps CHLORAM-SHELYS 10*10', 15, '150.00', '2250.00', 1),
(216, 15, 0, 'Benzyl benzoate lotion BBE PRINCE 100ML', 1, '2000.00', '2000.00', 1),
(217, 15, 0, 'Tetmosol soap  TETMOSOL 100GM', 1, '3500.00', '3500.00', 1),
(218, 16, 0, 'VEGA', 1, '2000.00', '2000.00', 1),
(219, 16, 0, 'Sildenafil 100mg tabs ERECTO 1', 1, '3000.00', '3000.00', 1),
(220, 16, 0, 'Erythromycin 250mg ERYTHROK 10*10', 30, '100.00', '3000.00', 1),
(221, 16, 0, 'Diclof&Pcm (vivian plus) tabs VIVIAN PLUS 10 * 10', 5, '100.00', '500.00', 1),
(222, 16, 0, 'Mifipresten+Misoprostal COMBIPACK 5', 1, '50000.00', '50000.00', 1),
(223, 16, 0, 'PROTEX SOAP', 1, '2500.00', '2500.00', 1),
(224, 16, 0, 'UPT UPT 1', 1, '1000.00', '1000.00', 1),
(225, 16, 0, 'Panadol advance 500mg tabs PANADOL ADVANCE 10 *10', 5, '100.00', '500.00', 1),
(226, 16, 0, 'Action tabs ACTION 10*10', 10, '100.00', '1000.00', 1),
(227, 16, 0, 'Fluconazole 150mg tabs FLUCAN 1', 10, '1000.00', '10000.00', 1),
(228, 16, 0, 'Albendazole 200mg tbs ALBEN 1*2', 1, '1000.00', '1000.00', 1),
(229, 16, 0, 'ASCORBIC ACID 10X10', 5, '200.00', '1000.00', 1),
(230, 16, 0, 'Duo cotexin tabs DUO COTEXIN 1*9', 9, '1333.00', '11997.00', 1),
(231, 16, 0, 'Diclopar tabs shellys 10*10', 5, '100.00', '500.00', 1),
(232, 16, 0, 'Visking lozenges mint flavor VIKING LOZENGE 8 * 12', 2, '250.00', '500.00', 1),
(233, 16, 0, 'Menthodex lozenges 50mg green MENTHODEX 24', 2, '250.00', '500.00', 1),
(234, 16, 0, 'Levamisole susp VUMTREX 30MLS', 1, '2500.00', '2500.00', 1),
(235, 16, 0, 'Flucoday caps FLUCODAY 1 * 8', 6, '600.00', '3600.00', 1),
(236, 17, 0, 'Panadol advance 500mg tabs PANADOL ADVANCE 10 *10', 20, '100.00', '2000.00', 1),
(237, 17, 0, 'ONCET 10x10', 25, '100.00', '2500.00', 1),
(238, 17, 0, 'Albendazole 200mg tbs ALBEN 1*2', 1, '1000.00', '1000.00', 1),
(239, 17, 0, 'Dawa tatu tabs 100', 2, '150.00', '300.00', 1),
(240, 17, 0, 'Freestyle big FREESTYLE 1*10', 1, '2000.00', '2000.00', 1),
(241, 17, 0, 'Sildenafil 50mg tabs ERECTO 1', 1, '2000.00', '2000.00', 1),
(242, 17, 0, 'PARACETAMOL 500MG TBS SHELADOL 10*10', 10, '50.00', '500.00', 1),
(243, 17, 0, 'Metronidazole film coated tbs METROGYL 10*10', 30, '100.00', '3000.00', 1),
(244, 17, 0, 'ciprofloxaclin 500mg tabs ZINDOLIN 1*10', 10, '200.00', '2000.00', 1),
(245, 17, 0, 'Miconazole cream 2% FUNGISTAT CREAM 15GM', 1, '3000.00', '3000.00', 1),
(246, 17, 0, 'Flucoday caps FLUCODAY 1 * 8', 2, '600.00', '1200.00', 1),
(247, 17, 0, 'Ampiclox neonatal drops 8ml NEONATAL DROPS 8MLS', 1, '8000.00', '8000.00', 1),
(248, 17, 0, 'Albendazole susp ANTHEL PEDIATR 10MLS', 1, '2000.00', '2000.00', 1),
(249, 17, 0, 'Cyproheptadine susp PHARMACTIN 100MLS', 1, '3000.00', '3000.00', 1),
(250, 17, 0, 'Azithromycin 500mg tabs AZUMA 500 1*3', 3, '1667.00', '5001.00', 1),
(251, 17, 0, 'Methylated spirit 100mls 1', 1, '1000.00', '1000.00', 1),
(252, 17, 0, 'Fluconazole 150mg tabs FLUCAN 1', 10, '1000.00', '10000.00', 1),
(253, 17, 0, 'p2 (Emerginor) tabs P2 EMERGINOR 1* 2', 4, '2500.00', '10000.00', 1),
(254, 17, 0, 'Fefol tabs 10 * 10 ferrolic lf', 10, '100.00', '1000.00', 1),
(255, 18, 0, 'ONCET 10x10', 20, '100.00', '2000.00', 1),
(256, 18, 0, 'Sonaderm cream SONADERM CREAM 10GM', 2, '4000.00', '8000.00', 1),
(257, 18, 0, 'Omeprazole 20g caps ZOSEC CAPS 1*10', 70, '100.00', '7000.00', 1),
(258, 18, 0, 'Muvera 15mg tabs MUVERA 1*10', 3, '500.00', '1500.00', 1),
(259, 18, 0, 'Amlodipine 10mg tabs CALCHEK 3*10', 20, '200.00', '4000.00', 1),
(260, 18, 0, 'p2 (Emerginor) tabs P2 EMERGINOR 1* 2', 2, '2500.00', '5000.00', 1),
(261, 18, 0, 'PARACETAMOL 500MG TBS SHELADOL 10*10', 30, '50.00', '1500.00', 1),
(262, 18, 0, 'Acetominophen 500mg tabs DENTAMOL 2 * 10', 5, '200.00', '1000.00', 1),
(263, 18, 0, 'Eno lemon (Eno sachet) ENO SACHET 1', 1, '500.00', '500.00', 1),
(264, 18, 0, 'Cotrimoxazole susp PRINATRIM 100MLS', 1, '2000.00', '2000.00', 1),
(265, 18, 0, 'Diclofenac gel DICLORAN 20MG ', 1, '3000.00', '3000.00', 1),
(266, 18, 0, 'Mum Delivery kit (nei mama) NEI MAMA 1', 1, '25000.00', '25000.00', 1),
(267, 18, 0, 'LILI MARTENITY PADS ', 1, '16000.00', '16000.00', 1),
(268, 18, 0, 'Diclof&Pcm (vivian plus) tabs VIVIAN PLUS 10 * 10', 20, '100.00', '2000.00', 1),
(269, 18, 0, 'CHLORPHENAMINE TABS PIRIZEN 10*10', 20, '50.00', '1000.00', 1),
(270, 18, 0, 'Clotrimazole 100mg  V.P VAGID 100MG 1*6', 1, '3000.00', '3000.00', 1),
(271, 18, 0, 'Fluconazole 150mg tabs FLUCAN 1', 1, '1000.00', '1000.00', 1),
(272, 18, 0, 'Metronidazole film coated tbs METROGYL 10*10', 15, '100.00', '1500.00', 1),
(273, 19, 0, 'Albendazole 400mg tabs ZENTEL 1', 1, '5000.00', '5000.00', 1),
(274, 19, 0, 'PARACETAMOL 500MG TBS SHELADOL 10*10', 30, '50.00', '1500.00', 1),
(275, 19, 0, 'Vitamin B Complex tabs 100', 5, '50.00', '250.00', 1),
(276, 19, 0, 'Hyoscine 10mg tabs  COSMOL -HYOSC 10 * 10', 10, '300.00', '3000.00', 1),
(277, 19, 0, 'Diclof&Pcm (vivian plus) tabs VIVIAN PLUS 10 * 10', 10, '100.00', '1000.00', 1),
(278, 19, 0, 'acta tums eno calcium tabs ENO TABS 10 *10', 10, '100.00', '1000.00', 1),
(279, 19, 0, 'Omeprazole 20g caps ZOSEC CAPS 1*10', 10, '100.00', '1000.00', 1),
(280, 19, 0, 'CONDOM DUME CLASSIC 24', 1, '1000.00', '1000.00', 1),
(281, 19, 0, 'Betamethasone cream MEDIVEN 15GM', 1, '3000.00', '3000.00', 1),
(282, 19, 0, 'Fluconazole 150mg tabs FLUCAN 1', 5, '1000.00', '5000.00', 1),
(283, 19, 0, 'ONCET 10x10', 10, '100.00', '1000.00', 1),
(284, 19, 0, 'UPT UPT 1', 1, '1000.00', '1000.00', 1),
(285, 19, 0, 'Bio-oil 125ml BIO OIL 125', 1, '25000.00', '25000.00', 1),
(286, 19, 0, 'Sodium fusidate oint 2% FUSIDEM OINT 5GM', 1, '6000.00', '6000.00', 1),
(287, 19, 0, 'Norethisterone 5mg tabs CYPRUS 3*10', 2, '1000.00', '2000.00', 1),
(288, 19, 0, 'Mucolyn syrup adult MUCOLYN 100MLS', 1, '3500.00', '3500.00', 1),
(289, 19, 0, 'Diclopar tabs shellys 10*10', 10, '100.00', '1000.00', 1),
(290, 19, 0, 'Prednisolone 5mg tabs PREDINILONE10*10', 10, '100.00', '1000.00', 1),
(291, 19, 0, 'Multivitamin syrup ZENERGY 100MLS', 1, '3000.00', '3000.00', 1),
(292, 19, 0, 'Coldril caps COLDRIL 2*10', 10, '150.00', '1500.00', 1),
(293, 19, 0, 'Salbutamol 4mg tabs SALBUZEN 10 *10', 10, '50.00', '500.00', 1),
(294, 19, 0, 'Methylated spirit 100mls 1', 1, '1000.00', '1000.00', 1),
(295, 20, 0, 'FUNBACT A 30GM', 1, '4000.00', '4000.00', 1),
(296, 20, 0, 'Albendazole 200mg tbs ALBEN 1*2', 8, '1000.00', '8000.00', 1),
(297, 20, 0, 'Diclopar tabs shellys 10*10', 10, '100.00', '1000.00', 1),
(298, 20, 0, 'Whitefild ointment jar PRINCE WHITEFIEL 40GM', 1, '1500.00', '1500.00', 1),
(299, 20, 0, 'ESOZ 20 3X10', 10, '700.00', '7000.00', 1),
(300, 20, 0, 'Relcer Gel RELCER GEL 100MLS', 1, '3000.00', '3000.00', 1),
(301, 20, 0, 'Toff plus TOFF PLUS 2 * 10', 4, '500.00', '2000.00', 1),
(302, 20, 0, 'Albendazole 400mg tabs ZENTEL 1', 1, '5000.00', '5000.00', 1),
(303, 20, 0, 'Ciprofloxaclin 500mg tabs CEEPRO 10 * 10', 20, '200.00', '4000.00', 1),
(304, 20, 0, 'PARACETAMOL 500MG TBS SHELADOL 10*10', 20, '50.00', '1000.00', 1),
(305, 20, 0, 'VEGA', 2, '2000.00', '4000.00', 1),
(306, 20, 0, 'Ampiclox 500mg caps AMPICLOXACILIN 10*10', 7, '200.00', '1400.00', 1),
(307, 20, 0, 'Diphenhydramine,menthol syr ZENKOF 100MLS', 1, '3000.00', '3000.00', 1),
(308, 20, 0, 'Pen v 250mg tabs REGAL UNIPEN 10 *10', 15, '100.00', '1500.00', 1),
(309, 20, 0, 'p2 (Emerginor) tabs P2 EMERGINOR 1* 2', 2, '2500.00', '5000.00', 1),
(310, 20, 0, 'Folic Acid 5mg tabs MEDO -FOLIC 10 * 10', 20, '50.00', '1000.00', 1),
(311, 20, 0, 'Diclo,pcm,chlorzoxa - tabs FLAMAR MX 1 * 10', 4, '500.00', '2000.00', 1),
(312, 20, 0, 'Lincoderm cream LINCODERM 15MG ', 1, '3000.00', '3000.00', 1),
(313, 20, 0, 'Fluconazole 150mg tabs FLUCAN 1', 1, '1000.00', '1000.00', 1),
(314, 20, 0, 'Eno lemon (Eno sachet) ENO SACHET 1', 2, '500.00', '1000.00', 1),
(315, 20, 0, 'Amlodipine 5mg tabs -AMLIN 30', 10, '150.00', '1500.00', 1),
(316, 20, 0, 'Dydrogesterone 10mg tabs DUPHASTONE 2*10', 14, '2000.00', '28000.00', 1),
(317, 20, 0, 'CONDOM DUME CLASSIC 24', 2, '1000.00', '2000.00', 1),
(318, 20, 0, 'Mum Delivery kit (nei mama) NEI MAMA 1', 1, '25000.00', '25000.00', 1),
(319, 20, 0, 'Dexamethasone eye drop X -SONE 5MLS', 1, '3000.00', '3000.00', 1),
(320, 20, 0, 'Cotrimoxazole tabs COTRIKANT 10 * 10', 20, '100.00', '2000.00', 1),
(321, 20, 0, 'ONCET 10x10', 10, '100.00', '1000.00', 1),
(322, 20, 0, 'Gentamycin eye drops GENTA-UGANDA 5MLS', 1, '3000.00', '3000.00', 1),
(323, 20, 0, 'Betameth, clotrim, genta-cream GENTRISONE 10GM', 1, '5000.00', '5000.00', 1),
(324, 20, 0, 'Dexamethasone/Neomycin PHARMADEXNEOCIN 10mls e/d', 1, '3000.00', '3000.00', 1),
(325, 20, 0, 'Cetrizine syrup ALERID 30MLS', 1, '3000.00', '3000.00', 1),
(326, 20, 0, 'Sulfadoxin/pyrimethamin tabs EKELFIN 1 * 2', 2, '1500.00', '3000.00', 1),
(327, 21, 0, 'Condom rough rider ROUGH RIDER 1*3', 3, '1167.00', '3501.00', 1),
(328, 21, 0, 'CHLORPHENAMINE TABS PIRIZEN 10*10', 10, '50.00', '500.00', 1),
(329, 21, 0, 'ONCET 10x10', 30, '100.00', '3000.00', 1),
(330, 21, 0, 'Omeprazole 20g caps ZOSEC CAPS 1*10', 80, '100.00', '8000.00', 1),
(331, 21, 0, 'PARACETAMOL 500MG TBS SHELADOL 10*10', 20, '50.00', '1000.00', 1),
(332, 21, 0, 'Zinc oxide plaster 1.25cm Z.O.P 1', 1, '1500.00', '1500.00', 1),
(333, 21, 0, 'Iodine tincture PRINCE IODINE 50MLS', 1, '2000.00', '2000.00', 1),
(334, 21, 0, 'Vitamin B Complex tabs 100', 10, '50.00', '500.00', 1),
(335, 21, 0, 'Ampicilin caps 250mg INDIA 10*10', 15, '100.00', '1500.00', 1),
(336, 21, 0, 'Good morning syp LUNG TONIC 60ML', 1, '3000.00', '3000.00', 1),
(337, 21, 0, 'Cotton wool 50gm red VELVEX 1', 1, '1500.00', '1500.00', 1),
(338, 21, 0, 'Miconazole v pessary (Gynazol) GYNAZOL V P 1 * 3', 3, '3333.00', '9999.00', 1),
(339, 21, 0, 'Eusol solution EUSOL SOLUTION 100MLS', 1, '1000.00', '1000.00', 1),
(340, 21, 0, 'Dettol solution DETTOL SOLUTION 125MLS', 1, '4500.00', '4500.00', 1),
(341, 21, 0, 'Skiderm cream big SKIDERM CREAM 30GM', 1, '4000.00', '4000.00', 1),
(342, 21, 0, 'Panadol advance 500mg tabs PANADOL ADVANCE 10 *10', 10, '100.00', '1000.00', 1),
(343, 21, 0, 'Erythromycin susp EROCIN LAB 100MLS', 1, '3000.00', '3000.00', 1),
(344, 21, 0, 'Omega 3 fish oil 1000mg tabs OMEGA 3 30', 15, '1000.00', '15000.00', 1),
(345, 21, 0, 'p2 (Emerginor) tabs P2 EMERGINOR 1* 2', 2, '2500.00', '5000.00', 1),
(346, 21, 0, 'Freestyle big FREESTYLE 1*10', 1, '2000.00', '2000.00', 1),
(347, 21, 0, 'Phenobarbitone tabs 30mg PHENOBARBITONE 10*10', 10, '100.00', '1000.00', 1),
(348, 21, 0, 'Skiderm cream small SKIDERM CREAM 15 GM', 1, '3000.00', '3000.00', 1),
(349, 21, 0, 'Dawa tatu tabs 100', 4, '150.00', '600.00', 1),
(350, 22, 0, 'Levamisole 40mg tabs VUMTREX 6 * 14', 9, '100.00', '900.00', 1),
(351, 22, 0, 'Alu tabs 20/120mg 24', 24, '125.00', '3000.00', 1),
(352, 22, 0, 'Diclof&Pcm (vivian plus) tabs VIVIAN PLUS 10 * 10', 15, '100.00', '1500.00', 1),
(353, 22, 0, 'PARACETAMOL 500MG TBS SHELADOL 10*10', 30, '50.00', '1500.00', 1),
(354, 22, 0, 'Norfloxacin, Tinidazole NORZOLE 1*10 TABS', 5, '400.00', '2000.00', 1),
(355, 22, 0, 'Ephedrine nasal drop paed', 1, '3000.00', '3000.00', 1),
(356, 22, 0, 'Carbamezapine 200mg tabs STORILAT 10X10', 10, '150.00', '1500.00', 1),
(357, 22, 0, 'Muscle plus tabs MUSCLE PLUS 2*10', 10, '200.00', '2000.00', 1),
(358, 22, 0, 'Panadol advance 500mg tabs PANADOL ADVANCE 10 *10', 15, '100.00', '1500.00', 1),
(359, 22, 0, 'Cotrimoxazole susp PRINATRIM 100MLS', 1, '2000.00', '2000.00', 1),
(360, 22, 0, 'Diclofenac tabs -RHEUMAC 50', 10, '50.00', '500.00', 1),
(361, 22, 0, 'Metronidazole film coated tbs METROGYL 10*10', 15, '100.00', '1500.00', 1),
(362, 22, 0, 'Menthodex lozenges 50mg green MENTHODEX 24', 4, '250.00', '1000.00', 1),
(363, 22, 0, 'Ampiclox 500mg caps AMPICLOXACILIN 10*10', 15, '200.00', '3000.00', 1),
(364, 22, 0, 'Haloperidol HALOXEN 1.5mg', 10, '150.00', '1500.00', 1),
(365, 22, 0, 'p2 (Emerginor) tabs P2 EMERGINOR 1* 2', 2, '2500.00', '5000.00', 1),
(366, 22, 0, 'Dettol soap ORIGINAL DETTOL ORIGINAL 90GM', 2, '2500.00', '5000.00', 1),
(367, 22, 0, 'Dr cold syrup DR COLD 100MLS ', 1, '3500.00', '3500.00', 1),
(368, 22, 0, 'Coconut oil PARACHUTE 500MLS', 1, '10000.00', '10000.00', 1),
(369, 22, 0, 'Vitamin B Complex tabs 100', 4, '50.00', '200.00', 1),
(370, 22, 0, 'Norethisterone 5mg tabs CYPRUS 3*10', 1, '1000.00', '1000.00', 1),
(371, 22, 0, 'Cetrizine 10mg tabs ONCET 10x10', 20, '100.00', '2000.00', 1),
(372, 22, 0, 'Azithromycin 500mg tabs AZUMA 500 1*3', 6, '1667.00', '10002.00', 1),
(373, 22, 0, 'UPT UPT 1', 1, '1000.00', '1000.00', 1),
(374, 22, 0, 'acta tums eno calcium tabs ENO TABS 10*10', 10, '100.00', '1000.00', 1),
(375, 22, 0, 'Mucolyn syrup paediatric MUCOLYN 100MLS', 1, '3500.00', '3500.00', 1),
(376, 22, 0, 'Diclofenac gel NAUMA GEL 20GM', 1, '3000.00', '3000.00', 1),
(377, 22, 0, 'Ampicilin caps 250mg INDIA 10*10', 15, '100.00', '1500.00', 1),
(378, 22, 0, 'Diclopar tabs shellys 10*10', 3, '100.00', '300.00', 1),
(379, 22, 0, 'Albendazole 200mg tbs ALBEN 1*2', 3, '1000.00', '3000.00', 1),
(380, 22, 0, 'Amoxycillin 250mg caps SPAMOX INDIA 10*10', 30, '100.00', '3000.00', 1),
(381, 23, 0, 'Cetrizine 10mg tabs ONCET 10x10', 20, '100.00', '2000.00', 1),
(382, 23, 0, 'CHLORPHENAMINE TABS PIRIZEN 10*10', 8, '50.00', '400.00', 1),
(383, 23, 0, 'SOFT CARE BABY WIPES ', 1, '4000.00', '4000.00', 1),
(384, 23, 0, 'Aciclovir 200mg tabs -CYCLOVAX', 28, '400.00', '11200.00', 1),
(385, 23, 0, 'Dettol soap ORIGINAL DETTOL ORIGINAL 90GM', 1, '2500.00', '2500.00', 1),
(386, 23, 0, 'Ibuprofen 200mg caps IBUN 200 10 * 10', 10, '100.00', '1000.00', 1),
(387, 23, 0, 'Fluconazole 150mg tabs FLUCAN 1', 3, '1000.00', '3000.00', 1),
(388, 23, 0, 'Panadol advance 500mg tabs PANADOL ADVANCE 10 *10', 5, '100.00', '500.00', 1),
(389, 23, 0, 'Doxycycline 100mg 100mg caps SHELLYS 10*10', 10, '200.00', '2000.00', 1),
(390, 23, 0, 'Clotrimazole cream PRICOSTAT 20GM', 1, '2000.00', '2000.00', 1),
(391, 23, 0, 'Multivitamin 100mg tbs MULT -ELLYS 10*10', 10, '200.00', '2000.00', 1),
(392, 23, 0, 'Omeprazole 20g caps ZOSEC CAPS 1*10', 20, '100.00', '2000.00', 1),
(393, 23, 0, 'Mosquito rep lotion pink MEDI SOFT 100MLS', 1, '2000.00', '2000.00', 1),
(394, 23, 0, 'Colgate 70GM TRIPLE ACTION 70GM', 1, '3000.00', '3000.00', 1),
(395, 23, 0, 'Nystatin oral suspension NEO -RAL 30MLS', 1, '3500.00', '3500.00', 1),
(396, 23, 0, 'Albendazole susp ANTHEL PEDIATR 10MLS', 1, '2000.00', '2000.00', 1),
(397, 23, 0, 'Cetrizine syrup  ARELID 30MLS', 1, '3000.00', '3000.00', 1),
(398, 23, 0, 'Esomeprazole 40mg tabs ESOZ 40 3X10', 10, '1000.00', '10000.00', 1),
(399, 23, 0, 'Dawa tatu tabs 100', 2, '150.00', '300.00', 1),
(400, 23, 0, 'Carbamezapine 200mg tabs STORILAT 10X10', 30, '150.00', '4500.00', 1),
(401, 23, 0, 'Syringe 2cc 1*1', 1, '200.00', '200.00', 1),
(402, 23, 0, 'Azithromycin 500mg tabs AZUMA 500 1*3', 3, '1667.00', '5001.00', 1),
(403, 23, 0, 'Inflazone ointment INFLAZOLE OINT 30GM', 1, '3000.00', '3000.00', 1),
(404, 23, 0, 'Diclof&Pcm (vivian plus) tabs VIVIAN PLUS 10 * 10', 10, '100.00', '1000.00', 1),
(405, 23, 0, 'Aminophylin 100mg tabs MINOLINE 10*10', 10, '100.00', '1000.00', 1),
(406, 23, 0, 'Ketoconazole cream KINHEAL 10GM', 1, '4000.00', '4000.00', 1),
(407, 23, 0, 'Ampiclox 500mg caps AMPICLOXACILIN 10*10', 30, '200.00', '6000.00', 1),
(408, 24, 0, 'Amoxycillin 250mg caps SPAMOX INDIA 10*10', 15, '100.00', '1500.00', 1),
(409, 24, 0, 'PARACETAMOL 500MG TBS SHELADOL 10*10', 30, '50.00', '1500.00', 1),
(410, 24, 0, 'Hydrogen 3% (10V) mouthwash HYDROGEN MOUTH 100MLS', 1, '1500.00', '1500.00', 1),
(411, 24, 0, 'CONDOM-BULL BULL RED 1*3', 3, '500.00', '1500.00', 1),
(412, 24, 0, 'Cetrizine 10mg tabs ONCET 10x10', 25, '100.00', '2500.00', 1),
(413, 24, 0, 'Asprin junior 75mg tabs ASCARD 75 3*10', 10, '200.00', '2000.00', 1),
(414, 24, 0, 'Losartan H tabs PRESARTAN -H 2*14', 40, '350.00', '14000.00', 1),
(415, 24, 0, 'p2 (Emerginor) tabs P2 EMERGINOR 1* 2', 2, '2500.00', '5000.00', 1),
(416, 24, 0, 'Methylated spirit 100mls 1', 1, '1000.00', '1000.00', 1),
(417, 24, 0, 'VEGA', 1, '2000.00', '2000.00', 1),
(418, 24, 0, 'Chestcof syrup CHESTCOF 100MLS', 1, '3000.00', '3000.00', 1),
(419, 24, 0, 'Diclofenac tabs -RHEUMAC 50', 10, '50.00', '500.00', 1),
(420, 24, 0, 'Cofta Lozenges COFTA 10*10', 10, '100.00', '1000.00', 1),
(421, 24, 0, 'Ampiclox susp AMPLICO -DAWA 10MLS', 1, '3000.00', '3000.00', 1),
(422, 24, 0, 'Eusol solution EUSOL SOLUTION 100MLS', 1, '1000.00', '1000.00', 1),
(423, 24, 0, 'Panadol advance 500mg tabs PANADOL ADVANCE 10 *10', 20, '100.00', '2000.00', 1),
(424, 24, 0, 'Colgate 140GM HERBAL 140GM', 1, '3500.00', '3500.00', 1),
(425, 24, 0, 'Diclo,pcm,chlorzoxa - tabs FLAMAR MX 1*10', 4, '500.00', '2000.00', 1),
(426, 24, 0, 'Sanitary pads 338mm HC PADS L 1*8', 1, '4000.00', '4000.00', 1),
(427, 24, 0, 'Vitamin B complex susp BECOSHEL 100MLS', 1, '3000.00', '3000.00', 1),
(428, 24, 0, 'CHLORPHENAMINE TABS PIRIZEN 10*10', 10, '50.00', '500.00', 1),
(429, 24, 0, 'Omeprazole 20g caps ZOSEC CAPS 1*10', 10, '100.00', '1000.00', 1),
(430, 24, 0, 'acta tums eno calcium tabs ENO TABS 10*10', 10, '100.00', '1000.00', 1),
(431, 24, 0, 'Mucolyn syrup paediatric MUCOLYN 100MLS', 1, '3500.00', '3500.00', 1),
(432, 24, 0, 'Hemovit susp HEMOVIT 200MLS', 1, '6000.00', '6000.00', 1),
(433, 24, 0, 'Dawa tatu tabs 100', 2, '150.00', '300.00', 1),
(434, 25, 0, 'p2 (Emerginor) tabs P2 EMERGINOR 1* 2', 2, '2500.00', '5000.00', 1),
(435, 25, 0, 'UPT UPT 1', 2, '1000.00', '2000.00', 1),
(436, 25, 0, 'Ampiclox 500mg caps AMPICLOXACILIN 10*10', 37, '200.00', '7400.00', 1),
(437, 25, 0, 'Menthodex lozenges 50mg green MENTHODEX 24', 10, '250.00', '2500.00', 1),
(438, 25, 0, 'acta tums eno calcium tabs ENO TABS 10*10', 10, '100.00', '1000.00', 1),
(439, 25, 0, 'PARACETAMOL 500MG TBS SHELADOL 10*10', 10, '50.00', '500.00', 1),
(440, 25, 0, 'Cetrizine syrup  ARELID 30MLS', 1, '3000.00', '3000.00', 1),
(441, 25, 0, 'Cetrizine 10mg tabs ONCET 10x10', 10, '100.00', '1000.00', 1),
(442, 25, 0, 'Erythromycin susp EROCIN LAB 100MLS', 1, '3000.00', '3000.00', 1),
(443, 25, 0, 'CHLORPHENAMINE TABS PIRIZEN 10*10', 20, '50.00', '1000.00', 1),
(444, 25, 0, 'Tetmosol baby soft soap BABY SOAP 75GM', 1, '3000.00', '3000.00', 1),
(445, 25, 0, 'Anusol suppository ANUSOL SUPP 12', 10, '2000.00', '20000.00', 1),
(446, 25, 0, 'Pregabalin 75mg caps LIGABA 3*10', 5, '700.00', '3500.00', 1),
(447, 25, 0, 'Baby diapers softcare  SAIZI YA KATI', 1, '15000.00', '15000.00', 1),
(448, 25, 0, 'Panadol advance 500mg tabs PANADOL ADVANCE 10 *10', 5, '100.00', '500.00', 1),
(449, 25, 0, 'Azithromycin 500mg tabs AZUMA 500 1*3', 3, '1667.00', '5001.00', 1),
(450, 25, 0, 'Diclofenac tabs -RHEUMAC 50', 10, '50.00', '500.00', 1),
(451, 25, 0, 'CANDISTAT V P 1x6', 6, '500.00', '3000.00', 1),
(452, 25, 0, 'Diclo,pcm,chlorzoxa - tabs FLAMAR MX 1*10', 2, '500.00', '1000.00', 1),
(453, 26, 0, 'Duo cotexin tabs DUO COTEXIN 1*9', 9, '1333.00', '11997.00', 1),
(454, 26, 0, 'Diclopar tabs shellys 10*10', 10, '100.00', '1000.00', 1),
(455, 26, 0, 'PARACETAMOL 500MG TBS SHELADOL 10*10', 40, '50.00', '2000.00', 1),
(456, 26, 0, 'Cetrizine 10mg tabs ONCET 10x10', 40, '100.00', '4000.00', 1),
(457, 26, 0, 'Skiderm cream big SKIDERM CREAM 30GM', 2, '4000.00', '8000.00', 1),
(458, 26, 0, 'Tetmosol soap  TETMOSOL 100GM', 2, '3500.00', '7000.00', 1),
(459, 26, 0, 'Ciprofloxaclin 500mg tabs CEEPRO 10 * 10', 5, '200.00', '1000.00', 1),
(460, 26, 0, 'p2 (Emerginor) tabs P2 EMERGINOR 1* 2', 2, '2500.00', '5000.00', 1),
(461, 26, 0, 'Medi oral soln small MEDI ORAL S/S 130MLS', 1, '5000.00', '5000.00', 1),
(462, 26, 0, 'UPT UPT 1', 1, '1000.00', '1000.00', 1),
(463, 26, 0, 'Albendazole susp ANTHEL PEDIATR 10MLS', 1, '2000.00', '2000.00', 1),
(464, 26, 0, 'Baby gripe water -lab BABY GRIPE 100ML', 1, '3000.00', '3000.00', 1),
(465, 26, 0, 'Albendazole 200mg tbs ALBEN 1*2', 3, '1000.00', '3000.00', 1),
(466, 26, 0, 'Norfloxacin, Tinidazole NORZOLE 1*10 TABS', 10, '400.00', '4000.00', 1),
(467, 26, 0, 'Amox, Flucomox caps FLUCAMOX 500 4*4', 3, '938.00', '2814.00', 1),
(468, 26, 0, 'Dawa tatu tabs 100', 6, '150.00', '900.00', 1),
(469, 26, 0, 'Zecuf herbal syrup ZECUF SYP 100MLS', 1, '3000.00', '3000.00', 1),
(470, 26, 0, 'Albendazole 400mg tabs ZENTEL 1', 1, '5000.00', '5000.00', 1),
(471, 26, 0, 'Ampiclox susp AMPLICO -DAWA 10MLS', 1, '3000.00', '3000.00', 1),
(472, 27, 0, 'MICROGYNON ', 28, '71.00', '1988.00', 1),
(473, 27, 0, 'UPT UPT 1', 2, '1000.00', '2000.00', 1),
(474, 27, 0, 'Ex gloves medium size BITEGLO 100', 5, '500.00', '2500.00', 1),
(475, 27, 0, 'Diclofenac tabs -RHEUMAC 50', 10, '50.00', '500.00', 1),
(476, 27, 0, 'Syringe 10cc NEOJECT 1*1', 4, '400.00', '1600.00', 1),
(477, 27, 0, 'Ceftriaxone 1g ALCEF 1VIAL ', 4, '2500.00', '10000.00', 1),
(478, 27, 0, 'Water for injection 10mls WATER FOR INJ 1', 4, '500.00', '2000.00', 1),
(479, 27, 0, 'Chestcof syrup CHESTCOF 100MLS', 1, '3000.00', '3000.00', 1),
(480, 27, 0, 'Azithromycin 500mg tabs AZUMA 500 1*3', 3, '1667.00', '5001.00', 1),
(481, 27, 0, 'Panadol advance 500mg tabs PANADOL ADVANCE 10 *10', 30, '100.00', '3000.00', 1),
(482, 27, 0, 'Diclof&Pcm (vivian plus) tabs VIVIAN PLUS 10 * 10', 10, '100.00', '1000.00', 1),
(483, 27, 0, 'Mum Delivery kit (nei mama) NEI MAMA 1', 1, '25000.00', '25000.00', 1),
(484, 27, 0, 'Cetrizine 10mg tabs ONCET 10x10', 15, '100.00', '1500.00', 1),
(485, 27, 0, 'p2 (Emerginor) tabs P2 EMERGINOR 1* 2', 2, '2500.00', '5000.00', 1),
(486, 27, 0, 'Mosquito rep lotion pink MEDI SOFT 100MLS', 1, '2000.00', '2000.00', 1),
(487, 27, 0, 'Cotton wool 50gm red VELVEX 1', 1, '1500.00', '1500.00', 1),
(488, 27, 0, 'Amoxycillin 250mg caps SPAMOX INDIA 10*10', 30, '100.00', '3000.00', 1),
(489, 27, 0, 'Diclopar tabs (DICLOPAR MR) DICLOPAR MR 1*10', 1, '2000.00', '2000.00', 1),
(490, 27, 0, 'Sulfadoxin/pyrimethamin tabs EKELFIN 1*2', 2, '1500.00', '3000.00', 1),
(491, 27, 0, 'PARACETAMOL 500MG TBS SHELADOL 10*10', 30, '50.00', '1500.00', 1),
(492, 27, 0, 'Ampiclox 500mg caps AMPICLOXACILIN 10*10', 8, '200.00', '1600.00', 1),
(493, 27, 0, 'CHLORPHENAMINE TABS PIRIZEN 10*10', 10, '50.00', '500.00', 1),
(494, 27, 0, 'Sildenafil 50mg tabs ERECTO 1', 1, '2000.00', '2000.00', 1),
(495, 27, 0, 'Norethisterone 5mg tabs CYPRUS 3*10', 1, '1000.00', '1000.00', 1),
(496, 27, 0, 'Duo cotexin tabs DUO COTEXIN 1*9', 9, '1333.00', '11997.00', 1),
(497, 27, 0, 'Tetmosol baby soft soap BABY SOAP 75GM', 1, '3000.00', '3000.00', 1),
(498, 27, 0, 'Prednisolone 5mg tabs PREDINILONE10*10', 10, '100.00', '1000.00', 1),
(499, 27, 0, 'Cotrimoxazole susp PRINATRIM 100MLS', 1, '2000.00', '2000.00', 1),
(500, 27, 0, 'PROTEX SOAP', 1, '2500.00', '2500.00', 1),
(501, 28, 0, 'P2 (levonorgestry) tabs P2 LEVONORGESTRY 1 * 2', 5, '2500.00', '12500.00', 1),
(502, 29, 0, 'Ibuprofen,paracetamol tabs BRUSTAN 1*10  (Ibuprofen,paracetamol tabs)', 70, '165.00', '11550.00', 1),
(503, 30, 0, 'ELYMOL 100MLS (Paracetamol   susp)', 3, '500.00', '1500.00', 1),
(504, 31, 0, 'ELYMOL 100MLS (Paracetamol   susp)', 6, '2000.00', '12000.00', 1),
(505, 32, 0, '21 Century Iron, Vitam-& Mineral, PRE NATAL 30\'S tabs', 1, '1000.00', '1000.00', 1),
(506, 32, 0, '21 century joint support 30tabs JOINT SUPPORT', 1, '1000.00', '1000.00', 1),
(507, 33, 0, 'Amoxycillin 250mg caps SPAMOX INDIA 10*10  (Amoxycillin 250mg caps )', 20, '50.00', '1000.00', 1),
(508, 34, 0, 'Diclo,pcm,chlorzoxa - tabs FLAMAR MX 1*10  (Diclo,pcm,chlorzoxa - tabs )', 50, '390.00', '19500.00', 1),
(509, 34, 0, 'Panadol advance 500mg ', 200, '70.00', '14000.00', 1),
(510, 35, 0, 'Diclo,pcm,chlorzoxa - tabs FLAMAR MX 1*10  (Diclo,pcm,chlorzoxa - tabs )', 10, '450.00', '4500.00', 1),
(511, 36, 0, 'Paracetamol blister 500mg tabs NCPC  (Paracetamol blister 500mg tabs )', 89, '23.00', '2047.00', 1),
(512, 37, 0, 'Misoprostal 200mcg tbs MISO - CIPLA 1 * 4  (Misoprostal 200mcg tbs )', 20, '20000.00', '400000.00', 1),
(513, 38, 0, '21 Century Iron, Vitam-& Mineral, PRE NATAL 30', 1, '1000.00', '1000.00', 1),
(514, 39, 0, 'PARACETAMOL 500MG TBS SHELADOL 10*10  (PARACETAMOL 500MG)', 1, '100.00', '100.00', 1),
(515, 40, 0, 'PROLOXIN 10MLS', 1, '2500.00', '2500.00', 1),
(516, 40, 0, 'Infusion DNS  DNS 500MLS ', 2, '2000.00', '4000.00', 1),
(517, 40, 0, '21 Century Iron, Vitam-& Mineral, PRE NATAL 30', 2, '1000.00', '2000.00', 1),
(518, 40, 0, 'Albendazole 200mg tbs ALBEN 1*2', 1, '1000.00', '1000.00', 1),
(519, 40, 0, 'Cod Liver Oil Emulsion orig- SCOTTS ORIGINAL 100MLS', 1, '6000.00', '6000.00', 1),
(520, 41, 0, 'ELYMOL 100MLS', 1, '2000.00', '2000.00', 1),
(521, 42, 0, 'P2 (levonorgestry) tabs P2 LEVONORGESTRY 1 * 2  (LEVONORGESTRY)', 10, '600.00', '6000.00', 1),
(522, 42, 0, 'ELYMOL 100MLS (Paracetamol   susp)', 2, '892.00', '1784.00', 1),
(523, 43, 0, 'flammar', 3, '500.00', '1500.00', 1),
(524, 44, 0, 'ABPARA IV 100MLS', 1, '7000.00', '7000.00', 1),
(525, 45, 0, '21 Century Iron, Vitam-& Mineral, PRE NATAL 30', 1, '1000.00', '1000.00', 1),
(526, 46, 0, 'flammar', 1, '500.00', '500.00', 1),
(527, 47, 0, 'Omega 3 fish oil 1000mg tbs', 20, '463.00', '9260.00', 1),
(528, 48, 0, 'Omega 3 fish oil 1000mg tabs OMEGA 3 30', 1, '1000.00', '1000.00', 1),
(529, 48, 0, 'flammar', 1, '500.00', '500.00', 1),
(533, 50, 0, 'Albendazole susp ANTHEL PEDIATR 10MLS', 10, '2000.00', '20000.00', 1),
(534, 51, 0, 'Action tabs ACTION 10*10', 2, '100.00', '200.00', 1),
(535, 51, 0, 'Allopurinol 100mg tabs ', 2, '200.00', '400.00', 1),
(536, 51, 0, 'Albendazole 200mg tbs ALBEN 1*2', 1, '1000.00', '1000.00', 1),
(537, 51, 0, 'Aciclovir 5% W/W cream LOVIR 10GM', 1, '3000.00', '3000.00', 1),
(538, 52, 0, 'Omega 3 fish oil 1000mg tbs', 5, '1000.00', '5000.00', 1),
(539, 53, 0, 'Omega 3 fish oil 1000mg tabs OMEGA 3 30', 20, '1000.00', '20000.00', 1),
(541, 54, 0, '21 century joint support 30tabs JOINT SUPPORT', 1, '1000.00', '1000.00', 1),
(542, 54, 0, 'Omega 3 fish oil 1000mg tabs OMEGA 3 30', 3, '1000.00', '3000.00', 1),
(544, 56, 0, 'ABPARA IV 100MLS', 19, '7000.00', '133000.00', 1),
(548, 58, 0, 'Acrason cream ACRASON CREAM 10GM', 5, '5000.00', '25000.00', 1),
(549, 58, 0, 'flammar', 78, '500.00', '39000.00', 1),
(550, 58, 0, 'ABNAL DROPS 10MLS', 3, '5000.00', '15000.00', 1),
(554, 59, 0, 'Omega 3 fish oil 1000mg tabs OMEGA 3 30', 11, '1000.00', '11000.00', 1),
(555, 60, 0, 'flammar', 1, '500.00', '500.00', 1),
(558, 61, 0, 'flammar', 1, '500.00', '500.00', 1),
(561, 57, 0, 'flammar', 2, '500.00', '1000.00', 1),
(562, 57, 0, 'Omega 3 fish oil 1000mg tbs', 17, '463.00', '7871.00', 1),
(563, 62, 0, 'MASK ', 2, '500.00', '1000.00', 1),
(564, 62, 0, 'flammar', 1, '500.00', '500.00', 1),
(565, 62, 0, 'GLYBURIDE 5MG/500MG METFOR-TABS GLUCORED FORTE 5*10  (GLYBURIDE 5MG/500MG METFOR-TABS )', 2, '448.00', '896.00', 1),
(566, 63, 0, '21 Century Iron, Vitam-& Mineral, PRE NATAL 30', 2, '1000.00', '2000.00', 1),
(567, 63, 0, 'Aciclovir 5% W/W cream CYCLOVAX 10GM', 2, '10000.00', '20000.00', 1),
(568, 63, 0, '21 century joint support 30tabs JOINT SUPPORT', 2, '1000.00', '2000.00', 1),
(569, 63, 0, 'Aciclovir 5% W/W cream LOVIR 10GM', 2, '3000.00', '6000.00', 1),
(570, 63, 0, 'Acetominophen 500mg tabs DENTAMOL 2 * 10', 1, '200.00', '200.00', 1),
(571, 63, 0, 'acta tums eno calcium tabs ENO TABS 10*10', 2, '100.00', '200.00', 1),
(572, 63, 0, 'Aciclovir 200mg tabs -CYCLOVAX', 1, '400.00', '400.00', 1),
(573, 63, 0, 'Action tabs ACTION 10*10', 1, '100.00', '100.00', 1),
(574, 63, 0, 'Albendazole 200mg tbs ALBEN 1*2', 1, '1000.00', '1000.00', 1),
(575, 63, 0, 'Albendazole 400mg tabs ZENTEL 1', 1, '5000.00', '5000.00', 1),
(576, 63, 0, 'Albendazole susp ANTHEL PEDIATR 10MLS', 1, '2000.00', '2000.00', 1),
(577, 63, 0, 'Allopurinol 100mg tabs ', 1, '200.00', '200.00', 1),
(578, 63, 0, 'Alu tabs 20/120mg 18', 1, '139.00', '139.00', 1),
(579, 63, 0, 'Alu tabs 20/120mg 12', 1, '208.00', '208.00', 1),
(580, 63, 0, 'Alu (Ridimal adult) tabs RIDIMAL 1 * 6', 1, '1111.00', '1111.00', 1),
(583, 65, 0, 'GLYBURIDE 5MG/500MG METFOR-TABS GLUCORED FORTE 5*10', 40, '900.00', '36000.00', 1),
(586, 66, 0, 'GLYBURIDE 5MG/500MG METFOR-TABS GLUCORED FORTE 5*10', 2, '900.00', '1800.00', 1),
(587, 64, 0, 'GLYBURIDE 5MG/500MG METFOR-TABS GLUCORED FORTE 5*10  (GLYBURIDE 5MG/500MG METFOR-TABS )', 6, '448.00', '2688.00', 1),
(588, 64, 0, 'Omega 3 fish oil 1000mg tbs', 13, '463.00', '6019.00', 1),
(589, 67, 0, 'GLYBURIDE 5MG/500MG METFOR-TABS GLUCORED FORTE 5*10', 4, '448.00', '1792.00', 1),
(590, 68, 0, 'GLYBURIDE 5MG/500MG METFOR-TABS GLUCORED FORTE 5*10', 2, '900.00', '1800.00', 1),
(591, 68, 0, 'APRINOX 10X10', 5, '100.00', '500.00', 1),
(592, 68, 0, 'ocom 58mm', 2, '131355.93', '262711.86', 1),
(593, 69, 0, 'Sony Flatscreen 42 inches', 1, '560000.00', '560000.00', 1),
(594, 69, 0, 'FUNBACT A 30GM', 1, '4000.00', '4000.00', 1),
(600, 72, 0, 'ocom 58mm', 3, '131355.93', '394067.79', 1),
(601, 75, 0, 'GLYBURIDE 5MG/500MG METFOR-TABS GLUCORED FORTE 5*10', 1, '900.00', '900.00', 1),
(602, 75, 0, 'FUNBACT A 30GM', 1, '4000.00', '4000.00', 1),
(603, 79, 0, 'ocom 58mm', 1, '110000.00', '110000.00', 1),
(604, 79, 0, 'flammar', 1, '500.00', '500.00', 1),
(605, 79, 0, 'Amoxclav 625mg tabs ', 1, '32000.00', '32000.00', 1),
(606, 80, 0, 'ASPA SWEET 150 150S', 1, '40.00', '40.00', 1),
(607, 81, 0, 'AMBRODIL DROP 15MLS', 3, '3500.00', '10500.00', 1),
(608, 83, 0, 'flammar', 2, '500.00', '1000.00', 1),
(609, 83, 0, 'ELYMOL 100MLS (Paracetamol   susp)', 2, '850.00', '1700.00', 1),
(610, 84, 0, 'flammar', 2, '500.00', '1000.00', 1),
(611, 84, 0, 'ELYMOL 100MLS (Paracetamol   susp)', 2, '850.00', '1700.00', 1),
(612, 85, 0, 'flammar', 2, '500.00', '1000.00', 1),
(613, 85, 0, 'ELYMOL 100MLS (Paracetamol   susp)', 2, '850.00', '1700.00', 1),
(614, 86, 0, 'flammar', 2, '500.00', '1000.00', 1),
(615, 86, 0, 'ELYMOL 100MLS (Paracetamol   susp)', 2, '850.00', '1700.00', 1),
(616, 87, 0, 'flammar', 2, '500.00', '1000.00', 1),
(617, 87, 0, 'ELYMOL 100MLS (Paracetamol   susp)', 2, '850.00', '1700.00', 1),
(618, 88, 0, 'flammar', 2, '500.00', '1000.00', 1),
(619, 88, 0, 'ELYMOL 100MLS (Paracetamol   susp)', 2, '850.00', '1700.00', 1),
(620, 89, 0, 'flammar', 2, '500.00', '1000.00', 1),
(621, 89, 0, 'ELYMOL 100MLS (Paracetamol   susp)', 2, '850.00', '1700.00', 1),
(622, 90, 0, 'flammar', 2, '500.00', '1000.00', 1),
(623, 90, 0, 'ELYMOL 100MLS (Paracetamol   susp)', 2, '850.00', '1700.00', 1),
(624, 91, 0, 'flammar', 2, '500.00', '1000.00', 1),
(625, 91, 0, 'ELYMOL 100MLS (Paracetamol   susp)', 2, '850.00', '1700.00', 1),
(626, 92, 0, 'flammar', 2, '500.00', '1000.00', 1),
(627, 92, 0, 'ELYMOL 100MLS (Paracetamol   susp)', 2, '850.00', '1700.00', 1),
(628, 93, 0, 'flammar', 2, '500.00', '1000.00', 1),
(629, 93, 0, 'ELYMOL 100MLS (Paracetamol   susp)', 2, '850.00', '1700.00', 1),
(630, 94, 0, 'flammar', 2, '500.00', '1000.00', 1),
(631, 94, 0, 'ELYMOL 100MLS (Paracetamol   susp)', 2, '850.00', '1700.00', 1),
(632, 95, 0, 'flammar', 2, '500.00', '1000.00', 1),
(633, 95, 0, 'ELYMOL 100MLS (Paracetamol   susp)', 2, '850.00', '1700.00', 1),
(634, 96, 0, 'flammar', 2, '500.00', '1000.00', 1),
(635, 96, 0, 'ELYMOL 100MLS (Paracetamol   susp)', 2, '850.00', '1700.00', 1),
(636, 97, 0, 'flammar', 2, '500.00', '1000.00', 1),
(637, 97, 0, 'ELYMOL 100MLS (Paracetamol   susp)', 2, '850.00', '1700.00', 1),
(638, 98, 0, 'Panadol advance 500mg tabs PANADOL ADVANCE 10 *10', 10, '100.00', '1000.00', 1),
(639, 99, 0, 'Panadol advance 500mg tabs PANADOL ADVANCE 10 *10', 10, '100.00', '1000.00', 1),
(640, 100, 0, 'Panadol advance 500mg tabs PANADOL ADVANCE 10 *10', 10, '100.00', '1000.00', 1),
(641, 101, 0, 'Panadol advance 500mg tabs PANADOL ADVANCE 10 *10', 10, '100.00', '1000.00', 1),
(642, 102, 0, 'AMBRODIL DROP 15MLS', 1, '3500.00', '3500.00', 1),
(643, 102, 0, 'ARTESUN 1S', 1, '6000.00', '6000.00', 1),
(644, 102, 0, 'ASCORBIC ACID 10X10', 1, '200.00', '200.00', 1),
(645, 103, 0, 'ASPA SWEET 150 150S', 1, '40.00', '40.00', 1),
(646, 104, 0, 'AMBRODIL DROP 15MLS', 1, '3500.00', '3500.00', 1),
(647, 104, 0, 'ARTESUN 1S', 1, '6000.00', '6000.00', 1),
(648, 105, 0, 'Sony Flat screen 42 inches', 1, '560000.00', '560000.00', 1),
(649, 106, 0, 'Sony Flat screen 42 inches', 1, '560000.00', '560000.00', 1),
(650, 107, 0, 'flammar', 1, '1000.00', '1000.00', 1),
(651, 108, 0, 'flammar', 1, '1000.00', '1000.00', 1);

-- --------------------------------------------------------

--
-- Table structure for table `salesdetails`
--

CREATE TABLE `salesdetails` (
  `id` int(10) UNSIGNED NOT NULL,
  `salesid` int(10) UNSIGNED NOT NULL,
  `stockid` int(10) UNSIGNED NOT NULL,
  `combineid` int(11) NOT NULL,
  `currencyid` int(11) NOT NULL,
  `rateid` int(11) NOT NULL,
  `exchange_rate` decimal(18,2) NOT NULL COMMENT 'rate for exchange money',
  `price` decimal(10,2) UNSIGNED NOT NULL,
  `required_price` decimal(18,2) NOT NULL,
  `base_price` decimal(18,2) NOT NULL,
  `amount` decimal(18,2) NOT NULL,
  `required_amount` decimal(18,2) NOT NULL,
  `base_amount` decimal(18,2) NOT NULL,
  `hidden_cost` decimal(10,2) NOT NULL,
  `quantity` int(10) UNSIGNED NOT NULL,
  `actual_vat` int(70) UNSIGNED NOT NULL,
  `vat_rate` int(70) NOT NULL,
  `vat_amount` decimal(10,2) NOT NULL,
  `required_vat_amount` decimal(18,2) NOT NULL,
  `base_vat_amount` decimal(18,2) NOT NULL,
  `hidden_vat` decimal(18,2) NOT NULL,
  `serialid` varchar(255) COLLATE utf8mb4_unicode_ci NOT NULL,
  `serialno` varchar(255) COLLATE utf8mb4_unicode_ci NOT NULL,
  `status` enum('active','inactive') COLLATE utf8mb4_unicode_ci DEFAULT 'active',
  `createdby` int(10) UNSIGNED NOT NULL,
  `doc` timestamp NOT NULL DEFAULT current_timestamp(),
  `modifiedby` int(10) UNSIGNED NOT NULL,
  `dom` datetime NOT NULL,
  `target_detail_id` int(255) DEFAULT NULL,
  `target_history` varchar(255) COLLATE utf8mb4_unicode_ci DEFAULT NULL
) ENGINE=InnoDB DEFAULT CHARSET=utf8mb4 COLLATE=utf8mb4_unicode_ci;

--
-- Dumping data for table `salesdetails`
--

INSERT INTO `salesdetails` (`id`, `salesid`, `stockid`, `combineid`, `currencyid`, `rateid`, `exchange_rate`, `price`, `required_price`, `base_price`, `amount`, `required_amount`, `base_amount`, `hidden_cost`, `quantity`, `actual_vat`, `vat_rate`, `vat_amount`, `required_vat_amount`, `base_vat_amount`, `hidden_vat`, `serialid`, `serialno`, `status`, `createdby`, `doc`, `modifiedby`, `dom`, `target_detail_id`, `target_history`) VALUES
(1, 1, 267, 0, 1, 1, '0.00', '3500.00', '3500.00', '0.00', '3500.00', '3500.00', '0.00', '2300.00', 1, 0, 0, '0.00', '0.00', '0.00', '0.00', '', '', 'active', 1, '2022-02-20 12:22:16', 0, '0000-00-00 00:00:00', NULL, NULL),
(2, 1, 18, 0, 1, 1, '0.00', '1500.00', '1500.00', '0.00', '1500.00', '1500.00', '0.00', '700.00', 1, 0, 0, '0.00', '0.00', '0.00', '0.00', '', '', 'active', 1, '2022-02-20 12:22:16', 0, '0000-00-00 00:00:00', NULL, NULL),
(3, 1, 8, 0, 1, 1, '0.00', '4500.00', '4500.00', '0.00', '4500.00', '4500.00', '0.00', '3000.00', 1, 0, 0, '0.00', '0.00', '0.00', '0.00', '', '', 'active', 1, '2022-02-20 12:22:16', 0, '0000-00-00 00:00:00', NULL, NULL),
(4, 1, 228, 0, 1, 1, '0.00', '100.00', '100.00', '0.00', '1000.00', '1000.00', '0.00', '20.00', 10, 0, 0, '0.00', '0.00', '0.00', '0.00', '', '', 'active', 1, '2022-02-20 12:22:16', 0, '0000-00-00 00:00:00', NULL, NULL),
(5, 1, 385, 0, 1, 1, '0.00', '4000.00', '4000.00', '0.00', '4000.00', '4000.00', '0.00', '2020.00', 1, 0, 0, '0.00', '0.00', '0.00', '0.00', '', '', 'active', 1, '2022-02-20 12:22:16', 0, '0000-00-00 00:00:00', NULL, NULL),
(6, 1, 165, 0, 1, 1, '0.00', '50.00', '50.00', '0.00', '500.00', '500.00', '0.00', '23.00', 10, 0, 0, '0.00', '0.00', '0.00', '0.00', '', '', 'active', 1, '2022-02-20 12:22:16', 0, '0000-00-00 00:00:00', NULL, NULL),
(7, 1, 149, 0, 1, 1, '0.00', '100.00', '100.00', '0.00', '1000.00', '1000.00', '0.00', '22.00', 10, 0, 0, '0.00', '0.00', '0.00', '0.00', '', '', 'active', 1, '2022-02-20 12:22:16', 0, '0000-00-00 00:00:00', NULL, NULL),
(8, 1, 449, 0, 1, 1, '0.00', '3500.00', '3500.00', '0.00', '3500.00', '3500.00', '0.00', '1485.00', 1, 0, 0, '0.00', '0.00', '0.00', '0.00', '', '', 'active', 1, '2022-02-20 12:22:16', 0, '0000-00-00 00:00:00', NULL, NULL),
(9, 1, 276, 0, 1, 1, '0.00', '4000.00', '4000.00', '0.00', '4000.00', '4000.00', '0.00', '2950.00', 1, 0, 0, '0.00', '0.00', '0.00', '0.00', '', '', 'active', 1, '2022-02-20 12:22:16', 0, '0000-00-00 00:00:00', NULL, NULL),
(10, 1, 266, 0, 1, 1, '0.00', '1000.00', '1000.00', '0.00', '15000.00', '15000.00', '0.00', '500.00', 15, 0, 0, '0.00', '0.00', '0.00', '0.00', '', '', 'active', 1, '2022-02-20 12:22:16', 0, '0000-00-00 00:00:00', NULL, NULL),
(11, 1, 241, 0, 1, 1, '0.00', '4000.00', '4000.00', '0.00', '4000.00', '4000.00', '0.00', '3000.00', 1, 0, 0, '0.00', '0.00', '0.00', '0.00', '', '', 'active', 1, '2022-02-20 12:22:16', 0, '0000-00-00 00:00:00', NULL, NULL),
(12, 1, 13, 0, 1, 1, '0.00', '1000.00', '1000.00', '0.00', '2000.00', '2000.00', '0.00', '150.00', 2, 0, 0, '0.00', '0.00', '0.00', '0.00', '', '', 'active', 1, '2022-02-20 12:22:16', 0, '0000-00-00 00:00:00', NULL, NULL),
(13, 1, 439, 0, 1, 1, '0.00', '8000.00', '8000.00', '0.00', '8000.00', '8000.00', '0.00', '5000.00', 1, 0, 0, '0.00', '0.00', '0.00', '0.00', '', '', 'active', 1, '2022-02-20 12:22:16', 0, '0000-00-00 00:00:00', NULL, NULL),
(14, 1, 413, 0, 1, 1, '0.00', '5000.00', '5000.00', '0.00', '5000.00', '5000.00', '0.00', '3000.00', 1, 0, 0, '0.00', '0.00', '0.00', '0.00', '', '', 'active', 1, '2022-02-20 12:22:16', 0, '0000-00-00 00:00:00', NULL, NULL),
(15, 2, 170, 0, 1, 1, '0.00', '500.00', '500.00', '0.00', '500.00', '500.00', '0.00', '155.00', 1, 0, 0, '0.00', '0.00', '0.00', '0.00', '', '', 'active', 1, '2022-02-20 13:26:44', 0, '0000-00-00 00:00:00', NULL, NULL),
(16, 2, 632, 0, 1, 1, '0.00', '1000.00', '1000.00', '0.00', '2000.00', '2000.00', '0.00', '500.00', 2, 0, 0, '0.00', '0.00', '0.00', '0.00', '', '', 'active', 1, '2022-02-20 13:26:44', 0, '0000-00-00 00:00:00', NULL, NULL),
(17, 2, 4, 0, 1, 1, '0.00', '2000.00', '2000.00', '0.00', '2000.00', '2000.00', '0.00', '1278.00', 1, 0, 0, '0.00', '0.00', '0.00', '0.00', '', '', 'active', 1, '2022-02-20 13:26:44', 0, '0000-00-00 00:00:00', NULL, NULL),
(18, 2, 262, 0, 1, 1, '0.00', '25000.00', '25000.00', '0.00', '25000.00', '25000.00', '0.00', '20000.00', 1, 0, 0, '0.00', '0.00', '0.00', '0.00', '', '', 'active', 1, '2022-02-20 13:26:44', 0, '0000-00-00 00:00:00', NULL, NULL),
(19, 2, 235, 0, 1, 1, '0.00', '1500.00', '1500.00', '0.00', '1500.00', '1500.00', '0.00', '600.00', 1, 0, 0, '0.00', '0.00', '0.00', '0.00', '', '', 'active', 1, '2022-02-20 13:26:44', 0, '0000-00-00 00:00:00', NULL, NULL),
(20, 2, 552, 0, 1, 1, '0.00', '68.00', '68.00', '0.00', '1904.00', '1904.00', '0.00', '27.00', 28, 0, 0, '0.00', '0.00', '0.00', '0.00', '', '', 'active', 1, '2022-02-20 13:26:44', 0, '0000-00-00 00:00:00', NULL, NULL),
(21, 2, 178, 0, 1, 1, '0.00', '1000.00', '1000.00', '0.00', '1000.00', '1000.00', '0.00', '150.00', 1, 0, 0, '0.00', '0.00', '0.00', '0.00', '', '', 'active', 1, '2022-02-20 13:26:44', 0, '0000-00-00 00:00:00', NULL, NULL),
(22, 2, 290, 0, 1, 1, '0.00', '100.00', '100.00', '0.00', '1000.00', '1000.00', '0.00', '47.00', 10, 0, 0, '0.00', '0.00', '0.00', '0.00', '', '', 'active', 1, '2022-02-20 13:26:44', 0, '0000-00-00 00:00:00', NULL, NULL),
(23, 2, 121, 0, 1, 1, '0.00', '100.00', '100.00', '0.00', '1000.00', '1000.00', '0.00', '32.00', 10, 0, 0, '0.00', '0.00', '0.00', '0.00', '', '', 'active', 1, '2022-02-20 13:26:45', 0, '0000-00-00 00:00:00', NULL, NULL),
(24, 2, 300, 0, 1, 1, '0.00', '1500.00', '1500.00', '0.00', '1500.00', '1500.00', '0.00', '660.00', 1, 0, 0, '0.00', '0.00', '0.00', '0.00', '', '', 'active', 1, '2022-02-20 13:26:45', 0, '0000-00-00 00:00:00', NULL, NULL),
(25, 2, 281, 0, 1, 1, '0.00', '3000.00', '3000.00', '0.00', '3000.00', '3000.00', '0.00', '1200.00', 1, 0, 0, '0.00', '0.00', '0.00', '0.00', '', '', 'active', 1, '2022-02-20 13:26:45', 0, '0000-00-00 00:00:00', NULL, NULL),
(26, 3, 165, 0, 1, 1, '0.00', '50.00', '50.00', '0.00', '1500.00', '1500.00', '0.00', '23.00', 30, 0, 0, '0.00', '0.00', '0.00', '0.00', '', '', 'active', 1, '2022-02-20 13:51:02', 0, '0000-00-00 00:00:00', NULL, NULL),
(27, 3, 439, 0, 1, 1, '0.00', '800.00', '800.00', '0.00', '8000.00', '8000.00', '0.00', '500.00', 10, 0, 0, '0.00', '0.00', '0.00', '0.00', '', '', 'active', 1, '2022-02-20 13:51:02', 0, '0000-00-00 00:00:00', NULL, NULL),
(28, 3, 265, 0, 1, 1, '0.00', '100.00', '100.00', '0.00', '1500.00', '1500.00', '0.00', '55.00', 15, 0, 0, '0.00', '0.00', '0.00', '0.00', '', '', 'active', 1, '2022-02-20 13:51:02', 0, '0000-00-00 00:00:00', NULL, NULL),
(29, 3, 419, 0, 1, 1, '0.00', '300.00', '300.00', '0.00', '4500.00', '4500.00', '0.00', '160.00', 15, 0, 0, '0.00', '0.00', '0.00', '0.00', '', '', 'active', 1, '2022-02-20 13:51:02', 0, '0000-00-00 00:00:00', NULL, NULL),
(30, 3, 416, 0, 1, 1, '0.00', '700.00', '700.00', '0.00', '2100.00', '2100.00', '0.00', '383.00', 3, 0, 0, '0.00', '0.00', '0.00', '0.00', '', '', 'active', 1, '2022-02-20 13:51:02', 0, '0000-00-00 00:00:00', NULL, NULL),
(31, 3, 632, 0, 1, 1, '0.00', '1000.00', '1000.00', '0.00', '1000.00', '1000.00', '0.00', '500.00', 1, 0, 0, '0.00', '0.00', '0.00', '0.00', '', '', 'active', 1, '2022-02-20 13:51:02', 0, '0000-00-00 00:00:00', NULL, NULL),
(32, 3, 228, 0, 1, 1, '0.00', '100.00', '100.00', '0.00', '3000.00', '3000.00', '0.00', '20.00', 30, 0, 0, '0.00', '0.00', '0.00', '0.00', '', '', 'active', 1, '2022-02-20 13:51:02', 0, '0000-00-00 00:00:00', NULL, NULL),
(33, 3, 168, 0, 1, 1, '0.00', '100.00', '100.00', '0.00', '3000.00', '3000.00', '0.00', '50.00', 30, 0, 0, '0.00', '0.00', '0.00', '0.00', '', '', 'active', 1, '2022-02-20 13:51:02', 0, '0000-00-00 00:00:00', NULL, NULL),
(34, 3, 290, 0, 1, 1, '0.00', '100.00', '100.00', '0.00', '1000.00', '1000.00', '0.00', '47.00', 10, 0, 0, '0.00', '0.00', '0.00', '0.00', '', '', 'active', 1, '2022-02-20 13:51:02', 0, '0000-00-00 00:00:00', NULL, NULL),
(35, 3, 73, 0, 1, 1, '0.00', '3000.00', '3000.00', '0.00', '3000.00', '3000.00', '0.00', '1650.00', 1, 0, 0, '0.00', '0.00', '0.00', '0.00', '', '', 'active', 1, '2022-02-20 13:51:02', 0, '0000-00-00 00:00:00', NULL, NULL),
(36, 3, 564, 0, 1, 1, '0.00', '3000.00', '3000.00', '0.00', '3000.00', '3000.00', '0.00', '1900.00', 1, 0, 0, '0.00', '0.00', '0.00', '0.00', '', '', 'active', 1, '2022-02-20 13:51:03', 0, '0000-00-00 00:00:00', NULL, NULL),
(37, 3, 140, 0, 1, 1, '0.00', '2500.00', '2500.00', '0.00', '5000.00', '5000.00', '0.00', '0.00', 2, 0, 0, '0.00', '0.00', '0.00', '0.00', '', '', 'active', 1, '2022-02-20 13:51:03', 0, '0000-00-00 00:00:00', NULL, NULL),
(38, 3, 226, 0, 1, 1, '0.00', '1167.00', '1167.00', '0.00', '3501.00', '3501.00', '0.00', '750.00', 3, 0, 0, '0.00', '0.00', '0.00', '0.00', '', '', 'active', 1, '2022-02-20 13:51:03', 0, '0000-00-00 00:00:00', NULL, NULL),
(39, 3, 43, 0, 1, 1, '0.00', '1000.00', '1000.00', '0.00', '5000.00', '5000.00', '0.00', '532.00', 5, 0, 0, '0.00', '0.00', '0.00', '0.00', '', '', 'active', 1, '2022-02-20 13:51:03', 0, '0000-00-00 00:00:00', NULL, NULL),
(40, 3, 384, 0, 1, 1, '0.00', '3000.00', '3000.00', '0.00', '3000.00', '3000.00', '0.00', '1900.00', 1, 0, 0, '0.00', '0.00', '0.00', '0.00', '', '', 'active', 1, '2022-02-20 13:51:03', 0, '0000-00-00 00:00:00', NULL, NULL),
(41, 3, 178, 0, 1, 1, '0.00', '1000.00', '1000.00', '0.00', '1000.00', '1000.00', '0.00', '150.00', 1, 0, 0, '0.00', '0.00', '0.00', '0.00', '', '', 'active', 1, '2022-02-20 13:51:03', 0, '0000-00-00 00:00:00', NULL, NULL),
(42, 3, 220, 0, 1, 1, '0.00', '1000.00', '1000.00', '0.00', '2000.00', '2000.00', '0.00', '400.00', 2, 0, 0, '0.00', '0.00', '0.00', '0.00', '', '', 'active', 1, '2022-02-20 13:51:03', 0, '0000-00-00 00:00:00', NULL, NULL),
(43, 4, 629, 0, 1, 1, '0.00', '2000.00', '2000.00', '0.00', '2000.00', '2000.00', '0.00', '500.00', 1, 0, 0, '0.00', '0.00', '0.00', '0.00', '', '', 'active', 1, '2022-02-20 14:02:00', 0, '0000-00-00 00:00:00', NULL, NULL),
(44, 4, 228, 0, 1, 1, '0.00', '100.00', '100.00', '0.00', '3000.00', '3000.00', '0.00', '20.00', 30, 0, 0, '0.00', '0.00', '0.00', '0.00', '', '', 'active', 1, '2022-02-20 14:02:00', 0, '0000-00-00 00:00:00', NULL, NULL),
(45, 4, 223, 0, 1, 1, '0.00', '2000.00', '2000.00', '0.00', '2000.00', '2000.00', '0.00', '1100.00', 1, 0, 0, '0.00', '0.00', '0.00', '0.00', '', '', 'active', 1, '2022-02-20 14:02:00', 0, '0000-00-00 00:00:00', NULL, NULL),
(46, 4, 178, 0, 1, 1, '0.00', '1000.00', '1000.00', '0.00', '1000.00', '1000.00', '0.00', '150.00', 1, 0, 0, '0.00', '0.00', '0.00', '0.00', '', '', 'active', 1, '2022-02-20 14:02:00', 0, '0000-00-00 00:00:00', NULL, NULL),
(47, 4, 313, 0, 1, 1, '0.00', '1000.00', '1000.00', '0.00', '1000.00', '1000.00', '0.00', '550.00', 1, 0, 0, '0.00', '0.00', '0.00', '0.00', '', '', 'active', 1, '2022-02-20 14:02:00', 0, '0000-00-00 00:00:00', NULL, NULL),
(48, 4, 216, 0, 1, 1, '0.00', '4500.00', '4500.00', '0.00', '4500.00', '4500.00', '0.00', '2450.00', 1, 0, 0, '0.00', '0.00', '0.00', '0.00', '', '', 'active', 1, '2022-02-20 14:02:00', 0, '0000-00-00 00:00:00', NULL, NULL),
(49, 4, 184, 0, 1, 1, '0.00', '4000.00', '4000.00', '0.00', '4000.00', '4000.00', '0.00', '2250.00', 1, 0, 0, '0.00', '0.00', '0.00', '0.00', '', '', 'active', 1, '2022-02-20 14:02:00', 0, '0000-00-00 00:00:00', NULL, NULL),
(50, 4, 354, 0, 1, 1, '0.00', '150.00', '150.00', '0.00', '1500.00', '1500.00', '0.00', '66.00', 10, 0, 0, '0.00', '0.00', '0.00', '0.00', '', '', 'active', 1, '2022-02-20 14:02:00', 0, '0000-00-00 00:00:00', NULL, NULL),
(51, 4, 529, 0, 1, 1, '0.00', '50.00', '50.00', '0.00', '1500.00', '1500.00', '0.00', '18.00', 30, 0, 0, '0.00', '0.00', '0.00', '0.00', '', '', 'active', 1, '2022-02-20 14:02:00', 0, '0000-00-00 00:00:00', NULL, NULL),
(52, 4, 280, 0, 1, 1, '0.00', '100.00', '100.00', '0.00', '1000.00', '1000.00', '0.00', '33.00', 10, 0, 0, '0.00', '0.00', '0.00', '0.00', '', '', 'active', 1, '2022-02-20 14:02:00', 0, '0000-00-00 00:00:00', NULL, NULL),
(53, 4, 165, 0, 1, 1, '0.00', '50.00', '50.00', '0.00', '500.00', '500.00', '0.00', '23.00', 10, 0, 0, '0.00', '0.00', '0.00', '0.00', '', '', 'active', 1, '2022-02-20 14:02:00', 0, '0000-00-00 00:00:00', NULL, NULL),
(54, 4, 425, 0, 1, 1, '0.00', '200.00', '200.00', '0.00', '1000.00', '1000.00', '0.00', '123.00', 5, 0, 0, '0.00', '0.00', '0.00', '0.00', '', '', 'active', 1, '2022-02-20 14:02:00', 0, '0000-00-00 00:00:00', NULL, NULL),
(55, 4, 43, 0, 1, 1, '0.00', '1000.00', '1000.00', '0.00', '4000.00', '4000.00', '0.00', '532.00', 4, 0, 0, '0.00', '0.00', '0.00', '0.00', '', '', 'active', 1, '2022-02-20 14:02:00', 0, '0000-00-00 00:00:00', NULL, NULL),
(56, 4, 410, 0, 1, 1, '0.00', '5000.00', '5000.00', '0.00', '5000.00', '5000.00', '0.00', '2600.00', 1, 0, 0, '0.00', '0.00', '0.00', '0.00', '', '', 'active', 1, '2022-02-20 14:02:01', 0, '0000-00-00 00:00:00', NULL, NULL),
(57, 5, 190, 0, 1, 1, '0.00', '2500.00', '2500.00', '0.00', '2500.00', '2500.00', '0.00', '1100.00', 1, 0, 0, '0.00', '0.00', '0.00', '0.00', '', '', 'active', 1, '2022-02-20 14:28:27', 0, '0000-00-00 00:00:00', NULL, NULL),
(58, 5, 267, 0, 1, 1, '0.00', '3500.00', '3500.00', '0.00', '3500.00', '3500.00', '0.00', '2300.00', 1, 0, 0, '0.00', '0.00', '0.00', '0.00', '', '', 'active', 1, '2022-02-20 14:28:27', 0, '0000-00-00 00:00:00', NULL, NULL),
(59, 5, 12, 0, 1, 1, '0.00', '200.00', '200.00', '0.00', '2000.00', '2000.00', '0.00', '88.00', 10, 0, 0, '0.00', '0.00', '0.00', '0.00', '', '', 'active', 1, '2022-02-20 14:28:27', 0, '0000-00-00 00:00:00', NULL, NULL),
(60, 5, 13, 0, 1, 1, '0.00', '1000.00', '1000.00', '0.00', '5000.00', '5000.00', '0.00', '150.00', 5, 0, 0, '0.00', '0.00', '0.00', '0.00', '', '', 'active', 1, '2022-02-20 14:28:27', 0, '0000-00-00 00:00:00', NULL, NULL),
(61, 5, 125, 0, 1, 1, '0.00', '1000.00', '1000.00', '0.00', '5000.00', '5000.00', '0.00', '490.00', 5, 0, 0, '0.00', '0.00', '0.00', '0.00', '', '', 'active', 1, '2022-02-20 14:28:27', 0, '0000-00-00 00:00:00', NULL, NULL),
(62, 5, 195, 0, 1, 1, '0.00', '5000.00', '5000.00', '0.00', '5000.00', '5000.00', '0.00', '3300.00', 1, 0, 0, '0.00', '0.00', '0.00', '0.00', '', '', 'active', 1, '2022-02-20 14:28:28', 0, '0000-00-00 00:00:00', NULL, NULL),
(63, 5, 72, 0, 1, 1, '0.00', '25000.00', '25000.00', '0.00', '25000.00', '25000.00', '0.00', '16500.00', 1, 0, 0, '0.00', '0.00', '0.00', '0.00', '', '', 'active', 1, '2022-02-20 14:28:28', 0, '0000-00-00 00:00:00', NULL, NULL),
(64, 5, 529, 0, 1, 1, '0.00', '50.00', '50.00', '0.00', '500.00', '500.00', '0.00', '18.00', 10, 0, 0, '0.00', '0.00', '0.00', '0.00', '', '', 'active', 1, '2022-02-20 14:28:28', 0, '0000-00-00 00:00:00', NULL, NULL),
(65, 5, 121, 0, 1, 1, '0.00', '100.00', '100.00', '0.00', '1000.00', '1000.00', '0.00', '32.00', 10, 0, 0, '0.00', '0.00', '0.00', '0.00', '', '', 'active', 1, '2022-02-20 14:28:28', 0, '0000-00-00 00:00:00', NULL, NULL),
(66, 5, 384, 0, 1, 1, '0.00', '3000.00', '3000.00', '0.00', '3000.00', '3000.00', '0.00', '1900.00', 1, 0, 0, '0.00', '0.00', '0.00', '0.00', '', '', 'active', 1, '2022-02-20 14:28:28', 0, '0000-00-00 00:00:00', NULL, NULL),
(67, 5, 89, 0, 1, 1, '0.00', '3000.00', '3000.00', '0.00', '3000.00', '3000.00', '0.00', '1650.00', 1, 0, 0, '0.00', '0.00', '0.00', '0.00', '', '', 'active', 1, '2022-02-20 14:28:28', 0, '0000-00-00 00:00:00', NULL, NULL),
(68, 6, 135, 0, 1, 1, '0.00', '4000.00', '4000.00', '0.00', '4000.00', '4000.00', '0.00', '0.00', 1, 0, 0, '0.00', '0.00', '0.00', '0.00', '', '', 'active', 1, '2022-02-20 14:49:53', 0, '0000-00-00 00:00:00', NULL, NULL),
(69, 6, 125, 0, 1, 1, '0.00', '1000.00', '1000.00', '0.00', '1000.00', '1000.00', '0.00', '490.00', 1, 0, 0, '0.00', '0.00', '0.00', '0.00', '', '', 'active', 1, '2022-02-20 14:49:53', 0, '0000-00-00 00:00:00', NULL, NULL),
(70, 6, 228, 0, 1, 1, '0.00', '100.00', '100.00', '0.00', '1500.00', '1500.00', '0.00', '20.00', 15, 0, 0, '0.00', '0.00', '0.00', '0.00', '', '', 'active', 1, '2022-02-20 14:49:54', 0, '0000-00-00 00:00:00', NULL, NULL),
(71, 6, 13, 0, 1, 1, '0.00', '1000.00', '1000.00', '0.00', '2000.00', '2000.00', '0.00', '150.00', 2, 0, 0, '0.00', '0.00', '0.00', '0.00', '', '', 'active', 1, '2022-02-20 14:49:54', 0, '0000-00-00 00:00:00', NULL, NULL),
(72, 6, 299, 0, 1, 1, '0.00', '2000.00', '2000.00', '0.00', '2000.00', '2000.00', '0.00', '770.00', 1, 0, 0, '0.00', '0.00', '0.00', '0.00', '', '', 'active', 1, '2022-02-20 14:49:54', 0, '0000-00-00 00:00:00', NULL, NULL),
(73, 6, 178, 0, 1, 1, '0.00', '1000.00', '1000.00', '0.00', '2000.00', '2000.00', '0.00', '150.00', 2, 0, 0, '0.00', '0.00', '0.00', '0.00', '', '', 'active', 1, '2022-02-20 14:49:54', 0, '0000-00-00 00:00:00', NULL, NULL),
(74, 6, 165, 0, 1, 1, '0.00', '50.00', '50.00', '0.00', '1500.00', '1500.00', '0.00', '23.00', 30, 0, 0, '0.00', '0.00', '0.00', '0.00', '', '', 'active', 1, '2022-02-20 14:49:54', 0, '0000-00-00 00:00:00', NULL, NULL),
(75, 6, 557, 0, 1, 1, '0.00', '200.00', '200.00', '0.00', '2000.00', '2000.00', '0.00', '66.00', 10, 0, 0, '0.00', '0.00', '0.00', '0.00', '', '', 'active', 1, '2022-02-20 14:49:54', 0, '0000-00-00 00:00:00', NULL, NULL),
(76, 6, 110, 0, 1, 1, '0.00', '100.00', '100.00', '0.00', '1000.00', '1000.00', '0.00', '76.00', 10, 0, 0, '0.00', '0.00', '0.00', '0.00', '', '', 'active', 1, '2022-02-20 14:49:54', 0, '0000-00-00 00:00:00', NULL, NULL),
(77, 6, 292, 0, 1, 1, '0.00', '100.00', '100.00', '0.00', '1000.00', '1000.00', '0.00', '70.00', 10, 0, 0, '0.00', '0.00', '0.00', '0.00', '', '', 'active', 1, '2022-02-20 14:49:54', 0, '0000-00-00 00:00:00', NULL, NULL),
(78, 6, 67, 0, 1, 1, '0.00', '150.00', '150.00', '0.00', '600.00', '600.00', '0.00', '120.00', 4, 0, 0, '0.00', '0.00', '0.00', '0.00', '', '', 'active', 1, '2022-02-20 14:49:54', 0, '0000-00-00 00:00:00', NULL, NULL),
(79, 6, 128, 0, 1, 1, '0.00', '1250.00', '1250.00', '0.00', '7500.00', '7500.00', '0.00', '800.00', 6, 0, 0, '0.00', '0.00', '0.00', '0.00', '', '', 'active', 1, '2022-02-20 14:49:54', 0, '0000-00-00 00:00:00', NULL, NULL),
(80, 7, 557, 0, 1, 1, '0.00', '200.00', '200.00', '0.00', '2000.00', '2000.00', '0.00', '66.00', 10, 0, 0, '0.00', '0.00', '0.00', '0.00', '', '', 'active', 1, '2022-02-20 15:14:10', 0, '0000-00-00 00:00:00', NULL, NULL),
(81, 7, 8, 0, 1, 1, '0.00', '4500.00', '4500.00', '0.00', '4500.00', '4500.00', '0.00', '3000.00', 1, 0, 0, '0.00', '0.00', '0.00', '0.00', '', '', 'active', 1, '2022-02-20 15:14:10', 0, '0000-00-00 00:00:00', NULL, NULL),
(82, 7, 89, 0, 1, 1, '0.00', '3000.00', '3000.00', '0.00', '3000.00', '3000.00', '0.00', '1650.00', 1, 0, 0, '0.00', '0.00', '0.00', '0.00', '', '', 'active', 1, '2022-02-20 15:14:10', 0, '0000-00-00 00:00:00', NULL, NULL),
(83, 7, 302, 0, 1, 1, '0.00', '100.00', '100.00', '0.00', '1000.00', '1000.00', '0.00', '22.00', 10, 0, 0, '0.00', '0.00', '0.00', '0.00', '', '', 'active', 1, '2022-02-20 15:14:10', 0, '0000-00-00 00:00:00', NULL, NULL),
(84, 7, 162, 0, 1, 1, '0.00', '100.00', '100.00', '0.00', '1000.00', '1000.00', '0.00', '58.00', 10, 0, 0, '0.00', '0.00', '0.00', '0.00', '', '', 'active', 1, '2022-02-20 15:14:10', 0, '0000-00-00 00:00:00', NULL, NULL),
(85, 7, 397, 0, 1, 1, '0.00', '1500.00', '1500.00', '0.00', '3000.00', '3000.00', '0.00', '800.00', 2, 0, 0, '0.00', '0.00', '0.00', '0.00', '', '', 'active', 1, '2022-02-20 15:14:10', 0, '0000-00-00 00:00:00', NULL, NULL),
(86, 7, 217, 0, 1, 1, '0.00', '1667.00', '1667.00', '0.00', '5001.00', '5001.00', '0.00', '733.00', 3, 0, 0, '0.00', '0.00', '0.00', '0.00', '', '', 'active', 1, '2022-02-20 15:14:10', 0, '0000-00-00 00:00:00', NULL, NULL),
(87, 7, 201, 0, 1, 1, '0.00', '2500.00', '2500.00', '0.00', '2500.00', '2500.00', '0.00', '880.00', 1, 0, 0, '0.00', '0.00', '0.00', '0.00', '', '', 'active', 1, '2022-02-20 15:14:10', 0, '0000-00-00 00:00:00', NULL, NULL),
(88, 7, 202, 0, 1, 1, '0.00', '2000.00', '2000.00', '0.00', '2000.00', '2000.00', '0.00', '650.00', 1, 0, 0, '0.00', '0.00', '0.00', '0.00', '', '', 'active', 1, '2022-02-20 15:14:10', 0, '0000-00-00 00:00:00', NULL, NULL),
(89, 7, 468, 0, 1, 1, '0.00', '3500.00', '3500.00', '0.00', '3500.00', '3500.00', '0.00', '2200.00', 1, 0, 0, '0.00', '0.00', '0.00', '0.00', '', '', 'active', 1, '2022-02-20 15:14:10', 0, '0000-00-00 00:00:00', NULL, NULL),
(90, 7, 246, 0, 1, 1, '0.00', '3000.00', '3000.00', '0.00', '3000.00', '3000.00', '0.00', '2500.00', 1, 0, 0, '0.00', '0.00', '0.00', '0.00', '', '', 'active', 1, '2022-02-20 15:14:10', 0, '0000-00-00 00:00:00', NULL, NULL),
(91, 7, 362, 0, 1, 1, '0.00', '6000.00', '6000.00', '0.00', '6000.00', '6000.00', '0.00', '3650.00', 1, 0, 0, '0.00', '0.00', '0.00', '0.00', '', '', 'active', 1, '2022-02-20 15:14:10', 0, '0000-00-00 00:00:00', NULL, NULL),
(92, 7, 57, 0, 1, 1, '0.00', '500.00', '500.00', '0.00', '2000.00', '2000.00', '0.00', '387.00', 4, 0, 0, '0.00', '0.00', '0.00', '0.00', '', '', 'active', 1, '2022-02-20 15:14:10', 0, '0000-00-00 00:00:00', NULL, NULL),
(93, 7, 228, 0, 1, 1, '0.00', '100.00', '100.00', '0.00', '1000.00', '1000.00', '0.00', '20.00', 10, 0, 0, '0.00', '0.00', '0.00', '0.00', '', '', 'active', 1, '2022-02-20 15:14:10', 0, '0000-00-00 00:00:00', NULL, NULL),
(94, 7, 631, 0, 1, 1, '0.00', '3500.00', '3500.00', '0.00', '3500.00', '3500.00', '0.00', '2500.00', 1, 0, 0, '0.00', '0.00', '0.00', '0.00', '', '', 'active', 1, '2022-02-20 15:14:10', 0, '0000-00-00 00:00:00', NULL, NULL),
(95, 7, 152, 0, 1, 1, '0.00', '150.00', '150.00', '0.00', '1500.00', '1500.00', '0.00', '0.00', 10, 0, 0, '0.00', '0.00', '0.00', '0.00', '', '', 'active', 1, '2022-02-20 15:14:11', 0, '0000-00-00 00:00:00', NULL, NULL),
(96, 8, 99, 0, 1, 1, '0.00', '200.00', '200.00', '0.00', '2000.00', '2000.00', '0.00', '110.00', 10, 0, 0, '0.00', '0.00', '0.00', '0.00', '', '', 'active', 1, '2022-02-20 15:46:47', 0, '0000-00-00 00:00:00', NULL, NULL),
(97, 8, 149, 0, 1, 1, '0.00', '100.00', '100.00', '0.00', '2000.00', '2000.00', '0.00', '22.00', 20, 0, 0, '0.00', '0.00', '0.00', '0.00', '', '', 'active', 1, '2022-02-20 15:46:47', 0, '0000-00-00 00:00:00', NULL, NULL),
(98, 8, 12, 0, 1, 1, '0.00', '200.00', '200.00', '0.00', '7400.00', '7400.00', '0.00', '88.00', 37, 0, 0, '0.00', '0.00', '0.00', '0.00', '', '', 'active', 1, '2022-02-20 15:46:47', 0, '0000-00-00 00:00:00', NULL, NULL),
(99, 8, 178, 0, 1, 1, '0.00', '1000.00', '1000.00', '0.00', '2000.00', '2000.00', '0.00', '150.00', 2, 0, 0, '0.00', '0.00', '0.00', '0.00', '', '', 'active', 1, '2022-02-20 15:46:47', 0, '0000-00-00 00:00:00', NULL, NULL),
(100, 8, 281, 0, 1, 1, '0.00', '3000.00', '3000.00', '0.00', '3000.00', '3000.00', '0.00', '1200.00', 1, 0, 0, '0.00', '0.00', '0.00', '0.00', '', '', 'active', 1, '2022-02-20 15:46:47', 0, '0000-00-00 00:00:00', NULL, NULL),
(101, 8, 543, 0, 1, 1, '0.00', '100.00', '100.00', '0.00', '1000.00', '1000.00', '0.00', '27.00', 10, 0, 0, '0.00', '0.00', '0.00', '0.00', '', '', 'active', 1, '2022-02-20 15:46:47', 0, '0000-00-00 00:00:00', NULL, NULL),
(102, 8, 267, 0, 1, 1, '0.00', '3500.00', '3500.00', '0.00', '3500.00', '3500.00', '0.00', '2300.00', 1, 0, 0, '0.00', '0.00', '0.00', '0.00', '', '', 'active', 1, '2022-02-20 15:46:47', 0, '0000-00-00 00:00:00', NULL, NULL),
(103, 8, 385, 0, 1, 1, '0.00', '4000.00', '4000.00', '0.00', '4000.00', '4000.00', '0.00', '2020.00', 1, 0, 0, '0.00', '0.00', '0.00', '0.00', '', '', 'active', 1, '2022-02-20 15:46:47', 0, '0000-00-00 00:00:00', NULL, NULL),
(104, 8, 65, 0, 1, 1, '0.00', '2500.00', '2500.00', '0.00', '2500.00', '2500.00', '0.00', '1200.00', 1, 0, 0, '0.00', '0.00', '0.00', '0.00', '', '', 'active', 1, '2022-02-20 15:46:47', 0, '0000-00-00 00:00:00', NULL, NULL),
(105, 8, 35, 0, 1, 1, '0.00', '500.00', '500.00', '0.00', '5000.00', '5000.00', '0.00', '248.00', 10, 0, 0, '0.00', '0.00', '0.00', '0.00', '', '', 'active', 1, '2022-02-20 15:46:47', 0, '0000-00-00 00:00:00', NULL, NULL),
(106, 8, 196, 0, 1, 1, '0.00', '2000.00', '2000.00', '0.00', '2000.00', '2000.00', '0.00', '880.00', 1, 0, 0, '0.00', '0.00', '0.00', '0.00', '', '', 'active', 1, '2022-02-20 15:46:47', 0, '0000-00-00 00:00:00', NULL, NULL),
(107, 8, 228, 0, 1, 1, '0.00', '100.00', '100.00', '0.00', '1500.00', '1500.00', '0.00', '20.00', 15, 0, 0, '0.00', '0.00', '0.00', '0.00', '', '', 'active', 1, '2022-02-20 15:46:47', 0, '0000-00-00 00:00:00', NULL, NULL),
(108, 8, 89, 0, 1, 1, '0.00', '3000.00', '3000.00', '0.00', '3000.00', '3000.00', '0.00', '1650.00', 1, 0, 0, '0.00', '0.00', '0.00', '0.00', '', '', 'active', 1, '2022-02-20 15:46:47', 0, '0000-00-00 00:00:00', NULL, NULL),
(109, 9, 508, 0, 1, 1, '0.00', '2000.00', '2000.00', '0.00', '2000.00', '2000.00', '0.00', '1300.00', 1, 0, 0, '0.00', '0.00', '0.00', '0.00', '', '', 'active', 1, '2022-02-22 16:50:40', 0, '0000-00-00 00:00:00', NULL, NULL),
(110, 9, 125, 0, 1, 1, '0.00', '1000.00', '1000.00', '0.00', '4000.00', '4000.00', '0.00', '490.00', 4, 0, 0, '0.00', '0.00', '0.00', '0.00', '', '', 'active', 1, '2022-02-22 16:50:40', 0, '0000-00-00 00:00:00', NULL, NULL),
(111, 9, 623, 0, 1, 1, '0.00', '4000.00', '4000.00', '0.00', '4000.00', '4000.00', '0.00', '2333.00', 1, 0, 0, '0.00', '0.00', '0.00', '0.00', '', '', 'active', 1, '2022-02-22 16:50:40', 0, '0000-00-00 00:00:00', NULL, NULL),
(112, 9, 221, 0, 1, 1, '0.00', '3500.00', '3500.00', '0.00', '3500.00', '3500.00', '0.00', '2000.00', 1, 0, 0, '0.00', '0.00', '0.00', '0.00', '', '', 'active', 1, '2022-02-22 16:50:40', 0, '0000-00-00 00:00:00', NULL, NULL),
(113, 9, 110, 0, 1, 1, '0.00', '100.00', '100.00', '0.00', '1000.00', '1000.00', '0.00', '76.00', 10, 0, 0, '0.00', '0.00', '0.00', '0.00', '', '', 'active', 1, '2022-02-22 16:50:40', 0, '0000-00-00 00:00:00', NULL, NULL),
(114, 9, 447, 0, 1, 1, '0.00', '3000.00', '3000.00', '0.00', '3000.00', '3000.00', '0.00', '1541.00', 1, 0, 0, '0.00', '0.00', '0.00', '0.00', '', '', 'active', 1, '2022-02-22 16:50:40', 0, '0000-00-00 00:00:00', NULL, NULL),
(115, 9, 165, 0, 1, 1, '0.00', '50.00', '50.00', '0.00', '500.00', '500.00', '0.00', '23.00', 10, 0, 0, '0.00', '0.00', '0.00', '0.00', '', '', 'active', 1, '2022-02-22 16:50:40', 0, '0000-00-00 00:00:00', NULL, NULL),
(116, 9, 463, 0, 1, 1, '0.00', '100.00', '100.00', '0.00', '1500.00', '1500.00', '0.00', '72.00', 15, 0, 0, '0.00', '0.00', '0.00', '0.00', '', '', 'active', 1, '2022-02-22 16:50:40', 0, '0000-00-00 00:00:00', NULL, NULL),
(117, 9, 112, 0, 1, 1, '0.00', '2500.00', '2500.00', '0.00', '5000.00', '5000.00', '0.00', '600.00', 2, 0, 0, '0.00', '0.00', '0.00', '0.00', '', '', 'active', 1, '2022-02-22 16:50:40', 0, '0000-00-00 00:00:00', NULL, NULL),
(118, 9, 248, 0, 1, 1, '0.00', '2000.00', '2000.00', '0.00', '2000.00', '2000.00', '0.00', '1500.00', 1, 0, 0, '0.00', '0.00', '0.00', '0.00', '', '', 'active', 1, '2022-02-22 16:50:40', 0, '0000-00-00 00:00:00', NULL, NULL),
(119, 10, 425, 0, 1, 1, '0.00', '200.00', '200.00', '0.00', '2000.00', '2000.00', '0.00', '123.00', 10, 0, 0, '0.00', '0.00', '0.00', '0.00', '', '', 'active', 1, '2022-02-22 17:12:46', 0, '0000-00-00 00:00:00', NULL, NULL),
(120, 10, 95, 0, 1, 1, '0.00', '100.00', '100.00', '0.00', '200.00', '200.00', '0.00', '62.00', 2, 0, 0, '0.00', '0.00', '0.00', '0.00', '', '', 'active', 1, '2022-02-22 17:12:46', 0, '0000-00-00 00:00:00', NULL, NULL),
(121, 10, 12, 0, 1, 1, '0.00', '200.00', '200.00', '0.00', '1600.00', '1600.00', '0.00', '88.00', 8, 0, 0, '0.00', '0.00', '0.00', '0.00', '', '', 'active', 1, '2022-02-22 17:12:46', 0, '0000-00-00 00:00:00', NULL, NULL),
(122, 10, 54, 0, 1, 1, '0.00', '3000.00', '3000.00', '0.00', '3000.00', '3000.00', '0.00', '1650.00', 1, 0, 0, '0.00', '0.00', '0.00', '0.00', '', '', 'active', 1, '2022-02-22 17:12:46', 0, '0000-00-00 00:00:00', NULL, NULL),
(123, 10, 493, 0, 1, 1, '0.00', '100.00', '100.00', '0.00', '1000.00', '1000.00', '0.00', '44.00', 10, 0, 0, '0.00', '0.00', '0.00', '0.00', '', '', 'active', 1, '2022-02-22 17:12:47', 0, '0000-00-00 00:00:00', NULL, NULL),
(124, 10, 204, 0, 1, 1, '0.00', '100.00', '100.00', '0.00', '1000.00', '1000.00', '0.00', '0.00', 10, 0, 0, '0.00', '0.00', '0.00', '0.00', '', '', 'active', 1, '2022-02-22 17:12:47', 0, '0000-00-00 00:00:00', NULL, NULL),
(125, 10, 13, 0, 1, 1, '0.00', '1000.00', '1000.00', '0.00', '1000.00', '1000.00', '0.00', '150.00', 1, 0, 0, '0.00', '0.00', '0.00', '0.00', '', '', 'active', 1, '2022-02-22 17:12:47', 0, '0000-00-00 00:00:00', NULL, NULL),
(126, 10, 152, 0, 1, 1, '0.00', '150.00', '150.00', '0.00', '1500.00', '1500.00', '0.00', '0.00', 10, 0, 0, '0.00', '0.00', '0.00', '0.00', '', '', 'active', 1, '2022-02-22 17:12:47', 0, '0000-00-00 00:00:00', NULL, NULL),
(127, 10, 181, 0, 1, 1, '0.00', '150.00', '150.00', '0.00', '1500.00', '1500.00', '0.00', '67.00', 10, 0, 0, '0.00', '0.00', '0.00', '0.00', '', '', 'active', 1, '2022-02-22 17:12:47', 0, '0000-00-00 00:00:00', NULL, NULL),
(128, 11, 385, 0, 1, 1, '0.00', '4000.00', '4000.00', '0.00', '4000.00', '4000.00', '0.00', '2020.00', 1, 0, 0, '0.00', '0.00', '0.00', '0.00', '', '', 'active', 1, '2022-02-22 17:17:41', 0, '0000-00-00 00:00:00', NULL, NULL),
(129, 11, 217, 0, 1, 1, '0.00', '1667.00', '1667.00', '0.00', '5001.00', '5001.00', '0.00', '733.00', 3, 0, 0, '0.00', '0.00', '0.00', '0.00', '', '', 'active', 1, '2022-02-22 17:17:41', 0, '0000-00-00 00:00:00', NULL, NULL),
(130, 11, 165, 0, 1, 1, '0.00', '50.00', '50.00', '0.00', '500.00', '500.00', '0.00', '23.00', 10, 0, 0, '0.00', '0.00', '0.00', '0.00', '', '', 'active', 1, '2022-02-22 17:17:42', 0, '0000-00-00 00:00:00', NULL, NULL),
(131, 11, 13, 0, 1, 1, '0.00', '1000.00', '1000.00', '0.00', '1000.00', '1000.00', '0.00', '150.00', 1, 0, 0, '0.00', '0.00', '0.00', '0.00', '', '', 'active', 1, '2022-02-22 17:17:42', 0, '0000-00-00 00:00:00', NULL, NULL),
(132, 11, 110, 0, 1, 1, '0.00', '100.00', '100.00', '0.00', '1000.00', '1000.00', '0.00', '76.00', 10, 0, 0, '0.00', '0.00', '0.00', '0.00', '', '', 'active', 1, '2022-02-22 17:17:42', 0, '0000-00-00 00:00:00', NULL, NULL),
(133, 11, 161, 0, 1, 1, '0.00', '1500.00', '1500.00', '0.00', '4500.00', '4500.00', '0.00', '680.00', 3, 0, 0, '0.00', '0.00', '0.00', '0.00', '', '', 'active', 1, '2022-02-22 17:17:42', 0, '0000-00-00 00:00:00', NULL, NULL),
(134, 11, 290, 0, 1, 1, '0.00', '100.00', '100.00', '0.00', '1000.00', '1000.00', '0.00', '47.00', 10, 0, 0, '0.00', '0.00', '0.00', '0.00', '', '', 'active', 1, '2022-02-22 17:17:42', 0, '0000-00-00 00:00:00', NULL, NULL),
(135, 11, 313, 0, 1, 1, '0.00', '1000.00', '1000.00', '0.00', '1000.00', '1000.00', '0.00', '550.00', 1, 0, 0, '0.00', '0.00', '0.00', '0.00', '', '', 'active', 1, '2022-02-22 17:17:42', 0, '0000-00-00 00:00:00', NULL, NULL),
(136, 11, 623, 0, 1, 1, '0.00', '4000.00', '4000.00', '0.00', '8000.00', '8000.00', '0.00', '2333.00', 2, 0, 0, '0.00', '0.00', '0.00', '0.00', '', '', 'active', 1, '2022-02-22 17:17:42', 0, '0000-00-00 00:00:00', NULL, NULL),
(137, 11, 366, 0, 1, 1, '0.00', '100.00', '100.00', '0.00', '1000.00', '1000.00', '0.00', '55.00', 10, 0, 0, '0.00', '0.00', '0.00', '0.00', '', '', 'active', 1, '2022-02-22 17:17:42', 0, '0000-00-00 00:00:00', NULL, NULL),
(138, 11, 112, 0, 1, 1, '0.00', '2500.00', '2500.00', '0.00', '5000.00', '5000.00', '0.00', '600.00', 2, 0, 0, '0.00', '0.00', '0.00', '0.00', '', '', 'active', 1, '2022-02-22 17:17:42', 0, '0000-00-00 00:00:00', NULL, NULL),
(139, 11, 493, 0, 1, 1, '0.00', '100.00', '100.00', '0.00', '1000.00', '1000.00', '0.00', '44.00', 10, 0, 0, '0.00', '0.00', '0.00', '0.00', '', '', 'active', 1, '2022-02-22 17:17:42', 0, '0000-00-00 00:00:00', NULL, NULL),
(140, 11, 224, 0, 1, 1, '0.00', '667.00', '667.00', '0.00', '2001.00', '2001.00', '0.00', '267.00', 3, 0, 0, '0.00', '0.00', '0.00', '0.00', '', '', 'active', 1, '2022-02-22 17:17:42', 0, '0000-00-00 00:00:00', NULL, NULL),
(141, 12, 112, 0, 1, 1, '0.00', '2500.00', '2500.00', '0.00', '10000.00', '10000.00', '0.00', '600.00', 4, 0, 0, '0.00', '0.00', '0.00', '0.00', '', '', 'active', 1, '2022-02-22 17:26:26', 0, '0000-00-00 00:00:00', NULL, NULL),
(142, 12, 392, 0, 1, 1, '0.00', '250.00', '250.00', '0.00', '1000.00', '1000.00', '0.00', '151.00', 4, 0, 0, '0.00', '0.00', '0.00', '0.00', '', '', 'active', 1, '2022-02-22 17:26:26', 0, '0000-00-00 00:00:00', NULL, NULL),
(143, 12, 78, 0, 1, 1, '0.00', '3000.00', '3000.00', '0.00', '3000.00', '3000.00', '0.00', '1450.00', 1, 0, 0, '0.00', '0.00', '0.00', '0.00', '', '', 'active', 1, '2022-02-22 17:26:26', 0, '0000-00-00 00:00:00', NULL, NULL),
(144, 12, 292, 0, 1, 1, '0.00', '100.00', '100.00', '0.00', '2000.00', '2000.00', '0.00', '70.00', 20, 0, 0, '0.00', '0.00', '0.00', '0.00', '', '', 'active', 1, '2022-02-22 17:26:26', 0, '0000-00-00 00:00:00', NULL, NULL),
(145, 12, 13, 0, 1, 1, '0.00', '1000.00', '1000.00', '0.00', '2000.00', '2000.00', '0.00', '150.00', 2, 0, 0, '0.00', '0.00', '0.00', '0.00', '', '', 'active', 1, '2022-02-22 17:26:26', 0, '0000-00-00 00:00:00', NULL, NULL),
(146, 12, 366, 0, 1, 1, '0.00', '100.00', '100.00', '0.00', '1000.00', '1000.00', '0.00', '55.00', 10, 0, 0, '0.00', '0.00', '0.00', '0.00', '', '', 'active', 1, '2022-02-22 17:26:26', 0, '0000-00-00 00:00:00', NULL, NULL),
(147, 12, 493, 0, 1, 1, '0.00', '100.00', '100.00', '0.00', '500.00', '500.00', '0.00', '44.00', 5, 0, 0, '0.00', '0.00', '0.00', '0.00', '', '', 'active', 1, '2022-02-22 17:26:26', 0, '0000-00-00 00:00:00', NULL, NULL),
(148, 12, 162, 0, 1, 1, '0.00', '100.00', '100.00', '0.00', '200.00', '200.00', '0.00', '58.00', 2, 0, 0, '0.00', '0.00', '0.00', '0.00', '', '', 'active', 1, '2022-02-22 17:26:26', 0, '0000-00-00 00:00:00', NULL, NULL),
(149, 12, 323, 0, 1, 1, '0.00', '250.00', '250.00', '0.00', '500.00', '500.00', '0.00', '148.00', 2, 0, 0, '0.00', '0.00', '0.00', '0.00', '', '', 'active', 1, '2022-02-22 17:26:26', 0, '0000-00-00 00:00:00', NULL, NULL),
(150, 12, 196, 0, 1, 1, '0.00', '2000.00', '2000.00', '0.00', '2000.00', '2000.00', '0.00', '880.00', 1, 0, 0, '0.00', '0.00', '0.00', '0.00', '', '', 'active', 1, '2022-02-22 17:26:26', 0, '0000-00-00 00:00:00', NULL, NULL),
(151, 12, 127, 0, 1, 1, '0.00', '2000.00', '2000.00', '0.00', '28000.00', '28000.00', '0.00', '1600.00', 14, 0, 0, '0.00', '0.00', '0.00', '0.00', '', '', 'active', 1, '2022-02-22 17:26:26', 0, '0000-00-00 00:00:00', NULL, NULL),
(152, 12, 300, 0, 1, 1, '0.00', '1500.00', '1500.00', '0.00', '1500.00', '1500.00', '0.00', '660.00', 1, 0, 0, '0.00', '0.00', '0.00', '0.00', '', '', 'active', 1, '2022-02-22 17:26:26', 0, '0000-00-00 00:00:00', NULL, NULL),
(153, 12, 204, 0, 1, 1, '0.00', '100.00', '100.00', '0.00', '1000.00', '1000.00', '0.00', '0.00', 10, 0, 0, '0.00', '0.00', '0.00', '0.00', '', '', 'active', 1, '2022-02-22 17:26:26', 0, '0000-00-00 00:00:00', NULL, NULL),
(154, 12, 43, 0, 1, 1, '0.00', '1000.00', '1000.00', '0.00', '2000.00', '2000.00', '0.00', '532.00', 2, 0, 0, '0.00', '0.00', '0.00', '0.00', '', '', 'active', 1, '2022-02-22 17:26:27', 0, '0000-00-00 00:00:00', NULL, NULL),
(155, 12, 60, 0, 1, 1, '0.00', '1000.00', '1000.00', '0.00', '10000.00', '10000.00', '0.00', '660.00', 10, 0, 0, '0.00', '0.00', '0.00', '0.00', '', '', 'active', 1, '2022-02-22 17:26:27', 0, '0000-00-00 00:00:00', NULL, NULL),
(156, 12, 116, 0, 1, 1, '0.00', '2000.00', '2000.00', '0.00', '2000.00', '2000.00', '0.00', '220.00', 1, 0, 0, '0.00', '0.00', '0.00', '0.00', '', '', 'active', 1, '2022-02-22 17:26:27', 0, '0000-00-00 00:00:00', NULL, NULL),
(157, 12, 184, 0, 1, 1, '0.00', '4000.00', '4000.00', '0.00', '4000.00', '4000.00', '0.00', '2250.00', 1, 0, 0, '0.00', '0.00', '0.00', '0.00', '', '', 'active', 1, '2022-02-22 17:26:27', 0, '0000-00-00 00:00:00', NULL, NULL),
(158, 12, 12, 0, 1, 1, '0.00', '200.00', '200.00', '0.00', '3000.00', '3000.00', '0.00', '88.00', 15, 0, 0, '0.00', '0.00', '0.00', '0.00', '', '', 'active', 1, '2022-02-22 17:26:27', 0, '0000-00-00 00:00:00', NULL, NULL),
(159, 13, 1, 0, 1, 1, '0.00', '2500.00', '2500.00', '0.00', '2500.00', '2500.00', '0.00', '0.00', 1, 0, 0, '0.00', '0.00', '0.00', '0.00', '', '', 'active', 1, '2022-02-22 17:43:53', 0, '0000-00-00 00:00:00', NULL, NULL),
(160, 13, 96, 0, 1, 1, '0.00', '3000.00', '3000.00', '0.00', '3000.00', '3000.00', '0.00', '1650.00', 1, 0, 0, '0.00', '0.00', '0.00', '0.00', '', '', 'active', 1, '2022-02-22 17:43:54', 0, '0000-00-00 00:00:00', NULL, NULL),
(161, 13, 13, 0, 1, 1, '0.00', '1000.00', '1000.00', '0.00', '8000.00', '8000.00', '0.00', '150.00', 8, 0, 0, '0.00', '0.00', '0.00', '0.00', '', '', 'active', 1, '2022-02-22 17:43:54', 0, '0000-00-00 00:00:00', NULL, NULL),
(162, 13, 208, 0, 1, 1, '0.00', '400.00', '400.00', '0.00', '400.00', '400.00', '0.00', '190.00', 1, 0, 0, '0.00', '0.00', '0.00', '0.00', '', '', 'active', 1, '2022-02-22 17:43:54', 0, '0000-00-00 00:00:00', NULL, NULL),
(163, 13, 383, 0, 1, 1, '0.00', '500.00', '500.00', '0.00', '1000.00', '1000.00', '0.00', '165.00', 2, 0, 0, '0.00', '0.00', '0.00', '0.00', '', '', 'active', 1, '2022-02-22 17:43:54', 0, '0000-00-00 00:00:00', NULL, NULL),
(164, 13, 110, 0, 1, 1, '0.00', '100.00', '100.00', '0.00', '500.00', '500.00', '0.00', '76.00', 5, 0, 0, '0.00', '0.00', '0.00', '0.00', '', '', 'active', 1, '2022-02-22 17:43:54', 0, '0000-00-00 00:00:00', NULL, NULL),
(165, 13, 43, 0, 1, 1, '0.00', '1000.00', '1000.00', '0.00', '2000.00', '2000.00', '0.00', '532.00', 2, 0, 0, '0.00', '0.00', '0.00', '0.00', '', '', 'active', 1, '2022-02-22 17:43:54', 0, '0000-00-00 00:00:00', NULL, NULL),
(166, 13, 162, 0, 1, 1, '0.00', '100.00', '100.00', '0.00', '900.00', '900.00', '0.00', '58.00', 9, 0, 0, '0.00', '0.00', '0.00', '0.00', '', '', 'active', 1, '2022-02-22 17:43:54', 0, '0000-00-00 00:00:00', NULL, NULL),
(167, 13, 482, 0, 1, 1, '0.00', '3000.00', '3000.00', '0.00', '3000.00', '3000.00', '0.00', '1750.00', 1, 0, 0, '0.00', '0.00', '0.00', '0.00', '', '', 'active', 1, '2022-02-22 17:43:54', 0, '0000-00-00 00:00:00', NULL, NULL),
(168, 13, 277, 0, 1, 1, '0.00', '4000.00', '4000.00', '0.00', '4000.00', '4000.00', '0.00', '2950.00', 1, 0, 0, '0.00', '0.00', '0.00', '0.00', '', '', 'active', 1, '2022-02-22 17:43:54', 0, '0000-00-00 00:00:00', NULL, NULL),
(169, 13, 217, 0, 1, 1, '0.00', '1667.00', '1667.00', '0.00', '5001.00', '5001.00', '0.00', '733.00', 3, 0, 0, '0.00', '0.00', '0.00', '0.00', '', '', 'active', 1, '2022-02-22 17:43:54', 0, '0000-00-00 00:00:00', NULL, NULL),
(170, 13, 425, 0, 1, 1, '0.00', '200.00', '200.00', '0.00', '1000.00', '1000.00', '0.00', '123.00', 5, 0, 0, '0.00', '0.00', '0.00', '0.00', '', '', 'active', 1, '2022-02-22 17:43:54', 0, '0000-00-00 00:00:00', NULL, NULL),
(171, 13, 89, 0, 1, 1, '0.00', '3000.00', '3000.00', '0.00', '3000.00', '3000.00', '0.00', '1650.00', 1, 0, 0, '0.00', '0.00', '0.00', '0.00', '', '', 'active', 1, '2022-02-22 17:43:54', 0, '0000-00-00 00:00:00', NULL, NULL),
(172, 13, 120, 0, 1, 1, '0.00', '3000.00', '3000.00', '0.00', '3000.00', '3000.00', '0.00', '880.00', 1, 0, 0, '0.00', '0.00', '0.00', '0.00', '', '', 'active', 1, '2022-02-22 17:43:54', 0, '0000-00-00 00:00:00', NULL, NULL),
(173, 13, 178, 0, 1, 1, '0.00', '1000.00', '1000.00', '0.00', '1000.00', '1000.00', '0.00', '150.00', 1, 0, 0, '0.00', '0.00', '0.00', '0.00', '', '', 'active', 1, '2022-02-22 17:43:54', 0, '0000-00-00 00:00:00', NULL, NULL),
(174, 13, 247, 0, 1, 1, '0.00', '2000.00', '2000.00', '0.00', '2000.00', '2000.00', '0.00', '1500.00', 1, 0, 0, '0.00', '0.00', '0.00', '0.00', '', '', 'active', 1, '2022-02-22 17:43:54', 0, '0000-00-00 00:00:00', NULL, NULL),
(175, 13, 228, 0, 1, 1, '0.00', '100.00', '100.00', '0.00', '1500.00', '1500.00', '0.00', '20.00', 15, 0, 0, '0.00', '0.00', '0.00', '0.00', '', '', 'active', 1, '2022-02-22 17:43:54', 0, '0000-00-00 00:00:00', NULL, NULL),
(176, 13, 203, 0, 1, 1, '0.00', '5000.00', '5000.00', '0.00', '5000.00', '5000.00', '0.00', '2800.00', 1, 0, 0, '0.00', '0.00', '0.00', '0.00', '', '', 'active', 1, '2022-02-22 17:43:54', 0, '0000-00-00 00:00:00', NULL, NULL),
(177, 13, 204, 0, 1, 1, '0.00', '100.00', '100.00', '0.00', '1000.00', '1000.00', '0.00', '0.00', 10, 0, 0, '0.00', '0.00', '0.00', '0.00', '', '', 'active', 1, '2022-02-22 17:43:54', 0, '0000-00-00 00:00:00', NULL, NULL),
(178, 13, 449, 0, 1, 1, '0.00', '3500.00', '3500.00', '0.00', '3500.00', '3500.00', '0.00', '1485.00', 1, 0, 0, '0.00', '0.00', '0.00', '0.00', '', '', 'active', 1, '2022-02-22 17:43:54', 0, '0000-00-00 00:00:00', NULL, NULL),
(179, 14, 584, 0, 1, 1, '0.00', '250.00', '250.00', '0.00', '2000.00', '2000.00', '0.00', '77.00', 8, 0, 0, '0.00', '0.00', '0.00', '0.00', '', '', 'active', 1, '2022-02-22 18:02:37', 0, '0000-00-00 00:00:00', NULL, NULL),
(180, 14, 228, 0, 1, 1, '0.00', '100.00', '100.00', '0.00', '6000.00', '6000.00', '0.00', '20.00', 60, 0, 0, '0.00', '0.00', '0.00', '0.00', '', '', 'active', 1, '2022-02-22 18:02:37', 0, '0000-00-00 00:00:00', NULL, NULL),
(181, 14, 280, 0, 1, 1, '0.00', '100.00', '100.00', '0.00', '1000.00', '1000.00', '0.00', '33.00', 10, 0, 0, '0.00', '0.00', '0.00', '0.00', '', '', 'active', 1, '2022-02-22 18:02:37', 0, '0000-00-00 00:00:00', NULL, NULL),
(182, 14, 178, 0, 1, 1, '0.00', '1000.00', '1000.00', '0.00', '3000.00', '3000.00', '0.00', '150.00', 3, 0, 0, '0.00', '0.00', '0.00', '0.00', '', '', 'active', 1, '2022-02-22 18:02:37', 0, '0000-00-00 00:00:00', NULL, NULL),
(183, 14, 217, 0, 1, 1, '0.00', '1667.00', '1667.00', '0.00', '5001.00', '5001.00', '0.00', '733.00', 3, 0, 0, '0.00', '0.00', '0.00', '0.00', '', '', 'active', 1, '2022-02-22 18:02:37', 0, '0000-00-00 00:00:00', NULL, NULL),
(184, 14, 13, 0, 1, 1, '0.00', '1000.00', '1000.00', '0.00', '1000.00', '1000.00', '0.00', '150.00', 1, 0, 0, '0.00', '0.00', '0.00', '0.00', '', '', 'active', 1, '2022-02-22 18:02:37', 0, '0000-00-00 00:00:00', NULL, NULL),
(185, 14, 47, 0, 1, 1, '0.00', '5000.00', '5000.00', '0.00', '5000.00', '5000.00', '0.00', '2500.00', 1, 0, 0, '0.00', '0.00', '0.00', '0.00', '', '', 'active', 1, '2022-02-22 18:02:37', 0, '0000-00-00 00:00:00', NULL, NULL),
(186, 14, 542, 0, 1, 1, '0.00', '3000.00', '3000.00', '0.00', '3000.00', '3000.00', '0.00', '1200.00', 1, 0, 0, '0.00', '0.00', '0.00', '0.00', '', '', 'active', 1, '2022-02-22 18:02:37', 0, '0000-00-00 00:00:00', NULL, NULL),
(187, 14, 292, 0, 1, 1, '0.00', '100.00', '100.00', '0.00', '1000.00', '1000.00', '0.00', '70.00', 10, 0, 0, '0.00', '0.00', '0.00', '0.00', '', '', 'active', 1, '2022-02-22 18:02:38', 0, '0000-00-00 00:00:00', NULL, NULL),
(188, 14, 384, 0, 1, 1, '0.00', '3000.00', '3000.00', '0.00', '3000.00', '3000.00', '0.00', '1900.00', 1, 0, 0, '0.00', '0.00', '0.00', '0.00', '', '', 'active', 1, '2022-02-22 18:02:38', 0, '0000-00-00 00:00:00', NULL, NULL),
(189, 14, 165, 0, 1, 1, '0.00', '50.00', '50.00', '0.00', '1000.00', '1000.00', '0.00', '23.00', 20, 0, 0, '0.00', '0.00', '0.00', '0.00', '', '', 'active', 1, '2022-02-22 18:02:38', 0, '0000-00-00 00:00:00', NULL, NULL),
(190, 14, 411, 0, 1, 1, '0.00', '200.00', '200.00', '0.00', '1000.00', '1000.00', '0.00', '89.00', 5, 0, 0, '0.00', '0.00', '0.00', '0.00', '', '', 'active', 1, '2022-02-22 18:02:38', 0, '0000-00-00 00:00:00', NULL, NULL),
(191, 14, 527, 0, 1, 1, '0.00', '1000.00', '1000.00', '0.00', '1000.00', '1000.00', '0.00', '400.00', 1, 0, 0, '0.00', '0.00', '0.00', '0.00', '', '', 'active', 1, '2022-02-22 18:02:38', 0, '0000-00-00 00:00:00', NULL, NULL),
(192, 14, 233, 0, 1, 1, '0.00', '20000.00', '20000.00', '0.00', '20000.00', '20000.00', '0.00', '16500.00', 1, 0, 0, '0.00', '0.00', '0.00', '0.00', '', '', 'active', 1, '2022-02-22 18:02:38', 0, '0000-00-00 00:00:00', NULL, NULL),
(193, 14, 102, 0, 1, 1, '0.00', '1500.00', '1500.00', '0.00', '3000.00', '3000.00', '0.00', '850.00', 2, 0, 0, '0.00', '0.00', '0.00', '0.00', '', '', 'active', 1, '2022-02-22 18:02:38', 0, '0000-00-00 00:00:00', NULL, NULL),
(194, 14, 81, 0, 1, 1, '0.00', '4000.00', '4000.00', '0.00', '4000.00', '4000.00', '0.00', '1980.00', 1, 0, 0, '0.00', '0.00', '0.00', '0.00', '', '', 'active', 1, '2022-02-22 18:02:38', 0, '0000-00-00 00:00:00', NULL, NULL),
(195, 14, 110, 0, 1, 1, '0.00', '100.00', '100.00', '0.00', '1000.00', '1000.00', '0.00', '76.00', 10, 0, 0, '0.00', '0.00', '0.00', '0.00', '', '', 'active', 1, '2022-02-22 18:02:38', 0, '0000-00-00 00:00:00', NULL, NULL),
(196, 14, 168, 0, 1, 1, '0.00', '100.00', '100.00', '0.00', '3000.00', '3000.00', '0.00', '50.00', 30, 0, 0, '0.00', '0.00', '0.00', '0.00', '', '', 'active', 1, '2022-02-22 18:02:38', 0, '0000-00-00 00:00:00', NULL, NULL),
(197, 14, 86, 0, 1, 1, '0.00', '20000.00', '20000.00', '0.00', '20000.00', '20000.00', '0.00', '625.00', 1, 0, 0, '0.00', '0.00', '0.00', '0.00', '', '', 'active', 1, '2022-02-22 18:02:38', 0, '0000-00-00 00:00:00', NULL, NULL),
(198, 14, 438, 0, 1, 1, '0.00', '1000.00', '1000.00', '0.00', '14000.00', '14000.00', '0.00', '321.00', 14, 0, 0, '0.00', '0.00', '0.00', '0.00', '', '', 'active', 1, '2022-02-22 18:02:38', 0, '0000-00-00 00:00:00', NULL, NULL),
(199, 14, 257, 0, 1, 1, '0.00', '4000.00', '4000.00', '0.00', '8000.00', '8000.00', '0.00', '2550.00', 2, 0, 0, '0.00', '0.00', '0.00', '0.00', '', '', 'active', 1, '2022-02-22 18:02:38', 0, '0000-00-00 00:00:00', NULL, NULL),
(200, 14, 621, 0, 1, 1, '0.00', '15000.00', '15000.00', '0.00', '15000.00', '15000.00', '0.00', '13167.00', 1, 0, 0, '0.00', '0.00', '0.00', '0.00', '', '', 'active', 1, '2022-02-22 18:02:38', 0, '0000-00-00 00:00:00', NULL, NULL),
(201, 15, 139, 0, 1, 1, '0.00', '200.00', '200.00', '0.00', '2000.00', '2000.00', '0.00', '0.00', 10, 0, 0, '0.00', '0.00', '0.00', '0.00', '', '', 'active', 1, '2022-02-22 18:11:05', 0, '0000-00-00 00:00:00', NULL, NULL),
(202, 15, 580, 0, 1, 1, '0.00', '500.00', '500.00', '0.00', '5000.00', '5000.00', '0.00', '255.00', 10, 0, 0, '0.00', '0.00', '0.00', '0.00', '', '', 'active', 1, '2022-02-22 18:11:05', 0, '0000-00-00 00:00:00', NULL, NULL),
(203, 15, 223, 0, 1, 1, '0.00', '2000.00', '2000.00', '0.00', '2000.00', '2000.00', '0.00', '1100.00', 1, 0, 0, '0.00', '0.00', '0.00', '0.00', '', '', 'active', 1, '2022-02-22 18:11:05', 0, '0000-00-00 00:00:00', NULL, NULL),
(204, 15, 13, 0, 1, 1, '0.00', '1000.00', '1000.00', '0.00', '1000.00', '1000.00', '0.00', '150.00', 1, 0, 0, '0.00', '0.00', '0.00', '0.00', '', '', 'active', 1, '2022-02-22 18:11:06', 0, '0000-00-00 00:00:00', NULL, NULL),
(205, 15, 170, 0, 1, 1, '0.00', '500.00', '500.00', '0.00', '1000.00', '1000.00', '0.00', '155.00', 2, 0, 0, '0.00', '0.00', '0.00', '0.00', '', '', 'active', 1, '2022-02-22 18:11:06', 0, '0000-00-00 00:00:00', NULL, NULL),
(206, 15, 225, 0, 1, 1, '0.00', '5000.00', '5000.00', '0.00', '5000.00', '5000.00', '0.00', '2700.00', 1, 0, 0, '0.00', '0.00', '0.00', '0.00', '', '', 'active', 1, '2022-02-22 18:11:06', 0, '0000-00-00 00:00:00', NULL, NULL),
(207, 15, 12, 0, 1, 1, '0.00', '200.00', '200.00', '0.00', '6000.00', '6000.00', '0.00', '88.00', 30, 0, 0, '0.00', '0.00', '0.00', '0.00', '', '', 'active', 1, '2022-02-22 18:11:06', 0, '0000-00-00 00:00:00', NULL, NULL),
(208, 15, 43, 0, 1, 1, '0.00', '1000.00', '1000.00', '0.00', '1000.00', '1000.00', '0.00', '532.00', 1, 0, 0, '0.00', '0.00', '0.00', '0.00', '', '', 'active', 1, '2022-02-22 18:11:06', 0, '0000-00-00 00:00:00', NULL, NULL),
(209, 15, 239, 0, 1, 1, '0.00', '3500.00', '3500.00', '0.00', '3500.00', '3500.00', '0.00', '2750.00', 1, 0, 0, '0.00', '0.00', '0.00', '0.00', '', '', 'active', 1, '2022-02-22 18:11:06', 0, '0000-00-00 00:00:00', NULL, NULL),
(210, 15, 493, 0, 1, 1, '0.00', '100.00', '100.00', '0.00', '1000.00', '1000.00', '0.00', '44.00', 10, 0, 0, '0.00', '0.00', '0.00', '0.00', '', '', 'active', 1, '2022-02-22 18:11:06', 0, '0000-00-00 00:00:00', NULL, NULL),
(211, 15, 292, 0, 1, 1, '0.00', '100.00', '100.00', '0.00', '1000.00', '1000.00', '0.00', '70.00', 10, 0, 0, '0.00', '0.00', '0.00', '0.00', '', '', 'active', 1, '2022-02-22 18:11:06', 0, '0000-00-00 00:00:00', NULL, NULL),
(212, 15, 3, 0, 1, 1, '0.00', '3000.00', '3000.00', '0.00', '9000.00', '9000.00', '0.00', '2331.00', 3, 0, 0, '0.00', '0.00', '0.00', '0.00', '', '', 'active', 1, '2022-02-22 18:11:06', 0, '0000-00-00 00:00:00', NULL, NULL),
(213, 15, 204, 0, 1, 1, '0.00', '100.00', '100.00', '0.00', '2000.00', '2000.00', '0.00', '0.00', 20, 0, 0, '0.00', '0.00', '0.00', '0.00', '', '', 'active', 1, '2022-02-22 18:11:06', 0, '0000-00-00 00:00:00', NULL, NULL),
(214, 15, 165, 0, 1, 1, '0.00', '50.00', '50.00', '0.00', '500.00', '500.00', '0.00', '23.00', 10, 0, 0, '0.00', '0.00', '0.00', '0.00', '', '', 'active', 1, '2022-02-22 18:11:06', 0, '0000-00-00 00:00:00', NULL, NULL),
(215, 15, 571, 0, 1, 1, '0.00', '150.00', '150.00', '0.00', '2250.00', '2250.00', '0.00', '72.00', 15, 0, 0, '0.00', '0.00', '0.00', '0.00', '', '', 'active', 1, '2022-02-22 18:11:06', 0, '0000-00-00 00:00:00', NULL, NULL),
(216, 15, 558, 0, 1, 1, '0.00', '2000.00', '2000.00', '0.00', '2000.00', '2000.00', '0.00', '990.00', 1, 0, 0, '0.00', '0.00', '0.00', '0.00', '', '', 'active', 1, '2022-02-22 18:11:06', 0, '0000-00-00 00:00:00', NULL, NULL),
(217, 15, 267, 0, 1, 1, '0.00', '3500.00', '3500.00', '0.00', '3500.00', '3500.00', '0.00', '2300.00', 1, 0, 0, '0.00', '0.00', '0.00', '0.00', '', '', 'active', 1, '2022-02-22 18:11:06', 0, '0000-00-00 00:00:00', NULL, NULL),
(218, 16, 629, 0, 1, 1, '0.00', '2000.00', '2000.00', '0.00', '2000.00', '2000.00', '0.00', '500.00', 1, 0, 0, '0.00', '0.00', '0.00', '0.00', '', '', 'active', 1, '2022-02-22 18:25:12', 0, '0000-00-00 00:00:00', NULL, NULL),
(219, 16, 3, 0, 1, 1, '0.00', '3000.00', '3000.00', '0.00', '3000.00', '3000.00', '0.00', '2331.00', 1, 0, 0, '0.00', '0.00', '0.00', '0.00', '', '', 'active', 1, '2022-02-22 18:25:12', 0, '0000-00-00 00:00:00', NULL, NULL),
(220, 16, 463, 0, 1, 1, '0.00', '100.00', '100.00', '0.00', '3000.00', '3000.00', '0.00', '72.00', 30, 0, 0, '0.00', '0.00', '0.00', '0.00', '', '', 'active', 1, '2022-02-22 18:25:12', 0, '0000-00-00 00:00:00', NULL, NULL),
(221, 16, 366, 0, 1, 1, '0.00', '100.00', '100.00', '0.00', '500.00', '500.00', '0.00', '55.00', 5, 0, 0, '0.00', '0.00', '0.00', '0.00', '', '', 'active', 1, '2022-02-22 18:25:12', 0, '0000-00-00 00:00:00', NULL, NULL),
(222, 16, 628, 0, 1, 1, '0.00', '50000.00', '50000.00', '0.00', '50000.00', '50000.00', '0.00', '15000.00', 1, 0, 0, '0.00', '0.00', '0.00', '0.00', '', '', 'active', 1, '2022-02-22 18:25:12', 0, '0000-00-00 00:00:00', NULL, NULL),
(223, 16, 630, 0, 1, 1, '0.00', '2500.00', '2500.00', '0.00', '2500.00', '2500.00', '0.00', '2000.00', 1, 0, 0, '0.00', '0.00', '0.00', '0.00', '', '', 'active', 1, '2022-02-22 18:25:12', 0, '0000-00-00 00:00:00', NULL, NULL);
INSERT INTO `salesdetails` (`id`, `salesid`, `stockid`, `combineid`, `currencyid`, `rateid`, `exchange_rate`, `price`, `required_price`, `base_price`, `amount`, `required_amount`, `base_amount`, `hidden_cost`, `quantity`, `actual_vat`, `vat_rate`, `vat_amount`, `required_vat_amount`, `base_vat_amount`, `hidden_vat`, `serialid`, `serialno`, `status`, `createdby`, `doc`, `modifiedby`, `dom`, `target_detail_id`, `target_history`) VALUES
(224, 16, 178, 0, 1, 1, '0.00', '1000.00', '1000.00', '0.00', '1000.00', '1000.00', '0.00', '150.00', 1, 0, 0, '0.00', '0.00', '0.00', '0.00', '', '', 'active', 1, '2022-02-22 18:25:12', 0, '0000-00-00 00:00:00', NULL, NULL),
(225, 16, 292, 0, 1, 1, '0.00', '100.00', '100.00', '0.00', '500.00', '500.00', '0.00', '70.00', 5, 0, 0, '0.00', '0.00', '0.00', '0.00', '', '', 'active', 1, '2022-02-22 18:25:12', 0, '0000-00-00 00:00:00', NULL, NULL),
(226, 16, 162, 0, 1, 1, '0.00', '100.00', '100.00', '0.00', '1000.00', '1000.00', '0.00', '58.00', 10, 0, 0, '0.00', '0.00', '0.00', '0.00', '', '', 'active', 1, '2022-02-22 18:25:12', 0, '0000-00-00 00:00:00', NULL, NULL),
(227, 16, 125, 0, 1, 1, '0.00', '1000.00', '1000.00', '0.00', '10000.00', '10000.00', '0.00', '490.00', 10, 0, 0, '0.00', '0.00', '0.00', '0.00', '', '', 'active', 1, '2022-02-22 18:25:12', 0, '0000-00-00 00:00:00', NULL, NULL),
(228, 16, 13, 0, 1, 1, '0.00', '1000.00', '1000.00', '0.00', '1000.00', '1000.00', '0.00', '150.00', 1, 0, 0, '0.00', '0.00', '0.00', '0.00', '', '', 'active', 1, '2022-02-22 18:25:12', 0, '0000-00-00 00:00:00', NULL, NULL),
(229, 16, 139, 0, 1, 1, '0.00', '200.00', '200.00', '0.00', '1000.00', '1000.00', '0.00', '0.00', 5, 0, 0, '0.00', '0.00', '0.00', '0.00', '', '', 'active', 1, '2022-02-22 18:25:12', 0, '0000-00-00 00:00:00', NULL, NULL),
(230, 16, 295, 0, 1, 1, '0.00', '1333.00', '1333.00', '0.00', '11997.00', '11997.00', '0.00', '800.00', 9, 0, 0, '0.00', '0.00', '0.00', '0.00', '', '', 'active', 1, '2022-02-22 18:25:12', 0, '0000-00-00 00:00:00', NULL, NULL),
(231, 16, 493, 0, 1, 1, '0.00', '100.00', '100.00', '0.00', '500.00', '500.00', '0.00', '44.00', 5, 0, 0, '0.00', '0.00', '0.00', '0.00', '', '', 'active', 1, '2022-02-22 18:25:12', 0, '0000-00-00 00:00:00', NULL, NULL),
(232, 16, 392, 0, 1, 1, '0.00', '250.00', '250.00', '0.00', '500.00', '500.00', '0.00', '151.00', 2, 0, 0, '0.00', '0.00', '0.00', '0.00', '', '', 'active', 1, '2022-02-22 18:25:13', 0, '0000-00-00 00:00:00', NULL, NULL),
(233, 16, 323, 0, 1, 1, '0.00', '250.00', '250.00', '0.00', '500.00', '500.00', '0.00', '148.00', 2, 0, 0, '0.00', '0.00', '0.00', '0.00', '', '', 'active', 1, '2022-02-22 18:25:13', 0, '0000-00-00 00:00:00', NULL, NULL),
(234, 16, 357, 0, 1, 1, '0.00', '2500.00', '2500.00', '0.00', '2500.00', '2500.00', '0.00', '1100.00', 1, 0, 0, '0.00', '0.00', '0.00', '0.00', '', '', 'active', 1, '2022-02-22 18:25:13', 0, '0000-00-00 00:00:00', NULL, NULL),
(235, 16, 113, 0, 1, 1, '0.00', '600.00', '600.00', '0.00', '3600.00', '3600.00', '0.00', '350.00', 6, 0, 0, '0.00', '0.00', '0.00', '0.00', '', '', 'active', 1, '2022-02-22 18:25:13', 0, '0000-00-00 00:00:00', NULL, NULL),
(236, 17, 292, 0, 1, 1, '0.00', '100.00', '100.00', '0.00', '2000.00', '2000.00', '0.00', '70.00', 20, 0, 0, '0.00', '0.00', '0.00', '0.00', '', '', 'active', 1, '2022-02-22 18:35:16', 0, '0000-00-00 00:00:00', NULL, NULL),
(237, 17, 204, 0, 1, 1, '0.00', '100.00', '100.00', '0.00', '2500.00', '2500.00', '0.00', '0.00', 25, 0, 0, '0.00', '0.00', '0.00', '0.00', '', '', 'active', 1, '2022-02-22 18:35:16', 0, '0000-00-00 00:00:00', NULL, NULL),
(238, 17, 13, 0, 1, 1, '0.00', '1000.00', '1000.00', '0.00', '1000.00', '1000.00', '0.00', '150.00', 1, 0, 0, '0.00', '0.00', '0.00', '0.00', '', '', 'active', 1, '2022-02-22 18:35:16', 0, '0000-00-00 00:00:00', NULL, NULL),
(239, 17, 605, 0, 1, 1, '0.00', '150.00', '150.00', '0.00', '300.00', '300.00', '0.00', '96.00', 2, 0, 0, '0.00', '0.00', '0.00', '0.00', '', '', 'active', 1, '2022-02-22 18:35:16', 0, '0000-00-00 00:00:00', NULL, NULL),
(240, 17, 247, 0, 1, 1, '0.00', '2000.00', '2000.00', '0.00', '2000.00', '2000.00', '0.00', '1500.00', 1, 0, 0, '0.00', '0.00', '0.00', '0.00', '', '', 'active', 1, '2022-02-22 18:35:16', 0, '0000-00-00 00:00:00', NULL, NULL),
(241, 17, 4, 0, 1, 1, '0.00', '2000.00', '2000.00', '0.00', '2000.00', '2000.00', '0.00', '1278.00', 1, 0, 0, '0.00', '0.00', '0.00', '0.00', '', '', 'active', 1, '2022-02-22 18:35:16', 0, '0000-00-00 00:00:00', NULL, NULL),
(242, 17, 165, 0, 1, 1, '0.00', '50.00', '50.00', '0.00', '500.00', '500.00', '0.00', '23.00', 10, 0, 0, '0.00', '0.00', '0.00', '0.00', '', '', 'active', 1, '2022-02-22 18:35:16', 0, '0000-00-00 00:00:00', NULL, NULL),
(243, 17, 228, 0, 1, 1, '0.00', '100.00', '100.00', '0.00', '3000.00', '3000.00', '0.00', '20.00', 30, 0, 0, '0.00', '0.00', '0.00', '0.00', '', '', 'active', 1, '2022-02-22 18:35:17', 0, '0000-00-00 00:00:00', NULL, NULL),
(244, 17, 42, 0, 1, 1, '0.00', '200.00', '200.00', '0.00', '2000.00', '2000.00', '0.00', '175.00', 10, 0, 0, '0.00', '0.00', '0.00', '0.00', '', '', 'active', 1, '2022-02-22 18:35:17', 0, '0000-00-00 00:00:00', NULL, NULL),
(245, 17, 100, 0, 1, 1, '0.00', '3000.00', '3000.00', '0.00', '3000.00', '3000.00', '0.00', '1450.00', 1, 0, 0, '0.00', '0.00', '0.00', '0.00', '', '', 'active', 1, '2022-02-22 18:35:17', 0, '0000-00-00 00:00:00', NULL, NULL),
(246, 17, 113, 0, 1, 1, '0.00', '600.00', '600.00', '0.00', '1200.00', '1200.00', '0.00', '350.00', 2, 0, 0, '0.00', '0.00', '0.00', '0.00', '', '', 'active', 1, '2022-02-22 18:35:17', 0, '0000-00-00 00:00:00', NULL, NULL),
(247, 17, 403, 0, 1, 1, '0.00', '8000.00', '8000.00', '0.00', '8000.00', '8000.00', '0.00', '3950.00', 1, 0, 0, '0.00', '0.00', '0.00', '0.00', '', '', 'active', 1, '2022-02-22 18:35:17', 0, '0000-00-00 00:00:00', NULL, NULL),
(248, 17, 202, 0, 1, 1, '0.00', '2000.00', '2000.00', '0.00', '2000.00', '2000.00', '0.00', '650.00', 1, 0, 0, '0.00', '0.00', '0.00', '0.00', '', '', 'active', 1, '2022-02-22 18:35:17', 0, '0000-00-00 00:00:00', NULL, NULL),
(249, 17, 182, 0, 1, 1, '0.00', '3000.00', '3000.00', '0.00', '3000.00', '3000.00', '0.00', '1760.00', 1, 0, 0, '0.00', '0.00', '0.00', '0.00', '', '', 'active', 1, '2022-02-22 18:35:17', 0, '0000-00-00 00:00:00', NULL, NULL),
(250, 17, 217, 0, 1, 1, '0.00', '1667.00', '1667.00', '0.00', '5001.00', '5001.00', '0.00', '733.00', 3, 0, 0, '0.00', '0.00', '0.00', '0.00', '', '', 'active', 1, '2022-02-22 18:35:17', 0, '0000-00-00 00:00:00', NULL, NULL),
(251, 17, 598, 0, 1, 1, '0.00', '1000.00', '1000.00', '0.00', '1000.00', '1000.00', '0.00', '550.00', 1, 0, 0, '0.00', '0.00', '0.00', '0.00', '', '', 'active', 1, '2022-02-22 18:35:17', 0, '0000-00-00 00:00:00', NULL, NULL),
(252, 17, 125, 0, 1, 1, '0.00', '1000.00', '1000.00', '0.00', '10000.00', '10000.00', '0.00', '490.00', 10, 0, 0, '0.00', '0.00', '0.00', '0.00', '', '', 'active', 1, '2022-02-22 18:35:17', 0, '0000-00-00 00:00:00', NULL, NULL),
(253, 17, 112, 0, 1, 1, '0.00', '2500.00', '2500.00', '0.00', '10000.00', '10000.00', '0.00', '600.00', 4, 0, 0, '0.00', '0.00', '0.00', '0.00', '', '', 'active', 1, '2022-02-22 18:35:17', 0, '0000-00-00 00:00:00', NULL, NULL),
(254, 17, 121, 0, 1, 1, '0.00', '100.00', '100.00', '0.00', '1000.00', '1000.00', '0.00', '32.00', 10, 0, 0, '0.00', '0.00', '0.00', '0.00', '', '', 'active', 1, '2022-02-22 18:35:17', 0, '0000-00-00 00:00:00', NULL, NULL),
(255, 18, 204, 0, 1, 1, '0.00', '100.00', '100.00', '0.00', '2000.00', '2000.00', '0.00', '0.00', 20, 0, 0, '0.00', '0.00', '0.00', '0.00', '', '', 'active', 1, '2022-02-22 18:58:52', 0, '0000-00-00 00:00:00', NULL, NULL),
(256, 18, 184, 0, 1, 1, '0.00', '4000.00', '4000.00', '0.00', '8000.00', '8000.00', '0.00', '2250.00', 2, 0, 0, '0.00', '0.00', '0.00', '0.00', '', '', 'active', 1, '2022-02-22 18:58:52', 0, '0000-00-00 00:00:00', NULL, NULL),
(257, 18, 290, 0, 1, 1, '0.00', '100.00', '100.00', '0.00', '7000.00', '7000.00', '0.00', '47.00', 70, 0, 0, '0.00', '0.00', '0.00', '0.00', '', '', 'active', 1, '2022-02-22 18:58:52', 0, '0000-00-00 00:00:00', NULL, NULL),
(258, 18, 580, 0, 1, 1, '0.00', '500.00', '500.00', '0.00', '1500.00', '1500.00', '0.00', '255.00', 3, 0, 0, '0.00', '0.00', '0.00', '0.00', '', '', 'active', 1, '2022-02-22 18:58:52', 0, '0000-00-00 00:00:00', NULL, NULL),
(259, 18, 540, 0, 1, 1, '0.00', '200.00', '200.00', '0.00', '4000.00', '4000.00', '0.00', '93.00', 20, 0, 0, '0.00', '0.00', '0.00', '0.00', '', '', 'active', 1, '2022-02-22 18:58:52', 0, '0000-00-00 00:00:00', NULL, NULL),
(260, 18, 112, 0, 1, 1, '0.00', '2500.00', '2500.00', '0.00', '5000.00', '5000.00', '0.00', '600.00', 2, 0, 0, '0.00', '0.00', '0.00', '0.00', '', '', 'active', 1, '2022-02-22 18:58:52', 0, '0000-00-00 00:00:00', NULL, NULL),
(261, 18, 165, 0, 1, 1, '0.00', '50.00', '50.00', '0.00', '1500.00', '1500.00', '0.00', '23.00', 30, 0, 0, '0.00', '0.00', '0.00', '0.00', '', '', 'active', 1, '2022-02-22 18:58:52', 0, '0000-00-00 00:00:00', NULL, NULL),
(262, 18, 431, 0, 1, 1, '0.00', '200.00', '200.00', '0.00', '1000.00', '1000.00', '0.00', '98.00', 5, 0, 0, '0.00', '0.00', '0.00', '0.00', '', '', 'active', 1, '2022-02-22 18:58:52', 0, '0000-00-00 00:00:00', NULL, NULL),
(263, 18, 107, 0, 1, 1, '0.00', '500.00', '500.00', '0.00', '500.00', '500.00', '0.00', '240.00', 1, 0, 0, '0.00', '0.00', '0.00', '0.00', '', '', 'active', 1, '2022-02-22 18:58:52', 0, '0000-00-00 00:00:00', NULL, NULL),
(264, 18, 211, 0, 1, 1, '0.00', '2000.00', '2000.00', '0.00', '2000.00', '2000.00', '0.00', '850.00', 1, 0, 0, '0.00', '0.00', '0.00', '0.00', '', '', 'active', 1, '2022-02-22 18:58:52', 0, '0000-00-00 00:00:00', NULL, NULL),
(265, 18, 491, 0, 1, 1, '0.00', '3000.00', '3000.00', '0.00', '3000.00', '3000.00', '0.00', '650.00', 1, 0, 0, '0.00', '0.00', '0.00', '0.00', '', '', 'active', 1, '2022-02-22 18:58:53', 0, '0000-00-00 00:00:00', NULL, NULL),
(266, 18, 72, 0, 1, 1, '0.00', '25000.00', '25000.00', '0.00', '25000.00', '25000.00', '0.00', '16500.00', 1, 0, 0, '0.00', '0.00', '0.00', '0.00', '', '', 'active', 1, '2022-02-22 18:58:53', 0, '0000-00-00 00:00:00', NULL, NULL),
(267, 18, 626, 0, 1, 1, '0.00', '16000.00', '16000.00', '0.00', '16000.00', '16000.00', '0.00', '4500.00', 1, 0, 0, '0.00', '0.00', '0.00', '0.00', '', '', 'active', 1, '2022-02-22 18:58:53', 0, '0000-00-00 00:00:00', NULL, NULL),
(268, 18, 366, 0, 1, 1, '0.00', '100.00', '100.00', '0.00', '2000.00', '2000.00', '0.00', '55.00', 20, 0, 0, '0.00', '0.00', '0.00', '0.00', '', '', 'active', 1, '2022-02-22 18:58:53', 0, '0000-00-00 00:00:00', NULL, NULL),
(269, 18, 634, 0, 1, 1, '0.00', '50.00', '50.00', '0.00', '1000.00', '1000.00', '0.00', '12.00', 20, 0, 0, '0.00', '0.00', '0.00', '0.00', '', '', 'active', 1, '2022-02-22 18:58:53', 0, '0000-00-00 00:00:00', NULL, NULL),
(270, 18, 400, 0, 1, 1, '0.00', '3000.00', '3000.00', '0.00', '3000.00', '3000.00', '0.00', '990.00', 1, 0, 0, '0.00', '0.00', '0.00', '0.00', '', '', 'active', 1, '2022-02-22 18:58:53', 0, '0000-00-00 00:00:00', NULL, NULL),
(271, 18, 125, 0, 1, 1, '0.00', '1000.00', '1000.00', '0.00', '1000.00', '1000.00', '0.00', '490.00', 1, 0, 0, '0.00', '0.00', '0.00', '0.00', '', '', 'active', 1, '2022-02-22 18:58:53', 0, '0000-00-00 00:00:00', NULL, NULL),
(272, 18, 228, 0, 1, 1, '0.00', '100.00', '100.00', '0.00', '1500.00', '1500.00', '0.00', '20.00', 15, 0, 0, '0.00', '0.00', '0.00', '0.00', '', '', 'active', 1, '2022-02-22 18:58:53', 0, '0000-00-00 00:00:00', NULL, NULL),
(273, 19, 195, 0, 1, 1, '0.00', '5000.00', '5000.00', '0.00', '5000.00', '5000.00', '0.00', '3300.00', 1, 0, 0, '0.00', '0.00', '0.00', '0.00', '', '', 'active', 1, '2022-02-22 19:07:23', 0, '0000-00-00 00:00:00', NULL, NULL),
(274, 19, 165, 0, 1, 1, '0.00', '50.00', '50.00', '0.00', '1500.00', '1500.00', '0.00', '23.00', 30, 0, 0, '0.00', '0.00', '0.00', '0.00', '', '', 'active', 1, '2022-02-22 19:07:23', 0, '0000-00-00 00:00:00', NULL, NULL),
(275, 19, 603, 0, 1, 1, '0.00', '50.00', '50.00', '0.00', '250.00', '250.00', '0.00', '35.00', 5, 0, 0, '0.00', '0.00', '0.00', '0.00', '', '', 'active', 1, '2022-02-22 19:07:23', 0, '0000-00-00 00:00:00', NULL, NULL),
(276, 19, 87, 0, 1, 1, '0.00', '300.00', '300.00', '0.00', '3000.00', '3000.00', '0.00', '135.00', 10, 0, 0, '0.00', '0.00', '0.00', '0.00', '', '', 'active', 1, '2022-02-22 19:07:23', 0, '0000-00-00 00:00:00', NULL, NULL),
(277, 19, 366, 0, 1, 1, '0.00', '100.00', '100.00', '0.00', '1000.00', '1000.00', '0.00', '55.00', 10, 0, 0, '0.00', '0.00', '0.00', '0.00', '', '', 'active', 1, '2022-02-22 19:07:23', 0, '0000-00-00 00:00:00', NULL, NULL),
(278, 19, 110, 0, 1, 1, '0.00', '100.00', '100.00', '0.00', '1000.00', '1000.00', '0.00', '76.00', 10, 0, 0, '0.00', '0.00', '0.00', '0.00', '', '', 'active', 1, '2022-02-22 19:07:23', 0, '0000-00-00 00:00:00', NULL, NULL),
(279, 19, 290, 0, 1, 1, '0.00', '100.00', '100.00', '0.00', '1000.00', '1000.00', '0.00', '47.00', 10, 0, 0, '0.00', '0.00', '0.00', '0.00', '', '', 'active', 1, '2022-02-22 19:07:23', 0, '0000-00-00 00:00:00', NULL, NULL),
(280, 19, 442, 0, 1, 1, '0.00', '1000.00', '1000.00', '0.00', '1000.00', '1000.00', '0.00', '313.00', 1, 0, 0, '0.00', '0.00', '0.00', '0.00', '', '', 'active', 1, '2022-02-22 19:07:23', 0, '0000-00-00 00:00:00', NULL, NULL),
(281, 19, 542, 0, 1, 1, '0.00', '3000.00', '3000.00', '0.00', '3000.00', '3000.00', '0.00', '1200.00', 1, 0, 0, '0.00', '0.00', '0.00', '0.00', '', '', 'active', 1, '2022-02-22 19:07:23', 0, '0000-00-00 00:00:00', NULL, NULL),
(282, 19, 125, 0, 1, 1, '0.00', '1000.00', '1000.00', '0.00', '5000.00', '5000.00', '0.00', '490.00', 5, 0, 0, '0.00', '0.00', '0.00', '0.00', '', '', 'active', 1, '2022-02-22 19:07:23', 0, '0000-00-00 00:00:00', NULL, NULL),
(283, 19, 204, 0, 1, 1, '0.00', '100.00', '100.00', '0.00', '1000.00', '1000.00', '0.00', '0.00', 10, 0, 0, '0.00', '0.00', '0.00', '0.00', '', '', 'active', 1, '2022-02-22 19:07:24', 0, '0000-00-00 00:00:00', NULL, NULL),
(284, 19, 178, 0, 1, 1, '0.00', '1000.00', '1000.00', '0.00', '1000.00', '1000.00', '0.00', '150.00', 1, 0, 0, '0.00', '0.00', '0.00', '0.00', '', '', 'active', 1, '2022-02-22 19:07:24', 0, '0000-00-00 00:00:00', NULL, NULL),
(285, 19, 14, 0, 1, 1, '0.00', '25000.00', '25000.00', '0.00', '25000.00', '25000.00', '0.00', '19150.00', 1, 0, 0, '0.00', '0.00', '0.00', '0.00', '', '', 'active', 1, '2022-02-22 19:07:24', 0, '0000-00-00 00:00:00', NULL, NULL),
(286, 19, 66, 0, 1, 1, '0.00', '6000.00', '6000.00', '0.00', '6000.00', '6000.00', '0.00', '4500.00', 1, 0, 0, '0.00', '0.00', '0.00', '0.00', '', '', 'active', 1, '2022-02-22 19:07:24', 0, '0000-00-00 00:00:00', NULL, NULL),
(287, 19, 43, 0, 1, 1, '0.00', '1000.00', '1000.00', '0.00', '2000.00', '2000.00', '0.00', '532.00', 2, 0, 0, '0.00', '0.00', '0.00', '0.00', '', '', 'active', 1, '2022-02-22 19:07:24', 0, '0000-00-00 00:00:00', NULL, NULL),
(288, 19, 222, 0, 1, 1, '0.00', '3500.00', '3500.00', '0.00', '3500.00', '3500.00', '0.00', '2000.00', 1, 0, 0, '0.00', '0.00', '0.00', '0.00', '', '', 'active', 1, '2022-02-22 19:07:24', 0, '0000-00-00 00:00:00', NULL, NULL),
(289, 19, 493, 0, 1, 1, '0.00', '100.00', '100.00', '0.00', '1000.00', '1000.00', '0.00', '44.00', 10, 0, 0, '0.00', '0.00', '0.00', '0.00', '', '', 'active', 1, '2022-02-22 19:07:24', 0, '0000-00-00 00:00:00', NULL, NULL),
(290, 19, 302, 0, 1, 1, '0.00', '100.00', '100.00', '0.00', '1000.00', '1000.00', '0.00', '22.00', 10, 0, 0, '0.00', '0.00', '0.00', '0.00', '', '', 'active', 1, '2022-02-22 19:07:24', 0, '0000-00-00 00:00:00', NULL, NULL),
(291, 19, 309, 0, 1, 1, '0.00', '3000.00', '3000.00', '0.00', '3000.00', '3000.00', '0.00', '1200.00', 1, 0, 0, '0.00', '0.00', '0.00', '0.00', '', '', 'active', 1, '2022-02-22 19:07:24', 0, '0000-00-00 00:00:00', NULL, NULL),
(292, 19, 218, 0, 1, 1, '0.00', '150.00', '150.00', '0.00', '1500.00', '1500.00', '0.00', '98.00', 10, 0, 0, '0.00', '0.00', '0.00', '0.00', '', '', 'active', 1, '2022-02-22 19:07:24', 0, '0000-00-00 00:00:00', NULL, NULL),
(293, 19, 390, 0, 1, 1, '0.00', '50.00', '50.00', '0.00', '500.00', '500.00', '0.00', '17.00', 10, 0, 0, '0.00', '0.00', '0.00', '0.00', '', '', 'active', 1, '2022-02-22 19:07:24', 0, '0000-00-00 00:00:00', NULL, NULL),
(294, 19, 598, 0, 1, 1, '0.00', '1000.00', '1000.00', '0.00', '1000.00', '1000.00', '0.00', '550.00', 1, 0, 0, '0.00', '0.00', '0.00', '0.00', '', '', 'active', 1, '2022-02-22 19:07:24', 0, '0000-00-00 00:00:00', NULL, NULL),
(295, 20, 135, 0, 1, 1, '0.00', '4000.00', '4000.00', '0.00', '4000.00', '4000.00', '0.00', '0.00', 1, 0, 0, '0.00', '0.00', '0.00', '0.00', '', '', 'active', 1, '2022-02-22 19:40:08', 0, '0000-00-00 00:00:00', NULL, NULL),
(296, 20, 13, 0, 1, 1, '0.00', '1000.00', '1000.00', '0.00', '8000.00', '8000.00', '0.00', '150.00', 8, 0, 0, '0.00', '0.00', '0.00', '0.00', '', '', 'active', 1, '2022-02-22 19:40:08', 0, '0000-00-00 00:00:00', NULL, NULL),
(297, 20, 493, 0, 1, 1, '0.00', '100.00', '100.00', '0.00', '1000.00', '1000.00', '0.00', '44.00', 10, 0, 0, '0.00', '0.00', '0.00', '0.00', '', '', 'active', 1, '2022-02-22 19:40:08', 0, '0000-00-00 00:00:00', NULL, NULL),
(298, 20, 300, 0, 1, 1, '0.00', '1500.00', '1500.00', '0.00', '1500.00', '1500.00', '0.00', '660.00', 1, 0, 0, '0.00', '0.00', '0.00', '0.00', '', '', 'active', 1, '2022-02-22 19:40:08', 0, '0000-00-00 00:00:00', NULL, NULL),
(299, 20, 144, 0, 1, 1, '0.00', '700.00', '700.00', '0.00', '7000.00', '7000.00', '0.00', '0.00', 10, 0, 0, '0.00', '0.00', '0.00', '0.00', '', '', 'active', 1, '2022-02-22 19:40:08', 0, '0000-00-00 00:00:00', NULL, NULL),
(300, 20, 194, 0, 1, 1, '0.00', '3000.00', '3000.00', '0.00', '3000.00', '3000.00', '0.00', '1400.00', 1, 0, 0, '0.00', '0.00', '0.00', '0.00', '', '', 'active', 1, '2022-02-22 19:40:08', 0, '0000-00-00 00:00:00', NULL, NULL),
(301, 20, 369, 0, 1, 1, '0.00', '500.00', '500.00', '0.00', '2000.00', '2000.00', '0.00', '225.00', 4, 0, 0, '0.00', '0.00', '0.00', '0.00', '', '', 'active', 1, '2022-02-22 19:40:08', 0, '0000-00-00 00:00:00', NULL, NULL),
(302, 20, 195, 0, 1, 1, '0.00', '5000.00', '5000.00', '0.00', '5000.00', '5000.00', '0.00', '3300.00', 1, 0, 0, '0.00', '0.00', '0.00', '0.00', '', '', 'active', 1, '2022-02-22 19:40:08', 0, '0000-00-00 00:00:00', NULL, NULL),
(303, 20, 557, 0, 1, 1, '0.00', '200.00', '200.00', '0.00', '4000.00', '4000.00', '0.00', '66.00', 20, 0, 0, '0.00', '0.00', '0.00', '0.00', '', '', 'active', 1, '2022-02-22 19:40:08', 0, '0000-00-00 00:00:00', NULL, NULL),
(304, 20, 165, 0, 1, 1, '0.00', '50.00', '50.00', '0.00', '1000.00', '1000.00', '0.00', '23.00', 20, 0, 0, '0.00', '0.00', '0.00', '0.00', '', '', 'active', 1, '2022-02-22 19:40:08', 0, '0000-00-00 00:00:00', NULL, NULL),
(305, 20, 629, 0, 1, 1, '0.00', '2000.00', '2000.00', '0.00', '4000.00', '4000.00', '0.00', '500.00', 2, 0, 0, '0.00', '0.00', '0.00', '0.00', '', '', 'active', 1, '2022-02-22 19:40:08', 0, '0000-00-00 00:00:00', NULL, NULL),
(306, 20, 12, 0, 1, 1, '0.00', '200.00', '200.00', '0.00', '1400.00', '1400.00', '0.00', '88.00', 7, 0, 0, '0.00', '0.00', '0.00', '0.00', '', '', 'active', 1, '2022-02-22 19:40:08', 0, '0000-00-00 00:00:00', NULL, NULL),
(307, 20, 308, 0, 1, 1, '0.00', '3000.00', '3000.00', '0.00', '3000.00', '3000.00', '0.00', '2200.00', 1, 0, 0, '0.00', '0.00', '0.00', '0.00', '', '', 'active', 1, '2022-02-22 19:40:08', 0, '0000-00-00 00:00:00', NULL, NULL),
(308, 20, 377, 0, 1, 1, '0.00', '100.00', '100.00', '0.00', '1500.00', '1500.00', '0.00', '42.00', 15, 0, 0, '0.00', '0.00', '0.00', '0.00', '', '', 'active', 1, '2022-02-22 19:40:08', 0, '0000-00-00 00:00:00', NULL, NULL),
(309, 20, 112, 0, 1, 1, '0.00', '2500.00', '2500.00', '0.00', '5000.00', '5000.00', '0.00', '600.00', 2, 0, 0, '0.00', '0.00', '0.00', '0.00', '', '', 'active', 1, '2022-02-22 19:40:08', 0, '0000-00-00 00:00:00', NULL, NULL),
(310, 20, 529, 0, 1, 1, '0.00', '50.00', '50.00', '0.00', '1000.00', '1000.00', '0.00', '18.00', 20, 0, 0, '0.00', '0.00', '0.00', '0.00', '', '', 'active', 1, '2022-02-22 19:40:08', 0, '0000-00-00 00:00:00', NULL, NULL),
(311, 20, 115, 0, 1, 1, '0.00', '500.00', '500.00', '0.00', '2000.00', '2000.00', '0.00', '390.00', 4, 0, 0, '0.00', '0.00', '0.00', '0.00', '', '', 'active', 1, '2022-02-22 19:40:08', 0, '0000-00-00 00:00:00', NULL, NULL),
(312, 20, 54, 0, 1, 1, '0.00', '3000.00', '3000.00', '0.00', '3000.00', '3000.00', '0.00', '1650.00', 1, 0, 0, '0.00', '0.00', '0.00', '0.00', '', '', 'active', 1, '2022-02-22 19:40:09', 0, '0000-00-00 00:00:00', NULL, NULL),
(313, 20, 125, 0, 1, 1, '0.00', '1000.00', '1000.00', '0.00', '1000.00', '1000.00', '0.00', '490.00', 1, 0, 0, '0.00', '0.00', '0.00', '0.00', '', '', 'active', 1, '2022-02-22 19:40:09', 0, '0000-00-00 00:00:00', NULL, NULL),
(314, 20, 107, 0, 1, 1, '0.00', '500.00', '500.00', '0.00', '1000.00', '1000.00', '0.00', '240.00', 2, 0, 0, '0.00', '0.00', '0.00', '0.00', '', '', 'active', 1, '2022-02-22 19:40:09', 0, '0000-00-00 00:00:00', NULL, NULL),
(315, 20, 616, 0, 1, 1, '0.00', '150.00', '150.00', '0.00', '1500.00', '1500.00', '0.00', '55.00', 10, 0, 0, '0.00', '0.00', '0.00', '0.00', '', '', 'active', 1, '2022-02-22 19:40:09', 0, '0000-00-00 00:00:00', NULL, NULL),
(316, 20, 127, 0, 1, 1, '0.00', '2000.00', '2000.00', '0.00', '28000.00', '28000.00', '0.00', '1600.00', 14, 0, 0, '0.00', '0.00', '0.00', '0.00', '', '', 'active', 1, '2022-02-22 19:40:09', 0, '0000-00-00 00:00:00', NULL, NULL),
(317, 20, 442, 0, 1, 1, '0.00', '1000.00', '1000.00', '0.00', '2000.00', '2000.00', '0.00', '313.00', 2, 0, 0, '0.00', '0.00', '0.00', '0.00', '', '', 'active', 1, '2022-02-22 19:40:09', 0, '0000-00-00 00:00:00', NULL, NULL),
(318, 20, 72, 0, 1, 1, '0.00', '25000.00', '25000.00', '0.00', '25000.00', '25000.00', '0.00', '16500.00', 1, 0, 0, '0.00', '0.00', '0.00', '0.00', '', '', 'active', 1, '2022-02-22 19:40:09', 0, '0000-00-00 00:00:00', NULL, NULL),
(319, 20, 281, 0, 1, 1, '0.00', '3000.00', '3000.00', '0.00', '3000.00', '3000.00', '0.00', '1200.00', 1, 0, 0, '0.00', '0.00', '0.00', '0.00', '', '', 'active', 1, '2022-02-22 19:40:09', 0, '0000-00-00 00:00:00', NULL, NULL),
(320, 20, 280, 0, 1, 1, '0.00', '100.00', '100.00', '0.00', '2000.00', '2000.00', '0.00', '33.00', 20, 0, 0, '0.00', '0.00', '0.00', '0.00', '', '', 'active', 1, '2022-02-22 19:40:09', 0, '0000-00-00 00:00:00', NULL, NULL),
(321, 20, 204, 0, 1, 1, '0.00', '100.00', '100.00', '0.00', '1000.00', '1000.00', '0.00', '0.00', 10, 0, 0, '0.00', '0.00', '0.00', '0.00', '', '', 'active', 1, '2022-02-22 19:40:09', 0, '0000-00-00 00:00:00', NULL, NULL),
(322, 20, 582, 0, 1, 1, '0.00', '3000.00', '3000.00', '0.00', '3000.00', '3000.00', '0.00', '450.00', 1, 0, 0, '0.00', '0.00', '0.00', '0.00', '', '', 'active', 1, '2022-02-22 19:40:09', 0, '0000-00-00 00:00:00', NULL, NULL),
(323, 20, 225, 0, 1, 1, '0.00', '5000.00', '5000.00', '0.00', '5000.00', '5000.00', '0.00', '2700.00', 1, 0, 0, '0.00', '0.00', '0.00', '0.00', '', '', 'active', 1, '2022-02-22 19:40:09', 0, '0000-00-00 00:00:00', NULL, NULL),
(324, 20, 478, 0, 1, 1, '0.00', '3000.00', '3000.00', '0.00', '3000.00', '3000.00', '0.00', '1100.00', 1, 0, 0, '0.00', '0.00', '0.00', '0.00', '', '', 'active', 1, '2022-02-22 19:40:09', 0, '0000-00-00 00:00:00', NULL, NULL),
(325, 20, 186, 0, 1, 1, '0.00', '3000.00', '3000.00', '0.00', '3000.00', '3000.00', '0.00', '1541.00', 1, 0, 0, '0.00', '0.00', '0.00', '0.00', '', '', 'active', 1, '2022-02-22 19:40:09', 0, '0000-00-00 00:00:00', NULL, NULL),
(326, 20, 102, 0, 1, 1, '0.00', '1500.00', '1500.00', '0.00', '3000.00', '3000.00', '0.00', '850.00', 2, 0, 0, '0.00', '0.00', '0.00', '0.00', '', '', 'active', 1, '2022-02-22 19:40:09', 0, '0000-00-00 00:00:00', NULL, NULL),
(327, 21, 226, 0, 1, 1, '0.00', '1167.00', '1167.00', '0.00', '3501.00', '3501.00', '0.00', '750.00', 3, 0, 0, '0.00', '0.00', '0.00', '0.00', '', '', 'active', 1, '2022-02-22 19:57:51', 0, '0000-00-00 00:00:00', NULL, NULL),
(328, 21, 634, 0, 1, 1, '0.00', '50.00', '50.00', '0.00', '500.00', '500.00', '0.00', '12.00', 10, 0, 0, '0.00', '0.00', '0.00', '0.00', '', '', 'active', 1, '2022-02-22 19:57:51', 0, '0000-00-00 00:00:00', NULL, NULL),
(329, 21, 204, 0, 1, 1, '0.00', '100.00', '100.00', '0.00', '3000.00', '3000.00', '0.00', '0.00', 30, 0, 0, '0.00', '0.00', '0.00', '0.00', '', '', 'active', 1, '2022-02-22 19:57:51', 0, '0000-00-00 00:00:00', NULL, NULL),
(330, 21, 290, 0, 1, 1, '0.00', '100.00', '100.00', '0.00', '8000.00', '8000.00', '0.00', '47.00', 80, 0, 0, '0.00', '0.00', '0.00', '0.00', '', '', 'active', 1, '2022-02-22 19:57:51', 0, '0000-00-00 00:00:00', NULL, NULL),
(331, 21, 165, 0, 1, 1, '0.00', '50.00', '50.00', '0.00', '1000.00', '1000.00', '0.00', '23.00', 20, 0, 0, '0.00', '0.00', '0.00', '0.00', '', '', 'active', 1, '2022-02-22 19:57:52', 0, '0000-00-00 00:00:00', NULL, NULL),
(332, 21, 587, 0, 1, 1, '0.00', '1500.00', '1500.00', '0.00', '1500.00', '1500.00', '0.00', '550.00', 1, 0, 0, '0.00', '0.00', '0.00', '0.00', '', '', 'active', 1, '2022-02-22 19:57:52', 0, '0000-00-00 00:00:00', NULL, NULL),
(333, 21, 561, 0, 1, 1, '0.00', '2000.00', '2000.00', '0.00', '2000.00', '2000.00', '0.00', '990.00', 1, 0, 0, '0.00', '0.00', '0.00', '0.00', '', '', 'active', 1, '2022-02-22 19:57:52', 0, '0000-00-00 00:00:00', NULL, NULL),
(334, 21, 603, 0, 1, 1, '0.00', '50.00', '50.00', '0.00', '500.00', '500.00', '0.00', '35.00', 10, 0, 0, '0.00', '0.00', '0.00', '0.00', '', '', 'active', 1, '2022-02-22 19:57:52', 0, '0000-00-00 00:00:00', NULL, NULL),
(335, 21, 265, 0, 1, 1, '0.00', '100.00', '100.00', '0.00', '1500.00', '1500.00', '0.00', '55.00', 15, 0, 0, '0.00', '0.00', '0.00', '0.00', '', '', 'active', 1, '2022-02-22 19:57:52', 0, '0000-00-00 00:00:00', NULL, NULL),
(336, 21, 574, 0, 1, 1, '0.00', '3000.00', '3000.00', '0.00', '3000.00', '3000.00', '0.00', '1650.00', 1, 0, 0, '0.00', '0.00', '0.00', '0.00', '', '', 'active', 1, '2022-02-22 19:57:52', 0, '0000-00-00 00:00:00', NULL, NULL),
(337, 21, 18, 0, 1, 1, '0.00', '1500.00', '1500.00', '0.00', '1500.00', '1500.00', '0.00', '700.00', 1, 0, 0, '0.00', '0.00', '0.00', '0.00', '', '', 'active', 1, '2022-02-22 19:57:52', 0, '0000-00-00 00:00:00', NULL, NULL),
(338, 21, 64, 0, 1, 1, '0.00', '3333.00', '3333.00', '0.00', '9999.00', '9999.00', '0.00', '2083.00', 3, 0, 0, '0.00', '0.00', '0.00', '0.00', '', '', 'active', 1, '2022-02-22 19:57:52', 0, '0000-00-00 00:00:00', NULL, NULL),
(339, 21, 373, 0, 1, 1, '0.00', '1000.00', '1000.00', '0.00', '1000.00', '1000.00', '0.00', '330.00', 1, 0, 0, '0.00', '0.00', '0.00', '0.00', '', '', 'active', 1, '2022-02-22 19:57:52', 0, '0000-00-00 00:00:00', NULL, NULL),
(340, 21, 8, 0, 1, 1, '0.00', '4500.00', '4500.00', '0.00', '4500.00', '4500.00', '0.00', '3000.00', 1, 0, 0, '0.00', '0.00', '0.00', '0.00', '', '', 'active', 1, '2022-02-22 19:57:52', 0, '0000-00-00 00:00:00', NULL, NULL),
(341, 21, 385, 0, 1, 1, '0.00', '4000.00', '4000.00', '0.00', '4000.00', '4000.00', '0.00', '2020.00', 1, 0, 0, '0.00', '0.00', '0.00', '0.00', '', '', 'active', 1, '2022-02-22 19:57:52', 0, '0000-00-00 00:00:00', NULL, NULL),
(342, 21, 292, 0, 1, 1, '0.00', '100.00', '100.00', '0.00', '1000.00', '1000.00', '0.00', '70.00', 10, 0, 0, '0.00', '0.00', '0.00', '0.00', '', '', 'active', 1, '2022-02-22 19:57:52', 0, '0000-00-00 00:00:00', NULL, NULL),
(343, 21, 73, 0, 1, 1, '0.00', '3000.00', '3000.00', '0.00', '3000.00', '3000.00', '0.00', '1650.00', 1, 0, 0, '0.00', '0.00', '0.00', '0.00', '', '', 'active', 1, '2022-02-22 19:57:52', 0, '0000-00-00 00:00:00', NULL, NULL),
(344, 21, 415, 0, 1, 1, '0.00', '1000.00', '1000.00', '0.00', '15000.00', '15000.00', '0.00', '463.00', 15, 0, 0, '0.00', '0.00', '0.00', '0.00', '', '', 'active', 1, '2022-02-22 19:57:52', 0, '0000-00-00 00:00:00', NULL, NULL),
(345, 21, 112, 0, 1, 1, '0.00', '2500.00', '2500.00', '0.00', '5000.00', '5000.00', '0.00', '600.00', 2, 0, 0, '0.00', '0.00', '0.00', '0.00', '', '', 'active', 1, '2022-02-22 19:57:52', 0, '0000-00-00 00:00:00', NULL, NULL),
(346, 21, 247, 0, 1, 1, '0.00', '2000.00', '2000.00', '0.00', '2000.00', '2000.00', '0.00', '1500.00', 1, 0, 0, '0.00', '0.00', '0.00', '0.00', '', '', 'active', 1, '2022-02-22 19:57:52', 0, '0000-00-00 00:00:00', NULL, NULL),
(347, 21, 593, 0, 1, 1, '0.00', '100.00', '100.00', '0.00', '1000.00', '1000.00', '0.00', '31.00', 10, 0, 0, '0.00', '0.00', '0.00', '0.00', '', '', 'active', 1, '2022-02-22 19:57:52', 0, '0000-00-00 00:00:00', NULL, NULL),
(348, 21, 384, 0, 1, 1, '0.00', '3000.00', '3000.00', '0.00', '3000.00', '3000.00', '0.00', '1900.00', 1, 0, 0, '0.00', '0.00', '0.00', '0.00', '', '', 'active', 1, '2022-02-22 19:57:52', 0, '0000-00-00 00:00:00', NULL, NULL),
(349, 21, 605, 0, 1, 1, '0.00', '150.00', '150.00', '0.00', '600.00', '600.00', '0.00', '96.00', 4, 0, 0, '0.00', '0.00', '0.00', '0.00', '', '', 'active', 1, '2022-02-22 19:57:52', 0, '0000-00-00 00:00:00', NULL, NULL),
(350, 22, 289, 0, 1, 1, '0.00', '100.00', '100.00', '0.00', '900.00', '900.00', '0.00', '46.00', 9, 0, 0, '0.00', '0.00', '0.00', '0.00', '', '', 'active', 1, '2022-02-23 18:48:49', 0, '0000-00-00 00:00:00', NULL, NULL),
(351, 22, 600, 0, 1, 1, '0.00', '125.00', '125.00', '0.00', '3000.00', '3000.00', '0.00', '67.00', 24, 0, 0, '0.00', '0.00', '0.00', '0.00', '', '', 'active', 1, '2022-02-23 18:48:49', 0, '0000-00-00 00:00:00', NULL, NULL),
(352, 22, 366, 0, 1, 1, '0.00', '100.00', '100.00', '0.00', '1500.00', '1500.00', '0.00', '55.00', 15, 0, 0, '0.00', '0.00', '0.00', '0.00', '', '', 'active', 1, '2022-02-23 18:48:49', 0, '0000-00-00 00:00:00', NULL, NULL),
(353, 22, 165, 0, 1, 1, '0.00', '50.00', '50.00', '0.00', '1500.00', '1500.00', '0.00', '23.00', 30, 0, 0, '0.00', '0.00', '0.00', '0.00', '', '', 'active', 1, '2022-02-23 18:48:49', 0, '0000-00-00 00:00:00', NULL, NULL),
(354, 22, 475, 0, 1, 1, '0.00', '400.00', '400.00', '0.00', '2000.00', '2000.00', '0.00', '250.00', 5, 0, 0, '0.00', '0.00', '0.00', '0.00', '', '', 'active', 1, '2022-02-23 18:48:49', 0, '0000-00-00 00:00:00', NULL, NULL),
(355, 22, 157, 0, 1, 1, '0.00', '3000.00', '3000.00', '0.00', '3000.00', '3000.00', '0.00', '1650.00', 1, 0, 0, '0.00', '0.00', '0.00', '0.00', '', '', 'active', 1, '2022-02-23 18:48:49', 0, '0000-00-00 00:00:00', NULL, NULL),
(356, 22, 152, 0, 1, 1, '0.00', '150.00', '150.00', '0.00', '1500.00', '1500.00', '0.00', '0.00', 10, 0, 0, '0.00', '0.00', '0.00', '0.00', '', '', 'active', 1, '2022-02-23 18:48:49', 0, '0000-00-00 00:00:00', NULL, NULL),
(357, 22, 425, 0, 1, 1, '0.00', '200.00', '200.00', '0.00', '2000.00', '2000.00', '0.00', '123.00', 10, 0, 0, '0.00', '0.00', '0.00', '0.00', '', '', 'active', 1, '2022-02-23 18:48:49', 0, '0000-00-00 00:00:00', NULL, NULL),
(358, 22, 292, 0, 1, 1, '0.00', '100.00', '100.00', '0.00', '1500.00', '1500.00', '0.00', '70.00', 15, 0, 0, '0.00', '0.00', '0.00', '0.00', '', '', 'active', 1, '2022-02-23 18:48:49', 0, '0000-00-00 00:00:00', NULL, NULL),
(359, 22, 211, 0, 1, 1, '0.00', '2000.00', '2000.00', '0.00', '2000.00', '2000.00', '0.00', '850.00', 1, 0, 0, '0.00', '0.00', '0.00', '0.00', '', '', 'active', 1, '2022-02-23 18:48:49', 0, '0000-00-00 00:00:00', NULL, NULL),
(360, 22, 613, 0, 1, 1, '0.00', '50.00', '50.00', '0.00', '500.00', '500.00', '0.00', '20.00', 10, 0, 0, '0.00', '0.00', '0.00', '0.00', '', '', 'active', 1, '2022-02-23 18:48:49', 0, '0000-00-00 00:00:00', NULL, NULL),
(361, 22, 228, 0, 1, 1, '0.00', '100.00', '100.00', '0.00', '1500.00', '1500.00', '0.00', '20.00', 15, 0, 0, '0.00', '0.00', '0.00', '0.00', '', '', 'active', 1, '2022-02-23 18:48:49', 0, '0000-00-00 00:00:00', NULL, NULL),
(362, 22, 323, 0, 1, 1, '0.00', '250.00', '250.00', '0.00', '1000.00', '1000.00', '0.00', '148.00', 4, 0, 0, '0.00', '0.00', '0.00', '0.00', '', '', 'active', 1, '2022-02-23 18:48:49', 0, '0000-00-00 00:00:00', NULL, NULL),
(363, 22, 12, 0, 1, 1, '0.00', '200.00', '200.00', '0.00', '3000.00', '3000.00', '0.00', '88.00', 15, 0, 0, '0.00', '0.00', '0.00', '0.00', '', '', 'active', 1, '2022-02-23 18:48:49', 0, '0000-00-00 00:00:00', NULL, NULL),
(364, 22, 618, 0, 1, 1, '0.00', '150.00', '150.00', '0.00', '1500.00', '1500.00', '0.00', '77.00', 10, 0, 0, '0.00', '0.00', '0.00', '0.00', '', '', 'active', 1, '2022-02-23 18:48:49', 0, '0000-00-00 00:00:00', NULL, NULL),
(365, 22, 112, 0, 1, 1, '0.00', '2500.00', '2500.00', '0.00', '5000.00', '5000.00', '0.00', '600.00', 2, 0, 0, '0.00', '0.00', '0.00', '0.00', '', '', 'active', 1, '2022-02-23 18:48:49', 0, '0000-00-00 00:00:00', NULL, NULL),
(366, 22, 10, 0, 1, 1, '0.00', '2500.00', '2500.00', '0.00', '5000.00', '5000.00', '0.00', '1150.00', 2, 0, 0, '0.00', '0.00', '0.00', '0.00', '', '', 'active', 1, '2022-02-23 18:48:49', 0, '0000-00-00 00:00:00', NULL, NULL),
(367, 22, 468, 0, 1, 1, '0.00', '3500.00', '3500.00', '0.00', '3500.00', '3500.00', '0.00', '2200.00', 1, 0, 0, '0.00', '0.00', '0.00', '0.00', '', '', 'active', 1, '2022-02-23 18:48:49', 0, '0000-00-00 00:00:00', NULL, NULL),
(368, 22, 414, 0, 1, 1, '0.00', '10000.00', '10000.00', '0.00', '10000.00', '10000.00', '0.00', '7950.00', 1, 0, 0, '0.00', '0.00', '0.00', '0.00', '', '', 'active', 1, '2022-02-23 18:48:49', 0, '0000-00-00 00:00:00', NULL, NULL),
(369, 22, 603, 0, 1, 1, '0.00', '50.00', '50.00', '0.00', '200.00', '200.00', '0.00', '35.00', 4, 0, 0, '0.00', '0.00', '0.00', '0.00', '', '', 'active', 1, '2022-02-23 18:48:49', 0, '0000-00-00 00:00:00', NULL, NULL),
(370, 22, 43, 0, 1, 1, '0.00', '1000.00', '1000.00', '0.00', '1000.00', '1000.00', '0.00', '532.00', 1, 0, 0, '0.00', '0.00', '0.00', '0.00', '', '', 'active', 1, '2022-02-23 18:48:50', 0, '0000-00-00 00:00:00', NULL, NULL),
(371, 22, 204, 0, 1, 1, '0.00', '100.00', '100.00', '0.00', '2000.00', '2000.00', '0.00', '0.00', 20, 0, 0, '0.00', '0.00', '0.00', '0.00', '', '', 'active', 1, '2022-02-23 18:48:50', 0, '0000-00-00 00:00:00', NULL, NULL),
(372, 22, 217, 0, 1, 1, '0.00', '1667.00', '1667.00', '0.00', '10002.00', '10002.00', '0.00', '733.00', 6, 0, 0, '0.00', '0.00', '0.00', '0.00', '', '', 'active', 1, '2022-02-23 18:48:50', 0, '0000-00-00 00:00:00', NULL, NULL),
(373, 22, 178, 0, 1, 1, '0.00', '1000.00', '1000.00', '0.00', '1000.00', '1000.00', '0.00', '150.00', 1, 0, 0, '0.00', '0.00', '0.00', '0.00', '', '', 'active', 1, '2022-02-23 18:48:50', 0, '0000-00-00 00:00:00', NULL, NULL),
(374, 22, 110, 0, 1, 1, '0.00', '100.00', '100.00', '0.00', '1000.00', '1000.00', '0.00', '76.00', 10, 0, 0, '0.00', '0.00', '0.00', '0.00', '', '', 'active', 1, '2022-02-23 18:48:50', 0, '0000-00-00 00:00:00', NULL, NULL),
(375, 22, 221, 0, 1, 1, '0.00', '3500.00', '3500.00', '0.00', '3500.00', '3500.00', '0.00', '2000.00', 1, 0, 0, '0.00', '0.00', '0.00', '0.00', '', '', 'active', 1, '2022-02-23 18:48:50', 0, '0000-00-00 00:00:00', NULL, NULL),
(376, 22, 96, 0, 1, 1, '0.00', '3000.00', '3000.00', '0.00', '3000.00', '3000.00', '0.00', '1650.00', 1, 0, 0, '0.00', '0.00', '0.00', '0.00', '', '', 'active', 1, '2022-02-23 18:48:50', 0, '0000-00-00 00:00:00', NULL, NULL),
(377, 22, 265, 0, 1, 1, '0.00', '100.00', '100.00', '0.00', '1500.00', '1500.00', '0.00', '55.00', 15, 0, 0, '0.00', '0.00', '0.00', '0.00', '', '', 'active', 1, '2022-02-23 18:48:50', 0, '0000-00-00 00:00:00', NULL, NULL),
(378, 22, 493, 0, 1, 1, '0.00', '100.00', '100.00', '0.00', '300.00', '300.00', '0.00', '44.00', 3, 0, 0, '0.00', '0.00', '0.00', '0.00', '', '', 'active', 1, '2022-02-23 18:48:50', 0, '0000-00-00 00:00:00', NULL, NULL),
(379, 22, 13, 0, 1, 1, '0.00', '1000.00', '1000.00', '0.00', '3000.00', '3000.00', '0.00', '150.00', 3, 0, 0, '0.00', '0.00', '0.00', '0.00', '', '', 'active', 1, '2022-02-23 18:48:50', 0, '0000-00-00 00:00:00', NULL, NULL),
(380, 22, 168, 0, 1, 1, '0.00', '100.00', '100.00', '0.00', '3000.00', '3000.00', '0.00', '50.00', 30, 0, 0, '0.00', '0.00', '0.00', '0.00', '', '', 'active', 1, '2022-02-23 18:48:50', 0, '0000-00-00 00:00:00', NULL, NULL),
(381, 23, 204, 0, 1, 1, '0.00', '100.00', '100.00', '0.00', '2000.00', '2000.00', '0.00', '0.00', 20, 0, 0, '0.00', '0.00', '0.00', '0.00', '', '', 'active', 1, '2022-02-23 19:02:51', 0, '0000-00-00 00:00:00', NULL, NULL),
(382, 23, 634, 0, 1, 1, '0.00', '50.00', '50.00', '0.00', '400.00', '400.00', '0.00', '12.00', 8, 0, 0, '0.00', '0.00', '0.00', '0.00', '', '', 'active', 1, '2022-02-23 19:02:52', 0, '0000-00-00 00:00:00', NULL, NULL),
(383, 23, 623, 0, 1, 1, '0.00', '4000.00', '4000.00', '0.00', '4000.00', '4000.00', '0.00', '2333.00', 1, 0, 0, '0.00', '0.00', '0.00', '0.00', '', '', 'active', 1, '2022-02-23 19:02:52', 0, '0000-00-00 00:00:00', NULL, NULL),
(384, 23, 617, 0, 1, 1, '0.00', '400.00', '400.00', '0.00', '11200.00', '11200.00', '0.00', '249.00', 28, 0, 0, '0.00', '0.00', '0.00', '0.00', '', '', 'active', 1, '2022-02-23 19:02:52', 0, '0000-00-00 00:00:00', NULL, NULL),
(385, 23, 10, 0, 1, 1, '0.00', '2500.00', '2500.00', '0.00', '2500.00', '2500.00', '0.00', '1150.00', 1, 0, 0, '0.00', '0.00', '0.00', '0.00', '', '', 'active', 1, '2022-02-23 19:02:52', 0, '0000-00-00 00:00:00', NULL, NULL),
(386, 23, 543, 0, 1, 1, '0.00', '100.00', '100.00', '0.00', '1000.00', '1000.00', '0.00', '27.00', 10, 0, 0, '0.00', '0.00', '0.00', '0.00', '', '', 'active', 1, '2022-02-23 19:02:52', 0, '0000-00-00 00:00:00', NULL, NULL),
(387, 23, 125, 0, 1, 1, '0.00', '1000.00', '1000.00', '0.00', '3000.00', '3000.00', '0.00', '490.00', 3, 0, 0, '0.00', '0.00', '0.00', '0.00', '', '', 'active', 1, '2022-02-23 19:02:52', 0, '0000-00-00 00:00:00', NULL, NULL),
(388, 23, 292, 0, 1, 1, '0.00', '100.00', '100.00', '0.00', '500.00', '500.00', '0.00', '70.00', 5, 0, 0, '0.00', '0.00', '0.00', '0.00', '', '', 'active', 1, '2022-02-23 19:02:52', 0, '0000-00-00 00:00:00', NULL, NULL),
(389, 23, 219, 0, 1, 1, '0.00', '200.00', '200.00', '0.00', '2000.00', '2000.00', '0.00', '60.00', 10, 0, 0, '0.00', '0.00', '0.00', '0.00', '', '', 'active', 1, '2022-02-23 19:02:52', 0, '0000-00-00 00:00:00', NULL, NULL),
(390, 23, 371, 0, 1, 1, '0.00', '2000.00', '2000.00', '0.00', '2000.00', '2000.00', '0.00', '500.00', 1, 0, 0, '0.00', '0.00', '0.00', '0.00', '', '', 'active', 1, '2022-02-23 19:02:52', 0, '0000-00-00 00:00:00', NULL, NULL),
(391, 23, 99, 0, 1, 1, '0.00', '200.00', '200.00', '0.00', '2000.00', '2000.00', '0.00', '110.00', 10, 0, 0, '0.00', '0.00', '0.00', '0.00', '', '', 'active', 1, '2022-02-23 19:02:52', 0, '0000-00-00 00:00:00', NULL, NULL),
(392, 23, 290, 0, 1, 1, '0.00', '100.00', '100.00', '0.00', '2000.00', '2000.00', '0.00', '47.00', 20, 0, 0, '0.00', '0.00', '0.00', '0.00', '', '', 'active', 1, '2022-02-23 19:02:52', 0, '0000-00-00 00:00:00', NULL, NULL),
(393, 23, 508, 0, 1, 1, '0.00', '2000.00', '2000.00', '0.00', '2000.00', '2000.00', '0.00', '1300.00', 1, 0, 0, '0.00', '0.00', '0.00', '0.00', '', '', 'active', 1, '2022-02-23 19:02:52', 0, '0000-00-00 00:00:00', NULL, NULL),
(394, 23, 245, 0, 1, 1, '0.00', '3000.00', '3000.00', '0.00', '3000.00', '3000.00', '0.00', '1600.00', 1, 0, 0, '0.00', '0.00', '0.00', '0.00', '', '', 'active', 1, '2022-02-23 19:02:52', 0, '0000-00-00 00:00:00', NULL, NULL),
(395, 23, 449, 0, 1, 1, '0.00', '3500.00', '3500.00', '0.00', '3500.00', '3500.00', '0.00', '1485.00', 1, 0, 0, '0.00', '0.00', '0.00', '0.00', '', '', 'active', 1, '2022-02-23 19:02:52', 0, '0000-00-00 00:00:00', NULL, NULL),
(396, 23, 202, 0, 1, 1, '0.00', '2000.00', '2000.00', '0.00', '2000.00', '2000.00', '0.00', '650.00', 1, 0, 0, '0.00', '0.00', '0.00', '0.00', '', '', 'active', 1, '2022-02-23 19:02:52', 0, '0000-00-00 00:00:00', NULL, NULL),
(397, 23, 447, 0, 1, 1, '0.00', '3000.00', '3000.00', '0.00', '3000.00', '3000.00', '0.00', '1541.00', 1, 0, 0, '0.00', '0.00', '0.00', '0.00', '', '', 'active', 1, '2022-02-23 19:02:52', 0, '0000-00-00 00:00:00', NULL, NULL),
(398, 23, 145, 0, 1, 1, '0.00', '1000.00', '1000.00', '0.00', '10000.00', '10000.00', '0.00', '0.00', 10, 0, 0, '0.00', '0.00', '0.00', '0.00', '', '', 'active', 1, '2022-02-23 19:02:52', 0, '0000-00-00 00:00:00', NULL, NULL),
(399, 23, 605, 0, 1, 1, '0.00', '150.00', '150.00', '0.00', '300.00', '300.00', '0.00', '96.00', 2, 0, 0, '0.00', '0.00', '0.00', '0.00', '', '', 'active', 1, '2022-02-23 19:02:52', 0, '0000-00-00 00:00:00', NULL, NULL),
(400, 23, 152, 0, 1, 1, '0.00', '150.00', '150.00', '0.00', '4500.00', '4500.00', '0.00', '0.00', 30, 0, 0, '0.00', '0.00', '0.00', '0.00', '', '', 'active', 1, '2022-02-23 19:02:52', 0, '0000-00-00 00:00:00', NULL, NULL),
(401, 23, 176, 0, 1, 1, '0.00', '200.00', '200.00', '0.00', '200.00', '200.00', '0.00', '88.00', 1, 0, 0, '0.00', '0.00', '0.00', '0.00', '', '', 'active', 1, '2022-02-23 19:02:52', 0, '0000-00-00 00:00:00', NULL, NULL),
(402, 23, 217, 0, 1, 1, '0.00', '1667.00', '1667.00', '0.00', '5001.00', '5001.00', '0.00', '733.00', 3, 0, 0, '0.00', '0.00', '0.00', '0.00', '', '', 'active', 1, '2022-02-23 19:02:52', 0, '0000-00-00 00:00:00', NULL, NULL),
(403, 23, 85, 0, 1, 1, '0.00', '3000.00', '3000.00', '0.00', '3000.00', '3000.00', '0.00', '1900.00', 1, 0, 0, '0.00', '0.00', '0.00', '0.00', '', '', 'active', 1, '2022-02-23 19:02:52', 0, '0000-00-00 00:00:00', NULL, NULL),
(404, 23, 366, 0, 1, 1, '0.00', '100.00', '100.00', '0.00', '1000.00', '1000.00', '0.00', '55.00', 10, 0, 0, '0.00', '0.00', '0.00', '0.00', '', '', 'active', 1, '2022-02-23 19:02:52', 0, '0000-00-00 00:00:00', NULL, NULL),
(405, 23, 200, 0, 1, 1, '0.00', '100.00', '100.00', '0.00', '1000.00', '1000.00', '0.00', '29.00', 10, 0, 0, '0.00', '0.00', '0.00', '0.00', '', '', 'active', 1, '2022-02-23 19:02:52', 0, '0000-00-00 00:00:00', NULL, NULL),
(406, 23, 111, 0, 1, 1, '0.00', '4000.00', '4000.00', '0.00', '4000.00', '4000.00', '0.00', '2200.00', 1, 0, 0, '0.00', '0.00', '0.00', '0.00', '', '', 'active', 1, '2022-02-23 19:02:52', 0, '0000-00-00 00:00:00', NULL, NULL),
(407, 23, 12, 0, 1, 1, '0.00', '200.00', '200.00', '0.00', '6000.00', '6000.00', '0.00', '88.00', 30, 0, 0, '0.00', '0.00', '0.00', '0.00', '', '', 'active', 1, '2022-02-23 19:02:52', 0, '0000-00-00 00:00:00', NULL, NULL),
(408, 24, 168, 0, 1, 1, '0.00', '100.00', '100.00', '0.00', '1500.00', '1500.00', '0.00', '50.00', 15, 0, 0, '0.00', '0.00', '0.00', '0.00', '', '', 'active', 1, '2022-02-23 19:34:24', 0, '0000-00-00 00:00:00', NULL, NULL),
(409, 24, 165, 0, 1, 1, '0.00', '50.00', '50.00', '0.00', '1500.00', '1500.00', '0.00', '23.00', 30, 0, 0, '0.00', '0.00', '0.00', '0.00', '', '', 'active', 1, '2022-02-23 19:34:24', 0, '0000-00-00 00:00:00', NULL, NULL),
(410, 24, 375, 0, 1, 1, '0.00', '1500.00', '1500.00', '0.00', '1500.00', '1500.00', '0.00', '450.00', 1, 0, 0, '0.00', '0.00', '0.00', '0.00', '', '', 'active', 1, '2022-02-23 19:34:24', 0, '0000-00-00 00:00:00', NULL, NULL),
(411, 24, 227, 0, 1, 1, '0.00', '500.00', '500.00', '0.00', '1500.00', '1500.00', '0.00', '133.00', 3, 0, 0, '0.00', '0.00', '0.00', '0.00', '', '', 'active', 1, '2022-02-23 19:34:24', 0, '0000-00-00 00:00:00', NULL, NULL),
(412, 24, 204, 0, 1, 1, '0.00', '100.00', '100.00', '0.00', '2500.00', '2500.00', '0.00', '0.00', 25, 0, 0, '0.00', '0.00', '0.00', '0.00', '', '', 'active', 1, '2022-02-23 19:34:24', 0, '0000-00-00 00:00:00', NULL, NULL),
(413, 24, 181, 0, 1, 1, '0.00', '200.00', '200.00', '0.00', '2000.00', '2000.00', '0.00', '67.00', 10, 0, 0, '0.00', '0.00', '0.00', '0.00', '', '', 'active', 1, '2022-02-23 19:34:24', 0, '0000-00-00 00:00:00', NULL, NULL),
(414, 24, 338, 0, 1, 1, '0.00', '350.00', '350.00', '0.00', '14000.00', '14000.00', '0.00', '171.00', 40, 0, 0, '0.00', '0.00', '0.00', '0.00', '', '', 'active', 1, '2022-02-23 19:34:24', 0, '0000-00-00 00:00:00', NULL, NULL),
(415, 24, 112, 0, 1, 1, '0.00', '2500.00', '2500.00', '0.00', '5000.00', '5000.00', '0.00', '600.00', 2, 0, 0, '0.00', '0.00', '0.00', '0.00', '', '', 'active', 1, '2022-02-23 19:34:24', 0, '0000-00-00 00:00:00', NULL, NULL),
(416, 24, 598, 0, 1, 1, '0.00', '1000.00', '1000.00', '0.00', '1000.00', '1000.00', '0.00', '550.00', 1, 0, 0, '0.00', '0.00', '0.00', '0.00', '', '', 'active', 1, '2022-02-23 19:34:24', 0, '0000-00-00 00:00:00', NULL, NULL),
(417, 24, 629, 0, 1, 1, '0.00', '2000.00', '2000.00', '0.00', '2000.00', '2000.00', '0.00', '500.00', 1, 0, 0, '0.00', '0.00', '0.00', '0.00', '', '', 'active', 1, '2022-02-23 19:34:24', 0, '0000-00-00 00:00:00', NULL, NULL),
(418, 24, 94, 0, 1, 1, '0.00', '3000.00', '3000.00', '0.00', '3000.00', '3000.00', '0.00', '1980.00', 1, 0, 0, '0.00', '0.00', '0.00', '0.00', '', '', 'active', 1, '2022-02-23 19:34:24', 0, '0000-00-00 00:00:00', NULL, NULL),
(419, 24, 613, 0, 1, 1, '0.00', '50.00', '50.00', '0.00', '500.00', '500.00', '0.00', '20.00', 10, 0, 0, '0.00', '0.00', '0.00', '0.00', '', '', 'active', 1, '2022-02-23 19:34:24', 0, '0000-00-00 00:00:00', NULL, NULL),
(420, 24, 163, 0, 1, 1, '0.00', '100.00', '100.00', '0.00', '1000.00', '1000.00', '0.00', '55.00', 10, 0, 0, '0.00', '0.00', '0.00', '0.00', '', '', 'active', 1, '2022-02-23 19:34:24', 0, '0000-00-00 00:00:00', NULL, NULL),
(421, 24, 89, 0, 1, 1, '0.00', '3000.00', '3000.00', '0.00', '3000.00', '3000.00', '0.00', '1650.00', 1, 0, 0, '0.00', '0.00', '0.00', '0.00', '', '', 'active', 1, '2022-02-23 19:34:24', 0, '0000-00-00 00:00:00', NULL, NULL),
(422, 24, 373, 0, 1, 1, '0.00', '1000.00', '1000.00', '0.00', '1000.00', '1000.00', '0.00', '330.00', 1, 0, 0, '0.00', '0.00', '0.00', '0.00', '', '', 'active', 1, '2022-02-23 19:34:24', 0, '0000-00-00 00:00:00', NULL, NULL),
(423, 24, 292, 0, 1, 1, '0.00', '100.00', '100.00', '0.00', '2000.00', '2000.00', '0.00', '70.00', 20, 0, 0, '0.00', '0.00', '0.00', '0.00', '', '', 'active', 1, '2022-02-23 19:34:24', 0, '0000-00-00 00:00:00', NULL, NULL),
(424, 24, 240, 0, 1, 1, '0.00', '3500.00', '3500.00', '0.00', '3500.00', '3500.00', '0.00', '2800.00', 1, 0, 0, '0.00', '0.00', '0.00', '0.00', '', '', 'active', 1, '2022-02-23 19:34:24', 0, '0000-00-00 00:00:00', NULL, NULL),
(425, 24, 115, 0, 1, 1, '0.00', '500.00', '500.00', '0.00', '2000.00', '2000.00', '0.00', '390.00', 4, 0, 0, '0.00', '0.00', '0.00', '0.00', '', '', 'active', 1, '2022-02-23 19:34:24', 0, '0000-00-00 00:00:00', NULL, NULL),
(426, 24, 277, 0, 1, 1, '0.00', '4000.00', '4000.00', '0.00', '4000.00', '4000.00', '0.00', '2950.00', 1, 0, 0, '0.00', '0.00', '0.00', '0.00', '', '', 'active', 1, '2022-02-23 19:34:24', 0, '0000-00-00 00:00:00', NULL, NULL),
(427, 24, 575, 0, 1, 1, '0.00', '3000.00', '3000.00', '0.00', '3000.00', '3000.00', '0.00', '900.00', 1, 0, 0, '0.00', '0.00', '0.00', '0.00', '', '', 'active', 1, '2022-02-23 19:34:24', 0, '0000-00-00 00:00:00', NULL, NULL),
(428, 24, 634, 0, 1, 1, '0.00', '50.00', '50.00', '0.00', '500.00', '500.00', '0.00', '12.00', 10, 0, 0, '0.00', '0.00', '0.00', '0.00', '', '', 'active', 1, '2022-02-23 19:34:24', 0, '0000-00-00 00:00:00', NULL, NULL),
(429, 24, 290, 0, 1, 1, '0.00', '100.00', '100.00', '0.00', '1000.00', '1000.00', '0.00', '47.00', 10, 0, 0, '0.00', '0.00', '0.00', '0.00', '', '', 'active', 1, '2022-02-23 19:34:24', 0, '0000-00-00 00:00:00', NULL, NULL),
(430, 24, 110, 0, 1, 1, '0.00', '100.00', '100.00', '0.00', '1000.00', '1000.00', '0.00', '76.00', 10, 0, 0, '0.00', '0.00', '0.00', '0.00', '', '', 'active', 1, '2022-02-23 19:34:24', 0, '0000-00-00 00:00:00', NULL, NULL),
(431, 24, 221, 0, 1, 1, '0.00', '3500.00', '3500.00', '0.00', '3500.00', '3500.00', '0.00', '2000.00', 1, 0, 0, '0.00', '0.00', '0.00', '0.00', '', '', 'active', 1, '2022-02-23 19:34:24', 0, '0000-00-00 00:00:00', NULL, NULL),
(432, 24, 450, 0, 1, 1, '0.00', '6000.00', '6000.00', '0.00', '6000.00', '6000.00', '0.00', '3300.00', 1, 0, 0, '0.00', '0.00', '0.00', '0.00', '', '', 'active', 1, '2022-02-23 19:34:24', 0, '0000-00-00 00:00:00', NULL, NULL),
(433, 24, 605, 0, 1, 1, '0.00', '150.00', '150.00', '0.00', '300.00', '300.00', '0.00', '96.00', 2, 0, 0, '0.00', '0.00', '0.00', '0.00', '', '', 'active', 1, '2022-02-23 19:34:24', 0, '0000-00-00 00:00:00', NULL, NULL),
(434, 25, 112, 0, 1, 1, '0.00', '2500.00', '2500.00', '0.00', '5000.00', '5000.00', '0.00', '600.00', 2, 0, 0, '0.00', '0.00', '0.00', '0.00', '', '', 'active', 1, '2022-02-23 19:41:45', 0, '0000-00-00 00:00:00', NULL, NULL),
(435, 25, 178, 0, 1, 1, '0.00', '1000.00', '1000.00', '0.00', '2000.00', '2000.00', '0.00', '150.00', 2, 0, 0, '0.00', '0.00', '0.00', '0.00', '', '', 'active', 1, '2022-02-23 19:41:45', 0, '0000-00-00 00:00:00', NULL, NULL),
(436, 25, 12, 0, 1, 1, '0.00', '200.00', '200.00', '0.00', '7400.00', '7400.00', '0.00', '88.00', 37, 0, 0, '0.00', '0.00', '0.00', '0.00', '', '', 'active', 1, '2022-02-23 19:41:46', 0, '0000-00-00 00:00:00', NULL, NULL),
(437, 25, 323, 0, 1, 1, '0.00', '250.00', '250.00', '0.00', '2500.00', '2500.00', '0.00', '148.00', 10, 0, 0, '0.00', '0.00', '0.00', '0.00', '', '', 'active', 1, '2022-02-23 19:41:46', 0, '0000-00-00 00:00:00', NULL, NULL),
(438, 25, 110, 0, 1, 1, '0.00', '100.00', '100.00', '0.00', '1000.00', '1000.00', '0.00', '76.00', 10, 0, 0, '0.00', '0.00', '0.00', '0.00', '', '', 'active', 1, '2022-02-23 19:41:46', 0, '0000-00-00 00:00:00', NULL, NULL),
(439, 25, 165, 0, 1, 1, '0.00', '50.00', '50.00', '0.00', '500.00', '500.00', '0.00', '23.00', 10, 0, 0, '0.00', '0.00', '0.00', '0.00', '', '', 'active', 1, '2022-02-23 19:41:46', 0, '0000-00-00 00:00:00', NULL, NULL),
(440, 25, 447, 0, 1, 1, '0.00', '3000.00', '3000.00', '0.00', '3000.00', '3000.00', '0.00', '1541.00', 1, 0, 0, '0.00', '0.00', '0.00', '0.00', '', '', 'active', 1, '2022-02-23 19:41:46', 0, '0000-00-00 00:00:00', NULL, NULL),
(441, 25, 204, 0, 1, 1, '0.00', '100.00', '100.00', '0.00', '1000.00', '1000.00', '0.00', '0.00', 10, 0, 0, '0.00', '0.00', '0.00', '0.00', '', '', 'active', 1, '2022-02-23 19:41:46', 0, '0000-00-00 00:00:00', NULL, NULL),
(442, 25, 73, 0, 1, 1, '0.00', '3000.00', '3000.00', '0.00', '3000.00', '3000.00', '0.00', '1650.00', 1, 0, 0, '0.00', '0.00', '0.00', '0.00', '', '', 'active', 1, '2022-02-23 19:41:46', 0, '0000-00-00 00:00:00', NULL, NULL),
(443, 25, 634, 0, 1, 1, '0.00', '50.00', '50.00', '0.00', '1000.00', '1000.00', '0.00', '12.00', 20, 0, 0, '0.00', '0.00', '0.00', '0.00', '', '', 'active', 1, '2022-02-23 19:41:46', 0, '0000-00-00 00:00:00', NULL, NULL),
(444, 25, 246, 0, 1, 1, '0.00', '3000.00', '3000.00', '0.00', '3000.00', '3000.00', '0.00', '2500.00', 1, 0, 0, '0.00', '0.00', '0.00', '0.00', '', '', 'active', 1, '2022-02-23 19:41:46', 0, '0000-00-00 00:00:00', NULL, NULL),
(445, 25, 525, 0, 1, 1, '0.00', '2000.00', '2000.00', '0.00', '20000.00', '20000.00', '0.00', '1458.00', 10, 0, 0, '0.00', '0.00', '0.00', '0.00', '', '', 'active', 1, '2022-02-23 19:41:46', 0, '0000-00-00 00:00:00', NULL, NULL);
INSERT INTO `salesdetails` (`id`, `salesid`, `stockid`, `combineid`, `currencyid`, `rateid`, `exchange_rate`, `price`, `required_price`, `base_price`, `amount`, `required_amount`, `base_amount`, `hidden_cost`, `quantity`, `actual_vat`, `vat_rate`, `vat_amount`, `required_vat_amount`, `base_vat_amount`, `hidden_vat`, `serialid`, `serialno`, `status`, `createdby`, `doc`, `modifiedby`, `dom`, `target_detail_id`, `target_history`) VALUES
(446, 25, 416, 0, 1, 1, '0.00', '700.00', '700.00', '0.00', '3500.00', '3500.00', '0.00', '383.00', 5, 0, 0, '0.00', '0.00', '0.00', '0.00', '', '', 'active', 1, '2022-02-23 19:41:46', 0, '0000-00-00 00:00:00', NULL, NULL),
(447, 25, 621, 0, 1, 1, '0.00', '15000.00', '15000.00', '0.00', '15000.00', '15000.00', '0.00', '13167.00', 1, 0, 0, '0.00', '0.00', '0.00', '0.00', '', '', 'active', 1, '2022-02-23 19:41:46', 0, '0000-00-00 00:00:00', NULL, NULL),
(448, 25, 292, 0, 1, 1, '0.00', '100.00', '100.00', '0.00', '500.00', '500.00', '0.00', '70.00', 5, 0, 0, '0.00', '0.00', '0.00', '0.00', '', '', 'active', 1, '2022-02-23 19:41:46', 0, '0000-00-00 00:00:00', NULL, NULL),
(449, 25, 217, 0, 1, 1, '0.00', '1667.00', '1667.00', '0.00', '5001.00', '5001.00', '0.00', '733.00', 3, 0, 0, '0.00', '0.00', '0.00', '0.00', '', '', 'active', 1, '2022-02-23 19:41:46', 0, '0000-00-00 00:00:00', NULL, NULL),
(450, 25, 613, 0, 1, 1, '0.00', '50.00', '50.00', '0.00', '500.00', '500.00', '0.00', '20.00', 10, 0, 0, '0.00', '0.00', '0.00', '0.00', '', '', 'active', 1, '2022-02-23 19:41:46', 0, '0000-00-00 00:00:00', NULL, NULL),
(451, 25, 141, 0, 1, 1, '0.00', '500.00', '500.00', '0.00', '3000.00', '3000.00', '0.00', '0.00', 6, 0, 0, '0.00', '0.00', '0.00', '0.00', '', '', 'active', 1, '2022-02-23 19:41:46', 0, '0000-00-00 00:00:00', NULL, NULL),
(452, 25, 115, 0, 1, 1, '0.00', '500.00', '500.00', '0.00', '1000.00', '1000.00', '0.00', '390.00', 2, 0, 0, '0.00', '0.00', '0.00', '0.00', '', '', 'active', 1, '2022-02-23 19:41:46', 0, '0000-00-00 00:00:00', NULL, NULL),
(453, 26, 295, 0, 1, 1, '0.00', '1333.00', '1333.00', '0.00', '11997.00', '11997.00', '0.00', '800.00', 9, 0, 0, '0.00', '0.00', '0.00', '0.00', '', '', 'active', 1, '2022-02-23 19:54:33', 0, '0000-00-00 00:00:00', NULL, NULL),
(454, 26, 493, 0, 1, 1, '0.00', '100.00', '100.00', '0.00', '1000.00', '1000.00', '0.00', '44.00', 10, 0, 0, '0.00', '0.00', '0.00', '0.00', '', '', 'active', 1, '2022-02-23 19:54:33', 0, '0000-00-00 00:00:00', NULL, NULL),
(455, 26, 165, 0, 1, 1, '0.00', '50.00', '50.00', '0.00', '2000.00', '2000.00', '0.00', '23.00', 40, 0, 0, '0.00', '0.00', '0.00', '0.00', '', '', 'active', 1, '2022-02-23 19:54:33', 0, '0000-00-00 00:00:00', NULL, NULL),
(456, 26, 204, 0, 1, 1, '0.00', '100.00', '100.00', '0.00', '4000.00', '4000.00', '0.00', '0.00', 40, 0, 0, '0.00', '0.00', '0.00', '0.00', '', '', 'active', 1, '2022-02-23 19:54:33', 0, '0000-00-00 00:00:00', NULL, NULL),
(457, 26, 385, 0, 1, 1, '0.00', '4000.00', '4000.00', '0.00', '8000.00', '8000.00', '0.00', '2020.00', 2, 0, 0, '0.00', '0.00', '0.00', '0.00', '', '', 'active', 1, '2022-02-23 19:54:34', 0, '0000-00-00 00:00:00', NULL, NULL),
(458, 26, 267, 0, 1, 1, '0.00', '3500.00', '3500.00', '0.00', '7000.00', '7000.00', '0.00', '2300.00', 2, 0, 0, '0.00', '0.00', '0.00', '0.00', '', '', 'active', 1, '2022-02-23 19:54:34', 0, '0000-00-00 00:00:00', NULL, NULL),
(459, 26, 557, 0, 1, 1, '0.00', '200.00', '200.00', '0.00', '1000.00', '1000.00', '0.00', '66.00', 5, 0, 0, '0.00', '0.00', '0.00', '0.00', '', '', 'active', 1, '2022-02-23 19:54:34', 0, '0000-00-00 00:00:00', NULL, NULL),
(460, 26, 112, 0, 1, 1, '0.00', '2500.00', '2500.00', '0.00', '5000.00', '5000.00', '0.00', '600.00', 2, 0, 0, '0.00', '0.00', '0.00', '0.00', '', '', 'active', 1, '2022-02-23 19:54:34', 0, '0000-00-00 00:00:00', NULL, NULL),
(461, 26, 25, 0, 1, 1, '0.00', '5000.00', '5000.00', '0.00', '5000.00', '5000.00', '0.00', '2500.00', 1, 0, 0, '0.00', '0.00', '0.00', '0.00', '', '', 'active', 1, '2022-02-23 19:54:34', 0, '0000-00-00 00:00:00', NULL, NULL),
(462, 26, 178, 0, 1, 1, '0.00', '1000.00', '1000.00', '0.00', '1000.00', '1000.00', '0.00', '150.00', 1, 0, 0, '0.00', '0.00', '0.00', '0.00', '', '', 'active', 1, '2022-02-23 19:54:34', 0, '0000-00-00 00:00:00', NULL, NULL),
(463, 26, 202, 0, 1, 1, '0.00', '2000.00', '2000.00', '0.00', '2000.00', '2000.00', '0.00', '650.00', 1, 0, 0, '0.00', '0.00', '0.00', '0.00', '', '', 'active', 1, '2022-02-23 19:54:34', 0, '0000-00-00 00:00:00', NULL, NULL),
(464, 26, 120, 0, 1, 1, '0.00', '3000.00', '3000.00', '0.00', '3000.00', '3000.00', '0.00', '880.00', 1, 0, 0, '0.00', '0.00', '0.00', '0.00', '', '', 'active', 1, '2022-02-23 19:54:34', 0, '0000-00-00 00:00:00', NULL, NULL),
(465, 26, 13, 0, 1, 1, '0.00', '1000.00', '1000.00', '0.00', '3000.00', '3000.00', '0.00', '150.00', 3, 0, 0, '0.00', '0.00', '0.00', '0.00', '', '', 'active', 1, '2022-02-23 19:54:34', 0, '0000-00-00 00:00:00', NULL, NULL),
(466, 26, 475, 0, 1, 1, '0.00', '400.00', '400.00', '0.00', '4000.00', '4000.00', '0.00', '250.00', 10, 0, 0, '0.00', '0.00', '0.00', '0.00', '', '', 'active', 1, '2022-02-23 19:54:34', 0, '0000-00-00 00:00:00', NULL, NULL),
(467, 26, 474, 0, 1, 1, '0.00', '938.00', '938.00', '0.00', '2814.00', '2814.00', '0.00', '488.00', 3, 0, 0, '0.00', '0.00', '0.00', '0.00', '', '', 'active', 1, '2022-02-23 19:54:34', 0, '0000-00-00 00:00:00', NULL, NULL),
(468, 26, 605, 0, 1, 1, '0.00', '150.00', '150.00', '0.00', '900.00', '900.00', '0.00', '96.00', 6, 0, 0, '0.00', '0.00', '0.00', '0.00', '', '', 'active', 1, '2022-02-23 19:54:34', 0, '0000-00-00 00:00:00', NULL, NULL),
(469, 26, 464, 0, 1, 1, '0.00', '3000.00', '3000.00', '0.00', '3000.00', '3000.00', '0.00', '1925.00', 1, 0, 0, '0.00', '0.00', '0.00', '0.00', '', '', 'active', 1, '2022-02-23 19:54:34', 0, '0000-00-00 00:00:00', NULL, NULL),
(470, 26, 195, 0, 1, 1, '0.00', '5000.00', '5000.00', '0.00', '5000.00', '5000.00', '0.00', '3300.00', 1, 0, 0, '0.00', '0.00', '0.00', '0.00', '', '', 'active', 1, '2022-02-23 19:54:34', 0, '0000-00-00 00:00:00', NULL, NULL),
(471, 26, 89, 0, 1, 1, '0.00', '3000.00', '3000.00', '0.00', '3000.00', '3000.00', '0.00', '1650.00', 1, 0, 0, '0.00', '0.00', '0.00', '0.00', '', '', 'active', 1, '2022-02-23 19:54:34', 0, '0000-00-00 00:00:00', NULL, NULL),
(472, 27, 633, 0, 1, 1, '0.00', '71.00', '71.00', '0.00', '1988.00', '1988.00', '0.00', '36.00', 28, 0, 0, '0.00', '0.00', '0.00', '0.00', '', '', 'active', 1, '2022-02-23 20:28:04', 0, '0000-00-00 00:00:00', NULL, NULL),
(473, 27, 178, 0, 1, 1, '0.00', '1000.00', '1000.00', '0.00', '2000.00', '2000.00', '0.00', '150.00', 2, 0, 0, '0.00', '0.00', '0.00', '0.00', '', '', 'active', 1, '2022-02-23 20:28:04', 0, '0000-00-00 00:00:00', NULL, NULL),
(474, 27, 170, 0, 1, 1, '0.00', '500.00', '500.00', '0.00', '2500.00', '2500.00', '0.00', '155.00', 5, 0, 0, '0.00', '0.00', '0.00', '0.00', '', '', 'active', 1, '2022-02-23 20:28:04', 0, '0000-00-00 00:00:00', NULL, NULL),
(475, 27, 613, 0, 1, 1, '0.00', '50.00', '50.00', '0.00', '500.00', '500.00', '0.00', '20.00', 10, 0, 0, '0.00', '0.00', '0.00', '0.00', '', '', 'active', 1, '2022-02-23 20:28:04', 0, '0000-00-00 00:00:00', NULL, NULL),
(476, 27, 208, 0, 1, 1, '0.00', '400.00', '400.00', '0.00', '1600.00', '1600.00', '0.00', '190.00', 4, 0, 0, '0.00', '0.00', '0.00', '0.00', '', '', 'active', 1, '2022-02-23 20:28:04', 0, '0000-00-00 00:00:00', NULL, NULL),
(477, 27, 570, 0, 1, 1, '0.00', '2500.00', '2500.00', '0.00', '10000.00', '10000.00', '0.00', '935.00', 4, 0, 0, '0.00', '0.00', '0.00', '0.00', '', '', 'active', 1, '2022-02-23 20:28:04', 0, '0000-00-00 00:00:00', NULL, NULL),
(478, 27, 596, 0, 1, 1, '0.00', '500.00', '500.00', '0.00', '2000.00', '2000.00', '0.00', '150.00', 4, 0, 0, '0.00', '0.00', '0.00', '0.00', '', '', 'active', 1, '2022-02-23 20:28:04', 0, '0000-00-00 00:00:00', NULL, NULL),
(479, 27, 94, 0, 1, 1, '0.00', '3000.00', '3000.00', '0.00', '3000.00', '3000.00', '0.00', '1980.00', 1, 0, 0, '0.00', '0.00', '0.00', '0.00', '', '', 'active', 1, '2022-02-23 20:28:04', 0, '0000-00-00 00:00:00', NULL, NULL),
(480, 27, 217, 0, 1, 1, '0.00', '1667.00', '1667.00', '0.00', '5001.00', '5001.00', '0.00', '733.00', 3, 0, 0, '0.00', '0.00', '0.00', '0.00', '', '', 'active', 1, '2022-02-23 20:28:04', 0, '0000-00-00 00:00:00', NULL, NULL),
(481, 27, 292, 0, 1, 1, '0.00', '100.00', '100.00', '0.00', '3000.00', '3000.00', '0.00', '70.00', 30, 0, 0, '0.00', '0.00', '0.00', '0.00', '', '', 'active', 1, '2022-02-23 20:28:04', 0, '0000-00-00 00:00:00', NULL, NULL),
(482, 27, 366, 0, 1, 1, '0.00', '100.00', '100.00', '0.00', '1000.00', '1000.00', '0.00', '55.00', 10, 0, 0, '0.00', '0.00', '0.00', '0.00', '', '', 'active', 1, '2022-02-23 20:28:04', 0, '0000-00-00 00:00:00', NULL, NULL),
(483, 27, 72, 0, 1, 1, '0.00', '25000.00', '25000.00', '0.00', '25000.00', '25000.00', '0.00', '16500.00', 1, 0, 0, '0.00', '0.00', '0.00', '0.00', '', '', 'active', 1, '2022-02-23 20:28:04', 0, '0000-00-00 00:00:00', NULL, NULL),
(484, 27, 204, 0, 1, 1, '0.00', '100.00', '100.00', '0.00', '1500.00', '1500.00', '0.00', '0.00', 15, 0, 0, '0.00', '0.00', '0.00', '0.00', '', '', 'active', 1, '2022-02-23 20:28:04', 0, '0000-00-00 00:00:00', NULL, NULL),
(485, 27, 112, 0, 1, 1, '0.00', '2500.00', '2500.00', '0.00', '5000.00', '5000.00', '0.00', '600.00', 2, 0, 0, '0.00', '0.00', '0.00', '0.00', '', '', 'active', 1, '2022-02-23 20:28:04', 0, '0000-00-00 00:00:00', NULL, NULL),
(486, 27, 508, 0, 1, 1, '0.00', '2000.00', '2000.00', '0.00', '2000.00', '2000.00', '0.00', '1300.00', 1, 0, 0, '0.00', '0.00', '0.00', '0.00', '', '', 'active', 1, '2022-02-23 20:28:04', 0, '0000-00-00 00:00:00', NULL, NULL),
(487, 27, 18, 0, 1, 1, '0.00', '1500.00', '1500.00', '0.00', '1500.00', '1500.00', '0.00', '700.00', 1, 0, 0, '0.00', '0.00', '0.00', '0.00', '', '', 'active', 1, '2022-02-23 20:28:04', 0, '0000-00-00 00:00:00', NULL, NULL),
(488, 27, 168, 0, 1, 1, '0.00', '100.00', '100.00', '0.00', '3000.00', '3000.00', '0.00', '50.00', 30, 0, 0, '0.00', '0.00', '0.00', '0.00', '', '', 'active', 1, '2022-02-23 20:28:04', 0, '0000-00-00 00:00:00', NULL, NULL),
(489, 27, 492, 0, 1, 1, '0.00', '2000.00', '2000.00', '0.00', '2000.00', '2000.00', '0.00', '1300.00', 1, 0, 0, '0.00', '0.00', '0.00', '0.00', '', '', 'active', 1, '2022-02-23 20:28:04', 0, '0000-00-00 00:00:00', NULL, NULL),
(490, 27, 102, 0, 1, 1, '0.00', '1500.00', '1500.00', '0.00', '3000.00', '3000.00', '0.00', '850.00', 2, 0, 0, '0.00', '0.00', '0.00', '0.00', '', '', 'active', 1, '2022-02-23 20:28:04', 0, '0000-00-00 00:00:00', NULL, NULL),
(491, 27, 165, 0, 1, 1, '0.00', '50.00', '50.00', '0.00', '1500.00', '1500.00', '0.00', '23.00', 30, 0, 0, '0.00', '0.00', '0.00', '0.00', '', '', 'active', 1, '2022-02-23 20:28:04', 0, '0000-00-00 00:00:00', NULL, NULL),
(492, 27, 12, 0, 1, 1, '0.00', '200.00', '200.00', '0.00', '1600.00', '1600.00', '0.00', '88.00', 8, 0, 0, '0.00', '0.00', '0.00', '0.00', '', '', 'active', 1, '2022-02-23 20:28:04', 0, '0000-00-00 00:00:00', NULL, NULL),
(493, 27, 634, 0, 1, 1, '0.00', '50.00', '50.00', '0.00', '500.00', '500.00', '0.00', '12.00', 10, 0, 0, '0.00', '0.00', '0.00', '0.00', '', '', 'active', 1, '2022-02-23 20:28:04', 0, '0000-00-00 00:00:00', NULL, NULL),
(494, 27, 4, 0, 1, 1, '0.00', '2000.00', '2000.00', '0.00', '2000.00', '2000.00', '0.00', '1278.00', 1, 0, 0, '0.00', '0.00', '0.00', '0.00', '', '', 'active', 1, '2022-02-23 20:28:04', 0, '0000-00-00 00:00:00', NULL, NULL),
(495, 27, 43, 0, 1, 1, '0.00', '1000.00', '1000.00', '0.00', '1000.00', '1000.00', '0.00', '532.00', 1, 0, 0, '0.00', '0.00', '0.00', '0.00', '', '', 'active', 1, '2022-02-23 20:28:04', 0, '0000-00-00 00:00:00', NULL, NULL),
(496, 27, 295, 0, 1, 1, '0.00', '1333.00', '1333.00', '0.00', '11997.00', '11997.00', '0.00', '800.00', 9, 0, 0, '0.00', '0.00', '0.00', '0.00', '', '', 'active', 1, '2022-02-23 20:28:04', 0, '0000-00-00 00:00:00', NULL, NULL),
(497, 27, 246, 0, 1, 1, '0.00', '3000.00', '3000.00', '0.00', '3000.00', '3000.00', '0.00', '2500.00', 1, 0, 0, '0.00', '0.00', '0.00', '0.00', '', '', 'active', 1, '2022-02-23 20:28:04', 0, '0000-00-00 00:00:00', NULL, NULL),
(498, 27, 302, 0, 1, 1, '0.00', '100.00', '100.00', '0.00', '1000.00', '1000.00', '0.00', '22.00', 10, 0, 0, '0.00', '0.00', '0.00', '0.00', '', '', 'active', 1, '2022-02-23 20:28:04', 0, '0000-00-00 00:00:00', NULL, NULL),
(499, 27, 211, 0, 1, 1, '0.00', '2000.00', '2000.00', '0.00', '2000.00', '2000.00', '0.00', '850.00', 1, 0, 0, '0.00', '0.00', '0.00', '0.00', '', '', 'active', 1, '2022-02-23 20:28:04', 0, '0000-00-00 00:00:00', NULL, NULL),
(500, 27, 630, 0, 1, 1, '0.00', '2500.00', '2500.00', '0.00', '2500.00', '2500.00', '0.00', '2000.00', 1, 0, 0, '0.00', '0.00', '0.00', '0.00', '', '', 'active', 1, '2022-02-23 20:28:04', 0, '0000-00-00 00:00:00', NULL, NULL),
(501, 28, 286, 0, 1, 1, '0.00', '2500.00', '2500.00', '0.00', '12500.00', '12500.00', '0.00', '600.00', 5, 0, 0, '0.00', '0.00', '0.00', '0.00', '', '', 'active', 1, '2022-02-25 09:08:06', 0, '0000-00-00 00:00:00', NULL, NULL),
(502, 29, 351, 0, 1, 1, '1.00', '165.00', '165.00', '70.00', '11550.00', '11550.00', '11550.00', '165.00', 70, 0, 0, '0.00', '0.00', '0.00', '0.00', '', '', 'active', 1, '2022-02-25 09:12:35', 0, '0000-00-00 00:00:00', NULL, NULL),
(503, 30, 142, 0, 1, 1, '1.00', '500.00', '500.00', '3.00', '1500.00', '1500.00', '1500.00', '0.00', 3, 0, 0, '0.00', '0.00', '0.00', '0.00', '', '', 'active', 1, '2022-02-25 09:38:31', 0, '0000-00-00 00:00:00', NULL, NULL),
(504, 31, 142, 0, 1, 1, '1.00', '2000.00', '2000.00', '6.00', '12000.00', '12000.00', '12000.00', '750.00', 6, 0, 0, '0.00', '0.00', '0.00', '0.00', '', '', 'active', 1, '2022-02-25 10:07:08', 0, '0000-00-00 00:00:00', NULL, NULL),
(505, 32, 496, 0, 1, 1, '0.00', '1000.00', '1000.00', '0.00', '1000.00', '1000.00', '0.00', '403.00', 1, 0, 0, '0.00', '0.00', '0.00', '0.00', '', '', 'active', 1, '2022-02-25 11:42:00', 0, '0000-00-00 00:00:00', NULL, NULL),
(506, 32, 609, 0, 1, 1, '0.00', '1000.00', '1000.00', '0.00', '1000.00', '1000.00', '0.00', '527.00', 1, 0, 0, '0.00', '0.00', '0.00', '0.00', '', '', 'active', 1, '2022-02-25 11:42:00', 0, '0000-00-00 00:00:00', NULL, NULL),
(507, 33, 168, 0, 1, 1, '1.00', '50.00', '50.00', '20.00', '1000.00', '1000.00', '1000.00', '50.00', 20, 0, 0, '0.00', '0.00', '0.00', '0.00', '', '', 'active', 1, '2022-02-25 11:49:20', 0, '0000-00-00 00:00:00', NULL, NULL),
(508, 34, 115, 0, 1, 1, '1.00', '390.00', '390.00', '50.00', '19500.00', '19500.00', '19500.00', '390.00', 50, 0, 0, '0.00', '0.00', '0.00', '0.00', '', '', 'active', 1, '2022-02-25 11:55:59', 0, '0000-00-00 00:00:00', NULL, NULL),
(509, 34, 292, 0, 1, 1, '1.00', '70.00', '70.00', '200.00', '14000.00', '14000.00', '14000.00', '70.00', 200, 0, 0, '0.00', '0.00', '0.00', '0.00', '', '', 'active', 1, '2022-02-25 11:55:59', 0, '0000-00-00 00:00:00', NULL, NULL),
(510, 35, 115, 0, 1, 1, '1.00', '450.00', '450.00', '10.00', '4500.00', '4500.00', '4500.00', '390.00', 10, 0, 0, '0.00', '0.00', '0.00', '0.00', '', '', 'active', 1, '2022-02-25 12:02:12', 0, '0000-00-00 00:00:00', NULL, NULL),
(511, 36, 619, 0, 1, 1, '1.00', '23.00', '23.00', '89.00', '2047.00', '2047.00', '2047.00', '23.00', 89, 0, 0, '0.00', '0.00', '0.00', '0.00', '', '', 'active', 1, '2022-02-26 06:48:14', 0, '0000-00-00 00:00:00', NULL, NULL),
(512, 37, 86, 0, 1, 1, '1.00', '20000.00', '20000.00', '20.00', '400000.00', '400000.00', '400000.00', '625.00', 20, 0, 0, '0.00', '0.00', '0.00', '0.00', '', '', 'active', 1, '2022-02-26 07:01:57', 0, '0000-00-00 00:00:00', NULL, NULL),
(513, 38, 496, 0, 1, 1, '0.00', '1000.00', '1000.00', '0.00', '1000.00', '1000.00', '0.00', '403.00', 1, 0, 0, '0.00', '0.00', '0.00', '0.00', '', '', 'active', 1, '2022-02-26 07:14:03', 0, '0000-00-00 00:00:00', NULL, NULL),
(514, 39, 165, 0, 1, 1, '1.00', '100.00', '100.00', '100.00', '100.00', '100.00', '100.00', '23.00', 1, 0, 0, '0.00', '0.00', '0.00', '0.00', '', '', 'active', 1, '2022-02-26 09:19:03', 0, '0000-00-00 00:00:00', NULL, NULL),
(515, 40, 1, 0, 1, 1, '0.00', '2500.00', '2500.00', '0.00', '2500.00', '2500.00', '0.00', '1200.00', 1, 0, 0, '0.00', '0.00', '0.00', '0.00', '', '', 'active', 1, '2022-02-26 11:12:03', 0, '0000-00-00 00:00:00', NULL, NULL),
(516, 40, 173, 0, 1, 1, '0.00', '2000.00', '2000.00', '0.00', '4000.00', '4000.00', '0.00', '1050.00', 2, 0, 0, '0.00', '0.00', '0.00', '0.00', '', '', 'active', 1, '2022-02-26 11:12:03', 0, '0000-00-00 00:00:00', NULL, NULL),
(517, 40, 496, 0, 1, 1, '0.00', '1000.00', '1000.00', '0.00', '2000.00', '2000.00', '0.00', '403.00', 2, 0, 0, '0.00', '0.00', '0.00', '0.00', '', '', 'active', 1, '2022-02-26 11:12:03', 0, '0000-00-00 00:00:00', NULL, NULL),
(518, 40, 13, 0, 1, 1, '0.00', '1000.00', '1000.00', '0.00', '1000.00', '1000.00', '0.00', '150.00', 1, 0, 0, '0.00', '0.00', '0.00', '0.00', '', '', 'active', 1, '2022-02-26 11:12:03', 0, '0000-00-00 00:00:00', NULL, NULL),
(519, 40, 362, 0, 1, 1, '0.00', '6000.00', '6000.00', '0.00', '6000.00', '6000.00', '0.00', '3650.00', 1, 0, 0, '0.00', '0.00', '0.00', '0.00', '', '', 'active', 1, '2022-02-26 11:12:03', 0, '0000-00-00 00:00:00', NULL, NULL),
(520, 41, 142, 0, 1, 1, '0.00', '2000.00', '2000.00', '0.00', '2000.00', '2000.00', '0.00', '850.00', 1, 0, 0, '0.00', '0.00', '0.00', '0.00', '', '', 'active', 1, '2022-02-26 12:06:19', 0, '0000-00-00 00:00:00', NULL, NULL),
(521, 42, 286, 0, 1, 1, '1.00', '600.00', '600.00', '10.00', '6000.00', '6000.00', '6000.00', '600.00', 10, 0, 0, '0.00', '0.00', '0.00', '0.00', '', '', 'active', 1, '2022-02-28 12:40:10', 0, '0000-00-00 00:00:00', NULL, NULL),
(522, 42, 142, 0, 1, 1, '1.00', '892.00', '892.00', '2.00', '1784.00', '1784.00', '1784.00', '850.00', 2, 0, 0, '0.00', '0.00', '0.00', '0.00', '', '', 'active', 1, '2022-02-28 12:40:10', 0, '0000-00-00 00:00:00', NULL, NULL),
(523, 43, 636, 0, 1, 1, '0.00', '500.00', '500.00', '0.00', '1500.00', '1500.00', '0.00', '500.00', 3, 0, 0, '0.00', '0.00', '0.00', '0.00', '', '', 'active', 1, '2022-03-03 08:36:48', 0, '0000-00-00 00:00:00', NULL, NULL),
(524, 44, 2, 0, 1, 1, '0.00', '7000.00', '7000.00', '0.00', '7000.00', '7000.00', '0.00', '3500.00', 1, 0, 0, '0.00', '0.00', '0.00', '0.00', '', '', 'active', 1, '2022-03-03 13:15:21', 0, '0000-00-00 00:00:00', NULL, NULL),
(525, 45, 496, 0, 1, 1, '0.00', '1000.00', '1000.00', '0.00', '1000.00', '1000.00', '0.00', '403.00', 1, 0, 0, '0.00', '0.00', '0.00', '0.00', '', '', 'active', 1, '2022-03-04 13:02:47', 0, '0000-00-00 00:00:00', NULL, NULL),
(526, 46, 636, 0, 1, 1, '1.00', '500.00', '500.00', '0.00', '500.00', '500.00', '0.00', '500.00', 1, 0, 0, '0.00', '0.00', '0.00', '0.00', '', '', 'active', 1, '2022-03-04 13:43:23', 0, '0000-00-00 00:00:00', NULL, NULL),
(527, 47, 415, 0, 1, 1, '1.00', '463.00', '463.00', '20.00', '9260.00', '9260.00', '9260.00', '463.00', 20, 0, 0, '0.00', '0.00', '0.00', '0.00', '', '', 'active', 1, '2022-03-04 13:45:16', 0, '0000-00-00 00:00:00', NULL, NULL),
(528, 48, 415, 0, 1, 1, '0.00', '1000.00', '1000.00', '0.00', '1000.00', '1000.00', '0.00', '463.00', 1, 0, 0, '0.00', '0.00', '0.00', '0.00', '', '', 'active', 1, '2022-03-04 13:58:09', 0, '0000-00-00 00:00:00', NULL, NULL),
(529, 48, 636, 0, 1, 1, '0.00', '500.00', '500.00', '0.00', '500.00', '500.00', '0.00', '500.00', 1, 0, 0, '0.00', '0.00', '0.00', '0.00', '', '', 'active', 1, '2022-03-04 13:58:10', 0, '0000-00-00 00:00:00', NULL, NULL),
(533, 50, 202, 0, 1, 1, '0.00', '2000.00', '2000.00', '0.00', '20000.00', '20000.00', '0.00', '650.00', 10, 0, 0, '0.00', '0.00', '0.00', '0.00', '', '', 'active', 1, '2022-03-05 09:36:50', 0, '0000-00-00 00:00:00', NULL, NULL),
(534, 51, 162, 0, 1, 1, '0.00', '100.00', '100.00', '0.00', '200.00', '200.00', '0.00', '58.00', 2, 0, 0, '0.00', '0.00', '0.00', '0.00', '', '', 'active', 1, '2022-03-05 09:37:08', 0, '0000-00-00 00:00:00', NULL, NULL),
(535, 51, 158, 0, 1, 1, '0.00', '200.00', '200.00', '0.00', '400.00', '400.00', '0.00', '163.00', 2, 0, 0, '0.00', '0.00', '0.00', '0.00', '', '', 'active', 1, '2022-03-05 09:37:08', 0, '0000-00-00 00:00:00', NULL, NULL),
(536, 51, 13, 0, 1, 1, '0.00', '1000.00', '1000.00', '0.00', '1000.00', '1000.00', '0.00', '150.00', 1, 0, 0, '0.00', '0.00', '0.00', '0.00', '', '', 'active', 1, '2022-03-05 09:37:09', 0, '0000-00-00 00:00:00', NULL, NULL),
(537, 51, 480, 0, 1, 1, '0.00', '3000.00', '3000.00', '0.00', '3000.00', '3000.00', '0.00', '1650.00', 1, 0, 0, '0.00', '0.00', '0.00', '0.00', '', '', 'active', 1, '2022-03-05 09:37:09', 0, '0000-00-00 00:00:00', NULL, NULL),
(538, 52, 415, 0, 1, 1, '1.00', '1000.00', '1000.00', '1000.00', '5000.00', '5000.00', '5000.00', '463.00', 5, 0, 0, '0.00', '0.00', '0.00', '0.00', '', '', 'active', 1, '2022-03-05 10:16:55', 0, '0000-00-00 00:00:00', NULL, NULL),
(539, 53, 415, 0, 1, 1, '0.00', '1000.00', '1000.00', '0.00', '20000.00', '20000.00', '0.00', '463.00', 20, 0, 0, '0.00', '0.00', '0.00', '0.00', '', '', 'active', 1, '2022-03-07 07:43:20', 0, '0000-00-00 00:00:00', NULL, NULL),
(541, 54, 609, 0, 1, 1, '0.00', '1000.00', '1000.00', '0.00', '1000.00', '1000.00', '0.00', '527.00', 1, 0, 0, '0.00', '0.00', '0.00', '0.00', '', '', 'active', 1, '2022-03-07 10:20:43', 0, '0000-00-00 00:00:00', NULL, NULL),
(542, 54, 415, 0, 1, 1, '0.00', '1000.00', '1000.00', '0.00', '3000.00', '3000.00', '0.00', '463.00', 3, 0, 0, '0.00', '0.00', '0.00', '0.00', '', '', 'active', 1, '2022-03-07 10:20:43', 0, '0000-00-00 00:00:00', NULL, NULL),
(544, 56, 2, 0, 1, 1, '0.00', '7000.00', '7000.00', '0.00', '133000.00', '133000.00', '0.00', '3500.00', 19, 0, 0, '0.00', '0.00', '0.00', '0.00', '', '', 'active', 1, '2022-03-08 06:31:04', 0, '0000-00-00 00:00:00', NULL, NULL),
(548, 58, 180, 0, 1, 1, '0.00', '5000.00', '5000.00', '0.00', '25000.00', '25000.00', '0.00', '2800.00', 5, 0, 0, '0.00', '0.00', '0.00', '0.00', '', '', 'active', 1, '2022-03-08 07:20:42', 0, '0000-00-00 00:00:00', NULL, NULL),
(549, 58, 636, 0, 1, 1, '0.00', '500.00', '500.00', '0.00', '39000.00', '39000.00', '0.00', '500.00', 78, 0, 0, '0.00', '0.00', '0.00', '0.00', '', '', 'active', 1, '2022-03-08 07:20:42', 0, '0000-00-00 00:00:00', NULL, NULL),
(550, 58, 130, 0, 1, 1, '0.00', '5000.00', '5000.00', '0.00', '15000.00', '15000.00', '0.00', '2550.00', 3, 0, 0, '0.00', '0.00', '0.00', '0.00', '', '', 'active', 1, '2022-03-08 07:20:42', 0, '0000-00-00 00:00:00', NULL, NULL),
(554, 59, 415, 0, 1, 1, '0.00', '1000.00', '1000.00', '0.00', '11000.00', '11000.00', '0.00', '463.00', 11, 0, 0, '0.00', '0.00', '0.00', '0.00', '', '', 'active', 1, '2022-03-08 08:22:54', 0, '0000-00-00 00:00:00', NULL, NULL),
(555, 60, 636, 0, 1, 1, '0.00', '500.00', '500.00', '0.00', '500.00', '500.00', '0.00', '500.00', 1, 0, 0, '0.00', '0.00', '0.00', '0.00', '', '', 'active', 1, '2022-03-08 09:03:33', 0, '0000-00-00 00:00:00', NULL, NULL),
(558, 61, 636, 0, 1, 1, '0.00', '500.00', '500.00', '0.00', '500.00', '500.00', '0.00', '500.00', 1, 0, 0, '0.00', '0.00', '0.00', '0.00', '', '', 'active', 1, '2022-03-08 09:04:32', 0, '0000-00-00 00:00:00', NULL, NULL),
(561, 57, 636, 0, 1, 1, '1.00', '500.00', '500.00', '500.00', '1000.00', '1000.00', '1000.00', '500.00', 2, 0, 0, '0.00', '0.00', '0.00', '0.00', '', '', 'active', 1, '2022-03-08 09:23:42', 0, '0000-00-00 00:00:00', NULL, NULL),
(562, 57, 415, 0, 1, 1, '1.00', '463.00', '463.00', '17.00', '7871.00', '7871.00', '7871.00', '463.00', 17, 0, 0, '0.00', '0.00', '0.00', '0.00', '', '', 'active', 1, '2022-03-08 09:23:42', 0, '0000-00-00 00:00:00', NULL, NULL),
(563, 62, 632, 0, 1, 1, '1.00', '500.00', '500.00', '2.00', '1000.00', '1000.00', '1000.00', '500.00', 2, 0, 0, '0.00', '0.00', '0.00', '0.00', '', '', 'active', 1, '2022-03-08 13:05:22', 0, '0000-00-00 00:00:00', NULL, NULL),
(564, 62, 636, 0, 1, 1, '1.00', '500.00', '500.00', '1.00', '500.00', '500.00', '500.00', '500.00', 1, 0, 0, '0.00', '0.00', '0.00', '0.00', '', '', 'active', 1, '2022-03-08 13:05:22', 0, '0000-00-00 00:00:00', NULL, NULL),
(565, 62, 579, 0, 1, 1, '1.00', '448.00', '448.00', '2.00', '896.00', '896.00', '896.00', '448.00', 2, 0, 0, '0.00', '0.00', '0.00', '0.00', '', '', 'active', 1, '2022-03-08 13:05:23', 0, '0000-00-00 00:00:00', NULL, NULL),
(566, 63, 496, 0, 1, 1, '0.00', '1000.00', '1000.00', '0.00', '2000.00', '2000.00', '0.00', '403.00', 2, 0, 0, '0.00', '0.00', '0.00', '0.00', '', '', 'active', 1, '2022-03-08 13:52:15', 0, '0000-00-00 00:00:00', NULL, NULL),
(567, 63, 481, 0, 1, 1, '0.00', '10000.00', '10000.00', '0.00', '20000.00', '20000.00', '0.00', '6050.00', 2, 0, 0, '0.00', '0.00', '0.00', '0.00', '', '', 'active', 1, '2022-03-08 13:52:15', 0, '0000-00-00 00:00:00', NULL, NULL),
(568, 63, 609, 0, 1, 1, '0.00', '1000.00', '1000.00', '0.00', '2000.00', '2000.00', '0.00', '527.00', 2, 0, 0, '0.00', '0.00', '0.00', '0.00', '', '', 'active', 1, '2022-03-08 13:52:15', 0, '0000-00-00 00:00:00', NULL, NULL),
(569, 63, 480, 0, 1, 1, '0.00', '3000.00', '3000.00', '0.00', '6000.00', '6000.00', '0.00', '1650.00', 2, 0, 0, '0.00', '0.00', '0.00', '0.00', '', '', 'active', 1, '2022-03-08 13:52:15', 0, '0000-00-00 00:00:00', NULL, NULL),
(570, 63, 431, 0, 1, 1, '0.00', '200.00', '200.00', '0.00', '200.00', '200.00', '0.00', '98.00', 1, 0, 0, '0.00', '0.00', '0.00', '0.00', '', '', 'active', 1, '2022-03-08 13:52:15', 0, '0000-00-00 00:00:00', NULL, NULL),
(571, 63, 110, 0, 1, 1, '0.00', '100.00', '100.00', '0.00', '200.00', '200.00', '0.00', '76.00', 2, 0, 0, '0.00', '0.00', '0.00', '0.00', '', '', 'active', 1, '2022-03-08 13:52:15', 0, '0000-00-00 00:00:00', NULL, NULL),
(572, 63, 617, 0, 1, 1, '0.00', '400.00', '400.00', '0.00', '400.00', '400.00', '0.00', '249.00', 1, 0, 0, '0.00', '0.00', '0.00', '0.00', '', '', 'active', 1, '2022-03-08 13:52:15', 0, '0000-00-00 00:00:00', NULL, NULL),
(573, 63, 162, 0, 1, 1, '0.00', '100.00', '100.00', '0.00', '100.00', '100.00', '0.00', '58.00', 1, 0, 0, '0.00', '0.00', '0.00', '0.00', '', '', 'active', 1, '2022-03-08 13:52:16', 0, '0000-00-00 00:00:00', NULL, NULL),
(574, 63, 13, 0, 1, 1, '0.00', '1000.00', '1000.00', '0.00', '1000.00', '1000.00', '0.00', '150.00', 1, 0, 0, '0.00', '0.00', '0.00', '0.00', '', '', 'active', 1, '2022-03-08 13:52:16', 0, '0000-00-00 00:00:00', NULL, NULL),
(575, 63, 195, 0, 1, 1, '0.00', '5000.00', '5000.00', '0.00', '5000.00', '5000.00', '0.00', '3300.00', 1, 0, 0, '0.00', '0.00', '0.00', '0.00', '', '', 'active', 1, '2022-03-08 13:52:16', 0, '0000-00-00 00:00:00', NULL, NULL),
(576, 63, 202, 0, 1, 1, '0.00', '2000.00', '2000.00', '0.00', '2000.00', '2000.00', '0.00', '650.00', 1, 0, 0, '0.00', '0.00', '0.00', '0.00', '', '', 'active', 1, '2022-03-08 13:52:16', 0, '0000-00-00 00:00:00', NULL, NULL),
(577, 63, 158, 0, 1, 1, '0.00', '200.00', '200.00', '0.00', '200.00', '200.00', '0.00', '163.00', 1, 0, 0, '0.00', '0.00', '0.00', '0.00', '', '', 'active', 1, '2022-03-08 13:52:16', 0, '0000-00-00 00:00:00', NULL, NULL),
(578, 63, 602, 0, 1, 1, '0.00', '139.00', '139.00', '0.00', '139.00', '139.00', '0.00', '78.00', 1, 0, 0, '0.00', '0.00', '0.00', '0.00', '', '', 'active', 1, '2022-03-08 13:52:16', 0, '0000-00-00 00:00:00', NULL, NULL),
(579, 63, 601, 0, 1, 1, '0.00', '208.00', '208.00', '0.00', '208.00', '208.00', '0.00', '113.00', 1, 0, 0, '0.00', '0.00', '0.00', '0.00', '', '', 'active', 1, '2022-03-08 13:52:16', 0, '0000-00-00 00:00:00', NULL, NULL),
(580, 63, 283, 0, 1, 1, '0.00', '1111.00', '1111.00', '0.00', '1111.00', '1111.00', '0.00', '689.00', 1, 0, 0, '0.00', '0.00', '0.00', '0.00', '', '', 'active', 1, '2022-03-08 13:52:16', 0, '0000-00-00 00:00:00', NULL, NULL),
(583, 65, 579, 0, 1, 1, '0.00', '900.00', '900.00', '0.00', '36000.00', '36000.00', '0.00', '448.00', 40, 0, 0, '0.00', '0.00', '0.00', '0.00', '', '', 'active', 1, '2022-03-09 06:33:29', 0, '0000-00-00 00:00:00', NULL, NULL),
(586, 66, 579, 0, 1, 1, '0.00', '900.00', '900.00', '0.00', '1800.00', '1800.00', '0.00', '448.00', 2, 0, 0, '0.00', '0.00', '0.00', '0.00', '', '', 'active', 1, '2022-03-09 06:38:35', 0, '0000-00-00 00:00:00', NULL, NULL),
(587, 64, 579, 0, 1, 1, '1.00', '448.00', '448.00', '6.00', '2688.00', '2688.00', '2688.00', '448.00', 6, 0, 0, '0.00', '0.00', '0.00', '0.00', '', '', 'active', 1, '2022-03-09 06:48:15', 0, '0000-00-00 00:00:00', NULL, NULL),
(588, 64, 415, 0, 1, 1, '1.00', '463.00', '463.00', '13.00', '6019.00', '6019.00', '6019.00', '463.00', 13, 0, 0, '0.00', '0.00', '0.00', '0.00', '', '', 'active', 1, '2022-03-09 06:48:15', 0, '0000-00-00 00:00:00', NULL, NULL),
(589, 67, 579, 0, 1, 1, '0.00', '448.00', '0.00', '0.00', '1792.00', '0.00', '0.00', '448.00', 4, 0, 0, '0.00', '0.00', '0.00', '0.00', '', '', 'active', 1, '2022-03-09 07:06:17', 0, '0000-00-00 00:00:00', NULL, NULL),
(590, 68, 579, 0, 1, 1, '0.00', '900.00', '900.00', '0.00', '1800.00', '1800.00', '0.00', '448.00', 2, 0, 0, '0.00', '0.00', '0.00', '0.00', '', '', 'active', 1, '2022-03-11 09:11:57', 0, '0000-00-00 00:00:00', NULL, NULL),
(591, 68, 132, 0, 1, 1, '0.00', '100.00', '100.00', '0.00', '500.00', '500.00', '0.00', '50.00', 5, 0, 0, '0.00', '0.00', '0.00', '0.00', '', '', 'active', 1, '2022-03-11 09:11:57', 0, '0000-00-00 00:00:00', NULL, NULL),
(592, 68, 639, 0, 1, 1, '0.00', '131355.93', '131355.93', '0.00', '262711.86', '262711.86', '0.00', '100000.00', 2, 0, 18, '47288.13', '47288.13', '0.00', '0.00', '', '', 'active', 1, '2022-03-11 09:11:57', 0, '0000-00-00 00:00:00', NULL, NULL),
(593, 69, 640, 0, 1, 1, '0.00', '560000.00', '560000.00', '0.00', '560000.00', '560000.00', '0.00', '390000.00', 1, 0, 0, '0.00', '0.00', '0.00', '0.00', '', '', 'active', 1, '2022-03-12 07:50:45', 0, '0000-00-00 00:00:00', NULL, NULL),
(594, 69, 135, 0, 1, 1, '0.00', '4000.00', '4000.00', '0.00', '4000.00', '4000.00', '0.00', '2200.00', 1, 0, 0, '0.00', '0.00', '0.00', '0.00', '', '', 'active', 1, '2022-03-12 07:50:45', 0, '0000-00-00 00:00:00', NULL, NULL),
(600, 71, 63, 0, 1, 1, '1.00', '2000.00', '2000.00', '1.00', '2000.00', '2000.00', '2000.00', '0.00', 1, 0, 0, '0.00', '0.00', '0.00', '0.00', '', '', 'active', 1, '2022-03-14 07:59:53', 0, '0000-00-00 00:00:00', NULL, NULL),
(601, 71, 399, 0, 1, 1, '1.00', '500.00', '500.00', '1.00', '500.00', '500.00', '500.00', '0.00', 1, 0, 0, '0.00', '0.00', '0.00', '0.00', '', '', 'active', 1, '2022-03-14 07:59:54', 0, '0000-00-00 00:00:00', NULL, NULL),
(602, 71, 640, 0, 1, 1, '1.00', '560000.00', '560000.00', '560000.00', '1120000.00', '1120000.00', '1120000.00', '0.00', 2, 0, 0, '0.00', '0.00', '0.00', '0.00', '', '', 'active', 1, '2022-03-14 07:59:54', 0, '0000-00-00 00:00:00', NULL, NULL),
(603, 72, 639, 0, 1, 1, '0.00', '131355.93', '131355.93', '0.00', '394067.79', '394067.79', '0.00', '100000.00', 3, 0, 18, '70932.20', '70932.20', '0.00', '0.00', '', '', 'active', 1, '2022-03-14 11:56:15', 0, '0000-00-00 00:00:00', NULL, NULL),
(604, 73, 639, 0, 1, 1, '1.00', '110000.00', '110000.00', '3.00', '330000.00', '330000.00', '330000.00', '100000.00', 3, 18, 18, '59400.00', '59400.00', '59400.00', '0.00', '', '', 'active', 1, '2022-03-14 11:58:34', 0, '0000-00-00 00:00:00', NULL, NULL),
(605, 74, 19, 0, 1, 1, '1.00', '4000.00', '4000.00', '4.00', '16000.00', '16000.00', '16000.00', '0.00', 4, 0, 0, '0.00', '0.00', '0.00', '0.00', '', '', 'active', 1, '2022-03-14 12:00:06', 0, '0000-00-00 00:00:00', NULL, NULL),
(606, 74, 640, 0, 1, 1, '1.00', '560000.00', '560000.00', '560000.00', '560000.00', '560000.00', '560000.00', '0.00', 1, 0, 0, '0.00', '0.00', '0.00', '0.00', '', '', 'active', 1, '2022-03-14 12:00:06', 0, '0000-00-00 00:00:00', NULL, NULL),
(607, 75, 579, 0, 1, 1, '0.00', '900.00', '900.00', '0.00', '900.00', '900.00', '0.00', '448.00', 1, 0, 0, '0.00', '0.00', '0.00', '0.00', '', '', 'active', 1, '2022-03-18 06:59:48', 0, '0000-00-00 00:00:00', NULL, NULL),
(608, 75, 135, 0, 1, 1, '0.00', '4000.00', '4000.00', '0.00', '4000.00', '4000.00', '0.00', '2200.00', 1, 0, 0, '0.00', '0.00', '0.00', '0.00', '', '', 'active', 1, '2022-03-18 06:59:49', 0, '0000-00-00 00:00:00', NULL, NULL),
(611, 76, 639, 0, 1, 1, '1.00', '131355.93', '131355.93', '131355.93', '131355.93', '131355.93', '131355.93', '0.00', 1, 18, 18, '23644.07', '23644.07', '23644.07', '0.00', '', '', 'active', 1, '2022-03-18 09:55:01', 0, '0000-00-00 00:00:00', NULL, NULL),
(614, 77, 639, 0, 1, 1, '1.00', '110000.00', '110000.00', '110000.00', '110000.00', '110000.00', '110000.00', '100000.00', 1, 18, 18, '19800.00', '19800.00', '19800.00', '0.00', '', '', 'active', 1, '2022-03-18 11:17:10', 0, '0000-00-00 00:00:00', NULL, NULL),
(615, 78, 639, 0, 1, 1, '1.00', '110000.00', '110000.00', '2.00', '220000.00', '220000.00', '220000.00', '100000.00', 2, 18, 18, '39600.00', '39600.00', '39600.00', '0.00', '', '', 'active', 1, '2022-03-18 11:41:05', 0, '0000-00-00 00:00:00', NULL, NULL),
(616, 79, 639, 0, 1, 1, '1.00', '110000.00', '110000.00', '0.00', '110000.00', '110000.00', '0.00', '100000.00', 1, 18, 18, '19800.00', '19800.00', '0.00', '0.00', '', '', 'active', 1, '2022-03-19 09:23:12', 0, '0000-00-00 00:00:00', NULL, NULL),
(617, 79, 636, 0, 1, 1, '1.00', '500.00', '500.00', '0.00', '500.00', '500.00', '0.00', '500.00', 1, 0, 0, '0.00', '0.00', '0.00', '0.00', '', '', 'active', 1, '2022-03-19 09:23:12', 0, '0000-00-00 00:00:00', NULL, NULL),
(618, 79, 333, 0, 1, 1, '1.00', '32000.00', '32000.00', '1.00', '32000.00', '32000.00', '32000.00', '32000.00', 1, 0, 0, '0.00', '0.00', '0.00', '0.00', '', '', 'active', 1, '2022-03-19 09:23:12', 0, '0000-00-00 00:00:00', NULL, NULL),
(619, 80, 136, 0, 1, 1, '0.00', '40.00', '40.00', '0.00', '40.00', '40.00', '0.00', '37.00', 1, 0, 0, '0.00', '0.00', '0.00', '0.00', '', '', 'active', 1, '2022-03-23 08:28:19', 0, '0000-00-00 00:00:00', NULL, NULL),
(620, 81, 131, 0, 1, 1, '0.00', '3500.00', '3500.00', '0.00', '10500.00', '10500.00', '0.00', '1700.00', 3, 0, 0, '0.00', '0.00', '0.00', '0.00', '', '', 'active', 1, '2022-03-24 08:46:41', 0, '0000-00-00 00:00:00', NULL, NULL),
(622, 82, 636, 0, 1, 1, '1.00', '500.00', '500.00', '1.00', '500.00', '500.00', '500.00', '500.00', 1, 0, 0, '0.00', '0.00', '0.00', '0.00', '', '', 'active', 1, '2022-03-24 09:33:50', 0, '0000-00-00 00:00:00', NULL, NULL),
(623, 83, 636, 0, 1, 1, '1.00', '500.00', '500.00', '2.00', '1000.00', '1000.00', '1000.00', '500.00', 2, 0, 0, '0.00', '0.00', '0.00', '0.00', '', '', 'active', 1, '2022-03-24 11:34:30', 0, '0000-00-00 00:00:00', NULL, NULL),
(624, 83, 142, 0, 1, 1, '1.00', '850.00', '850.00', '2.00', '1700.00', '1700.00', '1700.00', '850.00', 2, 0, 0, '0.00', '0.00', '0.00', '0.00', '', '', 'active', 1, '2022-03-24 11:34:30', 0, '0000-00-00 00:00:00', NULL, NULL),
(625, 83, 639, 0, 1, 1, '1.00', '140000.00', '140000.00', '3.00', '420000.00', '420000.00', '420000.00', '100000.00', 3, 15, 15, '63000.00', '63000.00', '63000.00', '0.00', '', '', 'active', 1, '2022-03-24 11:34:30', 0, '0000-00-00 00:00:00', NULL, NULL),
(626, 84, 636, 0, 1, 1, '1.00', '500.00', '500.00', '2.00', '1000.00', '1000.00', '1000.00', '500.00', 2, 0, 0, '0.00', '0.00', '0.00', '0.00', '', '', 'active', 1, '2022-03-24 11:34:43', 0, '0000-00-00 00:00:00', NULL, NULL),
(627, 84, 142, 0, 1, 1, '1.00', '850.00', '850.00', '2.00', '1700.00', '1700.00', '1700.00', '850.00', 2, 0, 0, '0.00', '0.00', '0.00', '0.00', '', '', 'active', 1, '2022-03-24 11:34:43', 0, '0000-00-00 00:00:00', NULL, NULL),
(628, 84, 639, 0, 1, 1, '1.00', '140000.00', '140000.00', '3.00', '420000.00', '420000.00', '420000.00', '100000.00', 3, 15, 15, '63000.00', '63000.00', '63000.00', '0.00', '', '', 'active', 1, '2022-03-24 11:34:43', 0, '0000-00-00 00:00:00', NULL, NULL),
(629, 85, 636, 0, 1, 1, '1.00', '500.00', '500.00', '2.00', '1000.00', '1000.00', '1000.00', '500.00', 2, 0, 0, '0.00', '0.00', '0.00', '0.00', '', '', 'active', 1, '2022-03-24 11:50:40', 0, '0000-00-00 00:00:00', NULL, NULL),
(630, 85, 142, 0, 1, 1, '1.00', '850.00', '850.00', '2.00', '1700.00', '1700.00', '1700.00', '850.00', 2, 0, 0, '0.00', '0.00', '0.00', '0.00', '', '', 'active', 1, '2022-03-24 11:50:40', 0, '0000-00-00 00:00:00', NULL, NULL),
(631, 85, 639, 0, 1, 1, '1.00', '140000.00', '140000.00', '3.00', '420000.00', '420000.00', '420000.00', '100000.00', 3, 15, 15, '63000.00', '63000.00', '63000.00', '0.00', '', '', 'active', 1, '2022-03-24 11:50:40', 0, '0000-00-00 00:00:00', NULL, NULL),
(632, 86, 636, 0, 1, 1, '1.00', '500.00', '500.00', '2.00', '1000.00', '1000.00', '1000.00', '500.00', 2, 0, 0, '0.00', '0.00', '0.00', '0.00', '', '', 'active', 1, '2022-03-24 11:50:45', 0, '0000-00-00 00:00:00', NULL, NULL),
(633, 86, 142, 0, 1, 1, '1.00', '850.00', '850.00', '2.00', '1700.00', '1700.00', '1700.00', '850.00', 2, 0, 0, '0.00', '0.00', '0.00', '0.00', '', '', 'active', 1, '2022-03-24 11:50:45', 0, '0000-00-00 00:00:00', NULL, NULL),
(634, 86, 639, 0, 1, 1, '1.00', '140000.00', '140000.00', '3.00', '420000.00', '420000.00', '420000.00', '100000.00', 3, 15, 15, '63000.00', '63000.00', '63000.00', '0.00', '', '', 'active', 1, '2022-03-24 11:50:45', 0, '0000-00-00 00:00:00', NULL, NULL),
(635, 87, 636, 0, 1, 1, '1.00', '500.00', '500.00', '2.00', '1000.00', '1000.00', '1000.00', '500.00', 2, 0, 0, '0.00', '0.00', '0.00', '0.00', '', '', 'active', 1, '2022-03-24 11:51:20', 0, '0000-00-00 00:00:00', NULL, NULL),
(636, 87, 142, 0, 1, 1, '1.00', '850.00', '850.00', '2.00', '1700.00', '1700.00', '1700.00', '850.00', 2, 0, 0, '0.00', '0.00', '0.00', '0.00', '', '', 'active', 1, '2022-03-24 11:51:20', 0, '0000-00-00 00:00:00', NULL, NULL),
(637, 87, 639, 0, 1, 1, '1.00', '140000.00', '140000.00', '3.00', '420000.00', '420000.00', '420000.00', '100000.00', 3, 15, 15, '63000.00', '63000.00', '63000.00', '0.00', '', '', 'active', 1, '2022-03-24 11:51:20', 0, '0000-00-00 00:00:00', NULL, NULL),
(638, 88, 636, 0, 1, 1, '1.00', '500.00', '500.00', '2.00', '1000.00', '1000.00', '1000.00', '500.00', 2, 0, 0, '0.00', '0.00', '0.00', '0.00', '', '', 'active', 1, '2022-03-24 11:52:35', 0, '0000-00-00 00:00:00', NULL, NULL),
(639, 88, 142, 0, 1, 1, '1.00', '850.00', '850.00', '2.00', '1700.00', '1700.00', '1700.00', '850.00', 2, 0, 0, '0.00', '0.00', '0.00', '0.00', '', '', 'active', 1, '2022-03-24 11:52:35', 0, '0000-00-00 00:00:00', NULL, NULL),
(640, 88, 639, 0, 1, 1, '1.00', '140000.00', '140000.00', '3.00', '420000.00', '420000.00', '420000.00', '100000.00', 3, 15, 15, '63000.00', '63000.00', '63000.00', '0.00', '', '', 'active', 1, '2022-03-24 11:52:35', 0, '0000-00-00 00:00:00', NULL, NULL),
(641, 89, 636, 0, 1, 1, '1.00', '500.00', '500.00', '2.00', '1000.00', '1000.00', '1000.00', '500.00', 2, 0, 0, '0.00', '0.00', '0.00', '0.00', '', '', 'active', 1, '2022-03-24 11:53:54', 0, '0000-00-00 00:00:00', NULL, NULL),
(642, 89, 142, 0, 1, 1, '1.00', '850.00', '850.00', '2.00', '1700.00', '1700.00', '1700.00', '850.00', 2, 0, 0, '0.00', '0.00', '0.00', '0.00', '', '', 'active', 1, '2022-03-24 11:53:54', 0, '0000-00-00 00:00:00', NULL, NULL),
(643, 89, 639, 0, 1, 1, '1.00', '140000.00', '140000.00', '3.00', '420000.00', '420000.00', '420000.00', '100000.00', 3, 15, 15, '63000.00', '63000.00', '63000.00', '0.00', '', '', 'active', 1, '2022-03-24 11:53:54', 0, '0000-00-00 00:00:00', NULL, NULL),
(644, 90, 636, 0, 1, 1, '1.00', '500.00', '500.00', '2.00', '1000.00', '1000.00', '1000.00', '500.00', 2, 0, 0, '0.00', '0.00', '0.00', '0.00', '', '', 'active', 1, '2022-03-24 11:54:36', 0, '0000-00-00 00:00:00', NULL, NULL),
(645, 90, 142, 0, 1, 1, '1.00', '850.00', '850.00', '2.00', '1700.00', '1700.00', '1700.00', '850.00', 2, 0, 0, '0.00', '0.00', '0.00', '0.00', '', '', 'active', 1, '2022-03-24 11:54:36', 0, '0000-00-00 00:00:00', NULL, NULL),
(646, 90, 639, 0, 1, 1, '1.00', '140000.00', '140000.00', '3.00', '420000.00', '420000.00', '420000.00', '100000.00', 3, 15, 15, '63000.00', '63000.00', '63000.00', '0.00', '', '', 'active', 1, '2022-03-24 11:54:36', 0, '0000-00-00 00:00:00', NULL, NULL),
(647, 91, 636, 0, 1, 1, '1.00', '500.00', '500.00', '2.00', '1000.00', '1000.00', '1000.00', '500.00', 2, 0, 0, '0.00', '0.00', '0.00', '0.00', '', '', 'active', 1, '2022-03-24 11:55:31', 0, '0000-00-00 00:00:00', NULL, NULL),
(648, 91, 142, 0, 1, 1, '1.00', '850.00', '850.00', '2.00', '1700.00', '1700.00', '1700.00', '850.00', 2, 0, 0, '0.00', '0.00', '0.00', '0.00', '', '', 'active', 1, '2022-03-24 11:55:31', 0, '0000-00-00 00:00:00', NULL, NULL),
(649, 91, 639, 0, 1, 1, '1.00', '140000.00', '140000.00', '3.00', '420000.00', '420000.00', '420000.00', '100000.00', 3, 15, 15, '63000.00', '63000.00', '63000.00', '0.00', '', '', 'active', 1, '2022-03-24 11:55:31', 0, '0000-00-00 00:00:00', NULL, NULL),
(650, 92, 636, 0, 1, 1, '1.00', '500.00', '500.00', '2.00', '1000.00', '1000.00', '1000.00', '500.00', 2, 0, 0, '0.00', '0.00', '0.00', '0.00', '', '', 'active', 1, '2022-03-24 11:57:55', 0, '0000-00-00 00:00:00', NULL, NULL),
(651, 92, 142, 0, 1, 1, '1.00', '850.00', '850.00', '2.00', '1700.00', '1700.00', '1700.00', '850.00', 2, 0, 0, '0.00', '0.00', '0.00', '0.00', '', '', 'active', 1, '2022-03-24 11:57:55', 0, '0000-00-00 00:00:00', NULL, NULL),
(652, 92, 639, 0, 1, 1, '1.00', '140000.00', '140000.00', '3.00', '420000.00', '420000.00', '420000.00', '100000.00', 3, 15, 15, '63000.00', '63000.00', '63000.00', '0.00', '', '', 'active', 1, '2022-03-24 11:57:55', 0, '0000-00-00 00:00:00', NULL, NULL),
(653, 93, 636, 0, 1, 1, '1.00', '500.00', '500.00', '2.00', '1000.00', '1000.00', '1000.00', '500.00', 2, 0, 0, '0.00', '0.00', '0.00', '0.00', '', '', 'active', 1, '2022-03-24 11:58:29', 0, '0000-00-00 00:00:00', NULL, NULL),
(654, 93, 142, 0, 1, 1, '1.00', '850.00', '850.00', '2.00', '1700.00', '1700.00', '1700.00', '850.00', 2, 0, 0, '0.00', '0.00', '0.00', '0.00', '', '', 'active', 1, '2022-03-24 11:58:29', 0, '0000-00-00 00:00:00', NULL, NULL),
(655, 93, 639, 0, 1, 1, '1.00', '140000.00', '140000.00', '3.00', '420000.00', '420000.00', '420000.00', '100000.00', 3, 15, 15, '63000.00', '63000.00', '63000.00', '0.00', '', '', 'active', 1, '2022-03-24 11:58:29', 0, '0000-00-00 00:00:00', NULL, NULL),
(656, 94, 636, 0, 1, 1, '1.00', '500.00', '500.00', '2.00', '1000.00', '1000.00', '1000.00', '500.00', 2, 0, 0, '0.00', '0.00', '0.00', '0.00', '', '', 'active', 1, '2022-03-24 11:58:53', 0, '0000-00-00 00:00:00', NULL, NULL),
(657, 94, 142, 0, 1, 1, '1.00', '850.00', '850.00', '2.00', '1700.00', '1700.00', '1700.00', '850.00', 2, 0, 0, '0.00', '0.00', '0.00', '0.00', '', '', 'active', 1, '2022-03-24 11:58:53', 0, '0000-00-00 00:00:00', NULL, NULL),
(658, 94, 639, 0, 1, 1, '1.00', '140000.00', '140000.00', '3.00', '420000.00', '420000.00', '420000.00', '100000.00', 3, 15, 15, '63000.00', '63000.00', '63000.00', '0.00', '', '', 'active', 1, '2022-03-24 11:58:54', 0, '0000-00-00 00:00:00', NULL, NULL),
(659, 95, 636, 0, 1, 1, '1.00', '500.00', '500.00', '2.00', '1000.00', '1000.00', '1000.00', '500.00', 2, 0, 0, '0.00', '0.00', '0.00', '0.00', '', '', 'active', 1, '2022-03-24 12:01:50', 0, '0000-00-00 00:00:00', NULL, NULL),
(660, 95, 142, 0, 1, 1, '1.00', '850.00', '850.00', '2.00', '1700.00', '1700.00', '1700.00', '850.00', 2, 0, 0, '0.00', '0.00', '0.00', '0.00', '', '', 'active', 1, '2022-03-24 12:01:50', 0, '0000-00-00 00:00:00', NULL, NULL),
(661, 95, 639, 0, 1, 1, '1.00', '140000.00', '140000.00', '3.00', '420000.00', '420000.00', '420000.00', '100000.00', 3, 15, 15, '63000.00', '63000.00', '63000.00', '0.00', '', '', 'active', 1, '2022-03-24 12:01:50', 0, '0000-00-00 00:00:00', NULL, NULL),
(662, 96, 636, 0, 1, 1, '1.00', '500.00', '500.00', '2.00', '1000.00', '1000.00', '1000.00', '500.00', 2, 0, 0, '0.00', '0.00', '0.00', '0.00', '', '', 'active', 1, '2022-03-24 12:02:03', 0, '0000-00-00 00:00:00', NULL, NULL),
(663, 96, 142, 0, 1, 1, '1.00', '850.00', '850.00', '2.00', '1700.00', '1700.00', '1700.00', '850.00', 2, 0, 0, '0.00', '0.00', '0.00', '0.00', '', '', 'active', 1, '2022-03-24 12:02:03', 0, '0000-00-00 00:00:00', NULL, NULL),
(664, 96, 639, 0, 1, 1, '1.00', '140000.00', '140000.00', '3.00', '420000.00', '420000.00', '420000.00', '100000.00', 3, 15, 15, '63000.00', '63000.00', '63000.00', '0.00', '', '', 'active', 1, '2022-03-24 12:02:03', 0, '0000-00-00 00:00:00', NULL, NULL),
(665, 97, 636, 0, 1, 1, '1.00', '500.00', '500.00', '2.00', '1000.00', '1000.00', '1000.00', '500.00', 2, 0, 0, '0.00', '0.00', '0.00', '0.00', '', '', 'active', 1, '2022-03-24 12:02:43', 0, '0000-00-00 00:00:00', NULL, NULL),
(666, 97, 142, 0, 1, 1, '1.00', '850.00', '850.00', '2.00', '1700.00', '1700.00', '1700.00', '850.00', 2, 0, 0, '0.00', '0.00', '0.00', '0.00', '', '', 'active', 1, '2022-03-24 12:02:43', 0, '0000-00-00 00:00:00', NULL, NULL),
(667, 97, 639, 0, 1, 1, '1.00', '140000.00', '140000.00', '3.00', '420000.00', '420000.00', '420000.00', '100000.00', 3, 15, 15, '63000.00', '63000.00', '63000.00', '0.00', '', '', 'active', 1, '2022-03-24 12:02:43', 0, '0000-00-00 00:00:00', NULL, NULL),
(668, 98, 292, 0, 1, 1, '0.00', '100.00', '100.00', '0.00', '1000.00', '1000.00', '0.00', '70.00', 10, 0, 0, '0.00', '0.00', '0.00', '0.00', '', '', 'active', 1, '2022-03-24 12:18:10', 0, '0000-00-00 00:00:00', NULL, NULL),
(669, 99, 292, 0, 1, 1, '0.00', '100.00', '100.00', '0.00', '1000.00', '1000.00', '0.00', '70.00', 10, 0, 0, '0.00', '0.00', '0.00', '0.00', '', '', 'active', 1, '2022-03-24 12:20:36', 0, '0000-00-00 00:00:00', NULL, NULL),
(670, 100, 292, 0, 1, 1, '0.00', '100.00', '100.00', '0.00', '1000.00', '1000.00', '0.00', '70.00', 10, 0, 0, '0.00', '0.00', '0.00', '0.00', '', '', 'active', 1, '2022-03-24 12:21:41', 0, '0000-00-00 00:00:00', NULL, NULL),
(671, 101, 292, 0, 1, 1, '0.00', '100.00', '100.00', '0.00', '1000.00', '1000.00', '0.00', '70.00', 10, 0, 0, '0.00', '0.00', '0.00', '0.00', '', '', 'active', 1, '2022-03-24 12:22:44', 0, '0000-00-00 00:00:00', NULL, NULL),
(672, 102, 131, 0, 1, 1, '0.00', '3500.00', '3500.00', '0.00', '3500.00', '3500.00', '0.00', '1700.00', 1, 0, 0, '0.00', '0.00', '0.00', '0.00', '', '', 'active', 1, '2022-03-25 06:46:31', 0, '0000-00-00 00:00:00', NULL, NULL),
(673, 102, 134, 0, 1, 1, '0.00', '6000.00', '6000.00', '0.00', '6000.00', '6000.00', '0.00', '3830.00', 1, 0, 0, '0.00', '0.00', '0.00', '0.00', '', '', 'active', 1, '2022-03-25 06:46:31', 0, '0000-00-00 00:00:00', NULL, NULL),
(674, 102, 139, 0, 1, 1, '0.00', '200.00', '200.00', '0.00', '200.00', '200.00', '0.00', '110.00', 1, 0, 0, '0.00', '0.00', '0.00', '0.00', '', '', 'active', 1, '2022-03-25 06:46:31', 0, '0000-00-00 00:00:00', NULL, NULL),
(675, 103, 136, 0, 1, 1, '0.00', '40.00', '40.00', '0.00', '40.00', '40.00', '0.00', '37.00', 1, 0, 0, '0.00', '0.00', '0.00', '0.00', '', '', 'active', 1, '2022-03-25 06:50:51', 0, '0000-00-00 00:00:00', NULL, NULL),
(676, 104, 131, 0, 1, 1, '0.00', '3500.00', '3500.00', '0.00', '3500.00', '3500.00', '0.00', '1700.00', 1, 0, 0, '0.00', '0.00', '0.00', '0.00', '', '', 'active', 1, '2022-03-25 07:14:46', 0, '0000-00-00 00:00:00', NULL, NULL),
(677, 104, 134, 0, 1, 1, '0.00', '6000.00', '6000.00', '0.00', '6000.00', '6000.00', '0.00', '3830.00', 1, 0, 0, '0.00', '0.00', '0.00', '0.00', '', '', 'active', 1, '2022-03-25 07:14:46', 0, '0000-00-00 00:00:00', NULL, NULL),
(678, 105, 640, 0, 1, 1, '0.00', '560000.00', '560000.00', '0.00', '560000.00', '560000.00', '0.00', '390000.00', 1, 0, 0, '0.00', '0.00', '0.00', '0.00', '', '', 'active', 1, '2022-03-25 07:27:45', 0, '0000-00-00 00:00:00', NULL, NULL),
(679, 106, 640, 0, 1, 1, '0.00', '560000.00', '560000.00', '0.00', '560000.00', '560000.00', '0.00', '390000.00', 1, 0, 0, '0.00', '0.00', '0.00', '0.00', '', '', 'active', 1, '2022-03-25 08:16:12', 0, '0000-00-00 00:00:00', NULL, NULL),
(680, 107, 636, 0, 1, 1, '0.00', '1000.00', '1000.00', '0.00', '1000.00', '1000.00', '0.00', '500.00', 1, 0, 0, '0.00', '0.00', '0.00', '0.00', '', '', 'active', 1, '2022-03-25 08:22:16', 0, '0000-00-00 00:00:00', NULL, NULL),
(681, 108, 636, 0, 1, 1, '0.00', '1000.00', '1000.00', '0.00', '1000.00', '1000.00', '0.00', '500.00', 1, 0, 0, '0.00', '0.00', '0.00', '0.00', '', '', 'active', 1, '2022-03-25 08:22:35', 0, '0000-00-00 00:00:00', NULL, NULL);

-- --------------------------------------------------------

--
-- Table structure for table `salespayments`
--

CREATE TABLE `salespayments` (
  `id` int(10) UNSIGNED NOT NULL,
  `clientid` int(11) NOT NULL,
  `pmethod_id` int(11) NOT NULL,
  `paid_totalmount` decimal(18,2) UNSIGNED NOT NULL,
  `remark` varchar(255) COLLATE utf8mb4_unicode_ci NOT NULL,
  `status` enum('active','inactive') COLLATE utf8mb4_unicode_ci NOT NULL DEFAULT 'active',
  `approvalby` int(11) NOT NULL,
  `approvedate` datetime NOT NULL,
  `chequename` varchar(255) COLLATE utf8mb4_unicode_ci NOT NULL,
  `chequetype` enum('Normal','PDC') COLLATE utf8mb4_unicode_ci DEFAULT NULL,
  `bankname` varchar(255) COLLATE utf8mb4_unicode_ci NOT NULL,
  `bankreference` varchar(255) COLLATE utf8mb4_unicode_ci NOT NULL,
  `credit_cardno` varchar(40) COLLATE utf8mb4_unicode_ci NOT NULL,
  `from_advance` tinyint(4) NOT NULL DEFAULT 0,
  `advance_amount` decimal(18,2) DEFAULT NULL,
  `vtra_receipt` varchar(255) COLLATE utf8mb4_unicode_ci NOT NULL,
  `vtra_receipt_isprinted` int(11) NOT NULL,
  `createdby` int(10) UNSIGNED NOT NULL,
  `doc` timestamp NOT NULL DEFAULT current_timestamp(),
  `modifiedby` int(10) UNSIGNED NOT NULL,
  `dom` datetime NOT NULL
) ENGINE=InnoDB DEFAULT CHARSET=utf8mb4 COLLATE=utf8mb4_unicode_ci;

--
-- Dumping data for table `salespayments`
--

INSERT INTO `salespayments` (`id`, `clientid`, `pmethod_id`, `paid_totalmount`, `remark`, `status`, `approvalby`, `approvedate`, `chequename`, `chequetype`, `bankname`, `bankreference`, `credit_cardno`, `from_advance`, `advance_amount`, `vtra_receipt`, `vtra_receipt_isprinted`, `createdby`, `doc`, `modifiedby`, `dom`) VALUES
(1, 1, 1, '57500.00', '', 'active', 0, '0000-00-00 00:00:00', '', NULL, '', '', '', 0, NULL, '', 0, 1, '2022-02-20 12:22:17', 0, '0000-00-00 00:00:00'),
(2, 1, 1, '40404.00', '', 'active', 0, '0000-00-00 00:00:00', '', NULL, '', '', '', 0, NULL, '', 0, 1, '2022-02-20 13:26:45', 0, '0000-00-00 00:00:00'),
(3, 1, 1, '51101.00', '', 'active', 0, '0000-00-00 00:00:00', '', NULL, '', '', '', 0, NULL, '', 0, 1, '2022-02-20 13:51:03', 0, '0000-00-00 00:00:00'),
(4, 1, 1, '32000.00', '', 'active', 0, '0000-00-00 00:00:00', '', NULL, '', '', '', 0, NULL, '', 0, 1, '2022-02-20 14:02:01', 0, '0000-00-00 00:00:00'),
(5, 1, 1, '55500.00', '', 'active', 0, '0000-00-00 00:00:00', '', NULL, '', '', '', 0, NULL, '', 0, 1, '2022-02-20 14:28:28', 0, '0000-00-00 00:00:00'),
(6, 1, 1, '26100.00', '', 'active', 0, '0000-00-00 00:00:00', '', NULL, '', '', '', 0, NULL, '', 0, 1, '2022-02-20 14:49:55', 0, '0000-00-00 00:00:00'),
(7, 1, 1, '44501.00', '', 'active', 0, '0000-00-00 00:00:00', '', NULL, '', '', '', 0, NULL, '', 0, 1, '2022-02-20 15:14:11', 0, '0000-00-00 00:00:00'),
(8, 1, 1, '38900.00', '', 'active', 0, '0000-00-00 00:00:00', '', NULL, '', '', '', 0, NULL, '', 0, 1, '2022-02-20 15:46:48', 0, '0000-00-00 00:00:00'),
(9, 1, 1, '26500.00', '', 'active', 0, '0000-00-00 00:00:00', '', NULL, '', '', '', 0, NULL, '', 0, 1, '2022-02-22 16:50:41', 0, '0000-00-00 00:00:00'),
(10, 1, 1, '12800.00', '', 'active', 0, '0000-00-00 00:00:00', '', NULL, '', '', '', 0, NULL, '', 0, 1, '2022-02-22 17:12:47', 0, '0000-00-00 00:00:00'),
(11, 1, 1, '35002.00', '', 'active', 0, '0000-00-00 00:00:00', '', NULL, '', '', '', 0, NULL, '', 0, 1, '2022-02-22 17:17:43', 0, '0000-00-00 00:00:00'),
(12, 1, 1, '73700.00', '', 'active', 0, '0000-00-00 00:00:00', '', NULL, '', '', '', 0, NULL, '', 0, 1, '2022-02-22 17:26:28', 0, '0000-00-00 00:00:00'),
(13, 1, 1, '51301.00', '', 'active', 0, '0000-00-00 00:00:00', '', NULL, '', '', '', 0, NULL, '', 0, 1, '2022-02-22 17:43:55', 0, '0000-00-00 00:00:00'),
(14, 1, 1, '121001.00', '', 'active', 0, '0000-00-00 00:00:00', '', NULL, '', '', '', 0, NULL, '', 0, 1, '2022-02-22 18:02:39', 0, '0000-00-00 00:00:00'),
(15, 1, 1, '47750.00', '', 'active', 0, '0000-00-00 00:00:00', '', NULL, '', '', '', 0, NULL, '', 0, 1, '2022-02-22 18:11:07', 0, '0000-00-00 00:00:00'),
(16, 1, 1, '95097.00', '', 'active', 0, '0000-00-00 00:00:00', '', NULL, '', '', '', 0, NULL, '', 0, 1, '2022-02-22 18:25:13', 0, '0000-00-00 00:00:00'),
(17, 1, 1, '59501.00', '', 'active', 0, '0000-00-00 00:00:00', '', NULL, '', '', '', 0, NULL, '', 0, 1, '2022-02-22 18:35:18', 0, '0000-00-00 00:00:00'),
(18, 1, 1, '85000.00', '', 'active', 0, '0000-00-00 00:00:00', '', NULL, '', '', '', 0, NULL, '', 0, 1, '2022-02-22 18:58:54', 0, '0000-00-00 00:00:00'),
(19, 1, 1, '68250.00', '', 'active', 0, '0000-00-00 00:00:00', '', NULL, '', '', '', 0, NULL, '', 0, 1, '2022-02-22 19:07:25', 0, '0000-00-00 00:00:00'),
(20, 1, 1, '138900.00', '', 'active', 0, '0000-00-00 00:00:00', '', NULL, '', '', '', 0, NULL, '', 0, 1, '2022-02-22 19:40:10', 0, '0000-00-00 00:00:00'),
(21, 1, 1, '76100.00', '', 'active', 0, '0000-00-00 00:00:00', '', NULL, '', '', '', 0, NULL, '', 0, 1, '2022-02-22 19:57:53', 0, '0000-00-00 00:00:00'),
(22, 1, 1, '79402.00', '', 'active', 0, '0000-00-00 00:00:00', '', NULL, '', '', '', 0, NULL, '', 0, 1, '2022-02-23 18:48:50', 0, '0000-00-00 00:00:00'),
(23, 1, 1, '81101.00', '', 'active', 0, '0000-00-00 00:00:00', '', NULL, '', '', '', 0, NULL, '', 0, 1, '2022-02-23 19:02:53', 0, '0000-00-00 00:00:00'),
(24, 1, 1, '67800.00', '', 'active', 0, '0000-00-00 00:00:00', '', NULL, '', '', '', 0, NULL, '', 0, 1, '2022-02-23 19:34:25', 0, '0000-00-00 00:00:00'),
(25, 1, 1, '77901.00', '', 'active', 0, '0000-00-00 00:00:00', '', NULL, '', '', '', 0, NULL, '', 0, 1, '2022-02-23 19:41:46', 0, '0000-00-00 00:00:00'),
(26, 1, 1, '72711.00', '', 'active', 0, '0000-00-00 00:00:00', '', NULL, '', '', '', 0, NULL, '', 0, 1, '2022-02-23 19:54:34', 0, '0000-00-00 00:00:00'),
(27, 1, 1, '102686.00', '', 'active', 0, '0000-00-00 00:00:00', '', NULL, '', '', '', 0, NULL, '', 0, 1, '2022-02-23 20:28:05', 0, '0000-00-00 00:00:00'),
(28, 1, 1, '12500.00', '', 'active', 0, '0000-00-00 00:00:00', '', NULL, '', '', '', 0, NULL, '', 0, 1, '2022-02-25 09:08:06', 0, '0000-00-00 00:00:00'),
(29, 4, 1, '11550.00', '', 'active', 0, '0000-00-00 00:00:00', '', NULL, '', '', '', 1, '11550.00', '', 0, 1, '2022-02-25 09:13:28', 0, '0000-00-00 00:00:00'),
(30, 1, 1, '1500.00', '', 'active', 1, '2022-02-25 12:38:31', '', NULL, '', '', '', 0, NULL, '', 0, 1, '2022-02-25 09:38:31', 0, '0000-00-00 00:00:00'),
(31, 1, 1, '12000.00', '', 'active', 1, '2022-02-25 13:07:08', '', NULL, '', '', '', 0, NULL, '', 0, 1, '2022-02-25 10:07:08', 0, '0000-00-00 00:00:00'),
(32, 1, 1, '2000.00', '', 'active', 0, '0000-00-00 00:00:00', '', NULL, '', '', '', 0, NULL, '', 0, 1, '2022-02-25 11:42:01', 0, '0000-00-00 00:00:00'),
(33, 5, 1, '1000.00', '', 'active', 0, '0000-00-00 00:00:00', '', '', '', '', '', 1, '1000.00', '', 0, 1, '2022-02-25 11:52:50', 0, '0000-00-00 00:00:00'),
(34, 5, 1, '19000.00', '', 'active', 0, '0000-00-00 00:00:00', '', NULL, '', '', '', 1, '19000.00', '', 0, 1, '2022-02-25 11:56:16', 0, '0000-00-00 00:00:00'),
(35, 4, 1, '2047.00', '', 'active', 0, '0000-00-00 00:00:00', '', NULL, '', '', '', 1, '2047.00', '', 0, 1, '2022-02-26 06:59:55', 0, '0000-00-00 00:00:00'),
(36, 4, 1, '126403.00', '', 'active', 0, '0000-00-00 00:00:00', '', NULL, '', '', '', 1, '126403.00', '', 0, 1, '2022-02-26 07:03:14', 0, '0000-00-00 00:00:00'),
(37, 4, 1, '9000.00', '', 'active', 0, '0000-00-00 00:00:00', '', '', '', '', '', 0, NULL, '', 0, 1, '2022-02-26 07:03:46', 0, '0000-00-00 00:00:00'),
(38, 4, 1, '150000.00', '', 'active', 0, '0000-00-00 00:00:00', '', '', '', '', '', 1, '150000.00', '', 0, 1, '2022-02-26 07:09:02', 0, '0000-00-00 00:00:00'),
(39, 1, 1, '1000.00', '', 'active', 0, '0000-00-00 00:00:00', '', NULL, '', '', '', 0, NULL, '', 0, 1, '2022-02-26 07:14:03', 0, '0000-00-00 00:00:00'),
(40, 1, 1, '15500.00', '', 'active', 0, '0000-00-00 00:00:00', '', NULL, '', '', '', 0, NULL, '', 0, 1, '2022-02-26 11:12:04', 0, '0000-00-00 00:00:00'),
(41, 1, 1, '2000.00', '', 'active', 0, '0000-00-00 00:00:00', '', NULL, '', '', '', 0, NULL, '', 0, 1, '2022-02-26 12:06:19', 0, '0000-00-00 00:00:00'),
(42, 1, 1, '1500.00', '', 'active', 0, '0000-00-00 00:00:00', '', NULL, '', '', '', 0, NULL, '', 0, 1, '2022-03-03 08:36:48', 0, '0000-00-00 00:00:00'),
(43, 1, 1, '7000.00', '', 'active', 0, '0000-00-00 00:00:00', '', NULL, '', '', '', 0, NULL, '', 0, 1, '2022-03-03 13:15:21', 0, '0000-00-00 00:00:00'),
(44, 1, 1, '1000.00', '', 'active', 0, '0000-00-00 00:00:00', '', NULL, '', '', '', 0, NULL, '', 0, 1, '2022-03-04 13:02:47', 0, '0000-00-00 00:00:00'),
(45, 1, 1, '1500.00', '', 'active', 0, '0000-00-00 00:00:00', '', NULL, '', '', '', 0, NULL, '', 0, 1, '2022-03-04 13:58:10', 0, '0000-00-00 00:00:00'),
(46, 1, 1, '20000.00', '', 'active', 0, '0000-00-00 00:00:00', '', NULL, '', '', '', 0, NULL, '', 0, 1, '2022-03-05 09:36:51', 0, '0000-00-00 00:00:00'),
(47, 1, 1, '4600.00', '', 'active', 0, '0000-00-00 00:00:00', '', NULL, '', '', '', 0, NULL, '', 0, 1, '2022-03-05 09:37:09', 0, '0000-00-00 00:00:00'),
(48, 1, 2, '4000.00', '', 'active', 0, '0000-00-00 00:00:00', '', '', 'NMB', '32435421312', '', 0, NULL, '', 0, 1, '2022-03-05 10:17:41', 0, '0000-00-00 00:00:00'),
(49, 1, 1, '1000.00', '', 'active', 0, '0000-00-00 00:00:00', '', '', '', '', '', 0, NULL, '', 0, 1, '2022-03-05 10:19:47', 0, '0000-00-00 00:00:00'),
(50, 1, 1, '20000.00', '', 'active', 0, '0000-00-00 00:00:00', '', NULL, '', '', '', 0, NULL, '', 0, 1, '2022-03-07 07:43:21', 0, '0000-00-00 00:00:00'),
(51, 1, 1, '4000.00', '', 'active', 0, '0000-00-00 00:00:00', '', NULL, '', '', '', 0, NULL, '', 0, 1, '2022-03-07 10:20:43', 0, '0000-00-00 00:00:00'),
(52, 1, 1, '133000.00', '', 'active', 0, '0000-00-00 00:00:00', '', NULL, '', '', '', 0, NULL, '', 0, 1, '2022-03-08 06:31:04', 0, '0000-00-00 00:00:00'),
(53, 1, 1, '79000.00', '', 'active', 0, '0000-00-00 00:00:00', '', NULL, '', '', '', 0, NULL, '', 0, 1, '2022-03-08 07:20:43', 0, '0000-00-00 00:00:00'),
(54, 1, 1, '11000.00', '', 'active', 0, '0000-00-00 00:00:00', '', NULL, '', '', '', 0, NULL, '', 0, 1, '2022-03-08 08:22:55', 0, '0000-00-00 00:00:00'),
(55, 1, 1, '500.00', '', 'active', 0, '0000-00-00 00:00:00', '', NULL, '', '', '', 0, NULL, '', 0, 1, '2022-03-08 09:03:34', 0, '0000-00-00 00:00:00'),
(56, 1, 1, '500.00', '', 'active', 0, '0000-00-00 00:00:00', '', NULL, '', '', '', 0, NULL, '', 0, 1, '2022-03-08 09:04:32', 0, '0000-00-00 00:00:00'),
(57, 4, 1, '8871.00', '', 'active', 0, '0000-00-00 00:00:00', '', '', '', '', '', 0, NULL, '', 0, 1, '2022-03-08 09:28:46', 0, '0000-00-00 00:00:00'),
(58, 1, 1, '40558.00', '', 'active', 0, '0000-00-00 00:00:00', '', NULL, '', '', '', 0, NULL, '', 0, 1, '2022-03-08 13:52:17', 0, '0000-00-00 00:00:00'),
(59, 1, 1, '36000.00', '', 'active', 0, '0000-00-00 00:00:00', '', NULL, '', '', '', 0, NULL, '', 0, 1, '2022-03-09 06:33:29', 0, '0000-00-00 00:00:00'),
(60, 1, 1, '1800.00', '', 'active', 0, '0000-00-00 00:00:00', '', NULL, '', '', '', 0, NULL, '', 0, 1, '2022-03-09 06:38:35', 0, '0000-00-00 00:00:00'),
(61, 4, 1, '1792.00', '', 'active', 0, '0000-00-00 00:00:00', '', NULL, '', '', '', 0, NULL, '', 0, 1, '2022-03-09 07:06:17', 0, '0000-00-00 00:00:00'),
(62, 1, 1, '312300.00', '', 'active', 0, '0000-00-00 00:00:00', '', NULL, '', '', '', 0, NULL, '', 0, 1, '2022-03-11 09:11:57', 0, '0000-00-00 00:00:00'),
(63, 1, 1, '564000.00', '', 'active', 0, '0000-00-00 00:00:00', '', NULL, '', '', '', 0, NULL, '', 0, 1, '2022-03-12 07:50:46', 0, '0000-00-00 00:00:00'),
(64, 1, 1, '465000.00', '', 'active', 0, '0000-00-00 00:00:00', '', NULL, '', '', '', 0, NULL, '', 0, 1, '2022-03-14 11:56:16', 0, '0000-00-00 00:00:00'),
(65, 1, 1, '4900.00', '', 'active', 0, '0000-00-00 00:00:00', '', NULL, '', '', '', 0, NULL, '', 0, 1, '2022-03-18 06:59:49', 0, '0000-00-00 00:00:00'),
(66, 1, 1, '155000.00', '', 'active', 1, '2022-03-18 12:55:01', '', NULL, '', '', '', 0, NULL, '', 0, 1, '2022-03-18 09:55:02', 0, '0000-00-00 00:00:00'),
(67, 1, 1, '259600.00', '', 'active', 1, '2022-03-18 14:41:04', '', NULL, '', '', '', 0, NULL, '', 0, 1, '2022-03-18 11:41:05', 0, '0000-00-00 00:00:00'),
(68, 1, 1, '162300.00', '', 'active', 1, '2022-03-19 12:23:11', '', NULL, '', '', '', 0, NULL, '', 0, 1, '2022-03-19 09:23:12', 0, '0000-00-00 00:00:00'),
(69, 1, 1, '40.00', '', 'active', 0, '0000-00-00 00:00:00', '', NULL, '', '', '', 0, NULL, '', 0, 1, '2022-03-23 08:28:19', 0, '0000-00-00 00:00:00'),
(70, 1, 1, '10500.00', '', 'active', 0, '0000-00-00 00:00:00', '', NULL, '', '', '', 0, NULL, '', 0, 1, '2022-03-24 08:46:41', 0, '0000-00-00 00:00:00'),
(71, 4, 1, '485700.00', '', 'active', 1, '2022-03-24 14:34:30', '', NULL, '', '', '', 0, NULL, '', 0, 1, '2022-03-24 11:34:31', 0, '0000-00-00 00:00:00'),
(72, 4, 1, '485700.00', '', 'active', 1, '2022-03-24 14:34:43', '', NULL, '', '', '', 0, NULL, '', 0, 1, '2022-03-24 11:34:43', 0, '0000-00-00 00:00:00'),
(73, 4, 1, '485700.00', '', 'active', 1, '2022-03-24 14:50:40', '', NULL, '', '', '', 0, NULL, '', 0, 1, '2022-03-24 11:50:40', 0, '0000-00-00 00:00:00'),
(74, 4, 1, '485700.00', '', 'active', 1, '2022-03-24 14:50:45', '', NULL, '', '', '', 0, NULL, '', 0, 1, '2022-03-24 11:50:45', 0, '0000-00-00 00:00:00'),
(75, 4, 1, '485700.00', '', 'active', 1, '2022-03-24 14:51:20', '', NULL, '', '', '', 0, NULL, '', 0, 1, '2022-03-24 11:51:20', 0, '0000-00-00 00:00:00'),
(76, 4, 1, '485700.00', '', 'active', 1, '2022-03-24 14:52:35', '', NULL, '', '', '', 0, NULL, '', 0, 1, '2022-03-24 11:52:35', 0, '0000-00-00 00:00:00'),
(77, 4, 1, '485700.00', '', 'active', 1, '2022-03-24 14:53:54', '', NULL, '', '', '', 0, NULL, '', 0, 1, '2022-03-24 11:53:54', 0, '0000-00-00 00:00:00'),
(78, 4, 1, '485700.00', '', 'active', 1, '2022-03-24 14:54:36', '', NULL, '', '', '', 0, NULL, '', 0, 1, '2022-03-24 11:54:36', 0, '0000-00-00 00:00:00'),
(79, 4, 1, '485700.00', '', 'active', 1, '2022-03-24 14:55:31', '', NULL, '', '', '', 0, NULL, '', 0, 1, '2022-03-24 11:55:32', 0, '0000-00-00 00:00:00'),
(80, 4, 1, '485700.00', '', 'active', 1, '2022-03-24 14:57:55', '', NULL, '', '', '', 0, NULL, '', 0, 1, '2022-03-24 11:57:55', 0, '0000-00-00 00:00:00'),
(81, 4, 1, '485700.00', '', 'active', 1, '2022-03-24 14:58:29', '', NULL, '', '', '', 0, NULL, '', 0, 1, '2022-03-24 11:58:29', 0, '0000-00-00 00:00:00'),
(82, 4, 1, '485700.00', '', 'active', 1, '2022-03-24 14:58:53', '', NULL, '', '', '', 0, NULL, '', 0, 1, '2022-03-24 11:58:54', 0, '0000-00-00 00:00:00'),
(83, 4, 1, '485700.00', '', 'active', 1, '2022-03-24 15:01:50', '', NULL, '', '', '', 0, NULL, '', 0, 1, '2022-03-24 12:01:50', 0, '0000-00-00 00:00:00'),
(84, 4, 1, '485700.00', '', 'active', 1, '2022-03-24 15:02:03', '', NULL, '', '', '', 0, NULL, '', 0, 1, '2022-03-24 12:02:03', 0, '0000-00-00 00:00:00'),
(85, 4, 1, '485700.00', '', 'active', 1, '2022-03-24 15:02:43', '', NULL, '', '', '', 0, NULL, '', 0, 1, '2022-03-24 12:02:43', 0, '0000-00-00 00:00:00'),
(86, 1, 1, '1000.00', '', 'active', 0, '0000-00-00 00:00:00', '', NULL, '', '', '', 0, NULL, '', 0, 1, '2022-03-24 12:18:10', 0, '0000-00-00 00:00:00'),
(87, 1, 1, '1000.00', '', 'active', 0, '0000-00-00 00:00:00', '', NULL, '', '', '', 0, NULL, '', 0, 1, '2022-03-24 12:20:36', 0, '0000-00-00 00:00:00'),
(88, 1, 1, '1000.00', '', 'active', 0, '0000-00-00 00:00:00', '', NULL, '', '', '', 0, NULL, '', 0, 1, '2022-03-24 12:21:41', 0, '0000-00-00 00:00:00'),
(89, 1, 1, '1000.00', '', 'active', 0, '0000-00-00 00:00:00', '', NULL, '', '', '', 0, NULL, '', 0, 1, '2022-03-24 12:22:44', 0, '0000-00-00 00:00:00'),
(90, 1, 1, '9700.00', '', 'active', 0, '0000-00-00 00:00:00', '', NULL, '', '', '', 0, NULL, '', 0, 1, '2022-03-25 06:46:32', 0, '0000-00-00 00:00:00'),
(91, 1, 1, '40.00', '', 'active', 0, '0000-00-00 00:00:00', '', NULL, '', '', '', 0, NULL, '', 0, 1, '2022-03-25 06:50:51', 0, '0000-00-00 00:00:00'),
(92, 1, 1, '9500.00', '', 'active', 0, '0000-00-00 00:00:00', '', NULL, '', '', '', 0, NULL, '', 0, 1, '2022-03-25 07:14:47', 0, '0000-00-00 00:00:00'),
(93, 1, 1, '560000.00', '', 'active', 0, '0000-00-00 00:00:00', '', NULL, '', '', '', 0, NULL, '', 0, 1, '2022-03-25 07:27:45', 0, '0000-00-00 00:00:00'),
(94, 1, 1, '560000.00', '', 'active', 0, '0000-00-00 00:00:00', '', NULL, '', '', '', 0, NULL, '', 0, 1, '2022-03-25 08:16:12', 0, '0000-00-00 00:00:00'),
(95, 1, 1, '1000.00', '', 'active', 0, '0000-00-00 00:00:00', '', NULL, '', '', '', 0, NULL, '', 0, 1, '2022-03-25 08:22:16', 0, '0000-00-00 00:00:00'),
(96, 1, 1, '1000.00', '', 'active', 0, '0000-00-00 00:00:00', '', NULL, '', '', '', 0, NULL, '', 0, 1, '2022-03-25 08:22:35', 0, '0000-00-00 00:00:00');

-- --------------------------------------------------------

--
-- Table structure for table `salespayment_details`
--

CREATE TABLE `salespayment_details` (
  `id` int(11) NOT NULL,
  `salespaymentId` int(11) NOT NULL,
  `salesid` int(11) NOT NULL,
  `amount` decimal(18,2) NOT NULL,
  `doc` timestamp NOT NULL DEFAULT current_timestamp(),
  `createdby` int(11) NOT NULL
) ENGINE=InnoDB DEFAULT CHARSET=latin1;

--
-- Dumping data for table `salespayment_details`
--

INSERT INTO `salespayment_details` (`id`, `salespaymentId`, `salesid`, `amount`, `doc`, `createdby`) VALUES
(1, 1, 1, '57500.00', '2022-02-20 12:22:17', 1),
(2, 2, 2, '40404.00', '2022-02-20 13:26:45', 1),
(3, 3, 3, '51101.00', '2022-02-20 13:51:03', 1),
(4, 4, 4, '32000.00', '2022-02-20 14:02:01', 1),
(5, 5, 5, '55500.00', '2022-02-20 14:28:28', 1),
(6, 6, 6, '26100.00', '2022-02-20 14:49:55', 1),
(7, 7, 7, '44501.00', '2022-02-20 15:14:11', 1),
(8, 8, 8, '38900.00', '2022-02-20 15:46:48', 1),
(9, 9, 9, '26500.00', '2022-02-22 16:50:41', 1),
(10, 10, 10, '12800.00', '2022-02-22 17:12:47', 1),
(11, 11, 11, '35002.00', '2022-02-22 17:17:43', 1),
(12, 12, 12, '73700.00', '2022-02-22 17:26:28', 1),
(13, 13, 13, '51301.00', '2022-02-22 17:43:55', 1),
(14, 14, 14, '121001.00', '2022-02-22 18:02:39', 1),
(15, 15, 15, '47750.00', '2022-02-22 18:11:07', 1),
(16, 16, 16, '95097.00', '2022-02-22 18:25:13', 1),
(17, 17, 17, '59501.00', '2022-02-22 18:35:18', 1),
(18, 18, 18, '85000.00', '2022-02-22 18:58:54', 1),
(19, 19, 19, '68250.00', '2022-02-22 19:07:25', 1),
(20, 20, 20, '138900.00', '2022-02-22 19:40:10', 1),
(21, 21, 21, '76100.00', '2022-02-22 19:57:53', 1),
(22, 22, 22, '79402.00', '2022-02-23 18:48:50', 1),
(23, 23, 23, '81101.00', '2022-02-23 19:02:53', 1),
(24, 24, 24, '67800.00', '2022-02-23 19:34:25', 1),
(25, 25, 25, '77901.00', '2022-02-23 19:41:46', 1),
(26, 26, 26, '72711.00', '2022-02-23 19:54:34', 1),
(27, 27, 27, '102686.00', '2022-02-23 20:28:05', 1),
(28, 28, 28, '12500.00', '2022-02-25 09:08:06', 1),
(29, 29, 29, '11550.00', '2022-02-25 09:13:28', 1),
(30, 30, 30, '1500.00', '2022-02-25 09:38:31', 1),
(31, 31, 31, '12000.00', '2022-02-25 10:07:08', 1),
(32, 32, 32, '2000.00', '2022-02-25 11:42:01', 1),
(33, 33, 33, '1000.00', '2022-02-25 11:52:50', 1),
(34, 34, 34, '19000.00', '2022-02-25 11:56:16', 1),
(35, 35, 36, '2047.00', '2022-02-26 06:59:55', 1),
(36, 36, 37, '126403.00', '2022-02-26 07:03:14', 1),
(37, 37, 37, '9000.00', '2022-02-26 07:03:46', 1),
(38, 38, 37, '150000.00', '2022-02-26 07:09:02', 1),
(39, 39, 38, '1000.00', '2022-02-26 07:14:03', 1),
(40, 40, 40, '15500.00', '2022-02-26 11:12:04', 1),
(41, 41, 41, '2000.00', '2022-02-26 12:06:19', 1),
(42, 42, 43, '1500.00', '2022-03-03 08:36:48', 1),
(43, 43, 44, '7000.00', '2022-03-03 13:15:21', 1),
(44, 44, 45, '1000.00', '2022-03-04 13:02:47', 1),
(45, 45, 48, '1500.00', '2022-03-04 13:58:10', 1),
(46, 46, 50, '20000.00', '2022-03-05 09:36:51', 1),
(47, 47, 51, '4600.00', '2022-03-05 09:37:09', 1),
(48, 48, 52, '4000.00', '2022-03-05 10:17:41', 1),
(49, 49, 52, '1000.00', '2022-03-05 10:19:47', 1),
(50, 50, 53, '20000.00', '2022-03-07 07:43:21', 1),
(51, 51, 54, '4000.00', '2022-03-07 10:20:43', 1),
(52, 52, 56, '133000.00', '2022-03-08 06:31:04', 1),
(53, 53, 58, '79000.00', '2022-03-08 07:20:43', 1),
(54, 54, 59, '11000.00', '2022-03-08 08:22:55', 1),
(55, 55, 60, '500.00', '2022-03-08 09:03:34', 1),
(56, 56, 61, '500.00', '2022-03-08 09:04:32', 1),
(57, 57, 57, '8871.00', '2022-03-08 09:28:46', 1),
(58, 58, 63, '40558.00', '2022-03-08 13:52:17', 1),
(59, 59, 65, '36000.00', '2022-03-09 06:33:29', 1),
(60, 60, 66, '1800.00', '2022-03-09 06:38:35', 1),
(61, 61, 67, '1792.00', '2022-03-09 07:06:17', 1),
(62, 62, 68, '312300.00', '2022-03-11 09:11:58', 1),
(63, 63, 69, '564000.00', '2022-03-12 07:50:46', 1),
(64, 64, 72, '465000.00', '2022-03-14 11:56:16', 1),
(65, 65, 75, '4900.00', '2022-03-18 06:59:49', 1),
(66, 66, 76, '155000.00', '2022-03-18 09:55:02', 1),
(67, 67, 78, '259600.00', '2022-03-18 11:41:05', 1),
(68, 68, 79, '162300.00', '2022-03-19 09:23:12', 1),
(69, 69, 80, '40.00', '2022-03-23 08:28:20', 1),
(70, 70, 81, '10500.00', '2022-03-24 08:46:41', 1),
(71, 71, 83, '485700.00', '2022-03-24 11:34:31', 1),
(72, 72, 84, '485700.00', '2022-03-24 11:34:43', 1),
(73, 73, 85, '485700.00', '2022-03-24 11:50:40', 1),
(74, 74, 86, '485700.00', '2022-03-24 11:50:45', 1),
(75, 75, 87, '485700.00', '2022-03-24 11:51:20', 1),
(76, 76, 88, '485700.00', '2022-03-24 11:52:35', 1),
(77, 77, 89, '485700.00', '2022-03-24 11:53:54', 1),
(78, 78, 90, '485700.00', '2022-03-24 11:54:36', 1),
(79, 79, 91, '485700.00', '2022-03-24 11:55:32', 1),
(80, 80, 92, '485700.00', '2022-03-24 11:57:55', 1),
(81, 81, 93, '485700.00', '2022-03-24 11:58:29', 1),
(82, 82, 94, '485700.00', '2022-03-24 11:58:54', 1),
(83, 83, 95, '485700.00', '2022-03-24 12:01:50', 1),
(84, 84, 96, '485700.00', '2022-03-24 12:02:03', 1),
(85, 85, 97, '485700.00', '2022-03-24 12:02:43', 1),
(86, 86, 98, '1000.00', '2022-03-24 12:18:10', 1),
(87, 87, 99, '1000.00', '2022-03-24 12:20:36', 1),
(88, 88, 100, '1000.00', '2022-03-24 12:21:41', 1),
(89, 89, 101, '1000.00', '2022-03-24 12:22:44', 1),
(90, 90, 102, '9700.00', '2022-03-25 06:46:32', 1),
(91, 91, 103, '40.00', '2022-03-25 06:50:51', 1),
(92, 92, 104, '9500.00', '2022-03-25 07:14:47', 1),
(93, 93, 105, '560000.00', '2022-03-25 07:27:45', 1),
(94, 94, 106, '560000.00', '2022-03-25 08:16:12', 1),
(95, 95, 107, '1000.00', '2022-03-25 08:22:16', 1),
(96, 96, 108, '1000.00', '2022-03-25 08:22:35', 1);

-- --------------------------------------------------------

--
-- Table structure for table `sales_canceled`
--

CREATE TABLE `sales_canceled` (
  `id` int(11) NOT NULL,
  `saleid` int(11) NOT NULL,
  `clientid` int(11) NOT NULL,
  `locationid` int(11) NOT NULL,
  `payload` text NOT NULL,
  `createdby` int(11) NOT NULL,
  `doc` datetime NOT NULL DEFAULT current_timestamp()
) ENGINE=InnoDB DEFAULT CHARSET=utf8mb4;

--
-- Dumping data for table `sales_canceled`
--

INSERT INTO `sales_canceled` (`id`, `saleid`, `clientid`, `locationid`, `payload`, `createdby`, `doc`) VALUES
(2, 49, 1, 1, 'eyJpZCI6IjQ5IiwicmVjZWlwdF9ubyI6IlNSLTAxLTAwMzIiLCJ2ZmdjIjoiMCIsInZmZGMiOiIwIiwiY2xpZW50aWQiOiIxIiwiY2xpZW50X3RpbiI6bnVsbCwiY2xpZW50X25hbWUiOm51bGwsImxvY2F0aW9uaWQiOiIxIiwiZGVzY3JpcHRpb24iOiIiLCJjdHJsX3N0b2NrIjoiMCIsIm9yZGVyaWQiOiIwIiwicHJvZm9ybWFpZCI6IjAiLCJ0aWNrZXRpZCI6IjAiLCJwYXltZW50X3N0YXR1cyI6InBlbmRpbmciLCJyZWNlaXB0X21ldGhvZCI6InNyIiwiaXNyZWNlaXB0X3ByaW50ZWQiOiIwIiwiaXNmaXNjYWxpemVkIjoiMCIsImlzY29zdF9hZGRlZCI6IjAiLCJyZWNlaXB0X251bSI6IjAiLCJyZWNlaXB0X3ZfbnVtIjpudWxsLCJyZWNlaXB0X2RhdGUiOiIwMDAwLTAwLTAwIDAwOjAwOjAwIiwicmVjZWlwdF91cmwiOiIiLCJyZWNlaXB0YnkiOiIwIiwicmVjZWlwdF9udW1yZWNlaXB0X251bSI6bnVsbCwicmN0dmNvZGUiOm51bGwsInpudW1iZXIiOm51bGwsImZpc2NhbGl6ZV9zdGF0dXNfbWVzc2FnZSI6bnVsbCwidmZkX3FyY29kZSI6bnVsbCwiaXNjcmVkaXRhcHByb3ZlZCI6IjAiLCJhcHByb3ZhbGJ5IjoiMCIsImFwcHJvdmVkYXRlIjoiMDAwMC0wMC0wMCAwMDowMDowMCIsInRhbGx5X3Bvc3QiOiIwIiwidmF0X3N0YXR1cyI6InllcyIsInN0YXR1cyI6ImFjdGl2ZSIsImdyYW5kX2Ftb3VudCI6IjY5NDUuMDAiLCJncmFuZF9iYXNlX2Ftb3VudCI6IjY5NDUuMDAiLCJncmFuZF92YXRhbW91bnQiOiIwLjAwIiwiZ3JhbmRfYmFzZV92YXRhbW91bnQiOiIwLjAwIiwiZnVsbF9hbW91bnQiOiI2OTQ1LjAwIiwibGFzdHBhaWRfdG90YWxhbW91bnQiOiIwLjAwIiwicGF5bWVudHR5cGUiOiJjcmVkaXQiLCJjcmVkaXRfZGF5cyI6IjMwIiwic2FsZXNwZXJzb25pZCI6IjEiLCJjcmVhdGVkYnkiOiIxIiwiZG9jIjoiMjAyMi0wMy0wNSAxMTo0NjowMSIsImR1ZWRhdGUiOiIyMDIyLTA0LTA2IDAwOjAwOjAwIiwibW9kaWZpZWRieSI6IjEiLCJkb20iOiIyMDIyLTAzLTA3IDEyOjAyOjQ0IiwibG9jYXRpb25uYW1lIjoiUGhhcm1hY3kgIiwiY3JlYXRvciI6IlN1cGVyIFVzZXIiLCJzYWxlc3BlcnNvbiI6IlN1cGVyIFVzZXIiLCJjbGllbnRuYW1lIjoiY2FzaCBjbGllbnQiLCJkZXRhaWxzIjpbeyJpZCI6IjU0MCIsInNhbGVzaWQiOiI0OSIsInN0b2NraWQiOiI0MTUiLCJjb21iaW5laWQiOiIwIiwiY3VycmVuY3lpZCI6IjEiLCJyYXRlaWQiOiIxIiwiZXhjaGFuZ2VfcmF0ZSI6IjEuMDAiLCJwcmljZSI6IjQ2My4wMCIsInJlcXVpcmVkX3ByaWNlIjoiNDYzLjAwIiwiYmFzZV9wcmljZSI6IjE1LjAwIiwiYW1vdW50IjoiNjk0NS4wMCIsInJlcXVpcmVkX2Ftb3VudCI6IjY5NDUuMDAiLCJiYXNlX2Ftb3VudCI6IjY5NDUuMDAiLCJoaWRkZW5fY29zdCI6IjQ2My4wMCIsInF1YW50aXR5IjoiMTUiLCJhY3R1YWxfdmF0IjoiMCIsInZhdF9yYXRlIjoiMCIsInZhdF9hbW91bnQiOiIwLjAwIiwicmVxdWlyZWRfdmF0X2Ftb3VudCI6IjAuMDAiLCJiYXNlX3ZhdF9hbW91bnQiOiIwLjAwIiwiaGlkZGVuX3ZhdCI6IjAuMDAiLCJzZXJpYWxpZCI6IiIsInNlcmlhbG5vIjoiIiwic3RhdHVzIjoiYWN0aXZlIiwiY3JlYXRlZGJ5IjoiMSIsImRvYyI6IjIwMjItMDMtMDcgMTI6MDI6NDQiLCJtb2RpZmllZGJ5IjoiMCIsImRvbSI6IjAwMDAtMDAtMDAgMDA6MDA6MDAiLCJ0YXJnZXRfZGV0YWlsX2lkIjpudWxsLCJ0YXJnZXRfaGlzdG9yeSI6bnVsbCwicHJvZHVjdG5hbWUiOiJPbWVnYSAzIGZpc2ggb2lsIDEwMDBtZyB0YWJzIE9NRUdBIDMgMzAnUyIsImJhdGNoZXMiOlt7ImlkIjoiNTQ3Iiwic2RpIjoiNTQwIiwiYmF0Y2hfaWQiOiI5NTYiLCJxdHkiOiIxNSJ9XSwicHJlc2NyaXB0aW9ucyI6W119XSwiZGVzY3JpcHRpb25zIjpbeyJpZCI6IjU0MCIsInNhbGVzaWQiOiI0OSIsImNvbWJpbmVkIjoiMCIsImRlc2NyaXB0aW9uIjoiT21lZ2EgMyBmaXNoIG9pbCAxMDAwbWcgdGJzIiwicXR5IjoiMTUiLCJyYXRlIjoiNDYzLjAwIiwidG90YWwiOiI2OTQ1LjAwIiwiY3JlYXRlZGJ5IjoiMSJ9XX0=', 1, '2022-03-08 15:23:01'),
(3, 70, 4, 1, '[encoded data, 7620 characters]', 1, '2022-03-14 12:19:18');

-- --------------------------------------------------------

--
-- Table structure for table `sales_expenses`
--

CREATE TABLE `sales_expenses` (
  `id` int(11) NOT NULL,
  `salesid` int(11) NOT NULL,
  `grand_amount` decimal(18,2) NOT NULL,
  `doc` timestamp NOT NULL DEFAULT current_timestamp(),
  `createdby` int(11) NOT NULL,
  `dom` date NOT NULL,
  `modifiedby` int(11) NOT NULL
) ENGINE=InnoDB DEFAULT CHARSET=latin1;

-- --------------------------------------------------------

--
-- Table structure for table `sales_expenses_details`
--

CREATE TABLE `sales_expenses_details` (
  `id` int(11) NOT NULL,
  `expensesid` int(11) NOT NULL,
  `exp_attributeid` int(11) NOT NULL,
  `amount` decimal(18,2) NOT NULL,
  `doc` timestamp NOT NULL DEFAULT current_timestamp(),
  `createdby` int(11) NOT NULL,
  `dom` date NOT NULL,
  `modifiedby` int(11) NOT NULL
) ENGINE=InnoDB DEFAULT CHARSET=latin1;

-- --------------------------------------------------------

--
-- Table structure for table `sales_prescription_details`
--

CREATE TABLE `sales_prescription_details` (
  `id` int(11) NOT NULL,
  `sdi` int(11) NOT NULL COMMENT 'sales details id',
  `doctor_id` int(11) NOT NULL,
  `hospital_id` int(11) NOT NULL,
  `prescription` text NOT NULL,
  `referred` tinyint(4) NOT NULL DEFAULT 0 COMMENT '0 => not referred\r\n1 => referred by doctor'
) ENGINE=InnoDB DEFAULT CHARSET=utf8mb4;

--
-- Dumping data for table `sales_prescription_details`
--

INSERT INTO `sales_prescription_details` (`id`, `sdi`, `doctor_id`, `hospital_id`, `prescription`, `referred`) VALUES
(2, 544, 1, 1, 'Some prescription', 0),
(3, 591, 1, 1, 'Some prescription', 0);

-- --------------------------------------------------------

--
-- Table structure for table `script_logs`
--

CREATE TABLE `script_logs` (
  `id` int(11) NOT NULL,
  `date` date NOT NULL
) ENGINE=InnoDB DEFAULT CHARSET=utf8mb4;

--
-- Dumping data for table `script_logs`
--

INSERT INTO `script_logs` (`id`, `date`) VALUES
(1, '2022-02-07'),
(2, '2022-02-08'),
(3, '2022-02-09'),
(4, '2022-02-10'),
(5, '2022-02-11'),
(6, '2022-02-12'),
(7, '2022-02-13'),
(8, '2022-02-15'),
(9, '2022-02-16'),
(10, '2022-02-17'),
(11, '2022-02-18'),
(12, '2022-02-19'),
(13, '2022-02-20'),
(14, '2022-02-22'),
(15, '2022-02-23'),
(16, '2022-02-24'),
(17, '2022-02-25'),
(18, '2022-02-26'),
(19, '2022-02-28'),
(20, '2022-03-01'),
(21, '2022-03-02'),
(22, '2022-03-03'),
(23, '2022-03-04'),
(24, '2022-03-05'),
(25, '2022-03-07'),
(26, '2022-03-08'),
(27, '2022-03-09'),
(28, '2022-03-10'),
(29, '2022-03-11'),
(30, '2022-03-12'),
(31, '2022-03-14'),
(32, '2022-03-17'),
(33, '2022-03-18'),
(34, '2022-03-19'),
(35, '2022-03-21'),
(36, '2022-03-22'),
(37, '2022-03-23'),
(38, '2022-03-24'),
(39, '2022-03-25');

-- --------------------------------------------------------

--
-- Table structure for table `serialnos`
--

CREATE TABLE `serialnos` (
  `id` int(11) NOT NULL,
  `number` varchar(100) NOT NULL,
  `current_stock_id` int(11) NOT NULL,
  `gdi` int(11) NOT NULL COMMENT 'grn detail id',
  `source` enum('grn','sale','transfer','return') NOT NULL DEFAULT 'grn',
  `returned` tinyint(4) NOT NULL DEFAULT 0,
  `sdi` int(11) DEFAULT NULL COMMENT 'sale detail id',
  `salespersonid` int(11) DEFAULT NULL,
  `dos` datetime DEFAULT NULL,
  `createdby` int(11) NOT NULL,
  `doc` datetime NOT NULL DEFAULT current_timestamp()
) ENGINE=InnoDB DEFAULT CHARSET=utf8mb4;

--
-- Dumping data for table `serialnos`
--

INSERT INTO `serialnos` (`id`, `number`, `current_stock_id`, `gdi`, `source`, `returned`, `sdi`, `salespersonid`, `dos`, `createdby`, `doc`) VALUES
(1, '2Q10X37CFKA6', 639, 943, 'grn', 0, 595, 1, '2022-03-12 13:28:32', 1, '2022-03-10 10:22:50'),
(2, 'RK4PTON69D7G', 639, 943, 'grn', 0, 595, 1, '2022-03-12 13:28:32', 1, '2022-03-10 10:22:50'),
(3, '8KFVNTC173A2', 639, 943, 'grn', 0, NULL, NULL, NULL, 1, '2022-03-10 10:22:50'),
(4, 'OJIEFT81A054', 639, 943, 'grn', 0, NULL, NULL, NULL, 1, '2022-03-10 10:22:50'),
(5, '9X3BZJOPTR6F', 639, 943, 'grn', 0, NULL, NULL, NULL, 1, '2022-03-10 10:22:50'),
(6, 'MVGY5LCOR9WZ', 639, 943, 'grn', 0, NULL, NULL, NULL, 1, '2022-03-10 10:22:51'),
(7, 'CH0NQ47P8O5J', 639, 943, 'grn', 0, 592, 1, '2022-03-11 12:11:57', 1, '2022-03-10 10:22:51'),
(9, '37K5HYURGW1J', 639, 943, 'grn', 0, 592, 1, '2022-03-11 12:11:57', 1, '2022-03-10 10:22:51'),
(11, '4545646546546', 639, 943, 'grn', 0, NULL, NULL, NULL, 1, '2022-03-11 15:35:28'),
(12, 'ADFGHLKLKJLKJ', 639, 943, 'grn', 0, NULL, NULL, NULL, 1, '2022-03-11 15:35:28'),
(15, '3TGHLV5PWJC7', 639, 945, 'grn', 0, NULL, NULL, NULL, 1, '2022-03-11 15:50:57'),
(16, '4I2XRE67S0KT', 639, 945, 'grn', 0, NULL, NULL, NULL, 1, '2022-03-11 15:50:57'),
(17, 'B8MND936RI74', 639, 945, 'grn', 0, NULL, NULL, NULL, 1, '2022-03-11 15:50:57'),
(18, '51ILGMYQCWJR', 639, 945, 'grn', 0, NULL, NULL, NULL, 1, '2022-03-11 15:50:57'),
(19, 'Y3FKDI8PWRS1', 639, 945, 'grn', 0, NULL, NULL, NULL, 1, '2022-03-11 15:50:57'),
(20, 'O5J1T6INFQCG', 639, 945, 'grn', 0, NULL, NULL, NULL, 1, '2022-03-11 15:50:57'),
(21, 'J6LO5XI0NAVQ', 639, 945, 'grn', 0, NULL, NULL, NULL, 1, '2022-03-11 15:50:57'),
(22, 'BEWG3JZPXS54', 639, 945, 'grn', 0, NULL, NULL, NULL, 1, '2022-03-11 15:50:57'),
(23, 'ORVLBZSH73M1', 639, 945, 'grn', 0, NULL, NULL, NULL, 1, '2022-03-11 15:50:57'),
(24, 'MCG8F6ZE7DPI', 639, 945, 'grn', 0, NULL, NULL, NULL, 1, '2022-03-11 15:50:57'),
(28, 'LUKY14ORMT0F', 639, 945, 'grn', 0, NULL, NULL, NULL, 1, '2022-03-11 15:50:57'),
(29, 'KXTVSYPQZ7AJ', 641, 945, 'grn', 0, NULL, NULL, NULL, 1, '2022-03-11 15:50:57'),
(30, 'M3NHFQGX612T', 641, 945, 'grn', 0, NULL, NULL, NULL, 1, '2022-03-11 15:50:57'),
(31, 'E0F4VKBLXI53', 639, 945, 'grn', 0, NULL, NULL, NULL, 1, '2022-03-11 15:50:57'),
(32, '5QUJGB2RHYLD', 641, 945, 'grn', 0, NULL, NULL, NULL, 1, '2022-03-11 15:50:57'),
(33, 'MCZ18Q9XW5E2', 639, 945, 'grn', 0, NULL, NULL, NULL, 1, '2022-03-11 15:50:57'),
(34, 'AK5UOGEST2RI', 639, 945, 'grn', 0, NULL, NULL, NULL, 1, '2022-03-11 15:50:57'),
(35, 'UVC94P10RIJK', 639, 945, 'grn', 0, NULL, NULL, NULL, 1, '2022-03-11 15:50:57'),
(36, '976EV12AP4CM', 639, 945, 'grn', 0, NULL, NULL, NULL, 1, '2022-03-11 15:50:57'),
(37, '89WV7Q6JOD43', 639, 945, 'grn', 0, NULL, NULL, NULL, 1, '2022-03-11 15:50:57'),
(38, 'H1NAQMKGW74P', 639, 945, 'grn', 0, NULL, NULL, NULL, 1, '2022-03-11 15:50:57'),
(39, 'E965KSXJ3FWG', 639, 945, 'grn', 0, NULL, NULL, NULL, 1, '2022-03-11 15:50:57'),
(40, 'WO7BR2D8U1H0', 639, 945, 'grn', 0, NULL, NULL, NULL, 1, '2022-03-11 15:50:57'),
(41, 'OBQINTGK5S2D', 639, 945, 'grn', 0, NULL, NULL, NULL, 1, '2022-03-11 15:50:57'),
(42, '6Y702RSMBZ8K', 639, 945, 'grn', 0, NULL, NULL, NULL, 1, '2022-03-11 15:50:57'),
(43, 'MYRIUT42OBQN', 639, 945, 'grn', 0, NULL, NULL, NULL, 1, '2022-03-11 15:50:57'),
(44, 'GEUAIPVKSNHL', 639, 945, 'grn', 0, NULL, NULL, NULL, 1, '2022-03-11 15:50:57'),
(45, 'OW4NH3DQJIA0', 639, 945, 'grn', 0, NULL, NULL, NULL, 1, '2022-03-11 15:50:57'),
(46, 'S5MA73P2YNC6', 639, 945, 'grn', 0, NULL, NULL, NULL, 1, '2022-03-11 15:50:57'),
(47, 'YVC2UR3XPW90', 639, 945, 'grn', 0, NULL, NULL, NULL, 1, '2022-03-11 15:50:57'),
(48, 'LT1ZGOXIYQUR', 639, 945, 'grn', 0, NULL, NULL, NULL, 1, '2022-03-11 15:50:57'),
(49, '3JLTQI5N6BZP', 639, 945, 'grn', 0, NULL, NULL, NULL, 1, '2022-03-11 15:50:57'),
(50, 'NVSZ9BQ7U56C', 639, 945, 'grn', 0, NULL, NULL, NULL, 1, '2022-03-11 15:50:57'),
(51, '3AMF745IW1LE', 639, 945, 'grn', 0, NULL, NULL, NULL, 1, '2022-03-11 15:50:57'),
(52, '1Y3EOGNQWJVF', 639, 945, 'grn', 0, NULL, NULL, NULL, 1, '2022-03-11 15:50:57'),
(53, 'X93MC7462DHQ', 639, 945, 'grn', 0, NULL, NULL, NULL, 1, '2022-03-11 15:50:57'),
(54, 'X3Q1IWU6O4VK', 639, 945, 'grn', 0, NULL, NULL, NULL, 1, '2022-03-11 15:50:57'),
(58, 'XH16RTLI8F0C', 639, 945, 'grn', 0, NULL, NULL, NULL, 1, '2022-03-11 15:50:57'),
(59, '45PL3KXJ761O', 639, 945, 'grn', 0, NULL, NULL, NULL, 1, '2022-03-11 15:50:57'),
(60, 'F1SQLHCP57B6', 639, 945, 'grn', 0, NULL, NULL, NULL, 1, '2022-03-11 15:50:57'),
(61, 'OBAUL5M7408I', 639, 945, 'grn', 0, NULL, NULL, NULL, 1, '2022-03-11 15:50:57'),
(62, '7ZENTRD1UB89', 639, 945, 'grn', 0, 603, 1, '2022-03-14 14:56:15', 1, '2022-03-11 15:50:57'),
(63, 'DZV4ESP0X8AP', 639, 945, 'grn', 0, 603, 1, '2022-03-14 14:56:15', 1, '2022-03-11 15:50:57'),
(64, 'NDU9ZK5Y1FWO', 639, 945, 'grn', 0, 603, 1, '2022-03-14 14:56:15', 1, '2022-03-11 15:50:57'),
(65, '65464984213213', 639, 945, 'grn', 0, 604, 1, '2022-03-14 14:58:34', 1, '2022-03-12 09:50:09'),
(66, '321654646132132', 639, 945, 'grn', 0, NULL, NULL, NULL, 1, '2022-03-12 09:50:09'),
(67, '21321654649832131', 639, 945, 'grn', 0, 604, 1, '2022-03-14 14:58:34', 1, '2022-03-12 09:50:09'),
(68, '9IE8Q0N4OAZU', 640, 944, 'grn', 0, NULL, NULL, NULL, 1, '2022-03-12 10:04:17'),
(69, '3546466654654', 640, 944, 'grn', 0, 606, 1, '2022-03-14 15:00:06', 1, '2022-03-12 10:04:59'),
(70, '5465468413213', 640, 944, 'grn', 0, 602, 1, '2022-03-14 10:59:53', 1, '2022-03-12 10:04:59'),
(71, '6646546546464', 640, 944, 'grn', 0, 602, 1, '2022-03-14 10:59:53', 1, '2022-03-12 10:04:59'),
(72, '654654646', 640, 944, 'grn', 0, 598, 1, '2022-03-12 10:50:45', 1, '2022-03-12 10:04:59'),
(73, '546548413213166', 640, 944, 'grn', 0, 598, 1, '2022-03-12 13:28:32', 1, '2022-03-12 10:04:59'),
(74, '5464654654654', 639, 945, 'grn', 0, NULL, NULL, NULL, 1, '2022-03-14 14:54:31'),
(75, '13213213131313', 639, 945, 'grn', 0, 604, 1, '2022-03-14 14:58:34', 1, '2022-03-14 14:54:31'),
(76, '49898798546464', 639, 945, 'grn', 0, NULL, NULL, NULL, 1, '2022-03-14 14:54:31'),
(77, '45676786786786', 640, 944, 'grn', 0, NULL, NULL, NULL, 1, '2022-03-17 15:52:16'),
(78, '867866786786786', 640, 944, 'grn', 0, NULL, NULL, NULL, 1, '2022-03-17 15:52:16'),
(79, '78978978664534', 640, 944, 'grn', 0, NULL, NULL, NULL, 1, '2022-03-17 15:52:16'),
(80, '1231234566787', 640, 944, 'grn', 0, NULL, NULL, NULL, 1, '2022-03-17 15:52:16'),
(81, '4564567897845', 640, 944, 'grn', 0, NULL, NULL, NULL, 1, '2022-03-17 15:52:16'),
(82, 'SSDG342323FF2', 640, 944, 'grn', 0, NULL, NULL, NULL, 1, '2022-03-17 15:52:16'),
(83, 'SFAS212412FFSD', 640, 944, 'grn', 0, NULL, NULL, NULL, 1, '2022-03-17 15:52:16'),
(84, '3423SDGSDGSDF', 640, 944, 'grn', 0, NULL, NULL, NULL, 1, '2022-03-17 15:52:16'),
(85, 'SDGSDG23234SF', 640, 944, 'grn', 0, NULL, NULL, NULL, 1, '2022-03-17 15:52:16'),
(86, '2312SFSDGET23', 640, 944, 'grn', 0, NULL, NULL, NULL, 1, '2022-03-17 15:52:16'),
(87, 'CVN45645745M45', 640, 944, 'grn', 0, NULL, NULL, NULL, 1, '2022-03-17 15:52:16'),
(88, 'VNBRT456457454', 640, 944, 'grn', 0, NULL, NULL, NULL, 1, '2022-03-17 15:52:16'),
(89, 'HKJ645Y4H4H5H4', 640, 944, 'grn', 0, NULL, NULL, NULL, 1, '2022-03-17 15:52:16'),
(90, 'YIIUI545745Y8665', 640, 944, 'grn', 0, NULL, NULL, NULL, 1, '2022-03-17 15:52:16'),
(91, '5654684321321321', 639, 0, 'sale', 0, 614, 1, '2022-03-18 14:17:10', 1, '2022-03-18 13:21:14'),
(92, '321653213216542131', 639, 0, 'sale', 0, 615, 1, '2022-03-18 14:41:04', 1, '2022-03-18 14:41:05'),
(93, '32132165652324654', 639, 0, 'sale', 0, 615, 1, '2022-03-18 14:41:04', 1, '2022-03-18 14:41:05'),
(94, '332346549843213214', 641, 0, 'transfer', 0, NULL, NULL, NULL, 1, '2022-03-18 16:53:26'),
(95, '32136549843132646', 641, 0, 'transfer', 0, NULL, NULL, NULL, 1, '2022-03-18 16:53:26'),
(96, '56465498465465465465', 639, 0, 'sale', 0, 616, 1, '2022-03-19 12:23:11', 1, '2022-03-19 12:23:12'),
(97, '2613213213216546', 640, 947, 'grn', 1, NULL, NULL, NULL, 1, '2022-03-21 12:41:21'),
(98, '6546843213213213', 640, 947, 'grn', 1, NULL, NULL, NULL, 1, '2022-03-21 12:41:21'),
(99, '32146546432132165', 640, 947, 'grn', 0, NULL, NULL, NULL, 1, '2022-03-21 12:41:21'),
(100, '3213216546532132', 640, 947, 'grn', 0, NULL, NULL, NULL, 1, '2022-03-21 12:41:21'),
(101, '321654654642132', 640, 947, 'grn', 0, NULL, NULL, NULL, 1, '2022-03-21 12:41:21'),
(102, '5465461321312321', 640, 947, 'grn', 0, NULL, NULL, NULL, 1, '2022-03-21 12:41:37'),
(103, '32132165461321321', 640, 947, 'grn', 0, NULL, NULL, NULL, 1, '2022-03-21 12:41:37'),
(104, '46213216461321321', 640, 947, 'grn', 0, NULL, NULL, NULL, 1, '2022-03-21 12:41:37'),
(105, '465498621321431321', 640, 947, 'grn', 0, NULL, NULL, NULL, 1, '2022-03-21 12:41:37'),
(106, '654654654654', 639, 0, 'return', 1, NULL, NULL, NULL, 1, '2022-03-22 11:19:52'),
(107, '65465465465465', 639, 0, 'return', 1, NULL, NULL, NULL, 1, '2022-03-22 11:19:52'),
(108, '654654984651', 639, 0, 'return', 1, NULL, NULL, NULL, 1, '2022-03-22 14:57:28'),
(109, '654645984313', 639, 0, 'return', 1, NULL, NULL, NULL, 1, '2022-03-22 15:15:11'),
(110, '65465498413213', 639, 0, 'return', 1, NULL, NULL, NULL, 1, '2022-03-22 15:15:11'),
(111, 'sfsdfsf232352', 639, 0, 'sale', 0, 667, 1, '2022-03-24 15:02:43', 1, '2022-03-24 14:34:30'),
(112, 'sdgsgsdrt46456', 639, 0, 'sale', 0, 667, 1, '2022-03-24 15:02:43', 1, '2022-03-24 14:34:31'),
(113, 'dfhdf52412412', 639, 0, 'sale', 0, 667, 1, '2022-03-24 15:02:43', 1, '2022-03-24 14:34:31');

-- --------------------------------------------------------

--
-- Table structure for table `serials`
--

CREATE TABLE `serials` (
  `id` int(11) NOT NULL,
  `name` varchar(500) NOT NULL COMMENT 'serialnumber',
  `prodid` int(11) NOT NULL,
  `deptid` int(11) NOT NULL,
  `sirinumber` varchar(255) NOT NULL,
  `warrantydatefrom` date NOT NULL,
  `warrantydateto` date NOT NULL,
  `amcfrom` date NOT NULL,
  `amcto` date NOT NULL,
  `invoiceno` varchar(255) NOT NULL,
  `contactperson` varchar(255) NOT NULL,
  `locid` int(11) NOT NULL,
  `ploc` varchar(255) NOT NULL,
  `remote` int(11) NOT NULL,
  `sitevisit` int(11) NOT NULL,
  `isfiscalrequested` int(11) NOT NULL,
  `fiscalrequestby` int(11) NOT NULL,
  `fiscalrequestverify` int(11) NOT NULL,
  `fiscalrequestverifyby` int(45) DEFAULT NULL,
  `isfiscal` int(11) NOT NULL,
  `isreplaced` int(11) NOT NULL,
  `replacedfrom` varchar(255) NOT NULL,
  `fiscalby` int(11) NOT NULL,
  `fiscaldate` datetime DEFAULT NULL,
  `clientid` int(11) NOT NULL,
  `status` varchar(255) NOT NULL DEFAULT 'active',
  `deletedby` int(11) NOT NULL,
  `deledate` datetime NOT NULL,
  `serial_assign` int(11) NOT NULL DEFAULT 1 COMMENT '1 default which is assigned to client but 0 not assigned to any client (GRN)',
  `doc` datetime NOT NULL,
  `createdby` int(11) NOT NULL,
  `dom` date NOT NULL,
  `modifiedby` int(11) NOT NULL
) ENGINE=InnoDB DEFAULT CHARSET=latin1;

-- --------------------------------------------------------

--
-- Table structure for table `settings`
--

CREATE TABLE `settings` (
  `id` int(11) NOT NULL,
  `name` varchar(255) NOT NULL,
  `tally_name` varchar(255) DEFAULT NULL,
  `tally_server` varchar(30) DEFAULT NULL,
  `tally_port` varchar(20) DEFAULT NULL,
  `tally_status` varchar(10) DEFAULT NULL,
  `logo` varchar(255) NOT NULL,
  `address` varchar(255) NOT NULL,
  `street` varchar(255) NOT NULL,
  `tel` varchar(255) NOT NULL,
  `tax_office` varchar(50) NOT NULL,
  `mobile` varchar(255) NOT NULL,
  `tin` varchar(255) NOT NULL,
  `vrn` varchar(255) NOT NULL,
  `email` varchar(255) NOT NULL,
  `alert` int(11) NOT NULL COMMENT 'days after end of month for units',
  `redlist` int(11) NOT NULL COMMENT 'no of months for auto red list',
  `emailpass` varchar(255) NOT NULL,
  `emailhost` varchar(255) NOT NULL,
  `emailport` varchar(255) NOT NULL,
  `smsuser` varchar(255) NOT NULL,
  `smspass` varchar(255) NOT NULL,
  `smsname` varchar(255) NOT NULL,
  `emailstat` varchar(255) NOT NULL,
  `smsstat` varchar(255) NOT NULL,
  `startdate` date NOT NULL,
  `companyid` int(11) NOT NULL,
  `version` varchar(25) NOT NULL,
  `country` varchar(255) NOT NULL,
  `app_login_mac_address_status` int(255) NOT NULL DEFAULT 0,
  `product_type` int(11) NOT NULL DEFAULT 1 COMMENT 'Product type \r\n1 => POS\r\n2 => Pharmacy\r\n3 => Restaurant\r\n',
  `vfd_type` enum('VFD','ZVFD') NOT NULL DEFAULT 'VFD',
  `vfd_location` enum('Bara','Zanzibar') NOT NULL DEFAULT 'Bara',
  `vfdstatus` enum('testing','live') NOT NULL DEFAULT 'testing',
  `CS_LIVEURL` varchar(255) DEFAULT NULL,
  `CS_TESTURL` varchar(255) DEFAULT NULL,
  `zvfd_ID` varchar(100) NOT NULL,
  `group_product` int(11) NOT NULL DEFAULT 0,
  `cpanel_status` varchar(255) NOT NULL DEFAULT 'false'
) ENGINE=InnoDB DEFAULT CHARSET=latin1;

--
-- Dumping data for table `settings`
--

INSERT INTO `settings` (`id`, `name`, `tally_name`, `tally_server`, `tally_port`, `tally_status`, `logo`, `address`, `street`, `tel`, `tax_office`, `mobile`, `tin`, `vrn`, `email`, `alert`, `redlist`, `emailpass`, `emailhost`, `emailport`, `smsuser`, `smspass`, `smsname`, `emailstat`, `smsstat`, `startdate`, `companyid`, `version`, `country`, `app_login_mac_address_status`, `product_type`, `vfd_type`, `vfd_location`, `vfdstatus`, `CS_LIVEURL`, `CS_TESTURL`, `zvfd_ID`, `group_product`, `cpanel_status`) VALUES
(1, 'INVENTORY', 'Power Computers 2021', '10.10.100.10', '8081', '0', 'images/high-logo.png', 'Dar es Salaam, ILALA, TABATA BARAKUDA', 'LIWITI', '0677122914', 'Ilala', '+255 713514515', '101264149', '10014988G', 'Hanskhalifa@gmail.com', 5, 3, '123', 'smtp.gmail.com', '587', 'admin', '123', '', 'on', 'off', '2017-04-01', 1, '2.1.0', 'Tanzania', 0, 2, 'ZVFD', 'Bara', 'testing', 'SDGSDG', 'http://41.222.94.138:8082/power-zvfd/apis/receive.php', '7XM7', 0, 'false');

-- --------------------------------------------------------

--
-- Table structure for table `statuses`
--

CREATE TABLE `statuses` (
  `id` int(11) NOT NULL,
  `name` varchar(255) NOT NULL,
  `color` varchar(255) DEFAULT NULL,
  `sortno` int(11) NOT NULL,
  `doc` datetime NOT NULL,
  `createdby` int(11) NOT NULL,
  `dom` datetime NOT NULL,
  `modifiedby` int(11) NOT NULL
) ENGINE=InnoDB DEFAULT CHARSET=latin1;

--
-- Dumping data for table `statuses`
--

INSERT INTO `statuses` (`id`, `name`, `color`, `sortno`, `doc`, `createdby`, `dom`, `modifiedby`) VALUES
(1, 'Pending', '#0D7DB5', 1, '0000-00-00 00:00:00', 0, '0000-00-00 00:00:00', 0),
(2, 'Under Process', '#088A3C', 3, '0000-00-00 00:00:00', 0, '0000-00-00 00:00:00', 0),
(3, 'Completed', '#044463', 2, '0000-00-00 00:00:00', 0, '0000-00-00 00:00:00', 0),
(4, 'Under process - Waiting for client approval ', '#6E3C00', 5, '0000-00-00 00:00:00', 0, '0000-00-00 00:00:00', 0),
(5, 'Under process -  Waiting for parts', '#03451E', 4, '0000-00-00 00:00:00', 0, '0000-00-00 00:00:00', 0),
(6, 'Under process -  Waiting for replacement', '#03451E', 4, '0000-00-00 00:00:00', 0, '0000-00-00 00:00:00', 0);

-- --------------------------------------------------------

--
-- Table structure for table `stocks`
--

CREATE TABLE `stocks` (
  `id` int(11) NOT NULL,
  `productid` int(11) NOT NULL,
  `locid` int(11) NOT NULL,
  `doc` timestamp NOT NULL DEFAULT current_timestamp(),
  `createdby` int(11) NOT NULL
) ENGINE=InnoDB DEFAULT CHARSET=latin1;

--
-- Dumping data for table `stocks`
--

INSERT INTO `stocks` (`id`, `productid`, `locid`, `doc`, `createdby`) VALUES
(1, 1, 1, '2022-02-07 20:34:58', 1),
(2, 2, 1, '2022-02-07 20:34:58', 1),
(3, 118, 1, '2022-02-12 13:28:57', 1),
(4, 119, 1, '2022-02-12 13:28:58', 1),
(5, 158, 1, '2022-02-12 13:28:58', 1),
(6, 355, 1, '2022-02-12 13:28:58', 1),
(7, 498, 1, '2022-02-12 13:28:58', 1),
(8, 191, 1, '2022-02-12 13:28:58', 1),
(9, 192, 1, '2022-02-12 13:28:58', 1),
(10, 499, 1, '2022-02-12 13:28:58', 1),
(11, 500, 1, '2022-02-12 13:28:58', 1),
(12, 501, 1, '2022-02-12 13:28:59', 1),
(13, 40, 1, '2022-02-12 13:28:59', 1),
(14, 502, 1, '2022-02-12 13:28:59', 1),
(15, 503, 1, '2022-02-12 13:28:59', 1),
(16, 504, 1, '2022-02-12 13:28:59', 1),
(17, 505, 1, '2022-02-12 13:28:59', 1),
(18, 362, 1, '2022-02-12 13:28:59', 1),
(19, 507, 1, '2022-02-12 13:28:59', 1),
(20, 508, 1, '2022-02-12 13:28:59', 1),
(21, 478, 1, '2022-02-12 13:28:59', 1),
(22, 479, 1, '2022-02-12 13:29:00', 1),
(23, 480, 1, '2022-02-12 13:29:00', 1),
(24, 116, 1, '2022-02-12 13:29:00', 1),
(25, 125, 1, '2022-02-12 13:29:00', 1),
(26, 138, 1, '2022-02-12 13:29:00', 1),
(27, 481, 1, '2022-02-12 13:29:00', 1),
(28, 72, 1, '2022-02-12 13:29:00', 1),
(29, 156, 1, '2022-02-12 13:29:00', 1),
(30, 157, 1, '2022-02-12 15:19:23', 1),
(31, 482, 1, '2022-02-12 15:19:23', 1),
(32, 483, 1, '2022-02-12 15:19:23', 1),
(33, 484, 1, '2022-02-12 15:19:24', 1),
(34, 78, 1, '2022-02-12 15:19:24', 1),
(35, 486, 1, '2022-02-12 15:19:24', 1),
(36, 488, 1, '2022-02-12 15:19:24', 1),
(37, 489, 1, '2022-02-12 15:19:24', 1),
(38, 490, 1, '2022-02-12 15:19:24', 1),
(39, 487, 1, '2022-02-12 15:19:24', 1),
(40, 491, 1, '2022-02-12 15:19:24', 1),
(41, 200, 1, '2022-02-12 15:19:25', 1),
(42, 492, 1, '2022-02-12 15:19:25', 1),
(43, 493, 1, '2022-02-12 15:19:25', 1),
(44, 494, 1, '2022-02-12 15:19:25', 1),
(45, 495, 1, '2022-02-12 15:19:25', 1),
(46, 496, 1, '2022-02-12 15:19:25', 1),
(47, 497, 1, '2022-02-12 15:19:25', 1),
(48, 244, 1, '2022-02-12 16:55:40', 1),
(49, 245, 1, '2022-02-12 16:55:40', 1),
(50, 246, 1, '2022-02-12 16:55:40', 1),
(51, 124, 1, '2022-02-12 16:55:40', 1),
(52, 247, 1, '2022-02-12 16:55:40', 1),
(53, 248, 1, '2022-02-12 16:55:40', 1),
(54, 249, 1, '2022-02-12 16:55:40', 1),
(55, 250, 1, '2022-02-12 16:55:40', 1),
(56, 172, 1, '2022-02-12 16:55:41', 1),
(57, 251, 1, '2022-02-12 16:55:41', 1),
(58, 252, 1, '2022-02-12 16:55:41', 1),
(59, 253, 1, '2022-02-12 16:55:41', 1),
(60, 509, 1, '2022-02-12 16:55:41', 1),
(61, 254, 1, '2022-02-12 16:55:41', 1),
(62, 255, 1, '2022-02-12 16:55:41', 1),
(63, 256, 1, '2022-02-12 16:55:42', 1),
(64, 186, 1, '2022-02-12 16:55:42', 1),
(65, 202, 1, '2022-02-12 16:55:42', 1),
(66, 258, 1, '2022-02-12 16:55:42', 1),
(67, 259, 1, '2022-02-12 16:55:42', 1),
(68, 260, 1, '2022-02-12 16:55:42', 1),
(69, 261, 1, '2022-02-12 16:55:42', 1),
(70, 263, 1, '2022-02-12 16:55:42', 1),
(71, 264, 1, '2022-02-12 16:55:43', 1),
(72, 265, 1, '2022-02-12 16:55:43', 1),
(73, 103, 1, '2022-02-13 14:07:46', 1),
(74, 104, 1, '2022-02-13 14:07:46', 1),
(75, 105, 1, '2022-02-13 14:07:46', 1),
(76, 106, 1, '2022-02-13 14:07:46', 1),
(77, 107, 1, '2022-02-13 14:07:46', 1),
(78, 108, 1, '2022-02-13 14:07:46', 1),
(79, 109, 1, '2022-02-13 14:07:47', 1),
(80, 110, 1, '2022-02-13 14:07:47', 1),
(81, 111, 1, '2022-02-13 14:07:47', 1),
(82, 112, 1, '2022-02-13 14:07:47', 1),
(83, 113, 1, '2022-02-13 14:07:47', 1),
(84, 114, 1, '2022-02-13 14:07:47', 1),
(85, 115, 1, '2022-02-13 14:07:47', 1),
(86, 117, 1, '2022-02-13 14:07:47', 1),
(87, 120, 1, '2022-02-13 14:07:48', 1),
(88, 121, 1, '2022-02-13 14:07:48', 1),
(89, 122, 1, '2022-02-13 14:07:48', 1),
(90, 123, 1, '2022-02-13 14:07:48', 1),
(91, 126, 1, '2022-02-13 14:07:48', 1),
(92, 127, 1, '2022-02-13 14:07:48', 1),
(93, 128, 1, '2022-02-13 14:07:49', 1),
(94, 129, 1, '2022-02-13 14:07:49', 1),
(95, 130, 1, '2022-02-13 14:07:49', 1),
(96, 131, 1, '2022-02-13 14:07:49', 1),
(97, 132, 1, '2022-02-13 14:07:49', 1),
(98, 133, 1, '2022-02-13 14:07:49', 1),
(99, 134, 1, '2022-02-13 14:07:49', 1),
(100, 135, 1, '2022-02-13 14:07:49', 1),
(101, 136, 1, '2022-02-13 14:07:50', 1),
(102, 137, 1, '2022-02-13 14:07:50', 1),
(103, 139, 1, '2022-02-13 14:07:50', 1),
(104, 140, 1, '2022-02-13 14:07:50', 1),
(105, 141, 1, '2022-02-13 14:07:51', 1),
(106, 142, 1, '2022-02-13 14:07:51', 1),
(107, 143, 1, '2022-02-13 14:07:51', 1),
(108, 144, 1, '2022-02-13 14:07:51', 1),
(109, 145, 1, '2022-02-13 14:07:51', 1),
(110, 146, 1, '2022-02-13 14:07:51', 1),
(111, 147, 1, '2022-02-13 14:07:51', 1),
(112, 73, 1, '2022-02-13 14:07:51', 1),
(113, 149, 1, '2022-02-13 14:07:51', 1),
(114, 150, 1, '2022-02-13 14:07:52', 1),
(115, 151, 1, '2022-02-13 14:07:52', 1),
(116, 152, 1, '2022-02-13 14:07:52', 1),
(117, 153, 1, '2022-02-13 14:07:52', 1),
(118, 154, 1, '2022-02-13 14:07:53', 1),
(119, 155, 1, '2022-02-13 14:07:53', 1),
(120, 159, 1, '2022-02-13 14:07:53', 1),
(121, 160, 1, '2022-02-13 14:07:53', 1),
(122, 454, 1, '2022-02-13 14:07:53', 1),
(123, 162, 1, '2022-02-13 14:07:53', 1),
(124, 163, 1, '2022-02-13 14:07:53', 1),
(125, 164, 1, '2022-02-13 14:07:54', 1),
(126, 512, 1, '2022-02-13 16:30:17', 1),
(127, 408, 1, '2022-02-13 16:30:17', 1),
(128, 284, 1, '2022-02-13 16:30:17', 1),
(129, 5, 1, '2022-02-13 16:30:17', 1),
(130, 6, 1, '2022-02-13 16:30:17', 1),
(131, 7, 1, '2022-02-13 16:30:17', 1),
(132, 8, 1, '2022-02-13 16:30:17', 1),
(133, 267, 1, '2022-02-13 16:30:17', 1),
(134, 10, 1, '2022-02-13 16:30:17', 1),
(135, 11, 1, '2022-02-13 16:30:18', 1),
(136, 12, 1, '2022-02-13 16:30:18', 1),
(137, 13, 1, '2022-02-13 16:30:18', 1),
(138, 15, 1, '2022-02-13 16:30:18', 1),
(139, 16, 1, '2022-02-13 16:30:18', 1),
(140, 17, 1, '2022-02-13 16:30:18', 1),
(141, 18, 1, '2022-02-13 16:30:18', 1),
(142, 19, 1, '2022-02-13 16:30:19', 1),
(143, 20, 1, '2022-02-13 16:30:19', 1),
(144, 21, 1, '2022-02-13 16:30:19', 1),
(145, 22, 1, '2022-02-13 16:30:19', 1),
(146, 23, 1, '2022-02-13 16:30:19', 1),
(147, 475, 1, '2022-02-13 16:30:19', 1),
(148, 25, 1, '2022-02-13 16:30:19', 1),
(149, 457, 1, '2022-02-13 16:30:20', 1),
(150, 27, 1, '2022-02-13 16:30:20', 1),
(151, 28, 1, '2022-02-13 16:30:20', 1),
(152, 29, 1, '2022-02-13 16:30:20', 1),
(153, 30, 1, '2022-02-13 16:30:20', 1),
(154, 31, 1, '2022-02-13 16:30:20', 1),
(155, 32, 1, '2022-02-13 16:30:21', 1),
(156, 197, 1, '2022-02-13 16:30:21', 1),
(157, 34, 1, '2022-02-13 16:30:21', 1),
(158, 35, 1, '2022-02-13 16:30:21', 1),
(159, 36, 1, '2022-02-13 16:30:22', 1),
(160, 37, 1, '2022-02-13 16:30:22', 1),
(161, 38, 1, '2022-02-13 16:30:22', 1),
(162, 39, 1, '2022-02-13 16:30:22', 1),
(163, 41, 1, '2022-02-13 16:30:22', 1),
(164, 42, 1, '2022-02-13 16:30:22', 1),
(165, 43, 1, '2022-02-13 16:30:22', 1),
(166, 44, 1, '2022-02-13 16:30:22', 1),
(167, 45, 1, '2022-02-13 16:30:22', 1),
(168, 46, 1, '2022-02-13 16:30:22', 1),
(169, 47, 1, '2022-02-13 16:30:22', 1),
(170, 48, 1, '2022-02-13 16:30:23', 1),
(171, 49, 1, '2022-02-13 16:30:23', 1),
(172, 50, 1, '2022-02-13 16:30:23', 1),
(173, 51, 1, '2022-02-13 16:30:23', 1),
(174, 52, 1, '2022-02-13 16:30:23', 1),
(175, 53, 1, '2022-02-13 16:30:23', 1),
(176, 54, 1, '2022-02-13 16:30:23', 1),
(177, 55, 1, '2022-02-13 16:30:23', 1),
(178, 56, 1, '2022-02-13 16:30:23', 1),
(179, 441, 1, '2022-02-15 14:47:43', 1),
(180, 442, 1, '2022-02-15 14:47:43', 1),
(181, 443, 1, '2022-02-15 14:47:43', 1),
(182, 290, 1, '2022-02-15 14:47:43', 1),
(183, 9, 1, '2022-02-15 14:47:43', 1),
(184, 444, 1, '2022-02-15 14:47:43', 1),
(185, 445, 1, '2022-02-15 14:47:43', 1),
(186, 446, 1, '2022-02-15 14:47:43', 1),
(187, 447, 1, '2022-02-15 14:47:43', 1),
(188, 448, 1, '2022-02-15 14:47:43', 1),
(189, 449, 1, '2022-02-15 14:47:44', 1),
(190, 450, 1, '2022-02-15 14:47:44', 1),
(191, 293, 1, '2022-02-15 14:47:44', 1),
(192, 451, 1, '2022-02-15 14:47:44', 1),
(193, 67, 1, '2022-02-15 14:47:44', 1),
(194, 68, 1, '2022-02-15 14:47:44', 1),
(195, 296, 1, '2022-02-15 14:47:44', 1),
(196, 452, 1, '2022-02-15 14:47:44', 1),
(197, 388, 1, '2022-02-15 14:47:44', 1),
(198, 269, 1, '2022-02-15 14:47:45', 1),
(199, 270, 1, '2022-02-15 14:47:45', 1),
(200, 453, 1, '2022-02-15 14:47:45', 1),
(201, 304, 1, '2022-02-15 14:47:45', 1),
(202, 455, 1, '2022-02-15 14:47:45', 1),
(203, 456, 1, '2022-02-15 14:47:45', 1),
(204, 26, 1, '2022-02-15 14:47:46', 1),
(205, 458, 1, '2022-02-15 14:47:46', 1),
(206, 459, 1, '2022-02-15 14:47:46', 1),
(207, 460, 1, '2022-02-15 14:47:46', 1),
(208, 461, 1, '2022-02-15 14:47:46', 1),
(209, 462, 1, '2022-02-15 14:47:46', 1),
(210, 463, 1, '2022-02-15 14:47:46', 1),
(211, 464, 1, '2022-02-15 14:47:46', 1),
(212, 465, 1, '2022-02-15 14:47:46', 1),
(213, 88, 1, '2022-02-15 14:47:46', 1),
(214, 402, 1, '2022-02-15 14:47:46', 1),
(215, 466, 1, '2022-02-15 14:47:46', 1),
(216, 467, 1, '2022-02-15 14:47:46', 1),
(217, 207, 1, '2022-02-15 14:47:47', 1),
(218, 210, 1, '2022-02-15 14:47:47', 1),
(219, 469, 1, '2022-02-15 14:47:47', 1),
(220, 215, 1, '2022-02-15 14:47:47', 1),
(221, 216, 1, '2022-02-15 14:47:47', 1),
(222, 470, 1, '2022-02-15 14:47:48', 1),
(223, 471, 1, '2022-02-15 14:47:48', 1),
(224, 472, 1, '2022-02-15 14:47:48', 1),
(225, 219, 1, '2022-02-15 14:47:48', 1),
(226, 473, 1, '2022-02-15 14:47:48', 1),
(227, 229, 1, '2022-02-15 14:47:49', 1),
(228, 361, 1, '2022-02-15 14:47:49', 1),
(229, 474, 1, '2022-02-15 14:47:49', 1),
(230, 325, 1, '2022-02-15 17:28:28', 1),
(231, 326, 1, '2022-02-15 17:28:28', 1),
(232, 327, 1, '2022-02-15 17:28:28', 1),
(233, 328, 1, '2022-02-15 17:28:28', 1),
(234, 329, 1, '2022-02-15 17:28:28', 1),
(235, 287, 1, '2022-02-15 17:28:28', 1),
(236, 331, 1, '2022-02-15 17:28:28', 1),
(237, 332, 1, '2022-02-15 17:28:29', 1),
(238, 333, 1, '2022-02-15 17:28:29', 1),
(239, 334, 1, '2022-02-15 17:28:29', 1),
(240, 335, 1, '2022-02-15 17:28:29', 1),
(241, 336, 1, '2022-02-15 17:28:29', 1),
(242, 337, 1, '2022-02-15 17:28:29', 1),
(243, 338, 1, '2022-02-15 17:28:29', 1),
(244, 339, 1, '2022-02-15 17:28:29', 1),
(245, 340, 1, '2022-02-15 17:28:29', 1),
(246, 341, 1, '2022-02-15 17:28:29', 1),
(247, 342, 1, '2022-02-15 17:28:29', 1),
(248, 343, 1, '2022-02-15 17:28:30', 1),
(249, 301, 1, '2022-02-15 17:28:30', 1),
(250, 302, 1, '2022-02-15 17:28:30', 1),
(251, 344, 1, '2022-02-15 17:28:30', 1),
(252, 345, 1, '2022-02-15 17:28:30', 1),
(253, 346, 1, '2022-02-15 17:28:30', 1),
(254, 347, 1, '2022-02-15 17:28:30', 1),
(255, 348, 1, '2022-02-15 17:28:31', 1),
(256, 349, 1, '2022-02-15 17:28:31', 1),
(257, 350, 1, '2022-02-15 17:28:31', 1),
(258, 351, 1, '2022-02-15 17:28:31', 1),
(259, 352, 1, '2022-02-15 17:28:31', 1),
(260, 353, 1, '2022-02-15 17:28:31', 1),
(261, 354, 1, '2022-02-15 17:28:32', 1),
(262, 356, 1, '2022-02-15 17:28:32', 1),
(263, 357, 1, '2022-02-15 17:28:32', 1),
(264, 359, 1, '2022-02-15 17:28:32', 1),
(265, 360, 1, '2022-02-15 17:28:32', 1),
(266, 363, 1, '2022-02-15 17:28:33', 1),
(267, 364, 1, '2022-02-15 17:28:33', 1),
(268, 365, 1, '2022-02-15 17:28:33', 1),
(269, 366, 1, '2022-02-15 17:28:33', 1),
(270, 367, 1, '2022-02-15 17:28:33', 1),
(271, 368, 1, '2022-02-15 17:28:34', 1),
(272, 320, 1, '2022-02-15 17:28:34', 1),
(273, 321, 1, '2022-02-15 17:28:34', 1),
(274, 322, 1, '2022-02-15 17:28:34', 1),
(275, 369, 1, '2022-02-15 17:28:34', 1),
(276, 370, 1, '2022-02-15 17:28:34', 1),
(277, 371, 1, '2022-02-15 17:28:34', 1),
(278, 372, 1, '2022-02-15 17:28:34', 1),
(279, 373, 1, '2022-02-15 17:28:34', 1),
(280, 281, 1, '2022-02-15 19:06:08', 1),
(281, 282, 1, '2022-02-15 19:06:08', 1),
(282, 283, 1, '2022-02-15 19:06:08', 1),
(283, 285, 1, '2022-02-15 19:06:08', 1),
(284, 286, 1, '2022-02-15 19:06:08', 1),
(285, 288, 1, '2022-02-15 19:06:09', 1),
(286, 58, 1, '2022-02-15 19:06:09', 1),
(287, 513, 1, '2022-02-15 19:06:09', 1),
(288, 292, 1, '2022-02-15 19:06:09', 1),
(289, 289, 1, '2022-02-15 19:06:09', 1),
(290, 294, 1, '2022-02-15 19:06:09', 1),
(291, 295, 1, '2022-02-15 19:06:09', 1),
(292, 297, 1, '2022-02-15 19:06:10', 1),
(293, 298, 1, '2022-02-15 19:06:10', 1),
(294, 299, 1, '2022-02-15 19:06:10', 1),
(295, 300, 1, '2022-02-15 19:06:10', 1),
(296, 303, 1, '2022-02-15 19:06:10', 1),
(297, 305, 1, '2022-02-15 19:06:11', 1),
(298, 307, 1, '2022-02-15 19:06:11', 1),
(299, 308, 1, '2022-02-15 19:06:11', 1),
(300, 309, 1, '2022-02-15 19:06:11', 1),
(301, 311, 1, '2022-02-15 19:06:11', 1),
(302, 310, 1, '2022-02-15 19:06:11', 1),
(303, 514, 1, '2022-02-15 19:06:11', 1),
(304, 312, 1, '2022-02-15 19:06:11', 1),
(305, 313, 1, '2022-02-15 19:06:12', 1),
(306, 314, 1, '2022-02-15 19:06:12', 1),
(307, 315, 1, '2022-02-15 19:06:12', 1),
(308, 316, 1, '2022-02-15 19:06:12', 1),
(309, 317, 1, '2022-02-15 19:06:12', 1),
(310, 515, 1, '2022-02-15 19:06:13', 1),
(311, 319, 1, '2022-02-15 19:06:13', 1),
(312, 323, 1, '2022-02-15 19:06:13', 1),
(313, 324, 1, '2022-02-15 19:06:13', 1),
(314, 409, 1, '2022-02-16 14:36:51', 1),
(315, 410, 1, '2022-02-16 14:36:51', 1),
(316, 411, 1, '2022-02-16 14:36:52', 1),
(317, 412, 1, '2022-02-16 14:36:52', 1),
(318, 413, 1, '2022-02-16 14:36:52', 1),
(319, 414, 1, '2022-02-16 14:36:52', 1),
(320, 415, 1, '2022-02-16 14:36:52', 1),
(321, 416, 1, '2022-02-16 14:36:52', 1),
(322, 417, 1, '2022-02-16 14:36:52', 1),
(323, 418, 1, '2022-02-16 14:36:52', 1),
(324, 419, 1, '2022-02-16 14:36:53', 1),
(325, 420, 1, '2022-02-16 14:36:53', 1),
(326, 421, 1, '2022-02-16 14:36:53', 1),
(327, 422, 1, '2022-02-16 14:36:53', 1),
(328, 423, 1, '2022-02-16 14:36:53', 1),
(329, 424, 1, '2022-02-16 14:36:53', 1),
(330, 425, 1, '2022-02-16 14:36:53', 1),
(331, 427, 1, '2022-02-16 14:36:54', 1),
(332, 516, 1, '2022-02-16 14:36:54', 1),
(333, 428, 1, '2022-02-16 14:36:54', 1),
(334, 429, 1, '2022-02-16 14:36:55', 1),
(335, 430, 1, '2022-02-16 14:36:55', 1),
(336, 431, 1, '2022-02-16 14:36:55', 1),
(337, 517, 1, '2022-02-16 14:36:55', 1),
(338, 432, 1, '2022-02-16 14:36:55', 1),
(339, 433, 1, '2022-02-16 14:36:55', 1),
(340, 434, 1, '2022-02-16 14:36:56', 1),
(341, 435, 1, '2022-02-16 14:36:56', 1),
(342, 175, 1, '2022-02-16 14:36:56', 1),
(343, 176, 1, '2022-02-16 14:36:56', 1),
(344, 518, 1, '2022-02-16 14:36:56', 1),
(345, 519, 1, '2022-02-16 14:36:56', 1),
(346, 436, 1, '2022-02-16 14:36:56', 1),
(347, 437, 1, '2022-02-16 14:36:57', 1),
(348, 222, 1, '2022-02-16 14:36:57', 1),
(349, 438, 1, '2022-02-16 14:36:57', 1),
(350, 439, 1, '2022-02-16 14:36:57', 1),
(351, 226, 1, '2022-02-16 14:36:57', 1),
(352, 440, 1, '2022-02-16 14:36:57', 1),
(353, 57, 1, '2022-02-16 15:49:48', 1),
(354, 59, 1, '2022-02-16 15:49:49', 1),
(355, 60, 1, '2022-02-16 15:49:49', 1),
(356, 61, 1, '2022-02-16 15:49:49', 1),
(357, 520, 1, '2022-02-16 15:49:49', 1),
(358, 63, 1, '2022-02-16 15:49:49', 1),
(359, 64, 1, '2022-02-16 15:49:49', 1),
(360, 65, 1, '2022-02-16 15:49:49', 1),
(361, 66, 1, '2022-02-16 15:49:49', 1),
(362, 69, 1, '2022-02-16 15:49:50', 1),
(363, 70, 1, '2022-02-16 15:49:50', 1),
(364, 71, 1, '2022-02-16 15:49:50', 1),
(365, 74, 1, '2022-02-16 15:49:50', 1),
(366, 75, 1, '2022-02-16 15:49:50', 1),
(367, 76, 1, '2022-02-16 15:49:50', 1),
(368, 77, 1, '2022-02-16 15:49:51', 1),
(369, 79, 1, '2022-02-16 15:49:51', 1),
(370, 80, 1, '2022-02-16 15:49:51', 1),
(371, 81, 1, '2022-02-16 15:49:51', 1),
(372, 82, 1, '2022-02-16 15:49:51', 1),
(373, 83, 1, '2022-02-16 15:49:51', 1),
(374, 84, 1, '2022-02-16 15:49:52', 1),
(375, 85, 1, '2022-02-16 15:49:52', 1),
(376, 86, 1, '2022-02-16 15:49:52', 1),
(377, 87, 1, '2022-02-16 15:49:52', 1),
(378, 400, 1, '2022-02-16 15:49:52', 1),
(379, 89, 1, '2022-02-16 15:49:52', 1),
(380, 90, 1, '2022-02-16 15:49:52', 1),
(381, 91, 1, '2022-02-16 15:49:53', 1),
(382, 92, 1, '2022-02-16 15:49:53', 1),
(383, 93, 1, '2022-02-16 15:49:53', 1),
(384, 94, 1, '2022-02-16 15:49:53', 1),
(385, 95, 1, '2022-02-16 15:49:53', 1),
(386, 96, 1, '2022-02-16 15:49:53', 1),
(387, 97, 1, '2022-02-16 15:49:53', 1),
(388, 98, 1, '2022-02-16 15:49:54', 1),
(389, 99, 1, '2022-02-16 15:49:54', 1),
(390, 100, 1, '2022-02-16 15:49:54', 1),
(391, 101, 1, '2022-02-16 15:49:54', 1),
(392, 102, 1, '2022-02-16 15:49:54', 1),
(393, 62, 1, '2022-02-16 15:49:54', 1),
(394, 374, 1, '2022-02-16 16:51:34', 1),
(395, 375, 1, '2022-02-16 16:51:34', 1),
(396, 376, 1, '2022-02-16 16:51:34', 1),
(397, 377, 1, '2022-02-16 16:51:34', 1),
(398, 378, 1, '2022-02-16 16:51:34', 1),
(399, 379, 1, '2022-02-16 16:51:35', 1),
(400, 380, 1, '2022-02-16 16:51:35', 1),
(401, 382, 1, '2022-02-16 16:51:35', 1),
(402, 383, 1, '2022-02-16 16:51:35', 1),
(403, 384, 1, '2022-02-16 16:51:35', 1),
(404, 385, 1, '2022-02-16 16:51:35', 1),
(405, 386, 1, '2022-02-16 16:51:35', 1),
(406, 387, 1, '2022-02-16 16:51:35', 1),
(407, 521, 1, '2022-02-16 16:51:36', 1),
(408, 389, 1, '2022-02-16 16:51:36', 1),
(409, 390, 1, '2022-02-16 16:51:36', 1),
(410, 391, 1, '2022-02-16 16:51:36', 1),
(411, 392, 1, '2022-02-16 16:51:36', 1),
(412, 393, 1, '2022-02-16 16:51:36', 1),
(413, 394, 1, '2022-02-16 16:51:36', 1),
(414, 395, 1, '2022-02-16 16:51:37', 1),
(415, 396, 1, '2022-02-16 16:51:37', 1),
(416, 397, 1, '2022-02-16 16:51:37', 1),
(417, 398, 1, '2022-02-16 16:51:37', 1),
(418, 399, 1, '2022-02-16 16:51:37', 1),
(419, 401, 1, '2022-02-16 16:51:38', 1),
(420, 403, 1, '2022-02-16 16:51:38', 1),
(421, 404, 1, '2022-02-16 16:51:38', 1),
(422, 405, 1, '2022-02-16 16:51:39', 1),
(423, 232, 1, '2022-02-16 16:51:39', 1),
(424, 406, 1, '2022-02-16 16:51:39', 1),
(425, 237, 1, '2022-02-16 16:51:39', 1),
(426, 407, 1, '2022-02-16 16:51:39', 1),
(427, 381, 1, '2022-02-16 16:51:39', 1),
(428, 266, 1, '2022-02-16 17:35:19', 1),
(429, 268, 1, '2022-02-16 17:35:20', 1),
(430, 271, 1, '2022-02-16 17:35:20', 1),
(431, 272, 1, '2022-02-16 17:35:20', 1),
(432, 273, 1, '2022-02-16 17:35:20', 1),
(433, 275, 1, '2022-02-16 17:35:20', 1),
(434, 277, 1, '2022-02-16 17:35:20', 1),
(435, 276, 1, '2022-02-16 17:35:20', 1),
(436, 278, 1, '2022-02-16 17:35:20', 1),
(437, 223, 1, '2022-02-16 17:35:20', 1),
(438, 279, 1, '2022-02-16 17:35:20', 1),
(439, 274, 1, '2022-02-16 17:35:20', 1),
(440, 280, 1, '2022-02-16 17:35:20', 1),
(441, 262, 1, '2022-02-16 17:35:21', 1),
(442, 522, 1, '2022-02-16 18:31:16', 1),
(443, 523, 1, '2022-02-18 12:48:05', 1),
(444, 600, 1, '2022-02-18 12:48:05', 1),
(445, 524, 1, '2022-02-18 12:48:05', 1),
(446, 525, 1, '2022-02-18 12:48:05', 1),
(447, 330, 1, '2022-02-18 12:48:05', 1),
(448, 526, 1, '2022-02-18 12:48:05', 1),
(449, 167, 1, '2022-02-18 12:48:06', 1),
(450, 214, 1, '2022-02-18 12:48:06', 1),
(451, 527, 1, '2022-02-18 12:48:06', 1),
(452, 528, 1, '2022-02-18 12:48:06', 1),
(453, 183, 1, '2022-02-18 12:48:06', 1),
(454, 529, 1, '2022-02-18 12:48:06', 1),
(455, 530, 1, '2022-02-18 12:48:06', 1),
(456, 531, 1, '2022-02-18 12:48:07', 1),
(457, 532, 1, '2022-02-18 12:48:07', 1),
(458, 533, 1, '2022-02-18 12:48:07', 1),
(459, 534, 1, '2022-02-18 12:48:07', 1),
(460, 241, 1, '2022-02-18 12:48:07', 1),
(461, 535, 1, '2022-02-18 12:48:07', 1),
(462, 536, 1, '2022-02-18 12:48:08', 1),
(463, 537, 1, '2022-02-18 12:48:08', 1),
(464, 601, 1, '2022-02-18 12:48:08', 1),
(465, 538, 1, '2022-02-18 12:48:09', 1),
(466, 539, 1, '2022-02-18 12:48:09', 1),
(467, 540, 1, '2022-02-18 12:48:09', 1),
(468, 234, 1, '2022-02-18 12:48:09', 1),
(469, 541, 1, '2022-02-18 12:48:09', 1),
(470, 542, 1, '2022-02-18 12:48:09', 1),
(471, 543, 1, '2022-02-18 12:48:10', 1),
(472, 544, 1, '2022-02-18 12:48:10', 1),
(473, 602, 1, '2022-02-18 12:48:10', 1),
(474, 206, 1, '2022-02-18 12:48:10', 1),
(475, 545, 1, '2022-02-18 12:48:10', 1),
(476, 546, 1, '2022-02-18 15:12:31', 1),
(477, 547, 1, '2022-02-18 15:12:32', 1),
(478, 548, 1, '2022-02-18 15:12:32', 1),
(479, 549, 1, '2022-02-18 15:12:32', 1),
(480, 550, 1, '2022-02-18 15:12:32', 1),
(481, 551, 1, '2022-02-18 15:12:32', 1),
(482, 217, 1, '2022-02-18 15:12:32', 1),
(483, 553, 1, '2022-02-18 15:12:32', 1),
(484, 552, 1, '2022-02-18 15:12:32', 1),
(485, 554, 1, '2022-02-18 15:12:32', 1),
(486, 555, 1, '2022-02-18 15:12:33', 1),
(487, 556, 1, '2022-02-18 15:12:33', 1),
(488, 557, 1, '2022-02-18 15:12:33', 1),
(489, 558, 1, '2022-02-18 15:12:33', 1),
(490, 559, 1, '2022-02-18 15:12:33', 1),
(491, 231, 1, '2022-02-18 15:12:33', 1),
(492, 560, 1, '2022-02-18 15:12:34', 1),
(493, 211, 1, '2022-02-18 15:12:34', 1),
(494, 561, 1, '2022-02-18 15:12:34', 1),
(495, 562, 1, '2022-02-18 15:12:34', 1),
(496, 563, 1, '2022-02-18 15:12:34', 1),
(497, 564, 1, '2022-02-18 15:12:34', 1),
(498, 565, 1, '2022-02-18 15:12:35', 1),
(499, 566, 1, '2022-02-18 15:12:35', 1),
(500, 567, 1, '2022-02-18 15:12:35', 1),
(501, 568, 1, '2022-02-18 15:12:35', 1),
(502, 569, 1, '2022-02-18 15:12:35', 1),
(503, 570, 1, '2022-02-18 15:12:35', 1),
(504, 571, 1, '2022-02-18 15:12:35', 1),
(505, 572, 1, '2022-02-18 15:12:36', 1),
(506, 236, 1, '2022-02-18 15:12:36', 1),
(507, 573, 1, '2022-02-18 15:12:36', 1),
(508, 240, 1, '2022-02-18 15:12:37', 1),
(509, 574, 1, '2022-02-18 15:12:37', 1),
(510, 575, 1, '2022-02-18 15:12:37', 1),
(511, 576, 1, '2022-02-18 15:12:37', 1),
(512, 577, 1, '2022-02-18 15:12:37', 1),
(513, 578, 1, '2022-02-18 15:12:37', 1),
(514, 579, 1, '2022-02-18 15:12:37', 1),
(515, 580, 1, '2022-02-18 15:12:38', 1),
(516, 581, 1, '2022-02-18 15:12:38', 1),
(517, 582, 1, '2022-02-18 15:12:38', 1),
(518, 583, 1, '2022-02-18 15:12:38', 1),
(519, 584, 1, '2022-02-18 15:12:38', 1),
(520, 585, 1, '2022-02-18 15:12:38', 1),
(521, 612, 1, '2022-02-18 18:41:56', 1),
(522, 476, 1, '2022-02-18 18:41:56', 1),
(523, 477, 1, '2022-02-18 18:41:56', 1),
(524, 586, 1, '2022-02-18 18:41:56', 1),
(525, 587, 1, '2022-02-18 18:41:56', 1),
(526, 588, 1, '2022-02-18 18:41:57', 1),
(527, 165, 1, '2022-02-18 18:41:57', 1),
(528, 604, 1, '2022-02-18 18:41:58', 1),
(529, 169, 1, '2022-02-18 18:41:58', 1),
(530, 589, 1, '2022-02-18 18:41:58', 1),
(531, 590, 1, '2022-02-18 18:41:58', 1),
(532, 591, 1, '2022-02-18 18:41:58', 1),
(533, 592, 1, '2022-02-18 18:41:58', 1),
(534, 593, 1, '2022-02-18 18:41:58', 1),
(535, 594, 1, '2022-02-18 18:41:59', 1),
(536, 605, 1, '2022-02-18 18:41:59', 1),
(537, 595, 1, '2022-02-18 18:41:59', 1),
(538, 596, 1, '2022-02-18 18:42:00', 1),
(539, 597, 1, '2022-02-18 18:42:00', 1),
(540, 598, 1, '2022-02-18 18:42:00', 1),
(541, 606, 1, '2022-02-18 18:42:00', 1),
(542, 194, 1, '2022-02-18 18:42:00', 1),
(543, 166, 1, '2022-02-19 11:03:14', 1),
(544, 168, 1, '2022-02-19 11:03:14', 1),
(545, 170, 1, '2022-02-19 11:03:14', 1),
(546, 171, 1, '2022-02-19 11:03:14', 1),
(547, 173, 1, '2022-02-19 11:03:14', 1),
(548, 174, 1, '2022-02-19 11:03:14', 1),
(549, 177, 1, '2022-02-19 11:03:15', 1),
(550, 178, 1, '2022-02-19 11:03:15', 1),
(551, 179, 1, '2022-02-19 11:03:15', 1),
(552, 180, 1, '2022-02-19 11:03:15', 1),
(553, 181, 1, '2022-02-19 11:03:15', 1),
(554, 182, 1, '2022-02-19 11:03:15', 1),
(555, 184, 1, '2022-02-19 11:03:15', 1),
(556, 185, 1, '2022-02-19 11:03:15', 1),
(557, 187, 1, '2022-02-19 11:03:16', 1),
(558, 188, 1, '2022-02-19 11:03:16', 1),
(559, 510, 1, '2022-02-19 11:03:16', 1),
(560, 189, 1, '2022-02-19 11:03:16', 1),
(561, 190, 1, '2022-02-19 11:03:16', 1),
(562, 193, 1, '2022-02-19 11:03:16', 1),
(563, 195, 1, '2022-02-19 11:03:16', 1),
(564, 196, 1, '2022-02-19 11:03:17', 1),
(565, 198, 1, '2022-02-19 11:03:17', 1),
(566, 199, 1, '2022-02-19 11:03:17', 1),
(567, 201, 1, '2022-02-19 11:03:17', 1),
(568, 203, 1, '2022-02-19 11:03:17', 1),
(569, 204, 1, '2022-02-19 11:03:18', 1),
(570, 205, 1, '2022-02-19 11:03:18', 1),
(571, 208, 1, '2022-02-19 11:03:18', 1),
(572, 209, 1, '2022-02-19 11:03:19', 1),
(573, 212, 1, '2022-02-19 11:03:19', 1),
(574, 213, 1, '2022-02-19 11:03:19', 1),
(575, 218, 1, '2022-02-19 11:27:10', 1),
(576, 220, 1, '2022-02-19 11:27:10', 1),
(577, 511, 1, '2022-02-19 11:27:10', 1),
(578, 224, 1, '2022-02-19 11:27:11', 1),
(579, 225, 1, '2022-02-19 11:27:11', 1),
(580, 227, 1, '2022-02-19 11:27:11', 1),
(581, 228, 1, '2022-02-19 11:27:11', 1),
(582, 230, 1, '2022-02-19 11:27:11', 1),
(583, 233, 1, '2022-02-19 11:27:12', 1),
(584, 235, 1, '2022-02-19 11:27:12', 1),
(585, 238, 1, '2022-02-19 11:27:12', 1),
(586, 239, 1, '2022-02-19 11:27:13', 1),
(587, 242, 1, '2022-02-19 11:27:13', 1),
(588, 243, 1, '2022-02-19 11:27:13', 1),
(589, 599, 1, '2022-02-19 14:13:22', 1),
(590, 613, 1, '2022-02-19 15:39:16', 1),
(591, 614, 1, '2022-02-19 15:39:16', 1),
(592, 615, 1, '2022-02-19 16:39:37', 1),
(593, 616, 1, '2022-02-19 16:39:37', 1),
(594, 617, 1, '2022-02-19 16:39:37', 1),
(595, 618, 1, '2022-02-19 16:39:37', 1),
(596, 619, 1, '2022-02-19 16:39:37', 1),
(597, 620, 1, '2022-02-19 16:39:37', 1),
(598, 621, 1, '2022-02-19 16:39:37', 1),
(599, 622, 1, '2022-02-19 16:39:37', 1),
(600, 623, 1, '2022-02-19 16:39:38', 1),
(601, 624, 1, '2022-02-19 16:39:38', 1),
(602, 625, 1, '2022-02-19 16:39:38', 1),
(603, 626, 1, '2022-02-19 16:39:38', 1),
(604, 627, 1, '2022-02-19 16:39:38', 1),
(605, 628, 1, '2022-02-19 16:39:38', 1),
(606, 629, 1, '2022-02-19 17:17:48', 1),
(607, 607, 1, '2022-02-19 17:17:49', 1),
(608, 608, 1, '2022-02-19 17:17:49', 1),
(609, 609, 1, '2022-02-19 17:17:49', 1),
(610, 610, 1, '2022-02-19 17:17:49', 1),
(611, 611, 1, '2022-02-19 17:17:49', 1),
(612, 630, 1, '2022-02-19 17:17:49', 1),
(613, 631, 1, '2022-02-19 17:47:32', 1),
(614, 632, 1, '2022-02-19 17:47:32', 1),
(615, 633, 1, '2022-02-19 18:10:21', 1),
(616, 634, 1, '2022-02-19 18:10:21', 1),
(617, 635, 1, '2022-02-19 19:02:34', 1),
(618, 636, 1, '2022-02-19 19:02:34', 1),
(619, 637, 1, '2022-02-19 19:33:51', 1),
(620, 639, 1, '2022-02-20 12:05:15', 1),
(621, 638, 1, '2022-02-20 12:05:15', 1),
(622, 640, 1, '2022-02-20 12:05:15', 1),
(623, 641, 1, '2022-02-20 12:05:15', 1),
(624, 642, 1, '2022-02-20 12:05:15', 1),
(625, 643, 1, '2022-02-20 12:05:15', 1),
(626, 644, 1, '2022-02-20 12:05:16', 1),
(627, 645, 1, '2022-02-20 12:05:16', 1),
(628, 651, 1, '2022-02-20 13:21:04', 1),
(629, 650, 1, '2022-02-20 13:21:04', 1),
(630, 647, 1, '2022-02-20 13:21:05', 1),
(631, 648, 1, '2022-02-20 13:21:05', 1),
(632, 649, 1, '2022-02-20 13:21:05', 1),
(633, 646, 1, '2022-02-20 13:21:05', 1),
(634, 652, 1, '2022-02-22 18:52:15', 1),
(635, 43, 4, '2022-02-28 13:19:17', 1),
(636, 653, 1, '2022-03-02 08:39:49', 1),
(637, 653, 4, '2022-03-04 11:38:46', 1),
(638, 396, 4, '2022-03-04 11:44:41', 1),
(639, 654, 1, '2022-03-09 09:23:48', 1),
(640, 655, 1, '2022-03-11 09:32:33', 1),
(641, 654, 4, '2022-03-17 08:42:39', 1);

-- --------------------------------------------------------

--
-- Table structure for table `stock_transfers`
--

CREATE TABLE `stock_transfers` (
  `id` int(10) UNSIGNED NOT NULL,
  `location_from` int(10) UNSIGNED NOT NULL,
  `location_to` int(10) UNSIGNED NOT NULL,
  `description` varchar(200) COLLATE utf8mb4_unicode_ci NOT NULL DEFAULT 'none',
  `status` enum('active','inactive') COLLATE utf8mb4_unicode_ci NOT NULL DEFAULT 'active',
  `createdby` int(10) UNSIGNED NOT NULL,
  `doc` timestamp NOT NULL DEFAULT current_timestamp(),
  `modifiedby` int(10) UNSIGNED NOT NULL,
  `dom` datetime NOT NULL
) ENGINE=InnoDB DEFAULT CHARSET=utf8mb4 COLLATE=utf8mb4_unicode_ci;

--
-- Dumping data for table `stock_transfers`
--

INSERT INTO `stock_transfers` (`id`, `location_from`, `location_to`, `description`, `status`, `createdby`, `doc`, `modifiedby`, `dom`) VALUES
(1, 1, 4, '', 'active', 1, '2022-02-28 13:19:17', 0, '0000-00-00 00:00:00'),
(2, 1, 4, '', 'active', 1, '2022-03-04 11:38:46', 0, '0000-00-00 00:00:00'),
(3, 1, 4, '', 'active', 1, '2022-03-04 11:44:41', 0, '0000-00-00 00:00:00'),
(4, 1, 4, '', 'active', 1, '2022-03-07 07:51:31', 0, '0000-00-00 00:00:00'),
(5, 4, 1, '', 'active', 1, '2022-03-07 07:59:40', 0, '0000-00-00 00:00:00'),
(7, 1, 4, '', 'active', 1, '2022-03-17 08:46:13', 0, '0000-00-00 00:00:00'),
(8, 1, 4, '', 'active', 1, '2022-03-17 10:03:20', 0, '0000-00-00 00:00:00'),
(9, 1, 4, '', 'active', 1, '2022-03-17 10:15:17', 0, '0000-00-00 00:00:00'),
(10, 1, 4, '', 'active', 1, '2022-03-18 13:53:26', 0, '0000-00-00 00:00:00');

-- --------------------------------------------------------

--
-- Table structure for table `stock_transfer_batches`
--

CREATE TABLE `stock_transfer_batches` (
  `id` int(11) NOT NULL,
  `stdi` int(11) NOT NULL COMMENT 'stock transfer detail id',
  `batch_id` int(11) NOT NULL,
  `qty` int(11) NOT NULL,
  `doc` datetime NOT NULL DEFAULT current_timestamp()
) ENGINE=InnoDB DEFAULT CHARSET=utf8mb4;

--
-- Dumping data for table `stock_transfer_batches`
--

INSERT INTO `stock_transfer_batches` (`id`, `stdi`, `batch_id`, `qty`, `doc`) VALUES
(1, 9, 507, 20, '2022-03-17 11:46:13'),
(2, 9, 959, 100, '2022-03-17 11:46:13'),
(3, 10, 966, 3, '2022-03-17 11:46:13'),
(4, 11, 731, 300, '2022-03-17 11:46:13'),
(5, 1, 731, 100, '2022-03-17 12:42:57'),
(6, 2, 955, 15, '2022-03-17 12:42:57'),
(7, 3, 957, 20, '2022-03-17 12:42:57'),
(8, 4, 959, 80, '2022-03-17 12:42:57'),
(9, 5, 959, 50, '2022-03-17 12:42:57'),
(10, 12, 507, 5, '2022-03-17 13:03:20'),
(11, 13, 507, 5, '2022-03-17 13:15:17'),
(12, 13, 956, 1, '2022-03-17 13:15:17'),
(13, 13, 959, 10, '2022-03-17 13:15:17'),
(14, 14, 971, 2, '2022-03-18 16:53:26');

-- --------------------------------------------------------

--
-- Table structure for table `stock_transfer_details`
--

CREATE TABLE `stock_transfer_details` (
  `id` int(10) UNSIGNED NOT NULL,
  `stock_from` int(10) UNSIGNED NOT NULL,
  `stock_to` int(10) UNSIGNED NOT NULL,
  `transferid` int(10) UNSIGNED NOT NULL,
  `quantity` int(11) NOT NULL,
  `doc` timestamp NOT NULL DEFAULT current_timestamp(),
  `createdby` int(11) NOT NULL
) ENGINE=InnoDB DEFAULT CHARSET=utf8mb4 COLLATE=utf8mb4_unicode_ci;

--
-- Dumping data for table `stock_transfer_details`
--

INSERT INTO `stock_transfer_details` (`id`, `stock_from`, `stock_to`, `transferid`, `quantity`, `doc`, `createdby`) VALUES
(1, 165, 635, 1, 100, '2022-02-28 13:19:17', 1),
(2, 636, 637, 2, 15, '2022-03-04 11:38:47', 1),
(3, 415, 638, 3, 20, '2022-03-04 11:44:41', 1),
(4, 415, 638, 4, 80, '2022-03-07 07:51:31', 1),
(5, 638, 415, 5, 50, '2022-03-07 07:59:40', 1),
(9, 415, 638, 7, 120, '2022-03-17 08:46:13', 1),
(10, 639, 641, 7, 3, '2022-03-17 08:46:13', 1),
(11, 165, 635, 7, 300, '2022-03-17 08:46:13', 1),
(12, 415, 638, 8, 5, '2022-03-17 10:03:20', 1),
(13, 415, 638, 9, 16, '2022-03-17 10:15:17', 1),
(14, 639, 641, 10, 2, '2022-03-18 13:53:26', 1);

-- --------------------------------------------------------

--
-- Table structure for table `stock_transfer_serials`
--

CREATE TABLE `stock_transfer_serials` (
  `id` int(11) NOT NULL,
  `stdi` int(11) NOT NULL COMMENT 'stock transfer detail id',
  `serialno_id` int(11) NOT NULL,
  `doc` datetime NOT NULL DEFAULT current_timestamp()
) ENGINE=InnoDB DEFAULT CHARSET=utf8mb4;

--
-- Dumping data for table `stock_transfer_serials`
--

INSERT INTO `stock_transfer_serials` (`id`, `stdi`, `serialno_id`, `doc`) VALUES
(1, 10, 32, '2022-03-17 11:46:13'),
(2, 10, 29, '2022-03-17 11:46:13'),
(3, 10, 30, '2022-03-17 11:46:13'),
(4, 14, 94, '2022-03-18 16:53:26'),
(5, 14, 95, '2022-03-18 16:53:26');

-- --------------------------------------------------------

--
-- Table structure for table `submenus`
--

CREATE TABLE `submenus` (
  `id` int(11) NOT NULL,
  `menuid` int(11) NOT NULL,
  `label` varchar(255) NOT NULL,
  `module` varchar(255) NOT NULL,
  `action` varchar(255) NOT NULL,
  `sortno` int(255) NOT NULL,
  `status` int(11) NOT NULL
) ENGINE=InnoDB DEFAULT CHARSET=latin1;

--
-- Dumping data for table `submenus`
--

INSERT INTO `submenus` (`id`, `menuid`, `label`, `module`, `action`, `sortno`, `status`) VALUES
(3, 1, 'Users', 'user', 'user_list', 5, 1),
(4, 15, 'Departments', 'departments', 'department_index', 4, 1),
(5, 15, 'Products', 'products', 'product_index', 1, 1),
(6, 1, 'Branches', 'branches', 'branch_index', 2, 1),
(7, 1, 'Serial Nos', 'serials', 'serial_index', 7, 0),
(8, 1, 'Clients', 'clients', 'client_index', 14, 1),
(9, 4, 'Assign Tickets', 'tickets', 'ticket_index', 1, 0),
(10, 4, 'My Tickets', 'tickets', 'my_ticket_index', 3, 0),
(11, 4, 'Verify Tickets', 'tickets', 'verify_ticket', 7, 0),
(13, 1, 'Add Serial', 'serials', 'serial_add', 10, 0),
(17, 12, 'Messages Log', 'messages', 'message_index', 14, 1),
(18, 11, 'AMC', 'amcs', 'amc_list', 9, 1),
(19, 12, 'Messages', 'messages', 'compose_message', 13, 1),
(20, 1, 'Serial Replacement', 'serials', 'replace_serial', 11, 0),
(21, 11, 'Warranty Center', 'warranties', 'warranty_list', 10, 1),
(22, 4, 'My Fiscalize', 'serials', 'myassigned_fiscal', 5, 0),
(23, 4, 'Online Tickets', 'tickets', 'online_ticket', 2, 0),
(24, 8, 'My Orders', 'sales', 'my_orderlist', 1, 0),
(25, 13, 'Orders', 'sales', 'order_list', 4, 1),
(26, 8, 'LPO', 'stocks', 'lpo_list', 1, 1),
(27, 8, 'GRN In', 'stocks', 'grn_list', 2, 1),
(28, 1, 'Suppliers', 'suppliers', 'supplier_list', 15, 1),
(29, 15, 'TAX Category', 'categories', 'category_list', 8, 1),
(30, 15, 'Brand', 'model', 'model_list', 7, 1),
(31, 13, 'Invoice Master', 'payments', 'invoice_list', 7, 1),
(32, 13, 'Proforma Invoice', 'sales', 'proforma_list', 5, 0),
(33, 1, 'Hierarchic', 'hierarchics', 'index', 11, 1),
(34, 9, 'Ticket Feedback', 'crms', 'feedback_index', 1, 1),
(35, 9, 'CRM Summary\r\n report', 'crms', 'summary_report', 2, 1),
(36, 3, 'AMC Report', 'amcs', 'amc_reports', 15, 0),
(37, 3, 'Ticket Report', 'reports', 'index', 12, 0),
(38, 3, 'Order Report', 'sales', 'order_report', 10, 1),
(39, 3, 'Contact Report', 'reports', 'contact', 11, 1),
(40, 10, 'My schedule', 'schedules', 'my_schedules', 2, 1),
(41, 3, 'Time Reconciliation Report', 'schedules', 'time_reconciliation', 13, 0),
(42, 10, 'Time List', 'schedules', 'time_list', 1, 1),
(43, 3, 'CRM Details Report', 'crms', 'details_report', 14, 0),
(44, 3, 'Stock Report', 'stocks', 'stock_report', 7, 1),
(45, 8, 'Stock transfer', 'stocks', 'transfer_list', 3, 1),
(46, 4, 'Fiscalized List', 'serials', 'fiscalized_list', 6, 0),
(47, 1, 'TRA', 'tra', 'regional_list', 19, 0),
(48, 4, 'Tickets Transfer', 'tickets', 'ticket_transfer', 8, 0),
(49, 1, 'Serial diagnose', 'serials', 'serial_diagnose', 8, 0),
(50, 13, 'Sales Invoice', 'sales', 'sales_list', 6, 1),
(51, 1, 'Currency', 'currencies', 'currency_list', 6, 1),
(53, 4, 'Request Spare', 'spares', 'request_spare', 9, 0),
(54, 4, 'Issue Spare', 'spares', 'request_spare&filter=issue_spare', 10, 0),
(55, 13, 'Quick Sales', 'pos', 'quick_sales', 1, 1),
(56, 3, 'Sales Report', 'reports', 'sales_report', 1, 1),
(57, 3, 'Daily cash sales', 'reports', 'daily_cash', 2, 1),
(58, 3, 'Leader account report', 'reports', 'ledger_account', 6, 1),
(59, 8, 'GRN Out', 'stocks', 'grn_return_list', 2, 1),
(60, 5, 'Direct Serial Support (DSS)', 'tickets', 'direct_assign&checker=efd_support', 1, 1),
(61, 5, 'Direct Non Serial Support (DNSS)', 'tickets', 'direct_assign&checker=nonEfd_support', 2, 1),
(62, 1, 'Expenses', 'expenses', 'expenses_attribute_list', 21, 1),
(63, 3, 'Sales outstanding', 'reports', 'sales_outstanding', 5, 1),
(64, 3, 'Product history report', 'reports', 'product_history', 9, 1),
(65, 3, 'Sales audit report', 'reports', 'audit_report', 4, 1),
(66, 1, 'Locations', 'locations', 'list', 3, 1),
(67, 1, 'Company Settings', 'home', 'cs_index', 1, 1),
(68, 15, 'Price List', 'hierarchics', 'product_hierarchs_list', 13, 1),
(69, 1, 'Products - Admin', 'products', 'product-admin', 9, 0),
(70, 1, 'Measurment Units', 'units', 'index', 9, 1),
(71, 3, 'Sales Summary', 'reports', 'sales_summary', 3, 1),
(72, 14, 'Tally Transfers', 'sales', 'tally_transfers', 10, 1),
(73, 13, 'VFD - Refiscalize', 'sales', 'vfd', 13, 0),
(74, 14, 'Tally Settings', 'tally', 'settings', 1, 1),
(75, 14, 'Tally Ledgers', 'tally', 'ledgers', 2, 1),
(76, 14, 'Tally Groups', 'tally', 'groups', 3, 0),
(77, 14, 'Tally Tax Leadgers', 'tally', 'tally_tax_leadger', 2, 1),
(78, 3, 'Admin Stock Report', 'stocks', 'stock_report_admin', 8, 1),
(79, 1, 'Bulk Measurment Units', 'bulk_units', 'index', 10, 1),
(80, 1, 'Backup System', 'backup', 'system_backup', 50, 1),
(81, 1, 'Mac-Address', 'mac_address', 'index', 15, 0),
(82, 1, 'Target', 'target', 'index', 16, 1),
(83, 3, 'Sales Target Report', 'sales_target', 'index', 18, 1),
(84, 3, 'Blocked MAC-Address Report', 'mac_address', 'index&status=BLOCKED', 17, 0),
(85, 3, 'Profit & Loss', 'reports', 'profit_loss', 1, 1),
(86, 3, 'Monthly Sales Summary', 'reports', 'sales_summary_monthly', 3, 1),
(87, 15, 'Product Category', 'product_categories', 'index', 12, 1),
(88, 15, 'Product Subcategory', 'product_categories', 'subcategories', 12, 1),
(89, 15, 'Quick Price List', 'hierarchics', 'quick_price_list', 13, 1),
(90, 3, 'Referal Report', 'reports', 'referral_report', 10, 1),
(91, 13, 'Quick Order', 'pos', 'quick_sales&quick_mode=order', 3, 1),
(92, 15, 'Reorder Level', 'products', 'reorder_list', 13, 1),
(94, 8, 'Issued Expense', 'expenses', 'issued_list', 4, 1),
(95, 3, 'Cash Summary', 'reports', 'cash_summary', 3, 1),
(96, 3, 'Stock Report With Reorder', 'stocks', 'stock_report_with_reorder', 7, 1),
(97, 3, 'Sales Report With SR', 'reports', 'sales_report_with_sr', 1, 1),
(98, 3, 'Daily cash sales With SR', 'reports', 'daily_cash_with_sr', 2, 1),
(99, 3, 'Cash Summary With SR', 'reports', 'cash_summary_with_sr', 3, 1),
(100, 13, 'Make Sale', 'sales', 'add_sales', 2, 1),
(101, 13, 'Failed Fiscalization', 'sales', 'failed_fiscalization', 8, 1),
(102, 13, 'Advance Payments', 'advance_payments', 'list', 7, 1),
(103, 13, 'Client Receipts', 'payments', 'client_receipts', 8, 1),
(104, 3, 'Sales audit Invoice-wise', 'reports', 'audit_report_invoice_wise', 4, 1),
(105, 3, 'Client Ledger', 'reports', 'client_ledger', 19, 1),
(107, 8, 'Canceled GRN', 'stocks', 'canceled_grn_list', 10, 1),
(108, 15, 'Quick Base Percentage', 'products', 'update_base_percentage', 20, 1),
(109, 13, 'Canceled Sales', 'sales', 'canceled_list', 20, 1),
(110, 8, 'Add Serial No', 'stocks', 'add_serialno', 11, 1),
(111, 3, 'Expired Report', 'stocks', 'expired_report', 7, 1);

-- --------------------------------------------------------

--
-- Table structure for table `suppliers`
--

CREATE TABLE `suppliers` (
  `id` int(11) NOT NULL,
  `name` varchar(255) NOT NULL,
  `address` varchar(255) NOT NULL,
  `tin` varchar(255) NOT NULL,
  `vat` varchar(255) NOT NULL,
  `contact_name` varchar(255) NOT NULL,
  `contact_mobile` int(13) NOT NULL,
  `contact_email` varchar(255) NOT NULL,
  `createdby` int(11) NOT NULL,
  `doc` timestamp NOT NULL DEFAULT current_timestamp(),
  `status` varchar(255) NOT NULL DEFAULT 'active'
) ENGINE=InnoDB DEFAULT CHARSET=latin1;

--
-- Dumping data for table `suppliers`
--

INSERT INTO `suppliers` (`id`, `name`, `address`, `tin`, `vat`, `contact_name`, `contact_mobile`, `contact_email`, `createdby`, `doc`, `status`) VALUES
(1, 'BARIKI PHARMACY LIMITED ', 'P.O BOX 13863, DAR ES SALAAM-TANZANIA, KARIAKOO', '119936144', '0', 'EDWIN BARIKI', 788011484, 'Barikipharmacy@gmail.com', 0, '2022-02-07 18:44:04', 'active'),
(2, 'ABA PHARMACY', 'DSM, NJIA PANDA SEGEREA P.O BOX 21825', '', '', 'KASSIM', 714663484, 'abapharmacy@gmail.com', 0, '2022-02-19 14:22:00', 'active'),
(3, 'ZEEPYI PHARMACEUTICALS LTD', 'P.O BOX 3389 MASASI STREET, KARIAKOO', '121630966', '', 'MOHAMMED ', 677122914, 'Zshussein@hotmail.com', 0, '2022-02-19 14:26:07', 'active'),
(4, '3M PHARMA LIMITED ', 'P.O BOX 21839, KARIAKOO GEREZANI', '', '', '3M PHARMA', 714042721, '', 0, '2022-02-19 14:29:54', 'active'),
(5, 'GLIAN PHARMACY', 'KIMARA BARUTI', '', '', 'ANANIA', 789981452, '', 0, '2022-02-19 14:31:45', 'active'),
(6, 'FARHAN BABY SHOP', 'KARIAKOO', '', '', 'USTADHI ALLY', 718090560, '', 0, '2022-02-20 11:50:15', 'active'),
(7, 'RICHIE', 'DAR ES SALAAM', '', '', 'RICHIE', 693127124, '', 0, '2022-02-20 13:07:57', 'active'),
(8, 'Power Computers', 'India Street', '', '', 'person1', 123654789, '', 0, '2022-03-11 09:29:40', 'active');

-- --------------------------------------------------------

--
-- Table structure for table `supporttype`
--

CREATE TABLE `supporttype` (
  `id` int(11) NOT NULL,
  `name` varchar(255) NOT NULL,
  `chargeable_status` int(11) NOT NULL,
  `status` varchar(255) NOT NULL
) ENGINE=InnoDB DEFAULT CHARSET=latin1;

-- --------------------------------------------------------

--
-- Table structure for table `tally_ledgers`
--

CREATE TABLE `tally_ledgers` (
  `id` int(11) NOT NULL,
  `name` varchar(50) NOT NULL,
  `status` varchar(10) NOT NULL DEFAULT 'active'
) ENGINE=InnoDB DEFAULT CHARSET=utf8mb4;

-- --------------------------------------------------------

--
-- Table structure for table `tally_tax_leadgers`
--

CREATE TABLE `tally_tax_leadgers` (
  `id` int(11) NOT NULL,
  `name` varchar(20) NOT NULL,
  `doc` datetime NOT NULL DEFAULT current_timestamp(),
  `status` varchar(10) NOT NULL DEFAULT 'active'
) ENGINE=InnoDB DEFAULT CHARSET=utf8mb4;

-- --------------------------------------------------------

--
-- Table structure for table `tally_transfers`
--

CREATE TABLE `tally_transfers` (
  `id` int(11) NOT NULL,
  `date` date NOT NULL,
  `dr` varchar(255) NOT NULL,
  `standard_rate` varchar(255) DEFAULT '0',
  `special_rate` varchar(255) DEFAULT '0',
  `zero_rate` varchar(255) DEFAULT '0',
  `special_relief` varchar(255) DEFAULT '0',
  `exempted` varchar(255) DEFAULT '0',
  `cr_tax` varchar(255) NOT NULL DEFAULT '0',
  `dr_total` varchar(255) NOT NULL DEFAULT '0',
  `transferred` int(11) NOT NULL DEFAULT 0
) ENGINE=InnoDB DEFAULT CHARSET=utf8mb4;

-- --------------------------------------------------------

--
-- Table structure for table `target`
--

CREATE TABLE `target` (
  `id` int(255) NOT NULL,
  `target_name` varchar(255) NOT NULL,
  `amount` double NOT NULL,
  `product_id` int(255) DEFAULT NULL,
  `product_name` varchar(255) NOT NULL,
  `created_at` timestamp NOT NULL DEFAULT current_timestamp(),
  `created_by` int(255) NOT NULL,
  `updated_at` timestamp NULL DEFAULT NULL,
  `deleted_at` timestamp NULL DEFAULT NULL,
  `updated_by` int(255) DEFAULT NULL,
  `deleted_by` int(255) DEFAULT NULL,
  `status` varchar(255) NOT NULL DEFAULT 'active'
) ENGINE=InnoDB DEFAULT CHARSET=latin1;

--
-- Dumping data for table `target`
--

INSERT INTO `target` (`id`, `target_name`, `amount`, `product_id`, `product_name`, `created_at`, `created_by`, `updated_at`, `deleted_at`, `updated_by`, `deleted_by`, `status`) VALUES
(1, 'DAILY SALES TARGET', 115000, NULL, '', '2022-02-12 17:02:40', 1, NULL, NULL, NULL, NULL, 'active');

-- --------------------------------------------------------

--
-- Table structure for table `target_details`
--

CREATE TABLE `target_details` (
  `id` int(255) NOT NULL,
  `target_id` int(255) NOT NULL,
  `user_id` int(255) NOT NULL,
  `created_at` timestamp NOT NULL DEFAULT current_timestamp(),
  `updated_at` timestamp NULL DEFAULT NULL,
  `deleted_at` timestamp NULL DEFAULT NULL,
  `created_by` int(255) DEFAULT NULL,
  `modified_by` int(255) DEFAULT NULL,
  `deleted_by` int(255) DEFAULT NULL,
  `status` varchar(255) NOT NULL DEFAULT 'active'
) ENGINE=InnoDB DEFAULT CHARSET=latin1;

-- --------------------------------------------------------

--
-- Table structure for table `taxcode`
--

CREATE TABLE `taxcode` (
  `id` int(11) NOT NULL,
  `name` varchar(255) NOT NULL,
  `vat_percent` int(70) NOT NULL,
  `vfd_code` varchar(5) NOT NULL,
  `vfdipa_code` int(11) NOT NULL,
  `efd_code` varchar(5) NOT NULL DEFAULT 'V2',
  `createdby` int(11) NOT NULL,
  `doc` timestamp NOT NULL DEFAULT current_timestamp(),
  `modifiedby` int(11) NOT NULL,
  `dom` date NOT NULL,
  `status` varchar(255) NOT NULL DEFAULT 'active'
) ENGINE=InnoDB DEFAULT CHARSET=latin1;

--
-- Dumping data for table `taxcode`
--

INSERT INTO `taxcode` (`id`, `name`, `vat_percent`, `vfd_code`, `vfdipa_code`, `efd_code`, `createdby`, `doc`, `modifiedby`, `dom`, `status`) VALUES
(1, 'standard rate', 15, 'A', 1, 'V2', 1, '2019-06-06 23:55:10', 0, '0000-00-00', 'active'),
(2, 'zero rate', 0, 'C', 3, 'V1', 1, '2020-04-16 03:41:22', 0, '0000-00-00', 'active'),
(3, 'Special Rate', 0, 'B', 2, 'V1', 1, '2021-02-19 04:49:23', 0, '0000-00-00', 'active'),
(4, 'Special Relief', 0, 'D', 4, 'V1', 1, '2021-02-19 04:49:23', 0, '0000-00-00', 'active'),
(5, 'Exempted', 0, 'E', 5, 'V1', 1, '2021-02-19 04:49:23', 0, '0000-00-00', 'active');

-- --------------------------------------------------------

--
-- Table structure for table `ticketdetails`
--

CREATE TABLE `ticketdetails` (
  `id` int(11) NOT NULL,
  `ticketid` int(11) NOT NULL,
  `time` varchar(255) NOT NULL,
  `date` date NOT NULL,
  `remark` text NOT NULL,
  `doc` timestamp NOT NULL DEFAULT current_timestamp(),
  `createdby` int(11) NOT NULL
) ENGINE=InnoDB DEFAULT CHARSET=latin1;

-- --------------------------------------------------------

--
-- Table structure for table `ticketdetailtech`
--

CREATE TABLE `ticketdetailtech` (
  `id` int(11) NOT NULL,
  `ticketdetid` int(11) NOT NULL,
  `technicianId` int(11) NOT NULL,
  `doc` timestamp NOT NULL DEFAULT current_timestamp(),
  `createdby` int(11) NOT NULL
) ENGINE=InnoDB DEFAULT CHARSET=latin1;

-- --------------------------------------------------------

--
-- Table structure for table `ticketechnicians`
--

CREATE TABLE `ticketechnicians` (
  `id` int(11) NOT NULL,
  `ticketid` int(11) NOT NULL,
  `userid` int(11) NOT NULL,
  `doc` timestamp NOT NULL DEFAULT current_timestamp(),
  `createdby` int(11) NOT NULL,
  `assignby` int(11) NOT NULL
) ENGINE=InnoDB DEFAULT CHARSET=latin1;

-- --------------------------------------------------------

--
-- Table structure for table `ticketransferredlog`
--

CREATE TABLE `ticketransferredlog` (
  `id` int(11) NOT NULL,
  `ticketid` int(11) NOT NULL,
  `frombranch` int(11) NOT NULL,
  `wasassignedto` int(11) NOT NULL,
  `wasassignedby` int(11) NOT NULL,
  `wasassignedate` date NOT NULL,
  `ploc` varchar(255) NOT NULL,
  `doc` timestamp NOT NULL DEFAULT current_timestamp(),
  `createdby` int(11) NOT NULL
) ENGINE=InnoDB DEFAULT CHARSET=latin1;

-- --------------------------------------------------------

--
-- Table structure for table `tickets`
--

CREATE TABLE `tickets` (
  `id` int(11) NOT NULL,
  `serialno` varchar(255) NOT NULL,
  `serialid` int(11) NOT NULL,
  `client` varchar(255) DEFAULT NULL,
  `clientid` int(11) DEFAULT NULL,
  `branchid` int(11) DEFAULT NULL,
  `ploc` varchar(255) NOT NULL,
  `prodid` int(11) DEFAULT NULL,
  `deptid` int(11) DEFAULT NULL,
  `statusid` int(11) NOT NULL DEFAULT 1,
  `assignedto` int(11) DEFAULT NULL,
  `assignedby` int(11) DEFAULT NULL,
  `assignedon` date DEFAULT NULL,
  `clientremark` varchar(1000) NOT NULL,
  `tinno` varchar(100) NOT NULL,
  `email` varchar(255) NOT NULL,
  `mobile` varchar(255) NOT NULL,
  `address` varchar(255) NOT NULL,
  `remark` text DEFAULT NULL,
  `type` varchar(255) NOT NULL COMMENT 'amc,warranty,paid',
  `warrantydateto` date NOT NULL,
  `amcdateto` date NOT NULL,
  `amcid` int(11) NOT NULL,
  `warrantyid` int(11) NOT NULL,
  `invoiceno` varchar(255) NOT NULL,
  `amount` decimal(18,2) NOT NULL,
  `supportedwith` varchar(255) NOT NULL COMMENT 'remote,visit,In-house',
  `supporttype` int(11) NOT NULL,
  `sirinumber` varchar(255) NOT NULL,
  `contactname` varchar(255) DEFAULT NULL,
  `contactmobile` varchar(255) DEFAULT NULL,
  `contactemail` varchar(255) NOT NULL,
  `raisedfrom` varchar(255) NOT NULL,
  `confirm` varchar(255) NOT NULL,
  `spareid` int(11) NOT NULL,
  `sparepart` varchar(45) NOT NULL,
  `spareamount` decimal(18,2) NOT NULL,
  `timespent` varchar(45) NOT NULL,
  `isverified` int(11) NOT NULL,
  `istransferred` int(11) NOT NULL,
  `hasfeedback` int(11) NOT NULL,
  `dov` datetime NOT NULL,
  `doc` timestamp NOT NULL DEFAULT current_timestamp(),
  `doclose` datetime NOT NULL,
  `createdby` int(11) NOT NULL,
  `dom` timestamp NOT NULL DEFAULT '0000-00-00 00:00:00' ON UPDATE current_timestamp(),
  `modifiedby` int(11) NOT NULL
) ENGINE=InnoDB DEFAULT CHARSET=latin1;

-- --------------------------------------------------------

--
-- Table structure for table `timeslots`
--

CREATE TABLE `timeslots` (
  `id` int(11) NOT NULL,
  `name` varchar(255) NOT NULL,
  `type` varchar(255) NOT NULL DEFAULT 'work',
  `sortno` int(11) NOT NULL,
  `status` varchar(255) NOT NULL DEFAULT 'active',
  `doc` timestamp NOT NULL DEFAULT current_timestamp(),
  `createdby` int(11) NOT NULL,
  `dom` date NOT NULL,
  `modifiedby` int(11) NOT NULL
) ENGINE=InnoDB DEFAULT CHARSET=latin1;

-- --------------------------------------------------------

--
-- Table structure for table `tra`
--

CREATE TABLE `tra` (
  `id` int(11) NOT NULL,
  `mname` varchar(255) NOT NULL,
  `mobile` varchar(255) NOT NULL,
  `email` varchar(255) NOT NULL,
  `email2` varchar(255) NOT NULL,
  `email3` varchar(255) NOT NULL,
  `location` varchar(255) NOT NULL,
  `status` varchar(255) NOT NULL,
  `doc` timestamp NOT NULL DEFAULT current_timestamp(),
  `createdby` int(11) NOT NULL,
  `dom` date NOT NULL,
  `modifiedby` int(11) NOT NULL
) ENGINE=InnoDB DEFAULT CHARSET=latin1;

-- --------------------------------------------------------

--
-- Table structure for table `units`
--

CREATE TABLE `units` (
  `id` int(11) NOT NULL,
  `name` varchar(20) NOT NULL,
  `abbr` varchar(20) NOT NULL,
  `status` varchar(10) NOT NULL DEFAULT 'active'
) ENGINE=InnoDB DEFAULT CHARSET=utf8mb4;

--
-- Dumping data for table `units`
--

INSERT INTO `units` (`id`, `name`, `abbr`, `status`) VALUES
(1, 'Ampoule', 'ampl', 'active'),
(2, 'Bottle', 'btl', 'active'),
(3, 'Packet', 'pkt', 'active'),
(4, 'Tube', 'tube', 'active'),
(5, 'vial', 'vial', 'active'),
(6, 'piece', 'piece', 'active'),
(7, 'packet 300 ', 'pkt', 'active'),
(8, 'Roll', 'roll', 'active'),
(9, 'PAC', 'PAC', 'active'),
(10, 'BAR', 'BAR', 'active'),
(11, 'Meter', 'MT', 'active');

-- --------------------------------------------------------

--
-- Table structure for table `userrights`
--

CREATE TABLE `userrights` (
  `id` int(11) NOT NULL,
  `userid` int(11) NOT NULL,
  `menuid` int(11) NOT NULL,
  `submenuid` int(11) NOT NULL,
  `doc` timestamp NOT NULL DEFAULT current_timestamp(),
  `createdby` int(11) NOT NULL,
  `dom` timestamp NOT NULL DEFAULT '0000-00-00 00:00:00' ON UPDATE current_timestamp(),
  `modifiedby` int(11) NOT NULL
) ENGINE=InnoDB DEFAULT CHARSET=latin1;

--
-- Dumping data for table `userrights`
--

INSERT INTO `userrights` (`id`, `userid`, `menuid`, `submenuid`, `doc`, `createdby`, `dom`, `modifiedby`) VALUES
(71, 3, 8, 0, '2022-03-02 06:54:13', 1, '0000-00-00 00:00:00', 0),
(72, 3, 8, 26, '2022-03-02 06:54:13', 1, '0000-00-00 00:00:00', 0),
(73, 3, 8, 27, '2022-03-02 06:54:13', 1, '0000-00-00 00:00:00', 0),
(74, 3, 8, 94, '2022-03-02 06:54:13', 1, '0000-00-00 00:00:00', 0),
(75, 3, 8, 107, '2022-03-02 06:54:13', 1, '0000-00-00 00:00:00', 0),
(76, 3, 13, 0, '2022-03-02 06:54:13', 1, '0000-00-00 00:00:00', 0),
(77, 3, 13, 55, '2022-03-02 06:54:13', 1, '0000-00-00 00:00:00', 0),
(78, 3, 3, 0, '2022-03-02 06:54:13', 1, '0000-00-00 00:00:00', 0),
(79, 4, 13, 0, '2022-03-24 09:30:57', 1, '0000-00-00 00:00:00', 0),
(80, 4, 13, 55, '2022-03-24 09:30:57', 1, '0000-00-00 00:00:00', 0),
(81, 4, 13, 100, '2022-03-24 09:30:57', 1, '0000-00-00 00:00:00', 0),
(82, 4, 13, 91, '2022-03-24 09:30:57', 1, '0000-00-00 00:00:00', 0),
(83, 4, 13, 25, '2022-03-24 09:30:57', 1, '0000-00-00 00:00:00', 0),
(84, 4, 13, 50, '2022-03-24 09:30:57', 1, '0000-00-00 00:00:00', 0);

-- --------------------------------------------------------

--
-- Table structure for table `userscheduledetails`
--

CREATE TABLE `userscheduledetails` (
  `id` int(11) NOT NULL,
  `ticketid` int(11) NOT NULL,
  `ticketslotno` int(11) NOT NULL,
  `userschduleid` int(11) NOT NULL,
  `timeslotid` int(11) NOT NULL,
  `dom` datetime NOT NULL,
  `modifiedby` int(11) NOT NULL,
  `createdby` int(11) NOT NULL
) ENGINE=InnoDB DEFAULT CHARSET=latin1;

-- --------------------------------------------------------

--
-- Table structure for table `userschedules`
--

CREATE TABLE `userschedules` (
  `id` int(11) NOT NULL,
  `userid` int(11) NOT NULL,
  `doc` timestamp NOT NULL DEFAULT current_timestamp(),
  `createdby` int(11) NOT NULL
) ENGINE=InnoDB DEFAULT CHARSET=latin1;

-- --------------------------------------------------------

--
-- Table structure for table `warranties`
--

CREATE TABLE `warranties` (
  `id` int(11) NOT NULL,
  `name` varchar(255) NOT NULL,
  `invoiceno` varchar(255) NOT NULL,
  `invoiceamount` decimal(10,0) NOT NULL,
  `warrantydatefrom` date NOT NULL,
  `warrantydateto` date NOT NULL,
  `status` varchar(255) NOT NULL DEFAULT 'active',
  `serialid` int(11) NOT NULL,
  `doc` timestamp NOT NULL DEFAULT current_timestamp(),
  `createdby` int(11) NOT NULL
) ENGINE=InnoDB DEFAULT CHARSET=latin1;

--
-- Indexes for dumped tables
--

--
-- Indexes for table `advance_payments`
--
ALTER TABLE `advance_payments`
  ADD PRIMARY KEY (`id`);

--
-- Indexes for table `amc`
--
ALTER TABLE `amc`
  ADD PRIMARY KEY (`id`);

--
-- Indexes for table `averagepricelogs`
--
ALTER TABLE `averagepricelogs`
  ADD PRIMARY KEY (`id`);

--
-- Indexes for table `batches`
--
ALTER TABLE `batches`
  ADD PRIMARY KEY (`id`);

--
-- Indexes for table `branches`
--
ALTER TABLE `branches`
  ADD PRIMARY KEY (`id`);

--
-- Indexes for table `bulk_units`
--
ALTER TABLE `bulk_units`
  ADD PRIMARY KEY (`id`);

--
-- Indexes for table `categories`
--
ALTER TABLE `categories`
  ADD PRIMARY KEY (`id`);

--
-- Indexes for table `checklists`
--
ALTER TABLE `checklists`
  ADD PRIMARY KEY (`id`);

--
-- Indexes for table `clients`
--
ALTER TABLE `clients`
  ADD PRIMARY KEY (`id`),
  ADD KEY `id` (`id`);

--
-- Indexes for table `contacts`
--
ALTER TABLE `contacts`
  ADD PRIMARY KEY (`id`);

--
-- Indexes for table `currencies`
--
ALTER TABLE `currencies`
  ADD PRIMARY KEY (`id`);

--
-- Indexes for table `currencies_rates`
--
ALTER TABLE `currencies_rates`
  ADD PRIMARY KEY (`id`);

--
-- Indexes for table `customer_reply`
--
ALTER TABLE `customer_reply`
  ADD PRIMARY KEY (`id`);

--
-- Indexes for table `customer_replydetails`
--
ALTER TABLE `customer_replydetails`
  ADD PRIMARY KEY (`id`);

--
-- Indexes for table `departments`
--
ALTER TABLE `departments`
  ADD PRIMARY KEY (`id`),
  ADD KEY `id` (`id`);

--
-- Indexes for table `doctors`
--
ALTER TABLE `doctors`
  ADD PRIMARY KEY (`id`);

--
-- Indexes for table `expenses`
--
ALTER TABLE `expenses`
  ADD PRIMARY KEY (`id`);

--
-- Indexes for table `expenses_attributes`
--
ALTER TABLE `expenses_attributes`
  ADD PRIMARY KEY (`id`);

--
-- Indexes for table `expenses_issued`
--
ALTER TABLE `expenses_issued`
  ADD PRIMARY KEY (`id`);

--
-- Indexes for table `expense_details`
--
ALTER TABLE `expense_details`
  ADD PRIMARY KEY (`id`);

--
-- Indexes for table `feedbackqns`
--
ALTER TABLE `feedbackqns`
  ADD PRIMARY KEY (`id`);

--
-- Indexes for table `feedbackqnsreply`
--
ALTER TABLE `feedbackqnsreply`
  ADD PRIMARY KEY (`id`);

--
-- Indexes for table `grndetails`
--
ALTER TABLE `grndetails`
  ADD PRIMARY KEY (`id`);

--
-- Indexes for table `grnreturn_details`
--
ALTER TABLE `grnreturn_details`
  ADD PRIMARY KEY (`id`);

--
-- Indexes for table `grn_batch_logs`
--
ALTER TABLE `grn_batch_logs`
  ADD PRIMARY KEY (`id`);

--
-- Indexes for table `grn_canceled`
--
ALTER TABLE `grn_canceled`
  ADD PRIMARY KEY (`id`);

--
-- Indexes for table `grn_detail_logs`
--
ALTER TABLE `grn_detail_logs`
  ADD PRIMARY KEY (`id`);

--
-- Indexes for table `grn_returns`
--
ALTER TABLE `grn_returns`
  ADD PRIMARY KEY (`id`);

--
-- Indexes for table `grn_return_batches`
--
ALTER TABLE `grn_return_batches`
  ADD PRIMARY KEY (`id`);

--
-- Indexes for table `grn_return_serials`
--
ALTER TABLE `grn_return_serials`
  ADD PRIMARY KEY (`id`);

--
-- Indexes for table `hierarchicprices`
--
ALTER TABLE `hierarchicprices`
  ADD PRIMARY KEY (`id`);

--
-- Indexes for table `hierarchics`
--
ALTER TABLE `hierarchics`
  ADD PRIMARY KEY (`id`);

--
-- Indexes for table `hospitals`
--
ALTER TABLE `hospitals`
  ADD PRIMARY KEY (`id`);

--
-- Indexes for table `industries`
--
ALTER TABLE `industries`
  ADD PRIMARY KEY (`id`);

--
-- Indexes for table `locations`
--
ALTER TABLE `locations`
  ADD PRIMARY KEY (`id`);

--
-- Indexes for table `lpo`
--
ALTER TABLE `lpo`
  ADD PRIMARY KEY (`id`);

--
-- Indexes for table `lpodetails`
--
ALTER TABLE `lpodetails`
  ADD PRIMARY KEY (`id`);

--
-- Indexes for table `mac_address`
--
ALTER TABLE `mac_address`
  ADD PRIMARY KEY (`id`);

--
-- Indexes for table `menus`
--
ALTER TABLE `menus`
  ADD PRIMARY KEY (`id`);

--
-- Indexes for table `messages`
--
ALTER TABLE `messages`
  ADD PRIMARY KEY (`id`);

--
-- Indexes for table `model`
--
ALTER TABLE `model`
  ADD PRIMARY KEY (`id`);

--
-- Indexes for table `notifications`
--
ALTER TABLE `notifications`
  ADD PRIMARY KEY (`id`);

--
-- Indexes for table `orderchecklists`
--
ALTER TABLE `orderchecklists`
  ADD PRIMARY KEY (`id`);

--
-- Indexes for table `orderdetails`
--
ALTER TABLE `orderdetails`
  ADD PRIMARY KEY (`id`);

--
-- Indexes for table `orderdocuments`
--
ALTER TABLE `orderdocuments`
  ADD PRIMARY KEY (`id`);

--
-- Indexes for table `orders`
--
ALTER TABLE `orders`
  ADD PRIMARY KEY (`id`);

--
-- Indexes for table `orderstatus`
--
ALTER TABLE `orderstatus`
  ADD PRIMARY KEY (`id`);

--
-- Indexes for table `paymentmethods`
--
ALTER TABLE `paymentmethods`
  ADD PRIMARY KEY (`id`);

--
-- Indexes for table `pendingadminlogs`
--
ALTER TABLE `pendingadminlogs`
  ADD PRIMARY KEY (`id`);

--
-- Indexes for table `pendinghodlogs`
--
ALTER TABLE `pendinghodlogs`
  ADD PRIMARY KEY (`id`);

--
-- Indexes for table `pendingtechscriptlogs`
--
ALTER TABLE `pendingtechscriptlogs`
  ADD PRIMARY KEY (`id`);

--
-- Indexes for table `positions`
--
ALTER TABLE `positions`
  ADD PRIMARY KEY (`id`);

--
-- Indexes for table `products`
--
ALTER TABLE `products`
  ADD PRIMARY KEY (`id`),
  ADD KEY `id` (`id`);

--
-- Indexes for table `product_categories`
--
ALTER TABLE `product_categories`
  ADD PRIMARY KEY (`id`);

--
-- Indexes for table `product_subcategories`
--
ALTER TABLE `product_subcategories`
  ADD PRIMARY KEY (`id`);

--
-- Indexes for table `proformadescriptions`
--
ALTER TABLE `proformadescriptions`
  ADD PRIMARY KEY (`id`);

--
-- Indexes for table `proformadetails`
--
ALTER TABLE `proformadetails`
  ADD PRIMARY KEY (`id`);

--
-- Indexes for table `proformas`
--
ALTER TABLE `proformas`
  ADD PRIMARY KEY (`id`);

--
-- Indexes for table `reciept_types`
--
ALTER TABLE `reciept_types`
  ADD PRIMARY KEY (`id`);

--
-- Indexes for table `reorder_level`
--
ALTER TABLE `reorder_level`
  ADD PRIMARY KEY (`id`);

--
-- Indexes for table `roles`
--
ALTER TABLE `roles`
  ADD PRIMARY KEY (`id`);

--
-- Indexes for table `royalty_card`
--
ALTER TABLE `royalty_card`
  ADD PRIMARY KEY (`id`);

--
-- Indexes for table `sales`
--
ALTER TABLE `sales`
  ADD PRIMARY KEY (`id`);

--
-- Indexes for table `salesbatches`
--
ALTER TABLE `salesbatches`
  ADD PRIMARY KEY (`id`);

--
-- Indexes for table `salesdescriptions`
--
ALTER TABLE `salesdescriptions`
  ADD PRIMARY KEY (`id`);

--
-- Indexes for table `salesdetails`
--
ALTER TABLE `salesdetails`
  ADD PRIMARY KEY (`id`);

--
-- Indexes for table `salespayments`
--
ALTER TABLE `salespayments`
  ADD PRIMARY KEY (`id`);

--
-- Indexes for table `salespayment_details`
--
ALTER TABLE `salespayment_details`
  ADD PRIMARY KEY (`id`);

--
-- Indexes for table `sales_canceled`
--
ALTER TABLE `sales_canceled`
  ADD PRIMARY KEY (`id`);

--
-- Indexes for table `sales_expenses`
--
ALTER TABLE `sales_expenses`
  ADD PRIMARY KEY (`id`);

--
-- Indexes for table `sales_expenses_details`
--
ALTER TABLE `sales_expenses_details`
  ADD PRIMARY KEY (`id`);

--
-- Indexes for table `sales_prescription_details`
--
ALTER TABLE `sales_prescription_details`
  ADD PRIMARY KEY (`id`);

--
-- Indexes for table `script_logs`
--
ALTER TABLE `script_logs`
  ADD PRIMARY KEY (`id`);

--
-- Indexes for table `serialnos`
--
ALTER TABLE `serialnos`
  ADD PRIMARY KEY (`id`);

--
-- Indexes for table `serials`
--
ALTER TABLE `serials`
  ADD PRIMARY KEY (`id`);

--
-- Indexes for table `settings`
--
ALTER TABLE `settings`
  ADD PRIMARY KEY (`id`);

--
-- Indexes for table `statuses`
--
ALTER TABLE `statuses`
  ADD PRIMARY KEY (`id`);

--
-- Indexes for table `stocks`
--
ALTER TABLE `stocks`
  ADD PRIMARY KEY (`id`);

--
-- Indexes for table `stock_transfers`
--
ALTER TABLE `stock_transfers`
  ADD PRIMARY KEY (`id`);

--
-- Indexes for table `stock_transfer_batches`
--
ALTER TABLE `stock_transfer_batches`
  ADD PRIMARY KEY (`id`);

--
-- Indexes for table `stock_transfer_details`
--
ALTER TABLE `stock_transfer_details`
  ADD PRIMARY KEY (`id`);

--
-- Indexes for table `stock_transfer_serials`
--
ALTER TABLE `stock_transfer_serials`
  ADD PRIMARY KEY (`id`);

--
-- Indexes for table `submenus`
--
ALTER TABLE `submenus`
  ADD PRIMARY KEY (`id`);

--
-- Indexes for table `suppliers`
--
ALTER TABLE `suppliers`
  ADD PRIMARY KEY (`id`);

--
-- Indexes for table `supporttype`
--
ALTER TABLE `supporttype`
  ADD PRIMARY KEY (`id`);

--
-- Indexes for table `tally_ledgers`
--
ALTER TABLE `tally_ledgers`
  ADD PRIMARY KEY (`id`);

--
-- Indexes for table `tally_tax_leadgers`
--
ALTER TABLE `tally_tax_leadgers`
  ADD PRIMARY KEY (`id`);

--
-- Indexes for table `tally_transfers`
--
ALTER TABLE `tally_transfers`
  ADD PRIMARY KEY (`id`);

--
-- Indexes for table `target`
--
ALTER TABLE `target`
  ADD PRIMARY KEY (`id`);

--
-- Indexes for table `target_details`
--
ALTER TABLE `target_details`
  ADD PRIMARY KEY (`id`);

--
-- Indexes for table `taxcode`
--
ALTER TABLE `taxcode`
  ADD PRIMARY KEY (`id`);

--
-- Indexes for table `ticketdetails`
--
ALTER TABLE `ticketdetails`
  ADD PRIMARY KEY (`id`);

--
-- Indexes for table `ticketdetailtech`
--
ALTER TABLE `ticketdetailtech`
  ADD PRIMARY KEY (`id`);

--
-- Indexes for table `ticketechnicians`
--
ALTER TABLE `ticketechnicians`
  ADD PRIMARY KEY (`id`);

--
-- Indexes for table `ticketransferredlog`
--
ALTER TABLE `ticketransferredlog`
  ADD PRIMARY KEY (`id`);

--
-- Indexes for table `tickets`
--
ALTER TABLE `tickets`
  ADD PRIMARY KEY (`id`);

--
-- Indexes for table `timeslots`
--
ALTER TABLE `timeslots`
  ADD PRIMARY KEY (`id`);

--
-- Indexes for table `tra`
--
ALTER TABLE `tra`
  ADD PRIMARY KEY (`id`);

--
-- Indexes for table `units`
--
ALTER TABLE `units`
  ADD PRIMARY KEY (`id`);

--
-- Indexes for table `userrights`
--
ALTER TABLE `userrights`
  ADD PRIMARY KEY (`id`);

--
-- Indexes for table `userscheduledetails`
--
ALTER TABLE `userscheduledetails`
  ADD PRIMARY KEY (`id`);

--
-- Indexes for table `userschedules`
--
ALTER TABLE `userschedules`
  ADD PRIMARY KEY (`id`);

--
-- Indexes for table `warranties`
--
ALTER TABLE `warranties`
  ADD PRIMARY KEY (`id`);

--
-- AUTO_INCREMENT for dumped tables
--

--
-- AUTO_INCREMENT for table `advance_payments`
--
ALTER TABLE `advance_payments`
  MODIFY `id` int(11) NOT NULL AUTO_INCREMENT, AUTO_INCREMENT=5;

--
-- AUTO_INCREMENT for table `amc`
--
ALTER TABLE `amc`
  MODIFY `id` int(11) NOT NULL AUTO_INCREMENT;

--
-- AUTO_INCREMENT for table `averagepricelogs`
--
ALTER TABLE `averagepricelogs`
  MODIFY `id` int(11) NOT NULL AUTO_INCREMENT, AUTO_INCREMENT=638;

--
-- AUTO_INCREMENT for table `batches`
--
ALTER TABLE `batches`
  MODIFY `id` int(11) NOT NULL AUTO_INCREMENT, AUTO_INCREMENT=973;

--
-- AUTO_INCREMENT for table `branches`
--
ALTER TABLE `branches`
  MODIFY `id` int(11) NOT NULL AUTO_INCREMENT, AUTO_INCREMENT=4;

--
-- AUTO_INCREMENT for table `bulk_units`
--
ALTER TABLE `bulk_units`
  MODIFY `id` int(11) NOT NULL AUTO_INCREMENT, AUTO_INCREMENT=26;

--
-- AUTO_INCREMENT for table `categories`
--
ALTER TABLE `categories`
  MODIFY `id` int(11) NOT NULL AUTO_INCREMENT, AUTO_INCREMENT=3;

--
-- AUTO_INCREMENT for table `checklists`
--
ALTER TABLE `checklists`
  MODIFY `id` int(11) NOT NULL AUTO_INCREMENT;

--
-- AUTO_INCREMENT for table `clients`
--
ALTER TABLE `clients`
  MODIFY `id` int(11) NOT NULL AUTO_INCREMENT, AUTO_INCREMENT=6;

--
-- AUTO_INCREMENT for table `contacts`
--
ALTER TABLE `contacts`
  MODIFY `id` int(11) NOT NULL AUTO_INCREMENT;

--
-- AUTO_INCREMENT for table `currencies`
--
ALTER TABLE `currencies`
  MODIFY `id` int(11) NOT NULL AUTO_INCREMENT, AUTO_INCREMENT=2;

--
-- AUTO_INCREMENT for table `currencies_rates`
--
ALTER TABLE `currencies_rates`
  MODIFY `id` int(11) NOT NULL AUTO_INCREMENT, AUTO_INCREMENT=2;

--
-- AUTO_INCREMENT for table `customer_reply`
--
ALTER TABLE `customer_reply`
  MODIFY `id` int(11) NOT NULL AUTO_INCREMENT;

--
-- AUTO_INCREMENT for table `customer_replydetails`
--
ALTER TABLE `customer_replydetails`
  MODIFY `id` int(11) NOT NULL AUTO_INCREMENT;

--
-- AUTO_INCREMENT for table `departments`
--
ALTER TABLE `departments`
  MODIFY `id` int(11) NOT NULL AUTO_INCREMENT, AUTO_INCREMENT=5;

--
-- AUTO_INCREMENT for table `doctors`
--
ALTER TABLE `doctors`
  MODIFY `id` int(11) NOT NULL AUTO_INCREMENT, AUTO_INCREMENT=2;

--
-- AUTO_INCREMENT for table `expenses`
--
ALTER TABLE `expenses`
  MODIFY `id` int(11) NOT NULL AUTO_INCREMENT, AUTO_INCREMENT=6;

--
-- AUTO_INCREMENT for table `expenses_attributes`
--
ALTER TABLE `expenses_attributes`
  MODIFY `id` int(11) NOT NULL AUTO_INCREMENT, AUTO_INCREMENT=8;

--
-- AUTO_INCREMENT for table `expenses_issued`
--
ALTER TABLE `expenses_issued`
  MODIFY `id` int(11) NOT NULL AUTO_INCREMENT, AUTO_INCREMENT=2;

--
-- AUTO_INCREMENT for table `expense_details`
--
ALTER TABLE `expense_details`
  MODIFY `id` int(11) NOT NULL AUTO_INCREMENT, AUTO_INCREMENT=10;

--
-- AUTO_INCREMENT for table `feedbackqns`
--
ALTER TABLE `feedbackqns`
  MODIFY `id` int(11) NOT NULL AUTO_INCREMENT, AUTO_INCREMENT=10;

--
-- AUTO_INCREMENT for table `feedbackqnsreply`
--
ALTER TABLE `feedbackqnsreply`
  MODIFY `id` int(11) NOT NULL AUTO_INCREMENT;

--
-- AUTO_INCREMENT for table `grndetails`
--
ALTER TABLE `grndetails`
  MODIFY `id` int(11) NOT NULL AUTO_INCREMENT, AUTO_INCREMENT=950;

--
-- AUTO_INCREMENT for table `grnreturn_details`
--
ALTER TABLE `grnreturn_details`
  MODIFY `id` int(10) UNSIGNED NOT NULL AUTO_INCREMENT, AUTO_INCREMENT=125;

--
-- AUTO_INCREMENT for table `grn_batch_logs`
--
ALTER TABLE `grn_batch_logs`
  MODIFY `id` int(11) NOT NULL AUTO_INCREMENT, AUTO_INCREMENT=15;

--
-- AUTO_INCREMENT for table `grn_canceled`
--
ALTER TABLE `grn_canceled`
  MODIFY `id` int(11) NOT NULL AUTO_INCREMENT, AUTO_INCREMENT=6;

--
-- AUTO_INCREMENT for table `grn_detail_logs`
--
ALTER TABLE `grn_detail_logs`
  MODIFY `id` int(11) NOT NULL AUTO_INCREMENT, AUTO_INCREMENT=23;

--
-- AUTO_INCREMENT for table `grn_returns`
--
ALTER TABLE `grn_returns`
  MODIFY `id` int(10) UNSIGNED NOT NULL AUTO_INCREMENT, AUTO_INCREMENT=25;

--
-- AUTO_INCREMENT for table `grn_return_batches`
--
ALTER TABLE `grn_return_batches`
  MODIFY `id` int(11) NOT NULL AUTO_INCREMENT, AUTO_INCREMENT=125;

--
-- AUTO_INCREMENT for table `grn_return_serials`
--
ALTER TABLE `grn_return_serials`
  MODIFY `id` int(11) NOT NULL AUTO_INCREMENT, AUTO_INCREMENT=6;

--
-- AUTO_INCREMENT for table `hierarchicprices`
--
ALTER TABLE `hierarchicprices`
  MODIFY `id` int(11) NOT NULL AUTO_INCREMENT, AUTO_INCREMENT=1899;

--
-- AUTO_INCREMENT for table `hierarchics`
--
ALTER TABLE `hierarchics`
  MODIFY `id` int(11) NOT NULL AUTO_INCREMENT, AUTO_INCREMENT=5;

--
-- AUTO_INCREMENT for table `hospitals`
--
ALTER TABLE `hospitals`
  MODIFY `id` int(11) NOT NULL AUTO_INCREMENT, AUTO_INCREMENT=2;

--
-- AUTO_INCREMENT for table `industries`
--
ALTER TABLE `industries`
  MODIFY `id` int(11) NOT NULL AUTO_INCREMENT, AUTO_INCREMENT=26;

--
-- AUTO_INCREMENT for table `locations`
--
ALTER TABLE `locations`
  MODIFY `id` int(10) UNSIGNED NOT NULL AUTO_INCREMENT, AUTO_INCREMENT=5;

--
-- AUTO_INCREMENT for table `lpo`
--
ALTER TABLE `lpo`
  MODIFY `id` int(11) NOT NULL AUTO_INCREMENT, AUTO_INCREMENT=7;

--
-- AUTO_INCREMENT for table `lpodetails`
--
ALTER TABLE `lpodetails`
  MODIFY `id` int(11) NOT NULL AUTO_INCREMENT, AUTO_INCREMENT=9;

--
-- AUTO_INCREMENT for table `mac_address`
--
ALTER TABLE `mac_address`
  MODIFY `id` int(255) NOT NULL AUTO_INCREMENT;

--
-- AUTO_INCREMENT for table `menus`
--
ALTER TABLE `menus`
  MODIFY `id` int(11) NOT NULL AUTO_INCREMENT, AUTO_INCREMENT=16;

--
-- AUTO_INCREMENT for table `messages`
--
ALTER TABLE `messages`
  MODIFY `id` int(11) NOT NULL AUTO_INCREMENT;

--
-- AUTO_INCREMENT for table `model`
--
ALTER TABLE `model`
  MODIFY `id` int(11) NOT NULL AUTO_INCREMENT, AUTO_INCREMENT=3;

--
-- AUTO_INCREMENT for table `notifications`
--
ALTER TABLE `notifications`
  MODIFY `id` int(11) NOT NULL AUTO_INCREMENT, AUTO_INCREMENT=9092;

--
-- AUTO_INCREMENT for table `orderdetails`
--
ALTER TABLE `orderdetails`
  MODIFY `id` int(11) NOT NULL AUTO_INCREMENT, AUTO_INCREMENT=23;

--
-- AUTO_INCREMENT for table `orderdocuments`
--
ALTER TABLE `orderdocuments`
  MODIFY `id` int(11) NOT NULL AUTO_INCREMENT;

--
-- AUTO_INCREMENT for table `orders`
--
ALTER TABLE `orders`
  MODIFY `id` int(11) NOT NULL AUTO_INCREMENT, AUTO_INCREMENT=8;

--
-- AUTO_INCREMENT for table `paymentmethods`
--
ALTER TABLE `paymentmethods`
  MODIFY `id` int(11) NOT NULL AUTO_INCREMENT, AUTO_INCREMENT=6;

--
-- AUTO_INCREMENT for table `pendingadminlogs`
--
ALTER TABLE `pendingadminlogs`
  MODIFY `id` int(11) NOT NULL AUTO_INCREMENT;

--
-- AUTO_INCREMENT for table `pendinghodlogs`
--
ALTER TABLE `pendinghodlogs`
  MODIFY `id` int(11) NOT NULL AUTO_INCREMENT;

--
-- AUTO_INCREMENT for table `pendingtechscriptlogs`
--
ALTER TABLE `pendingtechscriptlogs`
  MODIFY `id` int(11) NOT NULL AUTO_INCREMENT;

--
-- AUTO_INCREMENT for table `positions`
--
ALTER TABLE `positions`
  MODIFY `id` int(11) NOT NULL AUTO_INCREMENT, AUTO_INCREMENT=5;

--
-- AUTO_INCREMENT for table `products`
--
ALTER TABLE `products`
  MODIFY `id` int(11) NOT NULL AUTO_INCREMENT, AUTO_INCREMENT=656;

--
-- AUTO_INCREMENT for table `product_categories`
--
ALTER TABLE `product_categories`
  MODIFY `id` int(11) NOT NULL AUTO_INCREMENT, AUTO_INCREMENT=7;

--
-- AUTO_INCREMENT for table `product_subcategories`
--
ALTER TABLE `product_subcategories`
  MODIFY `id` int(11) NOT NULL AUTO_INCREMENT, AUTO_INCREMENT=25;

--
-- AUTO_INCREMENT for table `proformadescriptions`
--
ALTER TABLE `proformadescriptions`
  MODIFY `id` int(11) NOT NULL AUTO_INCREMENT;

--
-- AUTO_INCREMENT for table `proformadetails`
--
ALTER TABLE `proformadetails`
  MODIFY `id` int(11) NOT NULL AUTO_INCREMENT;

--
-- AUTO_INCREMENT for table `proformas`
--
ALTER TABLE `proformas`
  MODIFY `id` int(11) NOT NULL AUTO_INCREMENT;

--
-- AUTO_INCREMENT for table `reciept_types`
--
ALTER TABLE `reciept_types`
  MODIFY `id` int(11) NOT NULL AUTO_INCREMENT, AUTO_INCREMENT=4;

--
-- AUTO_INCREMENT for table `reorder_level`
--
ALTER TABLE `reorder_level`
  MODIFY `id` int(11) NOT NULL AUTO_INCREMENT;

--
-- AUTO_INCREMENT for table `roles`
--
ALTER TABLE `roles`
  MODIFY `id` int(11) NOT NULL AUTO_INCREMENT, AUTO_INCREMENT=4;

--
-- AUTO_INCREMENT for table `royalty_card`
--
ALTER TABLE `royalty_card`
  MODIFY `id` int(11) NOT NULL AUTO_INCREMENT;

--
-- AUTO_INCREMENT for table `sales`
--
ALTER TABLE `sales`
  MODIFY `id` int(10) UNSIGNED NOT NULL AUTO_INCREMENT, AUTO_INCREMENT=109;

--
-- AUTO_INCREMENT for table `salesbatches`
--
ALTER TABLE `salesbatches`
  MODIFY `id` int(11) NOT NULL AUTO_INCREMENT, AUTO_INCREMENT=693;

--
-- AUTO_INCREMENT for table `salesdescriptions`
--
ALTER TABLE `salesdescriptions`
  MODIFY `id` int(11) NOT NULL AUTO_INCREMENT, AUTO_INCREMENT=652;

--
-- AUTO_INCREMENT for table `salesdetails`
--
ALTER TABLE `salesdetails`
  MODIFY `id` int(10) UNSIGNED NOT NULL AUTO_INCREMENT, AUTO_INCREMENT=682;

--
-- AUTO_INCREMENT for table `salespayments`
--
ALTER TABLE `salespayments`
  MODIFY `id` int(10) UNSIGNED NOT NULL AUTO_INCREMENT, AUTO_INCREMENT=97;

--
-- AUTO_INCREMENT for table `salespayment_details`
--
ALTER TABLE `salespayment_details`
  MODIFY `id` int(11) NOT NULL AUTO_INCREMENT, AUTO_INCREMENT=97;

--
-- AUTO_INCREMENT for table `sales_canceled`
--
ALTER TABLE `sales_canceled`
  MODIFY `id` int(11) NOT NULL AUTO_INCREMENT, AUTO_INCREMENT=4;

--
-- AUTO_INCREMENT for table `sales_expenses`
--
ALTER TABLE `sales_expenses`
  MODIFY `id` int(11) NOT NULL AUTO_INCREMENT;

--
-- AUTO_INCREMENT for table `sales_expenses_details`
--
ALTER TABLE `sales_expenses_details`
  MODIFY `id` int(11) NOT NULL AUTO_INCREMENT;

--
-- AUTO_INCREMENT for table `sales_prescription_details`
--
ALTER TABLE `sales_prescription_details`
  MODIFY `id` int(11) NOT NULL AUTO_INCREMENT, AUTO_INCREMENT=4;

--
-- AUTO_INCREMENT for table `script_logs`
--
ALTER TABLE `script_logs`
  MODIFY `id` int(11) NOT NULL AUTO_INCREMENT, AUTO_INCREMENT=40;

--
-- AUTO_INCREMENT for table `serialnos`
--
ALTER TABLE `serialnos`
  MODIFY `id` int(11) NOT NULL AUTO_INCREMENT, AUTO_INCREMENT=114;

--
-- AUTO_INCREMENT for table `serials`
--
ALTER TABLE `serials`
  MODIFY `id` int(11) NOT NULL AUTO_INCREMENT;

--
-- AUTO_INCREMENT for table `settings`
--
ALTER TABLE `settings`
  MODIFY `id` int(11) NOT NULL AUTO_INCREMENT, AUTO_INCREMENT=2;

--
-- AUTO_INCREMENT for table `statuses`
--
ALTER TABLE `statuses`
  MODIFY `id` int(11) NOT NULL AUTO_INCREMENT, AUTO_INCREMENT=7;

--
-- AUTO_INCREMENT for table `stocks`
--
ALTER TABLE `stocks`
  MODIFY `id` int(11) NOT NULL AUTO_INCREMENT, AUTO_INCREMENT=642;

--
-- AUTO_INCREMENT for table `stock_transfers`
--
ALTER TABLE `stock_transfers`
  MODIFY `id` int(10) UNSIGNED NOT NULL AUTO_INCREMENT, AUTO_INCREMENT=11;

--
-- AUTO_INCREMENT for table `stock_transfer_batches`
--
ALTER TABLE `stock_transfer_batches`
  MODIFY `id` int(11) NOT NULL AUTO_INCREMENT, AUTO_INCREMENT=15;

--
-- AUTO_INCREMENT for table `stock_transfer_details`
--
ALTER TABLE `stock_transfer_details`
  MODIFY `id` int(10) UNSIGNED NOT NULL AUTO_INCREMENT, AUTO_INCREMENT=15;

--
-- AUTO_INCREMENT for table `stock_transfer_serials`
--
ALTER TABLE `stock_transfer_serials`
  MODIFY `id` int(11) NOT NULL AUTO_INCREMENT, AUTO_INCREMENT=6;

--
-- AUTO_INCREMENT for table `submenus`
--
ALTER TABLE `submenus`
  MODIFY `id` int(11) NOT NULL AUTO_INCREMENT, AUTO_INCREMENT=112;

--
-- AUTO_INCREMENT for table `suppliers`
--
ALTER TABLE `suppliers`
  MODIFY `id` int(11) NOT NULL AUTO_INCREMENT, AUTO_INCREMENT=9;

--
-- AUTO_INCREMENT for table `supporttype`
--
ALTER TABLE `supporttype`
  MODIFY `id` int(11) NOT NULL AUTO_INCREMENT;

--
-- AUTO_INCREMENT for table `tally_ledgers`
--
ALTER TABLE `tally_ledgers`
  MODIFY `id` int(11) NOT NULL AUTO_INCREMENT;

--
-- AUTO_INCREMENT for table `tally_tax_leadgers`
--
ALTER TABLE `tally_tax_leadgers`
  MODIFY `id` int(11) NOT NULL AUTO_INCREMENT;

--
-- AUTO_INCREMENT for table `tally_transfers`
--
ALTER TABLE `tally_transfers`
  MODIFY `id` int(11) NOT NULL AUTO_INCREMENT;

--
-- AUTO_INCREMENT for table `target`
--
ALTER TABLE `target`
  MODIFY `id` int(255) NOT NULL AUTO_INCREMENT, AUTO_INCREMENT=2;

--
-- AUTO_INCREMENT for table `target_details`
--
ALTER TABLE `target_details`
  MODIFY `id` int(255) NOT NULL AUTO_INCREMENT;

--
-- AUTO_INCREMENT for table `taxcode`
--
ALTER TABLE `taxcode`
  MODIFY `id` int(11) NOT NULL AUTO_INCREMENT, AUTO_INCREMENT=6;

--
-- AUTO_INCREMENT for table `ticketdetails`
--
ALTER TABLE `ticketdetails`
  MODIFY `id` int(11) NOT NULL AUTO_INCREMENT;

--
-- AUTO_INCREMENT for table `ticketdetailtech`
--
ALTER TABLE `ticketdetailtech`
  MODIFY `id` int(11) NOT NULL AUTO_INCREMENT;

--
-- AUTO_INCREMENT for table `ticketechnicians`
--
ALTER TABLE `ticketechnicians`
  MODIFY `id` int(11) NOT NULL AUTO_INCREMENT;

--
-- AUTO_INCREMENT for table `ticketransferredlog`
--
ALTER TABLE `ticketransferredlog`
  MODIFY `id` int(11) NOT NULL AUTO_INCREMENT;

--
-- AUTO_INCREMENT for table `tickets`
--
ALTER TABLE `tickets`
  MODIFY `id` int(11) NOT NULL AUTO_INCREMENT;

--
-- AUTO_INCREMENT for table `timeslots`
--
ALTER TABLE `timeslots`
  MODIFY `id` int(11) NOT NULL AUTO_INCREMENT;

--
-- AUTO_INCREMENT for table `tra`
--
ALTER TABLE `tra`
  MODIFY `id` int(11) NOT NULL AUTO_INCREMENT;

--
-- AUTO_INCREMENT for table `units`
--
ALTER TABLE `units`
  MODIFY `id` int(11) NOT NULL AUTO_INCREMENT, AUTO_INCREMENT=12;

--
-- AUTO_INCREMENT for table `userrights`
--
ALTER TABLE `userrights`
  MODIFY `id` int(11) NOT NULL AUTO_INCREMENT, AUTO_INCREMENT=85;

--
-- AUTO_INCREMENT for table `userscheduledetails`
--
ALTER TABLE `userscheduledetails`
  MODIFY `id` int(11) NOT NULL AUTO_INCREMENT;

--
-- AUTO_INCREMENT for table `userschedules`
--
ALTER TABLE `userschedules`
  MODIFY `id` int(11) NOT NULL AUTO_INCREMENT;

--
-- AUTO_INCREMENT for table `warranties`
--
ALTER TABLE `warranties`
  MODIFY `id` int(11) NOT NULL AUTO_INCREMENT;
COMMIT;

